Aug 25 03:00:03.114528 dv-neutron-853115-1-hyperv neutron-server[107160]: INFO neutron.wsgi [None req-92f701d5-c9b0-4fe1-ba98-455ebaf36c4d admin admin] 10.222.0.84 "GET /networking/v2.0/security-groups?tenant_id=b26c6d8823694bbc81e2c5e6d45a4be7&name=default HTTP/1.1" status: 200 len: 2992 time: 1.0221527
Aug 25 03:00:03.114714 dv-neutron-853115-1-hyperv neutron-server[107161]: DEBUG neutron_lib.callbacks.manager [None req-7eb9fbdb-6ec7-4a02-b41a-47c7f6ef2f2f tempest-RoutersAdminNegativeIpV6Test-1994720827 tempest-RoutersAdminNegativeIpV6Test-1994720827-project-admin] Publish callbacks [] for router_controller (13e0d23f-f06d-4ce7-bfef-e2100a9f2fa2), precommit_delete_associations {{(pid=107161) _notify_loop /usr/local/lib/python3.8/dist-packages/neutron_lib/callbacks/manager.py:176}}
Aug 25 03:00:03.122239 dv-neutron-853115-1-hyperv neutron-server[107161]: DEBUG neutron.wsgi [-] (107161) accepted ('10.222.0.84', 50514) {{(pid=107161) server /usr/local/lib/python3.8/dist-packages/eventlet/wsgi.py:1004}}
Aug 25 03:00:03.135188 dv-neutron-853115-1-hyperv neutron-server[107162]: DEBUG neutron.db.provisioning_blocks [None req-6e92b266-63c1-4253-a731-7b7c14658c41 None None] Provisioning complete for port 8b9b629f-91f4-4703-a872-517ae21ee191 triggered by entity DHCP. {{(pid=107162) provisioning_complete /opt/stack/neutron/neutron/db/provisioning_blocks.py:144}}
Aug 25 03:00:03.136093 dv-neutron-853115-1-hyperv neutron-server[107162]: DEBUG neutron_lib.callbacks.manager [None req-6e92b266-63c1-4253-a731-7b7c14658c41 None None] Publish callbacks ['neutron.plugins.ml2.plugin.Ml2Plugin._port_provisioned-2043009'] for port (8b9b629f-91f4-4703-a872-517ae21ee191), provisioning_complete {{(pid=107162) _notify_loop /usr/local/lib/python3.8/dist-packages/neutron_lib/callbacks/manager.py:176}}
Aug 25 03:00:03.160701 dv-neutron-853115-1-hyperv neutron-server[107160]: INFO neutron.wsgi [None req-4240cbc7-8c77-4e28-85fc-1867a73ff15a tempest-DHCPAgentSchedulersTestJSON-534015468 tempest-DHCPAgentSchedulersTestJSON-534015468-project] 10.222.0.84 "POST /networking/v2.0/networks HTTP/1.1" status: 201 len: 795 time: 0.7606332
Aug 25 03:00:03.174241 dv-neutron-853115-1-hyperv neutron-server[107162]: DEBUG dbcounter [-] [107162] Writing DB stats neutron:SELECT=100 {{(pid=107162) stat_writer /usr/local/lib/python3.8/dist-packages/dbcounter.py:114}}
Aug 25 03:00:03.184547 dv-neutron-853115-1-hyperv neutron-server[107162]: DEBUG neutron.plugins.ml2.plugin [None req-6e92b266-63c1-4253-a731-7b7c14658c41 None None] Port 8b9b629f-91f4-4703-a872-517ae21ee191 cannot update to ACTIVE because it is not bound. {{(pid=107162) _port_provisioned /opt/stack/neutron/neutron/plugins/ml2/plugin.py:348}}
Aug 25 03:00:03.198739 dv-neutron-853115-1-hyperv neutron-server[107160]: DEBUG neutron.api.rpc.handlers.resources_rpc [None req-92f701d5-c9b0-4fe1-ba98-455ebaf36c4d admin admin] Pushing event updated for resources: {'SecurityGroup': ['ID=9474c551-b329-475d-8eae-91251a8c55ae,revision_number=1']} {{(pid=107160) push /opt/stack/neutron/neutron/api/rpc/handlers/resources_rpc.py:237}}
Aug 25 03:00:03.204495 dv-neutron-853115-1-hyperv neutron-server[107160]: DEBUG neutron.wsgi [-] (107160) accepted ('10.222.0.84', 50516) {{(pid=107160) server /usr/local/lib/python3.8/dist-packages/eventlet/wsgi.py:1004}}
Aug 25 03:00:03.223982 dv-neutron-853115-1-hyperv neutron-server[107160]: DEBUG neutron_lib.callbacks.manager [None req-94a7107c-75d1-462a-a90f-c3c9bc302ea7 admin admin] Publish callbacks [] for security_group (f23aa7eb-ffa5-41d5-ad11-7a472cb32cc5), precommit_create {{(pid=107160) _notify_loop /usr/local/lib/python3.8/dist-packages/neutron_lib/callbacks/manager.py:176}}
Aug 25 03:00:03.231255 dv-neutron-853115-1-hyperv neutron-server[107162]: DEBUG neutron_lib.callbacks.manager [None req-5000894d-a5da-49cf-9082-7cfc71895874 None None] Publish callbacks [] for port (8e9d2a3b-54b9-4778-91f4-ade15bfe14e6), precommit_update {{(pid=107162) _notify_loop /usr/local/lib/python3.8/dist-packages/neutron_lib/callbacks/manager.py:176}}
Aug 25 03:00:03.239207 dv-neutron-853115-1-hyperv neutron-server[107162]: DEBUG neutron_lib.callbacks.manager [None req-5000894d-a5da-49cf-9082-7cfc71895874 None None] Publish callbacks ['neutron.plugins.ml2.plugin.SecurityGroupServerNotifierRpcMixin._notify_sg_on_port_change-1688211', 'neutron.plugins.ml2.ovo_rpc._ObjectChangeHandler.handle_event-297753', 'neutron.api.rpc.agentnotifiers.dhcp_rpc_agent_api.DhcpAgentNotifyAPI._native_event_send_dhcp_notification-528762', 'neutron.db.l3_db.L3RpcNotifierMixin._notify_gateway_port_ip_changed-8741794262649', 'neutron.db.l3_dvrscheduler_db._notify_l3_agent_port_update-8741793884739', 'neutron.db.l3_hascheduler_db._notify_l3_agent_ha_port_update-8741793884757'] for port (8e9d2a3b-54b9-4778-91f4-ade15bfe14e6), after_update {{(pid=107162) _notify_loop /usr/local/lib/python3.8/dist-packages/neutron_lib/callbacks/manager.py:176}}
Aug 25 03:00:03.239848 dv-neutron-853115-1-hyperv neutron-server[107161]: DEBUG neutron_lib.callbacks.manager [None req-d9578cee-c4dc-4625-84bb-5cb2fa42d4b9 tempest-RoutersAdminTest-2124875219 tempest-RoutersAdminTest-2124875219-project-admin] Publish callbacks ['neutron.plugins.ml2.plugin.SecurityGroupServerNotifierRpcMixin._notify_sg_on_port_change-1688211', 'neutron.plugins.ml2.ovo_rpc._ObjectChangeHandler.handle_event-297753', 'neutron.api.rpc.agentnotifiers.dhcp_rpc_agent_api.DhcpAgentNotifyAPI._native_event_send_dhcp_notification-528762', 'neutron.db.l3_dvrscheduler_db._notify_l3_agent_new_port-8741793884721'] for port (934a944d-5bf8-4d1d-ac11-57c6158d11e3), after_create {{(pid=107161) _notify_loop /usr/local/lib/python3.8/dist-packages/neutron_lib/callbacks/manager.py:176}}
Aug 25 03:00:03.241485 dv-neutron-853115-1-hyperv neutron-server[107161]: DEBUG neutron_lib.callbacks.manager [None req-7eb9fbdb-6ec7-4a02-b41a-47c7f6ef2f2f tempest-RoutersAdminNegativeIpV6Test-1994720827 tempest-RoutersAdminNegativeIpV6Test-1994720827-project-admin] Publish callbacks ['neutron.services.l3_router.l3_router_plugin.L3_HA_NAT_db_mixin._cleanup_ha_network_handler-960329'] for router (13e0d23f-f06d-4ce7-bfef-e2100a9f2fa2), after_delete {{(pid=107161) _notify_loop /usr/local/lib/python3.8/dist-packages/neutron_lib/callbacks/manager.py:176}}
Aug 25 03:00:03.241942 dv-neutron-853115-1-hyperv neutron-server[107161]: DEBUG neutron.api.rpc.agentnotifiers.l3_rpc_agent_api [None req-7eb9fbdb-6ec7-4a02-b41a-47c7f6ef2f2f tempest-RoutersAdminNegativeIpV6Test-1994720827 tempest-RoutersAdminNegativeIpV6Test-1994720827-project-admin] Fanout notify agent at l3_agent the message router_deleted on router 13e0d23f-f06d-4ce7-bfef-e2100a9f2fa2 {{(pid=107161) _notification_fanout /opt/stack/neutron/neutron/api/rpc/agentnotifiers/l3_rpc_agent_api.py:114}}
Aug 25 03:00:03.244386 dv-neutron-853115-1-hyperv neutron-server[107161]: DEBUG neutron.scheduler.l3_agent_scheduler [None req-b4b97197-ddca-4846-95f0-c309c9c9ef39 admin admin] Router bd56fa0f-4948-4057-9eef-e6dd9b4eae6d has already been hosted by L3 agent 85342256-51fd-4e76-8df3-353804cb64e5 {{(pid=107161) _get_candidates /opt/stack/neutron/neutron/scheduler/l3_agent_scheduler.py:126}}
Aug 25 03:00:03.280582 dv-neutron-853115-1-hyperv neutron-server[107162]: DEBUG neutron.plugins.ml2.managers [None req-5000894d-a5da-49cf-9082-7cfc71895874 None None] Attempting to bind port 8e9d2a3b-54b9-4778-91f4-ade15bfe14e6 on host dv-neutron-853115-1-hyperv for vnic_type normal with profile {{(pid=107162) bind_port /opt/stack/neutron/neutron/plugins/ml2/managers.py:810}}
Aug 25 03:00:03.280946 dv-neutron-853115-1-hyperv neutron-server[107162]: DEBUG neutron.plugins.ml2.managers [None req-5000894d-a5da-49cf-9082-7cfc71895874 None None] Attempting to bind port 8e9d2a3b-54b9-4778-91f4-ade15bfe14e6 by drivers openvswitch,hyperv on host dv-neutron-853115-1-hyperv at level 0 using segments [{'id': 'efca8509-779f-4c02-b8ce-5229294795c4', 'network_type': 'flat', 'physical_network': 'physnet1', 'segmentation_id': None, 'network_id': 'f9573087-6be7-4560-b26e-1263f8d4eabd'}] {{(pid=107162) _bind_port_level /opt/stack/neutron/neutron/plugins/ml2/managers.py:835}}
Aug 25 03:00:03.281350 dv-neutron-853115-1-hyperv neutron-server[107162]: DEBUG neutron.plugins.ml2.drivers.mech_agent [None req-5000894d-a5da-49cf-9082-7cfc71895874 None None] Attempting to bind port 8e9d2a3b-54b9-4778-91f4-ade15bfe14e6 on network f9573087-6be7-4560-b26e-1263f8d4eabd {{(pid=107162) bind_port /opt/stack/neutron/neutron/plugins/ml2/drivers/mech_agent.py:91}}
Aug 25 03:00:03.292241 dv-neutron-853115-1-hyperv neutron-server[107162]: DEBUG neutron.plugins.ml2.drivers.mech_agent [None req-5000894d-a5da-49cf-9082-7cfc71895874 None None] Checking agent: {'id': '908d9e3a-6635-404a-b79f-bd7785cbd1d5', 'agent_type': 'Open vSwitch agent', 'binary': 'neutron-openvswitch-agent', 'topic': 'N/A', 'host': 'dv-neutron-853115-1-hyperv', 'admin_state_up': True, 'created_at': datetime.datetime(2022, 8, 25, 2, 52, 34), 'started_at': datetime.datetime(2022, 8, 25, 2, 53, 4), 'heartbeat_timestamp': datetime.datetime(2022, 8, 25, 2, 59, 34), 'description': None, 'resources_synced': None, 'availability_zone': None, 'alive': True, 'configurations': {'arp_responder_enabled': False, 'baremetal_smartnic': False, 'bridge_mappings': {'physnet1': 'br-data'}, 'datapath_type': 'system', 'devices': 0, 'enable_distributed_routing': False, 'extensions': [], 'in_distributed_mode': False, 'integration_bridge': 'br-int', 'l2_population': False, 'log_agent_heartbeats': False, 'ovs_capabilities': {'datapath_types': ['netdev', 'system'], 'iface_types': ['erspan', 'geneve', 'gre', 'internal', 'ip6erspan', 'ip6gre', 'lisp', 'patch', 'stt', 'system', 'tap', 'vxlan']}, 'ovs_hybrid_plug': False, 'resource_provider_bandwidths': {}, 'resource_provider_hypervisors': {'br-data': 'dv-neutron-853115-1-hyperv'}, 'resource_provider_inventory_defaults': {'allocation_ratio': 1.0, 'min_unit': 1, 'step_size': 1, 'reserved': 0}, 'resource_provider_packet_processing_inventory_defaults': {'allocation_ratio': 1.0, 'min_unit': 1, 'step_size': 1, 'reserved': 0}, 'resource_provider_packet_processing_with_direction': {}, 'resource_provider_packet_processing_without_direction': {}, 'tunnel_types': [], 'tunneling_ip': None, 'vhostuser_socket_dir': '/var/run/openvswitch'}, 'resource_versions': {'AddressGroup': '1.2', 'Agent': '1.1', 'ConntrackHelper': '1.0', 'LocalIPAssociation': '1.0', 'Log': '1.0', 'NDPProxy': '1.0', 'Network': '1.1', 'Port': '1.7', 'PortForwarding': '1.3', 'QosPolicy': '1.10', 'SecurityGroup': '1.5', 'SecurityGroupRule': '1.2', 'SubPort': '1.0', 'Subnet': '1.1', 'Trunk': '1.1'}} {{(pid=107162) bind_port /opt/stack/neutron/neutron/plugins/ml2/drivers/mech_agent.py:110}}
Aug 25 03:00:03.292625 dv-neutron-853115-1-hyperv neutron-server[107162]: DEBUG neutron.plugins.ml2.drivers.mech_agent [None req-5000894d-a5da-49cf-9082-7cfc71895874 None None] Checking segment: {'id': 'efca8509-779f-4c02-b8ce-5229294795c4', 'network_type': 'flat', 'physical_network': 'physnet1', 'segmentation_id': None, 'network_id': 'f9573087-6be7-4560-b26e-1263f8d4eabd'} for mappings: {'physnet1': 'br-data'} with network types: ['local', 'flat', 'vlan'] {{(pid=107162) check_segment_for_agent /opt/stack/neutron/neutron/plugins/ml2/drivers/mech_agent.py:373}}
Aug 25 03:00:03.293002 dv-neutron-853115-1-hyperv neutron-server[107162]: DEBUG neutron_lib.callbacks.manager [None req-5000894d-a5da-49cf-9082-7cfc71895874 None None] Publish callbacks [] for ovs_bridge_name (None), before_read {{(pid=107162) _notify_loop /usr/local/lib/python3.8/dist-packages/neutron_lib/callbacks/manager.py:176}}
Aug 25 03:00:03.293385 dv-neutron-853115-1-hyperv neutron-server[107162]: DEBUG neutron.plugins.ml2.drivers.mech_agent [None req-5000894d-a5da-49cf-9082-7cfc71895874 None None] Bound using segment: {'id': 'efca8509-779f-4c02-b8ce-5229294795c4', 'network_type': 'flat', 'physical_network': 'physnet1', 'segmentation_id': None, 'network_id': 'f9573087-6be7-4560-b26e-1263f8d4eabd'} {{(pid=107162) bind_port /opt/stack/neutron/neutron/plugins/ml2/drivers/mech_agent.py:120}}
Aug 25 03:00:03.293879 dv-neutron-853115-1-hyperv neutron-server[107160]: DEBUG neutron.api.rpc.handlers.resources_rpc [None req-4240cbc7-8c77-4e28-85fc-1867a73ff15a tempest-DHCPAgentSchedulersTestJSON-534015468 tempest-DHCPAgentSchedulersTestJSON-534015468-project] Pushing event updated for resources: {'Network': ['ID=c638d01e-a488-4596-99fa-2300e3a191a7,revision_number=1']} {{(pid=107160) push /opt/stack/neutron/neutron/api/rpc/handlers/resources_rpc.py:237}}
Aug 25 03:00:03.293989 dv-neutron-853115-1-hyperv neutron-server[107162]: DEBUG neutron.plugins.ml2.managers [None req-5000894d-a5da-49cf-9082-7cfc71895874 None None] Bound port: 8e9d2a3b-54b9-4778-91f4-ade15bfe14e6, host: dv-neutron-853115-1-hyperv, vif_type: ovs, vif_details: {"connectivity": "l2", "port_filter": true, "ovs_hybrid_plug": false, "datapath_type": "system", "bridge_name": "br-int"}, binding_levels: [{'bound_driver': 'openvswitch', 'bound_segment': {'id': 'efca8509-779f-4c02-b8ce-5229294795c4', 'network_type': 'flat', 'physical_network': 'physnet1', 'segmentation_id': None, 'network_id': 'f9573087-6be7-4560-b26e-1263f8d4eabd'}}] {{(pid=107162) _bind_port_level /opt/stack/neutron/neutron/plugins/ml2/managers.py:947}}
Aug 25 03:00:03.294370 dv-neutron-853115-1-hyperv neutron-server[107162]: DEBUG neutron_lib.callbacks.manager [None req-5000894d-a5da-49cf-9082-7cfc71895874 None None] Publish callbacks ['neutron.plugins.ml2.plugin.SecurityGroupDbMixin._ensure_default_security_group_handler-1688918'] for port (8e9d2a3b-54b9-4778-91f4-ade15bfe14e6), before_update {{(pid=107162) _notify_loop /usr/local/lib/python3.8/dist-packages/neutron_lib/callbacks/manager.py:176}}
Aug 25 03:00:03.295928 dv-neutron-853115-1-hyperv neutron-server[107160]: DEBUG neutron_lib.callbacks.manager [None req-94a7107c-75d1-462a-a90f-c3c9bc302ea7 admin admin] Publish callbacks ['neutron.plugins.ml2.ovo_rpc._ObjectChangeHandler.handle_event-556772'] for security_group (f23aa7eb-ffa5-41d5-ad11-7a472cb32cc5), after_create {{(pid=107160) _notify_loop /usr/local/lib/python3.8/dist-packages/neutron_lib/callbacks/manager.py:176}}
Aug 25 03:00:03.296051 dv-neutron-853115-1-hyperv neutron-server[107162]: DEBUG neutron.api.rpc.handlers.resources_rpc [None req-5b36f5ff-ed3f-4500-87ab-f4066316f96c None None] Pushing event updated for resources: {'Port': ['ID=8e9d2a3b-54b9-4778-91f4-ade15bfe14e6,revision_number=2']} {{(pid=107162) push /opt/stack/neutron/neutron/api/rpc/handlers/resources_rpc.py:237}}
Aug 25 03:00:03.321618 dv-neutron-853115-1-hyperv neutron-server[107161]: DEBUG neutron.scheduler.dhcp_agent_scheduler [None req-d9578cee-c4dc-4625-84bb-5cb2fa42d4b9 tempest-RoutersAdminTest-2124875219 tempest-RoutersAdminTest-2124875219-project-admin] Network b8137948-8f09-4487-a7fa-f57f43e28418 is already hosted by enough agents. {{(pid=107161) _get_dhcp_agents_hosting_network /opt/stack/neutron/neutron/scheduler/dhcp_agent_scheduler.py:275}}
Aug 25 03:00:03.322860 dv-neutron-853115-1-hyperv neutron-server[107162]: DEBUG neutron.plugins.ml2.rpc [None req-61308751-5b28-4583-9f68-bfa0ec22f108 None None] Network c638d01e-a488-4596-99fa-2300e3a191a7 details requested by agent ovs-agent-dv-neutron-853115-1-hyperv with host dv-neutron-853115-1-hyperv {{(pid=107162) get_network_details /opt/stack/neutron/neutron/plugins/ml2/rpc.py:248}}
Aug 25 03:00:03.337250 dv-neutron-853115-1-hyperv neutron-server[107161]: DEBUG neutron.scheduler.base_scheduler [None req-d9578cee-c4dc-4625-84bb-5cb2fa42d4b9 tempest-RoutersAdminTest-2124875219 tempest-RoutersAdminTest-2124875219-project-admin] Resources bound (agent type, host, resource id): {{(pid=107161) schedule /opt/stack/neutron/neutron/scheduler/base_scheduler.py:57}}
Aug 25 03:00:03.343452 dv-neutron-853115-1-hyperv neutron-server[107161]: DEBUG neutron.db.l3_dvrscheduler_db [None req-d9578cee-c4dc-4625-84bb-5cb2fa42d4b9 tempest-RoutersAdminTest-2124875219 tempest-RoutersAdminTest-2124875219-project-admin] Received port after_create {{(pid=107161) _notify_l3_agent_new_port /opt/stack/neutron/neutron/db/l3_dvrscheduler_db.py:538}}
Aug 25 03:00:03.344657 dv-neutron-853115-1-hyperv neutron-server[107161]: DEBUG neutron.pecan_wsgi.hooks.policy_enforcement [None req-d9578cee-c4dc-4625-84bb-5cb2fa42d4b9 tempest-RoutersAdminTest-2124875219 tempest-RoutersAdminTest-2124875219-project-admin] Attributes excluded by policy engine: ['standard_attr_id', 'network'] {{(pid=107161) _exclude_attributes_by_policy /opt/stack/neutron/neutron/pecan_wsgi/hooks/policy_enforcement.py:259}}
Aug 25 03:00:03.345398 dv-neutron-853115-1-hyperv neutron-server[107161]: DEBUG neutron_lib.callbacks.manager [None req-d9578cee-c4dc-4625-84bb-5cb2fa42d4b9 tempest-RoutersAdminTest-2124875219 tempest-RoutersAdminTest-2124875219-project-admin] Publish callbacks ['neutron.notifiers.nova.Notifier._send_nova_notification-72735', 'neutron.api.rpc.agentnotifiers.dhcp_rpc_agent_api.DhcpAgentNotifyAPI._send_dhcp_notification-528744'] for port (None), before_response {{(pid=107161) _notify_loop /usr/local/lib/python3.8/dist-packages/neutron_lib/callbacks/manager.py:176}}
Aug 25 03:00:03.348078 dv-neutron-853115-1-hyperv neutron-server[107161]: DEBUG neutron.api.rpc.handlers.resources_rpc [None req-d9578cee-c4dc-4625-84bb-5cb2fa42d4b9 tempest-RoutersAdminTest-2124875219 tempest-RoutersAdminTest-2124875219-project-admin] Pushing event updated for resources: {'Port': ['ID=934a944d-5bf8-4d1d-ac11-57c6158d11e3,revision_number=1']} {{(pid=107161) push /opt/stack/neutron/neutron/api/rpc/handlers/resources_rpc.py:237}}
Aug 25 03:00:03.352760 dv-neutron-853115-1-hyperv neutron-server[107161]: INFO neutron.api.v2.resource [None req-7eb9fbdb-6ec7-4a02-b41a-47c7f6ef2f2f tempest-RoutersAdminNegativeIpV6Test-1994720827 tempest-RoutersAdminNegativeIpV6Test-1994720827-project-admin] create failed (client error): There was a conflict when trying to complete your request.
Aug 25 03:00:03.356300 dv-neutron-853115-1-hyperv neutron-server[107160]: INFO neutron.wsgi [None req-94a7107c-75d1-462a-a90f-c3c9bc302ea7 admin admin] 10.222.0.84 "GET /networking/v2.0/security-groups?tenant_id=fb8334cd186548e59d49db03c5f02cfe&name=default HTTP/1.1" status: 200 len: 2992 time: 0.9600170
Aug 25 03:00:03.357390 dv-neutron-853115-1-hyperv neutron-server[107161]: INFO neutron.wsgi [None req-7eb9fbdb-6ec7-4a02-b41a-47c7f6ef2f2f tempest-RoutersAdminNegativeIpV6Test-1994720827 tempest-RoutersAdminNegativeIpV6Test-1994720827-project-admin] 10.222.0.84 "POST /networking/v2.0/routers HTTP/1.1" status: 409 len: 371 time: 4.1316881
Aug 25 03:00:03.358131 dv-neutron-853115-1-hyperv neutron-server[107161]: DEBUG neutron_lib.callbacks.manager [None req-3d7dd0e8-76bb-49bf-9228-3ff43c370223 admin admin] Publish callbacks [] for security_group (9474c551-b329-475d-8eae-91251a8c55ae), before_delete {{(pid=107161) _notify_loop /usr/local/lib/python3.8/dist-packages/neutron_lib/callbacks/manager.py:176}}
Aug 25 03:00:03.360960 dv-neutron-853115-1-hyperv neutron-server[107161]: DEBUG neutron.wsgi [-] (107161) accepted ('10.222.0.84', 50518) {{(pid=107161) server /usr/local/lib/python3.8/dist-packages/eventlet/wsgi.py:1004}}
Aug 25 03:00:03.361285 dv-neutron-853115-1-hyperv neutron-server[107161]: DEBUG neutron.wsgi [-] (107161) accepted ('10.222.0.84', 50520) {{(pid=107161) server /usr/local/lib/python3.8/dist-packages/eventlet/wsgi.py:1004}}
Aug 25 03:00:03.362909 dv-neutron-853115-1-hyperv neutron-server[107160]: DEBUG neutron.api.rpc.handlers.resources_rpc [None req-94a7107c-75d1-462a-a90f-c3c9bc302ea7 admin admin] Pushing event updated for resources: {'SecurityGroup': ['ID=f23aa7eb-ffa5-41d5-ad11-7a472cb32cc5,revision_number=1']} {{(pid=107160) push /opt/stack/neutron/neutron/api/rpc/handlers/resources_rpc.py:237}}
Aug 25 03:00:03.393931 dv-neutron-853115-1-hyperv neutron-server[107161]: DEBUG dbcounter [-] [107161] Writing DB stats neutron:SELECT=94,neutron:DELETE=5,neutron:UPDATE=1 {{(pid=107161) stat_writer /usr/local/lib/python3.8/dist-packages/dbcounter.py:114}}
Aug 25 03:00:03.427610 dv-neutron-853115-1-hyperv neutron-server[107162]: DEBUG neutron.plugins.ml2.db [None req-5000894d-a5da-49cf-9082-7cfc71895874 None None] For port 8e9d2a3b-54b9-4778-91f4-ade15bfe14e6, host dv-neutron-853115-1-hyperv, cleared binding levels {{(pid=107162) clear_binding_levels /opt/stack/neutron/neutron/plugins/ml2/db.py:87}}
Aug 25 03:00:03.442448 dv-neutron-853115-1-hyperv neutron-server[107162]: DEBUG neutron.plugins.ml2.db [None req-5000894d-a5da-49cf-9082-7cfc71895874 None None] For port 8e9d2a3b-54b9-4778-91f4-ade15bfe14e6, host dv-neutron-853115-1-hyperv, set binding levels [PortBindingLevel(driver='openvswitch',host='dv-neutron-853115-1-hyperv',level=0,port_id=8e9d2a3b-54b9-4778-91f4-ade15bfe14e6,segment=NetworkSegment(efca8509-779f-4c02-b8ce-5229294795c4),segment_id=efca8509-779f-4c02-b8ce-5229294795c4)] {{(pid=107162) set_binding_levels /opt/stack/neutron/neutron/plugins/ml2/db.py:59}}
Aug 25 03:00:03.450918 dv-neutron-853115-1-hyperv neutron-server[107162]: DEBUG neutron_lib.callbacks.manager [None req-5000894d-a5da-49cf-9082-7cfc71895874 None None] Publish callbacks ['neutron.plugins.ml2.plugin.SecurityGroupServerNotifierRpcMixin._notify_sg_on_port_change-1688211', 'neutron.plugins.ml2.ovo_rpc._ObjectChangeHandler.handle_event-297753', 'neutron.api.rpc.agentnotifiers.dhcp_rpc_agent_api.DhcpAgentNotifyAPI._native_event_send_dhcp_notification-528762', 'neutron.db.l3_db.L3RpcNotifierMixin._notify_gateway_port_ip_changed-8741794262649', 'neutron.db.l3_dvrscheduler_db._notify_l3_agent_port_update-8741793884739', 'neutron.db.l3_hascheduler_db._notify_l3_agent_ha_port_update-8741793884757'] for port (8e9d2a3b-54b9-4778-91f4-ade15bfe14e6), after_update {{(pid=107162) _notify_loop /usr/local/lib/python3.8/dist-packages/neutron_lib/callbacks/manager.py:176}}
Aug 25 03:00:03.490810 dv-neutron-853115-1-hyperv neutron-server[107161]: INFO neutron.wsgi [None req-d9578cee-c4dc-4625-84bb-5cb2fa42d4b9 tempest-RoutersAdminTest-2124875219 tempest-RoutersAdminTest-2124875219-project-admin] 10.222.0.84 "POST /networking/v2.0/ports HTTP/1.1" status: 201 len: 1023 time: 2.7614083
Aug 25 03:00:03.494478 dv-neutron-853115-1-hyperv neutron-server[107161]: DEBUG neutron.wsgi [-] (107161) accepted ('10.222.0.84', 50522) {{(pid=107161) server /usr/local/lib/python3.8/dist-packages/eventlet/wsgi.py:1004}}
Aug 25 03:00:03.496235 dv-neutron-853115-1-hyperv neutron-server[107161]: DEBUG neutron_lib.callbacks.manager [None req-3d7dd0e8-76bb-49bf-9228-3ff43c370223 admin admin] Publish callbacks [] for security_group (9474c551-b329-475d-8eae-91251a8c55ae), precommit_delete {{(pid=107161) _notify_loop /usr/local/lib/python3.8/dist-packages/neutron_lib/callbacks/manager.py:176}}
Aug 25 03:00:03.497736 dv-neutron-853115-1-hyperv neutron-server[107162]: DEBUG neutron.db.l3_dvrscheduler_db [None req-5000894d-a5da-49cf-9082-7cfc71895874 None None] Routers {'19c2dc8c-3d3b-4ba5-9094-1b21bf237238'} bound to L3 agent in host dv-neutron-853115-1-hyperv {{(pid=107162) _get_router_ids_for_agent /opt/stack/neutron/neutron/db/l3_dvrscheduler_db.py:422}}
Aug 25 03:00:03.498478 dv-neutron-853115-1-hyperv neutron-server[107162]: DEBUG neutron.db.l3_hamode_db [None req-5000894d-a5da-49cf-9082-7cfc71895874 None None] neutron.services.l3_router.l3_router_plugin.L3RouterPlugin method get_ha_sync_data_for_host called with arguments (, 'dv-neutron-853115-1-hyperv', Agent(admin_state_up=True,agent_type='L3 agent',availability_zone='nova',binary='neutron-l3-agent',configurations={"agent_mode": "legacy", "ex_gw_ports": 2, "extensions": [], "floating_ips": 0, "handle_internal_only_routers": true, "interface_driver": "openvswitch", "interfaces": 1, "log_agent_heartbeats": false, "routers": 2},created_at=2022-08-25T02:52:31Z,description=,heartbeat_timestamp=2022-08-25T03:00:01Z,host='dv-neutron-853115-1-hyperv',id=85342256-51fd-4e76-8df3-353804cb64e5,load=0,resource_versions=,resources_synced=,started_at=2022-08-25T02:52:31Z,topic='l3_agent')) {'router_ids': ['19c2dc8c-3d3b-4ba5-9094-1b21bf237238'], 'active': True} {{(pid=107162) wrapper /usr/local/lib/python3.8/dist-packages/oslo_log/helpers.py:65}}
Aug 25 03:00:03.553999 dv-neutron-853115-1-hyperv neutron-server[107162]: DEBUG neutron.api.rpc.handlers.resources_rpc [None req-5b36f5ff-ed3f-4500-87ab-f4066316f96c None None] Pushing event updated for resources: {'Port': ['ID=8e9d2a3b-54b9-4778-91f4-ade15bfe14e6,revision_number=3']} {{(pid=107162) push /opt/stack/neutron/neutron/api/rpc/handlers/resources_rpc.py:237}}
Aug 25 03:00:03.595568 dv-neutron-853115-1-hyperv neutron-server[107160]: DEBUG neutron_lib.callbacks.manager [None req-e2bf0a15-7f7b-4b2c-a472-2f6c71e49139 admin admin] Publish callbacks ['neutron.plugins.ml2.plugin.SecurityGroupDbMixin._ensure_default_security_group_handler-1688918'] for port (None), before_create {{(pid=107160) _notify_loop /usr/local/lib/python3.8/dist-packages/neutron_lib/callbacks/manager.py:176}}
Aug 25 03:00:03.599911 dv-neutron-853115-1-hyperv neutron-server[107160]: DEBUG neutron_lib.callbacks.manager [None req-3ddfb3dd-c52f-4b8e-bd60-f15621a43f62 tempest-FloatingIPAdminTestJSON-2082814160 tempest-FloatingIPAdminTestJSON-2082814160-project] Publish callbacks [] for security_group (42a51396-85b2-43c3-b41f-56229eba4399), precommit_create {{(pid=107160) _notify_loop /usr/local/lib/python3.8/dist-packages/neutron_lib/callbacks/manager.py:176}}
Aug 25 03:00:03.618283 dv-neutron-853115-1-hyperv neutron-server[107162]: DEBUG neutron.db.l3_dvr_db [None req-5000894d-a5da-49cf-9082-7cfc71895874 None None] Set router 19c2dc8c-3d3b-4ba5-9094-1b21bf237238 gateway port host: dv-neutron-853115-1-hyperv {{(pid=107162) _build_routers_list /opt/stack/neutron/neutron/db/l3_dvr_db.py:907}}
Aug 25 03:00:03.618494 dv-neutron-853115-1-hyperv neutron-server[107160]: DEBUG neutron_lib.callbacks.manager [None req-3ddfb3dd-c52f-4b8e-bd60-f15621a43f62 tempest-FloatingIPAdminTestJSON-2082814160 tempest-FloatingIPAdminTestJSON-2082814160-project] Publish callbacks ['neutron.plugins.ml2.ovo_rpc._ObjectChangeHandler.handle_event-556772'] for security_group (42a51396-85b2-43c3-b41f-56229eba4399), after_create {{(pid=107160) _notify_loop /usr/local/lib/python3.8/dist-packages/neutron_lib/callbacks/manager.py:176}}
Aug 25 03:00:03.646208 dv-neutron-853115-1-hyperv neutron-server[107161]: DEBUG neutron.plugins.ml2.plugin [None req-a7017651-a228-481f-8615-d3849829d724 tempest-RoutersAdminNegativeIpV6Test-1994720827 tempest-RoutersAdminNegativeIpV6Test-1994720827-project-admin] Deleting port c10f9a90-b5af-4b71-862b-dd067fa5f815 {{(pid=107161) _pre_delete_port /opt/stack/neutron/neutron/plugins/ml2/plugin.py:2047}}
Aug 25 03:00:03.646576 dv-neutron-853115-1-hyperv neutron-server[107161]: DEBUG neutron_lib.callbacks.manager [None req-a7017651-a228-481f-8615-d3849829d724 tempest-RoutersAdminNegativeIpV6Test-1994720827 tempest-RoutersAdminNegativeIpV6Test-1994720827-project-admin] Publish callbacks ['neutron.db.l3_db.L3_NAT_dbonly_mixin._prevent_l3_port_delete_callback-8741794257399'] for port (c10f9a90-b5af-4b71-862b-dd067fa5f815), before_delete {{(pid=107161) _notify_loop /usr/local/lib/python3.8/dist-packages/neutron_lib/callbacks/manager.py:176}}
Aug 25 03:00:03.679504 dv-neutron-853115-1-hyperv neutron-server[107160]: DEBUG neutron.plugins.ml2.drivers.helpers [None req-3ddfb3dd-c52f-4b8e-bd60-f15621a43f62 tempest-FloatingIPAdminTestJSON-2082814160 tempest-FloatingIPAdminTestJSON-2082814160-project] vlan segment allocate from pool success with {'physical_network': 'physnet1', 'vlan_id': 1043} {{(pid=107160) allocate_partially_specified_segment /opt/stack/neutron/neutron/plugins/ml2/drivers/helpers.py:153}}
Aug 25 03:00:03.683981 dv-neutron-853115-1-hyperv neutron-server[107161]: DEBUG neutron_lib.callbacks.manager [None req-1dd41ae8-2d32-4395-b38a-8016ab62cabc admin admin] Publish callbacks [] for security_group (f23aa7eb-ffa5-41d5-ad11-7a472cb32cc5), before_delete {{(pid=107161) _notify_loop /usr/local/lib/python3.8/dist-packages/neutron_lib/callbacks/manager.py:176}}
Aug 25 03:00:03.734774 dv-neutron-853115-1-hyperv neutron-server[107160]: DEBUG neutron_lib.callbacks.manager [None req-3ddfb3dd-c52f-4b8e-bd60-f15621a43f62 tempest-FloatingIPAdminTestJSON-2082814160 tempest-FloatingIPAdminTestJSON-2082814160-project] Publish callbacks ['neutron.plugins.ml2.plugin.Ml2Plugin._handle_segment_change-2047279'] for segment (050ac65f-daf8-4706-9110-3d5717f60cb7), precommit_create {{(pid=107160) _notify_loop /usr/local/lib/python3.8/dist-packages/neutron_lib/callbacks/manager.py:176}}
Aug 25 03:00:03.735407 dv-neutron-853115-1-hyperv neutron-server[107160]: INFO neutron.db.segments_db [None req-3ddfb3dd-c52f-4b8e-bd60-f15621a43f62 tempest-FloatingIPAdminTestJSON-2082814160 tempest-FloatingIPAdminTestJSON-2082814160-project] Added segment 050ac65f-daf8-4706-9110-3d5717f60cb7 of type vlan for network 572eb1ec-ed6e-482f-99b1-be9d0b7febeb
Aug 25 03:00:03.736738 dv-neutron-853115-1-hyperv neutron-server[107162]: DEBUG neutron_lib.callbacks.manager [None req-4cc26b43-a9cb-4856-bdf5-ba7f671ebd7a None None] Publish callbacks ['neutron.services.segments.db._update_segment_host_mapping_for_agent-8741794417740', 'neutron.plugins.ml2.plugin.Ml2Plugin._retry_binding_revived_agents-2043111'] for agent (0f6ca1e8-e5a8-4dda-b186-1b58ab0eed28), after_update {{(pid=107162) _notify_loop /usr/local/lib/python3.8/dist-packages/neutron_lib/callbacks/manager.py:176}}
Aug 25 03:00:03.741729 dv-neutron-853115-1-hyperv neutron-server[107160]: INFO neutron.wsgi [None req-f2bd6cf7-c7c1-46da-9d55-eace6d30ff04 tempest-DHCPAgentSchedulersTestJSON-257839840 tempest-DHCPAgentSchedulersTestJSON-257839840-project-admin] 10.222.0.84 "GET /networking/v2.0/agents/ce17c0dd-9a03-4242-9071-20a49f8a5f31/dhcp-networks HTTP/1.1" status: 200 len: 5689 time: 0.4645052
Aug 25 03:00:03.742744 dv-neutron-853115-1-hyperv neutron-server[107160]: DEBUG neutron.api.rpc.handlers.resources_rpc [None req-3ddfb3dd-c52f-4b8e-bd60-f15621a43f62 tempest-FloatingIPAdminTestJSON-2082814160 tempest-FloatingIPAdminTestJSON-2082814160-project] Pushing event updated for resources: {'SecurityGroup': ['ID=42a51396-85b2-43c3-b41f-56229eba4399,revision_number=1']} {{(pid=107160) push /opt/stack/neutron/neutron/api/rpc/handlers/resources_rpc.py:237}}
Aug 25 03:00:03.745576 dv-neutron-853115-1-hyperv neutron-server[107161]: DEBUG neutron.api.rpc.agentnotifiers.l3_rpc_agent_api [None req-b4b97197-ddca-4846-95f0-c309c9c9ef39 admin admin] Notify agent at l3_agent.dv-neutron-853115-1-hyperv the message routers_updated {{(pid=107161) _agent_notification /opt/stack/neutron/neutron/api/rpc/agentnotifiers/l3_rpc_agent_api.py:65}}
Aug 25 03:00:03.750000 dv-neutron-853115-1-hyperv neutron-server[107161]: DEBUG neutron.wsgi [-] (107161) accepted ('10.222.0.84', 50524) {{(pid=107161) server /usr/local/lib/python3.8/dist-packages/eventlet/wsgi.py:1004}}
Aug 25 03:00:03.755481 dv-neutron-853115-1-hyperv neutron-server[107161]: INFO neutron.wsgi [None req-b4b97197-ddca-4846-95f0-c309c9c9ef39 admin admin] 10.222.0.84 "PUT /networking/v2.0/routers/bd56fa0f-4948-4057-9eef-e6dd9b4eae6d/add_router_interface HTTP/1.1" status: 200 len: 503 time: 7.8874702
Aug 25 03:00:03.756901 dv-neutron-853115-1-hyperv neutron-server[107163]: DEBUG neutron.api.rpc.handlers.l3_rpc [None req-bb28b7f2-8943-44f7-a08a-07a8161659a7 None None] Sync routers for ids ['bd56fa0f-4948-4057-9eef-e6dd9b4eae6d'] in dv-neutron-853115-1-hyperv {{(pid=107163) sync_routers /opt/stack/neutron/neutron/api/rpc/handlers/l3_rpc.py:125}}
Aug 25 03:00:03.760516 dv-neutron-853115-1-hyperv neutron-server[107161]: DEBUG neutron.plugins.ml2.plugin [None req-43a31898-7c20-490b-afd8-f7cf072b77d1 tempest-RoutersAdminTest-2124875219 tempest-RoutersAdminTest-2124875219-project-admin] Deleting port 934a944d-5bf8-4d1d-ac11-57c6158d11e3 {{(pid=107161) _pre_delete_port /opt/stack/neutron/neutron/plugins/ml2/plugin.py:2047}}
Aug 25 03:00:03.760862 dv-neutron-853115-1-hyperv neutron-server[107161]: DEBUG neutron_lib.callbacks.manager [None req-43a31898-7c20-490b-afd8-f7cf072b77d1 tempest-RoutersAdminTest-2124875219 tempest-RoutersAdminTest-2124875219-project-admin] Publish callbacks ['neutron.db.l3_db.L3_NAT_dbonly_mixin._prevent_l3_port_delete_callback-8741794257399'] for port (934a944d-5bf8-4d1d-ac11-57c6158d11e3), before_delete {{(pid=107161) _notify_loop /usr/local/lib/python3.8/dist-packages/neutron_lib/callbacks/manager.py:176}}
Aug 25 03:00:03.795477 dv-neutron-853115-1-hyperv neutron-server[107163]: DEBUG neutron.db.l3_dvrscheduler_db [None req-bb28b7f2-8943-44f7-a08a-07a8161659a7 None None] Routers {'bd56fa0f-4948-4057-9eef-e6dd9b4eae6d'} bound to L3 agent in host dv-neutron-853115-1-hyperv {{(pid=107163) _get_router_ids_for_agent /opt/stack/neutron/neutron/db/l3_dvrscheduler_db.py:422}}
Aug 25 03:00:03.796142 dv-neutron-853115-1-hyperv neutron-server[107163]: DEBUG neutron.db.l3_hamode_db [None req-bb28b7f2-8943-44f7-a08a-07a8161659a7 None None] neutron.services.l3_router.l3_router_plugin.L3RouterPlugin method get_ha_sync_data_for_host called with arguments (, 'dv-neutron-853115-1-hyperv', Agent(admin_state_up=True,agent_type='L3 agent',availability_zone='nova',binary='neutron-l3-agent',configurations={"agent_mode": "legacy", "ex_gw_ports": 2, "extensions": [], "floating_ips": 0, "handle_internal_only_routers": true, "interface_driver": "openvswitch", "interfaces": 1, "log_agent_heartbeats": false, "routers": 2},created_at=2022-08-25T02:52:31Z,description=,heartbeat_timestamp=2022-08-25T03:00:01Z,host='dv-neutron-853115-1-hyperv',id=85342256-51fd-4e76-8df3-353804cb64e5,load=0,resource_versions=,resources_synced=,started_at=2022-08-25T02:52:31Z,topic='l3_agent')) {'router_ids': ['bd56fa0f-4948-4057-9eef-e6dd9b4eae6d'], 'active': True} {{(pid=107163) wrapper /usr/local/lib/python3.8/dist-packages/oslo_log/helpers.py:65}}
Aug 25 03:00:03.816461 dv-neutron-853115-1-hyperv neutron-server[107161]: DEBUG neutron_lib.callbacks.manager [None req-1dd41ae8-2d32-4395-b38a-8016ab62cabc admin admin] Publish callbacks [] for security_group (f23aa7eb-ffa5-41d5-ad11-7a472cb32cc5), precommit_delete {{(pid=107161) _notify_loop /usr/local/lib/python3.8/dist-packages/neutron_lib/callbacks/manager.py:176}}
Aug 25 03:00:03.818367 dv-neutron-853115-1-hyperv neutron-server[107161]: DEBUG neutron_lib.callbacks.manager [None req-3d7dd0e8-76bb-49bf-9228-3ff43c370223 admin admin] Publish callbacks ['neutron.plugins.ml2.ovo_rpc._ObjectChangeHandler.handle_event-556772'] for security_group (9474c551-b329-475d-8eae-91251a8c55ae), after_delete {{(pid=107161) _notify_loop /usr/local/lib/python3.8/dist-packages/neutron_lib/callbacks/manager.py:176}}
Aug 25 03:00:03.821150 dv-neutron-853115-1-hyperv neutron-server[107161]: DEBUG neutron_lib.callbacks.manager [None req-3d7dd0e8-76bb-49bf-9228-3ff43c370223 admin admin] Publish callbacks [] for security_group (None), before_response {{(pid=107161) _notify_loop /usr/local/lib/python3.8/dist-packages/neutron_lib/callbacks/manager.py:176}}
Aug 25 03:00:03.822316 dv-neutron-853115-1-hyperv neutron-server[107161]: INFO neutron.wsgi [None req-3d7dd0e8-76bb-49bf-9228-3ff43c370223 admin admin] 10.222.0.84 "DELETE /networking/v2.0/security-groups/9474c551-b329-475d-8eae-91251a8c55ae HTTP/1.1" status: 204 len: 168 time: 0.6990821
Aug 25 03:00:03.913653 dv-neutron-853115-1-hyperv neutron-server[107162]: DEBUG neutron.db.l3_hamode_db [None req-5000894d-a5da-49cf-9082-7cfc71895874 None None] neutron.services.l3_router.l3_router_plugin.L3RouterPlugin method _process_sync_ha_data called with arguments (, [{'id': '19c2dc8c-3d3b-4ba5-9094-1b21bf237238', 'name': 'tempest-ServerActionsTestJSON-407502972-router', 'tenant_id': '5dd6273fe2194ad28eb3ce0aab84300f', 'admin_state_up': True, 'status': 'ACTIVE', 'external_gateway_info': {'network_id': 'f9573087-6be7-4560-b26e-1263f8d4eabd', 'external_fixed_ips': [{'subnet_id': '735a0224-41a4-48cb-a566-f01f645ff383', 'ip_address': '172.26.0.82'}], 'enable_snat': True}, 'gw_port_id': '8e9d2a3b-54b9-4778-91f4-ade15bfe14e6', 'description': '', 'availability_zones': ['nova'], 'distributed': False, 'ha': False, 'ha_vr_id': 0, 'availability_zone_hints': [], 'routes': [], 'flavor_id': None, 'tags': [], 'created_at': '2022-08-25T02:59:54Z', 'updated_at': '2022-08-25T02:59:57Z', 'revision_number': 3, 'project_id': '5dd6273fe2194ad28eb3ce0aab84300f', 'gw_port': {'id': '8e9d2a3b-54b9-4778-91f4-ade15bfe14e6', 'name': '', 'network_id': 'f9573087-6be7-4560-b26e-1263f8d4eabd', 'tenant_id': '', 'mac_address': 'fa:16:3e:3e:ed:ea', 'admin_state_up': True, 'status': 'DOWN', 'device_id': '19c2dc8c-3d3b-4ba5-9094-1b21bf237238', 'device_owner': 'network:router_gateway', 'standard_attr_id': 52, 'fixed_ips': [{'subnet_id': '735a0224-41a4-48cb-a566-f01f645ff383', 'ip_address': '172.26.0.82', 'prefixlen': 24}], 'allowed_address_pairs': [], 'extra_dhcp_opts': [], 'security_groups': [], 'description': '', 'binding:vnic_type': 'normal', 'binding:profile': {}, 'binding:host_id': 'dv-neutron-853115-1-hyperv', 'binding:vif_type': 'ovs', 'binding:vif_details': {'connectivity': 'l2', 'port_filter': True, 'ovs_hybrid_plug': False, 'datapath_type': 'system', 'bridge_name': 'br-int', 'bound_drivers': {'0': 'openvswitch'}}, 'port_security_enabled': False, 'tags': [], 'created_at': '2022-08-25T02:59:55Z', 'updated_at': '2022-08-25T03:00:03Z', 'revision_number': 3, 'project_id': '', 'subnets': [{'id': '735a0224-41a4-48cb-a566-f01f645ff383', 'cidr': '172.26.0.0/24', 'gateway_ip': '172.26.0.1', 'dns_nameservers': [], 'ipv6_ra_mode': None, 'subnetpool_id': None}], 'extra_subnets': [], 'address_scopes': {4: None, 6: None}, 'mtu': 1500}, 'enable_snat': True, 'gw_port_host': 'dv-neutron-853115-1-hyperv'}], 'dv-neutron-853115-1-hyperv', False) {} {{(pid=107162) wrapper /usr/local/lib/python3.8/dist-packages/oslo_log/helpers.py:65}}
Aug 25 03:00:03.924119 dv-neutron-853115-1-hyperv neutron-server[107162]: DEBUG neutron_lib.callbacks.manager [None req-61308751-5b28-4583-9f68-bfa0ec22f108 None None] Publish callbacks ['neutron.services.segments.db._update_segment_host_mapping_for_agent-8741794417740', 'neutron.plugins.ml2.plugin.Ml2Plugin._retry_binding_revived_agents-2043111'] for agent (908d9e3a-6635-404a-b79f-bd7785cbd1d5), after_update {{(pid=107162) _notify_loop /usr/local/lib/python3.8/dist-packages/neutron_lib/callbacks/manager.py:176}}
Aug 25 03:00:03.928363 dv-neutron-853115-1-hyperv neutron-server[107161]: DEBUG neutron.api.rpc.handlers.resources_rpc [None req-3d7dd0e8-76bb-49bf-9228-3ff43c370223 admin admin] Pushing event deleted for resources: {'SecurityGroup': ['ID=9474c551-b329-475d-8eae-91251a8c55ae,revision_number=None']} {{(pid=107161) push /opt/stack/neutron/neutron/api/rpc/handlers/resources_rpc.py:237}}
Aug 25 03:00:03.958583 dv-neutron-853115-1-hyperv neutron-server[107161]: DEBUG neutron_lib.callbacks.manager [None req-a7017651-a228-481f-8615-d3849829d724 tempest-RoutersAdminNegativeIpV6Test-1994720827 tempest-RoutersAdminNegativeIpV6Test-1994720827-project-admin] Publish callbacks ['neutron.services.l3_router.l3_router_plugin.L3_NAT_dbonly_mixin._precommit_delete_port_callback-961388'] for port (c10f9a90-b5af-4b71-862b-dd067fa5f815), precommit_delete {{(pid=107161) _notify_loop /usr/local/lib/python3.8/dist-packages/neutron_lib/callbacks/manager.py:176}}
Aug 25 03:00:03.986664 dv-neutron-853115-1-hyperv neutron-server[107161]: DEBUG dbcounter [-] [107161] Writing DB stats neutron:SELECT=96,neutron:DELETE=4 {{(pid=107161) stat_writer /usr/local/lib/python3.8/dist-packages/dbcounter.py:114}}
Aug 25 03:00:04.004188 dv-neutron-853115-1-hyperv neutron-server[107161]: DEBUG neutron.plugins.ml2.plugin [None req-a7017651-a228-481f-8615-d3849829d724 tempest-RoutersAdminNegativeIpV6Test-1994720827 tempest-RoutersAdminNegativeIpV6Test-1994720827-project-admin] Calling delete_port for c10f9a90-b5af-4b71-862b-dd067fa5f815 owned by {{(pid=107161) delete_port /opt/stack/neutron/neutron/plugins/ml2/plugin.py:2126}}
Aug 25 03:00:04.020070 dv-neutron-853115-1-hyperv neutron-server[107163]: DEBUG neutron.db.l3_dvr_db [None req-bb28b7f2-8943-44f7-a08a-07a8161659a7 None None] Set router bd56fa0f-4948-4057-9eef-e6dd9b4eae6d gateway port host: dv-neutron-853115-1-hyperv {{(pid=107163) _build_routers_list /opt/stack/neutron/neutron/db/l3_dvr_db.py:907}}
Aug 25 03:00:04.024521 dv-neutron-853115-1-hyperv neutron-server[107162]: DEBUG neutron.api.rpc.handlers.l3_rpc [None req-5000894d-a5da-49cf-9082-7cfc71895874 None None] The sync data for ids ['19c2dc8c-3d3b-4ba5-9094-1b21bf237238'] in dv-neutron-853115-1-hyperv is: [{'id': '19c2dc8c-3d3b-4ba5-9094-1b21bf237238', 'name': 'tempest-ServerActionsTestJSON-407502972-router', 'tenant_id': '5dd6273fe2194ad28eb3ce0aab84300f', 'admin_state_up': True, 'status': 'ACTIVE', 'external_gateway_info': {'network_id': 'f9573087-6be7-4560-b26e-1263f8d4eabd', 'external_fixed_ips': [{'subnet_id': '735a0224-41a4-48cb-a566-f01f645ff383', 'ip_address': '172.26.0.82'}], 'enable_snat': True}, 'gw_port_id': '8e9d2a3b-54b9-4778-91f4-ade15bfe14e6', 'description': '', 'availability_zones': ['nova'], 'distributed': False, 'ha': False, 'ha_vr_id': 0, 'availability_zone_hints': [], 'routes': [], 'flavor_id': None, 'tags': [], 'created_at': '2022-08-25T02:59:54Z', 'updated_at': '2022-08-25T02:59:57Z', 'revision_number': 3, 'project_id': '5dd6273fe2194ad28eb3ce0aab84300f', 'gw_port': {'id': '8e9d2a3b-54b9-4778-91f4-ade15bfe14e6', 'name': '', 'network_id': 'f9573087-6be7-4560-b26e-1263f8d4eabd', 'tenant_id': '', 'mac_address': 'fa:16:3e:3e:ed:ea', 'admin_state_up': True, 'status': 'DOWN', 'device_id': '19c2dc8c-3d3b-4ba5-9094-1b21bf237238', 'device_owner': 'network:router_gateway', 'standard_attr_id': 52, 'fixed_ips': [{'subnet_id': '735a0224-41a4-48cb-a566-f01f645ff383', 'ip_address': '172.26.0.82', 'prefixlen': 24}], 'allowed_address_pairs': [], 'extra_dhcp_opts': [], 'security_groups': [], 'description': '', 'binding:vnic_type': 'normal', 'binding:profile': {}, 'binding:host_id': 'dv-neutron-853115-1-hyperv', 'binding:vif_type': 'ovs', 'binding:vif_details': {'connectivity': 'l2', 'port_filter': True, 'ovs_hybrid_plug': False, 'datapath_type': 'system', 'bridge_name': 'br-int', 'bound_drivers': {'0': 'openvswitch'}}, 'port_security_enabled': False, 'tags': [], 'created_at': '2022-08-25T02:59:55Z', 'updated_at': '2022-08-25T03:00:03Z', 'revision_number': 3, 'project_id': '', 'subnets': [{'id': '735a0224-41a4-48cb-a566-f01f645ff383', 'cidr': '172.26.0.0/24', 'gateway_ip': '172.26.0.1', 'dns_nameservers': [], 'ipv6_ra_mode': None, 'subnetpool_id': None}], 'extra_subnets': [], 'address_scopes': {4: None, 6: None}, 'mtu': 1500}, 'enable_snat': True, 'gw_port_host': 'dv-neutron-853115-1-hyperv'}] {{(pid=107162) sync_routers /opt/stack/neutron/neutron/api/rpc/handlers/l3_rpc.py:137}}
Aug 25 03:00:04.031909 dv-neutron-853115-1-hyperv neutron-server[107161]: DEBUG neutron.scheduler.dhcp_agent_scheduler [None req-2892f817-fc06-4b89-9585-4f5fe82d78a9 tempest-DHCPAgentSchedulersTestJSON-257839840 tempest-DHCPAgentSchedulersTestJSON-257839840-project-admin] Network c638d01e-a488-4596-99fa-2300e3a191a7 is scheduled to be hosted by DHCP agent ce17c0dd-9a03-4242-9071-20a49f8a5f31 with binding_index 1 {{(pid=107161) bind /opt/stack/neutron/neutron/scheduler/dhcp_agent_scheduler.py:227}}
Aug 25 03:00:04.049458 dv-neutron-853115-1-hyperv neutron-server[107161]: DEBUG neutron_lib.callbacks.manager [None req-43a31898-7c20-490b-afd8-f7cf072b77d1 tempest-RoutersAdminTest-2124875219 tempest-RoutersAdminTest-2124875219-project-admin] Publish callbacks ['neutron.services.l3_router.l3_router_plugin.L3_NAT_dbonly_mixin._precommit_delete_port_callback-961388'] for port (934a944d-5bf8-4d1d-ac11-57c6158d11e3), precommit_delete {{(pid=107161) _notify_loop /usr/local/lib/python3.8/dist-packages/neutron_lib/callbacks/manager.py:176}}
Aug 25 03:00:04.083640 dv-neutron-853115-1-hyperv neutron-server[107160]: DEBUG neutron_lib.callbacks.manager [None req-3ddfb3dd-c52f-4b8e-bd60-f15621a43f62 tempest-FloatingIPAdminTestJSON-2082814160 tempest-FloatingIPAdminTestJSON-2082814160-project] Publish callbacks ['neutron.services.auto_allocate.db._ensure_external_network_default_value_callback-8741793902704'] for network (572eb1ec-ed6e-482f-99b1-be9d0b7febeb), precommit_create {{(pid=107160) _notify_loop /usr/local/lib/python3.8/dist-packages/neutron_lib/callbacks/manager.py:176}}
Aug 25 03:00:04.139605 dv-neutron-853115-1-hyperv neutron-server[107161]: DEBUG neutron_lib.callbacks.manager [None req-1dd41ae8-2d32-4395-b38a-8016ab62cabc admin admin] Publish callbacks ['neutron.plugins.ml2.ovo_rpc._ObjectChangeHandler.handle_event-556772'] for security_group (f23aa7eb-ffa5-41d5-ad11-7a472cb32cc5), after_delete {{(pid=107161) _notify_loop /usr/local/lib/python3.8/dist-packages/neutron_lib/callbacks/manager.py:176}}
Aug 25 03:00:04.142322 dv-neutron-853115-1-hyperv neutron-server[107161]: DEBUG neutron_lib.callbacks.manager [None req-1dd41ae8-2d32-4395-b38a-8016ab62cabc admin admin] Publish callbacks [] for security_group (None), before_response {{(pid=107161) _notify_loop /usr/local/lib/python3.8/dist-packages/neutron_lib/callbacks/manager.py:176}}
Aug 25 03:00:04.143588 dv-neutron-853115-1-hyperv neutron-server[107161]: INFO neutron.wsgi [None req-1dd41ae8-2d32-4395-b38a-8016ab62cabc admin admin] 10.222.0.84 "DELETE /networking/v2.0/security-groups/f23aa7eb-ffa5-41d5-ad11-7a472cb32cc5 HTTP/1.1" status: 204 len: 168 time: 0.7411730
Aug 25 03:00:04.153392 dv-neutron-853115-1-hyperv neutron-server[107162]: DEBUG neutron.api.rpc.handlers.dhcp_rpc [None req-a07f7713-79f1-4e4d-b9df-281012078d09 None None] Network c638d01e-a488-4596-99fa-2300e3a191a7 requested from dv-neutron-853115-1-hyperv {{(pid=107162) get_network_info /opt/stack/neutron/neutron/api/rpc/handlers/dhcp_rpc.py:191}}
Aug 25 03:00:04.153842 dv-neutron-853115-1-hyperv neutron-server[107161]: DEBUG neutron.plugins.ml2.plugin [None req-43a31898-7c20-490b-afd8-f7cf072b77d1 tempest-RoutersAdminTest-2124875219 tempest-RoutersAdminTest-2124875219-project-admin] Calling delete_port for 934a944d-5bf8-4d1d-ac11-57c6158d11e3 owned by {{(pid=107161) delete_port /opt/stack/neutron/neutron/plugins/ml2/plugin.py:2126}}
Aug 25 03:00:04.162664 dv-neutron-853115-1-hyperv neutron-server[107161]: INFO neutron.wsgi [None req-2892f817-fc06-4b89-9585-4f5fe82d78a9 tempest-DHCPAgentSchedulersTestJSON-257839840 tempest-DHCPAgentSchedulersTestJSON-257839840-project-admin] 10.222.0.84 "POST /networking/v2.0/agents/ce17c0dd-9a03-4242-9071-20a49f8a5f31/dhcp-networks HTTP/1.1" status: 201 len: 201 time: 0.4110832
Aug 25 03:00:04.173149 dv-neutron-853115-1-hyperv neutron-server[107161]: DEBUG neutron.wsgi [-] (107161) accepted ('10.222.0.84', 50548) {{(pid=107161) server /usr/local/lib/python3.8/dist-packages/eventlet/wsgi.py:1004}}
Aug 25 03:00:04.189959 dv-neutron-853115-1-hyperv neutron-server[107161]: DEBUG neutron.api.rpc.handlers.resources_rpc [None req-1dd41ae8-2d32-4395-b38a-8016ab62cabc admin admin] Pushing event deleted for resources: {'SecurityGroup': ['ID=f23aa7eb-ffa5-41d5-ad11-7a472cb32cc5,revision_number=None']} {{(pid=107161) push /opt/stack/neutron/neutron/api/rpc/handlers/resources_rpc.py:237}}
Aug 25 03:00:04.193762 dv-neutron-853115-1-hyperv neutron-server[107160]: DEBUG neutron.db.db_base_plugin_common [None req-e2bf0a15-7f7b-4b2c-a472-2f6c71e49139 admin admin] Allocated IP 172.20.0.1 (8f3138e1-a51e-4d02-a8cd-749bd4c525d7/f2b29378-ac36-422f-8792-247ed9bca6ee/63c07e34-e3b6-4d12-9854-3bcc5bfa2a2a) {{(pid=107160) _store_ip_allocation /opt/stack/neutron/neutron/db/db_base_plugin_common.py:131}}
Aug 25 03:00:04.214000 dv-neutron-853115-1-hyperv neutron-server[107161]: DEBUG dbcounter [-] [107161] Writing DB stats neutron:SELECT=91,neutron:DELETE=7,neutron:INSERT=1,neutron:UPDATE=1 {{(pid=107161) stat_writer /usr/local/lib/python3.8/dist-packages/dbcounter.py:114}}
Aug 25 03:00:04.358107 dv-neutron-853115-1-hyperv neutron-server[107160]: DEBUG neutron_lib.callbacks.manager [None req-e2bf0a15-7f7b-4b2c-a472-2f6c71e49139 admin admin] Publish callbacks [] for port (63c07e34-e3b6-4d12-9854-3bcc5bfa2a2a), precommit_create {{(pid=107160) _notify_loop /usr/local/lib/python3.8/dist-packages/neutron_lib/callbacks/manager.py:176}}
Aug 25 03:00:04.410109 dv-neutron-853115-1-hyperv neutron-server[107160]: DEBUG dbcounter [-] [107160] Writing DB stats neutron:INSERT=9,neutron:SELECT=84,neutron:UPDATE=7 {{(pid=107160) stat_writer /usr/local/lib/python3.8/dist-packages/dbcounter.py:114}}
Aug 25 03:00:04.411217 dv-neutron-853115-1-hyperv neutron-server[107160]: DEBUG dbcounter [-] [107160] Writing DB stats neutron:SELECT=82,neutron:DELETE=2,neutron:INSERT=15,neutron:UPDATE=1 {{(pid=107160) stat_writer /usr/local/lib/python3.8/dist-packages/dbcounter.py:114}}
Aug 25 03:00:04.413146 dv-neutron-853115-1-hyperv neutron-server[107160]: DEBUG neutron_lib.callbacks.manager [None req-3ddfb3dd-c52f-4b8e-bd60-f15621a43f62 tempest-FloatingIPAdminTestJSON-2082814160 tempest-FloatingIPAdminTestJSON-2082814160-project] Publish callbacks ['neutron.plugins.ml2.ovo_rpc._ObjectChangeHandler.handle_event-550454', 'neutron.api.rpc.agentnotifiers.dhcp_rpc_agent_api.DhcpAgentNotifyAPI._native_event_send_dhcp_notification-528762'] for network (572eb1ec-ed6e-482f-99b1-be9d0b7febeb), after_create {{(pid=107160) _notify_loop /usr/local/lib/python3.8/dist-packages/neutron_lib/callbacks/manager.py:176}}
