Aug 25 02:59:57.602499 dv-neutron-853115-1-hyperv neutron-server[107162]: DEBUG neutron_lib.callbacks.manager [None req-1f9614f4-6e8d-4e67-8589-8676eb7cfccd None None] Publish callbacks ['neutron.plugins.ml2.plugin.Ml2Plugin._port_provisioned-2043009'] for port (e8d89452-3dc1-4c15-9863-c3f353a0806c), provisioning_complete {{(pid=107162) _notify_loop /usr/local/lib/python3.8/dist-packages/neutron_lib/callbacks/manager.py:176}}
Aug 25 02:59:57.617223 dv-neutron-853115-1-hyperv neutron-server[107160]: DEBUG neutron_lib.callbacks.manager [None req-a928dd75-a481-4c64-9db4-39951a386ce0 tempest-MeteringIpV6TestJSON-974336882 tempest-MeteringIpV6TestJSON-974336882-project-admin] Publish callbacks [] for metering_label_rule (None), before_response {{(pid=107160) _notify_loop /usr/local/lib/python3.8/dist-packages/neutron_lib/callbacks/manager.py:176}}
Aug 25 02:59:57.619190 dv-neutron-853115-1-hyperv neutron-server[107160]: INFO neutron.wsgi [None req-a928dd75-a481-4c64-9db4-39951a386ce0 tempest-MeteringIpV6TestJSON-974336882 tempest-MeteringIpV6TestJSON-974336882-project-admin] 10.222.0.84 "POST /networking/v2.0/metering/metering-label-rules HTTP/1.1" status: 201 len: 464 time: 0.5751216
Aug 25 02:59:57.628592 dv-neutron-853115-1-hyperv neutron-server[107160]: DEBUG neutron.wsgi [-] (107160) accepted ('10.222.0.84', 50406) {{(pid=107160) server /usr/local/lib/python3.8/dist-packages/eventlet/wsgi.py:1004}}
Aug 25 02:59:57.635922 dv-neutron-853115-1-hyperv neutron-server[107160]: DEBUG neutron.api.v2.base [None req-52f9f260-a3c9-41ed-a587-e0ab009f1475 tempest-MeteringIpV6TestJSON-974336882 tempest-MeteringIpV6TestJSON-974336882-project-admin] Request body: {'metering_label_rule': {'remote_ip_prefix': 'fd03::/64', 'direction': 'ingress', 'metering_label_id': 'b66ae13e-b5c6-466c-be5a-3aecbc0b7e7d'}} {{(pid=107160) prepare_request_body /opt/stack/neutron/neutron/api/v2/base.py:730}}
Aug 25 02:59:57.636543 dv-neutron-853115-1-hyperv neutron-server[107160]: DEBUG neutron.api.v2.base [None req-52f9f260-a3c9-41ed-a587-e0ab009f1475 tempest-MeteringIpV6TestJSON-974336882 tempest-MeteringIpV6TestJSON-974336882-project-admin] Unknown quota resources ['metering_label_rule']. {{(pid=107160) _create /opt/stack/neutron/neutron/api/v2/base.py:497}}
Aug 25 02:59:57.646194 dv-neutron-853115-1-hyperv neutron-server[107163]: DEBUG neutron.db.l3_hamode_db [None req-142d0796-6452-46f6-af25-45b61d102196 None None] neutron.services.l3_router.l3_router_plugin.L3RouterPlugin method _process_sync_ha_data called with arguments (, [{'id': 'bd56fa0f-4948-4057-9eef-e6dd9b4eae6d', 'name': 'tempest-ServersTestJSON-1428778947-router', 'tenant_id': 'c009b0aeeb274b56948dfbb5508855f3', 'admin_state_up': True, 'status': 'ACTIVE', 'external_gateway_info': {'network_id': 'f9573087-6be7-4560-b26e-1263f8d4eabd', 'external_fixed_ips': [{'subnet_id': '735a0224-41a4-48cb-a566-f01f645ff383', 'ip_address': '172.26.0.40'}], 'enable_snat': True}, 'gw_port_id': 'b28880fc-b76b-4c4b-a29d-599058bc61b7', 'description': '', 'availability_zones': ['nova'], 'distributed': False, 'ha': False, 'ha_vr_id': 0, 'availability_zone_hints': [], 'routes': [], 'flavor_id': None, 'tags': [], 'created_at': '2022-08-25T02:59:52Z', 'updated_at': '2022-08-25T02:59:54Z', 'revision_number': 3, 'project_id': 'c009b0aeeb274b56948dfbb5508855f3', 'gw_port': {'id': 'b28880fc-b76b-4c4b-a29d-599058bc61b7', 'name': '', 'network_id': 'f9573087-6be7-4560-b26e-1263f8d4eabd', 'tenant_id': '', 'mac_address': 'fa:16:3e:e9:14:91', 'admin_state_up': True, 'status': 'DOWN', 'device_id': 'bd56fa0f-4948-4057-9eef-e6dd9b4eae6d', 'device_owner': 'network:router_gateway', 'standard_attr_id': 41, 'fixed_ips': [{'subnet_id': '735a0224-41a4-48cb-a566-f01f645ff383', 'ip_address': '172.26.0.40', 'prefixlen': 24}], 'allowed_address_pairs': [], 'extra_dhcp_opts': [], 'security_groups': [], 'description': '', 'binding:vnic_type': 'normal', 'binding:profile': {}, 'binding:host_id': 'dv-neutron-853115-1-hyperv', 'binding:vif_type': 'ovs', 'binding:vif_details': {'connectivity': 'l2', 'port_filter': True, 'ovs_hybrid_plug': False, 'datapath_type': 'system', 'bridge_name': 'br-int', 'bound_drivers': {'0': 'openvswitch'}}, 'port_security_enabled': False, 'tags': [], 'created_at': '2022-08-25T02:59:53Z', 'updated_at': '2022-08-25T02:59:57Z', 'revision_number': 3, 'project_id': '', 'subnets': [{'id': '735a0224-41a4-48cb-a566-f01f645ff383', 'cidr': '172.26.0.0/24', 'gateway_ip': '172.26.0.1', 'dns_nameservers': [], 'ipv6_ra_mode': None, 'subnetpool_id': None}], 'extra_subnets': [], 'address_scopes': {4: None, 6: None}, 'mtu': 1500}, 'enable_snat': True, 'gw_port_host': 'dv-neutron-853115-1-hyperv'}], 'dv-neutron-853115-1-hyperv', False) {} {{(pid=107163) wrapper /usr/local/lib/python3.8/dist-packages/oslo_log/helpers.py:65}}
Aug 25 02:59:57.683299 dv-neutron-853115-1-hyperv neutron-server[107163]: DEBUG neutron.api.rpc.handlers.l3_rpc [None req-142d0796-6452-46f6-af25-45b61d102196 None None] The sync data for ids ['bd56fa0f-4948-4057-9eef-e6dd9b4eae6d'] in dv-neutron-853115-1-hyperv is: [{'id': 'bd56fa0f-4948-4057-9eef-e6dd9b4eae6d', 'name': 'tempest-ServersTestJSON-1428778947-router', 'tenant_id': 'c009b0aeeb274b56948dfbb5508855f3', 'admin_state_up': True, 'status': 'ACTIVE', 'external_gateway_info': {'network_id': 'f9573087-6be7-4560-b26e-1263f8d4eabd', 'external_fixed_ips': [{'subnet_id': '735a0224-41a4-48cb-a566-f01f645ff383', 'ip_address': '172.26.0.40'}], 'enable_snat': True}, 'gw_port_id': 'b28880fc-b76b-4c4b-a29d-599058bc61b7', 'description': '', 'availability_zones': ['nova'], 'distributed': False, 'ha': False, 'ha_vr_id': 0, 'availability_zone_hints': [], 'routes': [], 'flavor_id': None, 'tags': [], 'created_at': '2022-08-25T02:59:52Z', 'updated_at': '2022-08-25T02:59:54Z', 'revision_number': 3, 'project_id': 'c009b0aeeb274b56948dfbb5508855f3', 'gw_port': {'id': 'b28880fc-b76b-4c4b-a29d-599058bc61b7', 'name': '', 'network_id': 'f9573087-6be7-4560-b26e-1263f8d4eabd', 'tenant_id': '', 'mac_address': 'fa:16:3e:e9:14:91', 'admin_state_up': True, 'status': 'DOWN', 'device_id': 'bd56fa0f-4948-4057-9eef-e6dd9b4eae6d', 'device_owner': 'network:router_gateway', 'standard_attr_id': 41, 'fixed_ips': [{'subnet_id': '735a0224-41a4-48cb-a566-f01f645ff383', 'ip_address': '172.26.0.40', 'prefixlen': 24}], 'allowed_address_pairs': [], 'extra_dhcp_opts': [], 'security_groups': [], 'description': '', 'binding:vnic_type': 'normal', 'binding:profile': {}, 'binding:host_id': 'dv-neutron-853115-1-hyperv', 'binding:vif_type': 'ovs', 'binding:vif_details': {'connectivity': 'l2', 'port_filter': True, 'ovs_hybrid_plug': False, 'datapath_type': 'system', 'bridge_name': 'br-int', 'bound_drivers': {'0': 'openvswitch'}}, 'port_security_enabled': False, 'tags': [], 'created_at': '2022-08-25T02:59:53Z', 'updated_at': '2022-08-25T02:59:57Z', 'revision_number': 3, 'project_id': '', 'subnets': [{'id': '735a0224-41a4-48cb-a566-f01f645ff383', 'cidr': '172.26.0.0/24', 'gateway_ip': '172.26.0.1', 'dns_nameservers': [], 'ipv6_ra_mode': None, 'subnetpool_id': None}], 'extra_subnets': [], 'address_scopes': {4: None, 6: None}, 'mtu': 1500}, 'enable_snat': True, 'gw_port_host': 'dv-neutron-853115-1-hyperv'}] {{(pid=107163) sync_routers /opt/stack/neutron/neutron/api/rpc/handlers/l3_rpc.py:137}}
Aug 25 02:59:57.890267 dv-neutron-853115-1-hyperv neutron-server[107160]: DEBUG neutron_lib.callbacks.manager [None req-1cb3e15d-f586-4f4e-adb4-bc008cd51c8e tempest-DHCPAgentSchedulersTestJSON-534015468 tempest-DHCPAgentSchedulersTestJSON-534015468-project] Publish callbacks ['neutron.plugins.ml2.ovo_rpc._ObjectChangeHandler.handle_event-412903', 'neutron.api.rpc.agentnotifiers.dhcp_rpc_agent_api.DhcpAgentNotifyAPI._native_event_send_dhcp_notification-528762'] for subnet (b453d31c-b8fc-4aca-a5c3-d53043b79043), after_create {{(pid=107160) _notify_loop /usr/local/lib/python3.8/dist-packages/neutron_lib/callbacks/manager.py:176}}
Aug 25 02:59:57.949716 dv-neutron-853115-1-hyperv neutron-server[107161]: WARNING neutron.services.metering.metering_plugin [None req-2ad3e6ad-1bcd-49a6-ad50-503e9976ba9d tempest-MeteringTestJSON-2090689763 tempest-MeteringTestJSON-2090689763-project-admin] The use of 'remote_ip_prefix' in metering label rules is deprecated and will be removed in future releases. One should use instead the 'source_ip_prefix' and/or 'destination_ip_prefix' parameters. For more details, you can check the spec: https://review.opendev.org/#/c/744702/.
Aug 25 02:59:57.964645 dv-neutron-853115-1-hyperv neutron-server[107162]: DEBUG neutron.plugins.ml2.plugin [None req-1f9614f4-6e8d-4e67-8589-8676eb7cfccd None None] Current status of the port e8d89452-3dc1-4c15-9863-c3f353a0806c is: DOWN; New status is: ACTIVE {{(pid=107162) _update_individual_port_db_status /opt/stack/neutron/neutron/plugins/ml2/plugin.py:2302}}
Aug 25 02:59:57.965606 dv-neutron-853115-1-hyperv neutron-server[107162]: DEBUG neutron_lib.callbacks.manager [None req-1f9614f4-6e8d-4e67-8589-8676eb7cfccd None None] Publish callbacks ['neutron.plugins.ml2.plugin.SecurityGroupDbMixin._ensure_default_security_group_handler-1688918'] for port (e8d89452-3dc1-4c15-9863-c3f353a0806c), before_update {{(pid=107162) _notify_loop /usr/local/lib/python3.8/dist-packages/neutron_lib/callbacks/manager.py:176}}
Aug 25 02:59:57.971287 dv-neutron-853115-1-hyperv neutron-server[107162]: DEBUG neutron.plugins.ml2.rpc [None req-61308751-5b28-4583-9f68-bfa0ec22f108 None None] Device e8d89452-3dc1-4c15-9863-c3f353a0806c up at agent ovs-agent-dv-neutron-853115-1-hyperv {{(pid=107162) update_device_up /opt/stack/neutron/neutron/plugins/ml2/rpc.py:296}}
Aug 25 02:59:58.020509 dv-neutron-853115-1-hyperv neutron-server[107160]: DEBUG neutron.api.rpc.handlers.resources_rpc [None req-1cb3e15d-f586-4f4e-adb4-bc008cd51c8e tempest-DHCPAgentSchedulersTestJSON-534015468 tempest-DHCPAgentSchedulersTestJSON-534015468-project] Pushing event updated for resources: {'Subnet': ['ID=b453d31c-b8fc-4aca-a5c3-d53043b79043,revision_number=0']} {{(pid=107160) push /opt/stack/neutron/neutron/api/rpc/handlers/resources_rpc.py:237}}
Aug 25 02:59:58.024082 dv-neutron-853115-1-hyperv neutron-server[107160]: WARNING neutron.services.metering.metering_plugin [None req-52f9f260-a3c9-41ed-a587-e0ab009f1475 tempest-MeteringIpV6TestJSON-974336882 tempest-MeteringIpV6TestJSON-974336882-project-admin] The use of 'remote_ip_prefix' in metering label rules is deprecated and will be removed in future releases. One should use instead the 'source_ip_prefix' and/or 'destination_ip_prefix' parameters. For more details, you can check the spec: https://review.opendev.org/#/c/744702/.
Aug 25 02:59:58.104617 dv-neutron-853115-1-hyperv neutron-server[107161]: DEBUG neutron_lib.callbacks.manager [None req-a27f5e01-79f9-4994-a707-39836ab13e86 tempest-FloatingIPAdminTestJSON-2082814160 tempest-FloatingIPAdminTestJSON-2082814160-project] Publish callbacks ['neutron.plugins.ml2.plugin.SecurityGroupDbMixin._ensure_default_security_group_handler-1688918'] for port (None), before_create {{(pid=107161) _notify_loop /usr/local/lib/python3.8/dist-packages/neutron_lib/callbacks/manager.py:176}}
Aug 25 02:59:58.140655 dv-neutron-853115-1-hyperv neutron-server[107162]: DEBUG neutron.db.provisioning_blocks [None req-61308751-5b28-4583-9f68-bfa0ec22f108 None None] Provisioning complete for port e8d89452-3dc1-4c15-9863-c3f353a0806c triggered by entity L2. {{(pid=107162) provisioning_complete /opt/stack/neutron/neutron/db/provisioning_blocks.py:144}}
Aug 25 02:59:58.141018 dv-neutron-853115-1-hyperv neutron-server[107162]: DEBUG neutron_lib.callbacks.manager [None req-61308751-5b28-4583-9f68-bfa0ec22f108 None None] Publish callbacks ['neutron.plugins.ml2.plugin.Ml2Plugin._port_provisioned-2043009'] for port (e8d89452-3dc1-4c15-9863-c3f353a0806c), provisioning_complete {{(pid=107162) _notify_loop /usr/local/lib/python3.8/dist-packages/neutron_lib/callbacks/manager.py:176}}
Aug 25 02:59:58.184486 dv-neutron-853115-1-hyperv neutron-server[107160]: DEBUG neutron_lib.callbacks.manager [None req-52f9f260-a3c9-41ed-a587-e0ab009f1475 tempest-MeteringIpV6TestJSON-974336882 tempest-MeteringIpV6TestJSON-974336882-project-admin] Publish callbacks [] for metering_label_rule (None), before_response {{(pid=107160) _notify_loop /usr/local/lib/python3.8/dist-packages/neutron_lib/callbacks/manager.py:176}}
Aug 25 02:59:58.187275 dv-neutron-853115-1-hyperv neutron-server[107160]: INFO neutron.wsgi [None req-52f9f260-a3c9-41ed-a587-e0ab009f1475 tempest-MeteringIpV6TestJSON-974336882 tempest-MeteringIpV6TestJSON-974336882-project-admin] 10.222.0.84 "POST /networking/v2.0/metering/metering-label-rules HTTP/1.1" status: 201 len: 464 time: 0.5550458
Aug 25 02:59:58.203381 dv-neutron-853115-1-hyperv neutron-server[107160]: DEBUG neutron.wsgi [-] (107160) accepted ('10.222.0.84', 50408) {{(pid=107160) server /usr/local/lib/python3.8/dist-packages/eventlet/wsgi.py:1004}}
Aug 25 02:59:58.248932 dv-neutron-853115-1-hyperv neutron-server[107160]: DEBUG neutron_lib.callbacks.manager [None req-33e3a2cf-044e-476f-8a4f-d88f2929c518 tempest-RoutersAdminTest-2124875219 tempest-RoutersAdminTest-2124875219-project-admin] Publish callbacks [] for security_group (fd13815d-98cd-4f63-83fc-32e457f868d3), precommit_create {{(pid=107160) _notify_loop /usr/local/lib/python3.8/dist-packages/neutron_lib/callbacks/manager.py:176}}
Aug 25 02:59:58.254764 dv-neutron-853115-1-hyperv neutron-server[107160]: INFO neutron.wsgi [None req-d8853bac-d350-469a-a00e-69c73a90cdd1 tempest-MeteringIpV6TestJSON-974336882 tempest-MeteringIpV6TestJSON-974336882-project-admin] 10.222.0.84 "GET /networking/v2.0/metering/metering-label-rules?id=4d9d8674-329b-491b-9939-e45bb615782d HTTP/1.1" status: 200 len: 462 time: 0.0453918
Aug 25 02:59:58.259870 dv-neutron-853115-1-hyperv neutron-server[107160]: DEBUG neutron.wsgi [-] (107160) accepted ('10.222.0.84', 50410) {{(pid=107160) server /usr/local/lib/python3.8/dist-packages/eventlet/wsgi.py:1004}}
Aug 25 02:59:58.261306 dv-neutron-853115-1-hyperv neutron-server[107162]: DEBUG neutron.plugins.ml2.db [None req-1f9614f4-6e8d-4e67-8589-8676eb7cfccd None None] For port e8d89452-3dc1-4c15-9863-c3f353a0806c, host dv-neutron-853115-1-hyperv, got binding levels [PortBindingLevel(driver='openvswitch',host='dv-neutron-853115-1-hyperv',level=0,port_id=e8d89452-3dc1-4c15-9863-c3f353a0806c,segment=NetworkSegment(eaead14b-0e38-4893-85ec-a415ddc0ef93),segment_id=eaead14b-0e38-4893-85ec-a415ddc0ef93)] {{(pid=107162) get_binding_level_objs /opt/stack/neutron/neutron/plugins/ml2/db.py:74}}
Aug 25 02:59:58.273493 dv-neutron-853115-1-hyperv neutron-server[107162]: DEBUG neutron_lib.callbacks.manager [None req-1f9614f4-6e8d-4e67-8589-8676eb7cfccd None None] Publish callbacks ['neutron.plugins.ml2.plugin.SecurityGroupServerNotifierRpcMixin._notify_sg_on_port_change-1688211', 'neutron.plugins.ml2.ovo_rpc._ObjectChangeHandler.handle_event-297753', 'neutron.api.rpc.agentnotifiers.dhcp_rpc_agent_api.DhcpAgentNotifyAPI._native_event_send_dhcp_notification-528762', 'neutron.db.l3_db.L3RpcNotifierMixin._notify_gateway_port_ip_changed-8741794262649', 'neutron.db.l3_dvrscheduler_db._notify_l3_agent_port_update-8741793884739', 'neutron.db.l3_hascheduler_db._notify_l3_agent_ha_port_update-8741793884757'] for port (e8d89452-3dc1-4c15-9863-c3f353a0806c), after_update {{(pid=107162) _notify_loop /usr/local/lib/python3.8/dist-packages/neutron_lib/callbacks/manager.py:176}}
Aug 25 02:59:58.274638 dv-neutron-853115-1-hyperv neutron-server[107160]: DEBUG neutron_lib.callbacks.manager [None req-33e3a2cf-044e-476f-8a4f-d88f2929c518 tempest-RoutersAdminTest-2124875219 tempest-RoutersAdminTest-2124875219-project-admin] Publish callbacks ['neutron.plugins.ml2.ovo_rpc._ObjectChangeHandler.handle_event-556772'] for security_group (fd13815d-98cd-4f63-83fc-32e457f868d3), after_create {{(pid=107160) _notify_loop /usr/local/lib/python3.8/dist-packages/neutron_lib/callbacks/manager.py:176}}
Aug 25 02:59:58.286933 dv-neutron-853115-1-hyperv neutron-server[107160]: DEBUG dbcounter [-] [107160] Writing DB stats neutron:SELECT=83,neutron:INSERT=17 {{(pid=107160) stat_writer /usr/local/lib/python3.8/dist-packages/dbcounter.py:114}}
Aug 25 02:59:58.288127 dv-neutron-853115-1-hyperv neutron-server[107160]: DEBUG neutron.plugins.ml2.drivers.mech_agent [None req-1cb3e15d-f586-4f4e-adb4-bc008cd51c8e tempest-DHCPAgentSchedulersTestJSON-534015468 tempest-DHCPAgentSchedulersTestJSON-534015468-project] Checking segment: {'id': 'ed1c129b-6624-4f57-b9b4-f61fcddb17c6', 'network_type': 'vlan', 'physical_network': 'physnet1', 'segmentation_id': 1039, 'network_id': '17d8c116-05b1-4da4-864a-83a47c010de7'} for mappings: {'physnet1': 'br-data'} with network types: ['local', 'flat', 'vlan'] {{(pid=107160) check_segment_for_agent /opt/stack/neutron/neutron/plugins/ml2/drivers/mech_agent.py:373}}
Aug 25 02:59:58.288589 dv-neutron-853115-1-hyperv neutron-server[107160]: DEBUG neutron.scheduler.dhcp_agent_scheduler [None req-1cb3e15d-f586-4f4e-adb4-bc008cd51c8e tempest-DHCPAgentSchedulersTestJSON-534015468 tempest-DHCPAgentSchedulersTestJSON-534015468-project] Network hostable DHCP agents. Network: 17d8c116-05b1-4da4-864a-83a47c010de7, hostable agents: ['ce17c0dd-9a03-4242-9071-20a49f8a5f31'], hosted agents: [] {{(pid=107160) _get_network_hostable_dhcp_agents /opt/stack/neutron/neutron/scheduler/dhcp_agent_scheduler.py:329}}
Aug 25 02:59:58.314507 dv-neutron-853115-1-hyperv neutron-server[107160]: DEBUG neutron.plugins.ml2.drivers.helpers [None req-33e3a2cf-044e-476f-8a4f-d88f2929c518 tempest-RoutersAdminTest-2124875219 tempest-RoutersAdminTest-2124875219-project-admin] vlan segment allocate from pool success with {'physical_network': 'physnet1', 'vlan_id': 1004} {{(pid=107160) allocate_partially_specified_segment /opt/stack/neutron/neutron/plugins/ml2/drivers/helpers.py:153}}
Aug 25 02:59:58.316589 dv-neutron-853115-1-hyperv neutron-server[107161]: DEBUG neutron_lib.callbacks.manager [None req-2ad3e6ad-1bcd-49a6-ad50-503e9976ba9d tempest-MeteringTestJSON-2090689763 tempest-MeteringTestJSON-2090689763-project-admin] Publish callbacks [] for metering_label_rule (None), before_response {{(pid=107161) _notify_loop /usr/local/lib/python3.8/dist-packages/neutron_lib/callbacks/manager.py:176}}
Aug 25 02:59:58.321087 dv-neutron-853115-1-hyperv neutron-server[107161]: INFO neutron.wsgi [None req-2ad3e6ad-1bcd-49a6-ad50-503e9976ba9d tempest-MeteringTestJSON-2090689763 tempest-MeteringTestJSON-2090689763-project-admin] 10.222.0.84 "POST /networking/v2.0/metering/metering-label-rules HTTP/1.1" status: 201 len: 466 time: 0.8132803
Aug 25 02:59:58.326539 dv-neutron-853115-1-hyperv neutron-server[107160]: DEBUG neutron.wsgi [-] (107160) accepted ('10.222.0.84', 50412) {{(pid=107160) server /usr/local/lib/python3.8/dist-packages/eventlet/wsgi.py:1004}}
Aug 25 02:59:58.346662 dv-neutron-853115-1-hyperv neutron-server[107160]: DEBUG neutron.api.v2.base [None req-7f7fad6b-8a00-4619-ae02-f79776e92887 tempest-MeteringTestJSON-2090689763 tempest-MeteringTestJSON-2090689763-project-admin] Request body: {'metering_label_rule': {'remote_ip_prefix': '10.0.1.0/24', 'direction': 'ingress', 'metering_label_id': '6cebda0e-b194-41b0-b280-6b43da19baa0'}} {{(pid=107160) prepare_request_body /opt/stack/neutron/neutron/api/v2/base.py:730}}
Aug 25 02:59:58.348754 dv-neutron-853115-1-hyperv neutron-server[107160]: DEBUG neutron.api.v2.base [None req-7f7fad6b-8a00-4619-ae02-f79776e92887 tempest-MeteringTestJSON-2090689763 tempest-MeteringTestJSON-2090689763-project-admin] Unknown quota resources ['metering_label_rule']. {{(pid=107160) _create /opt/stack/neutron/neutron/api/v2/base.py:497}}
Aug 25 02:59:58.363425 dv-neutron-853115-1-hyperv neutron-server[107160]: DEBUG neutron_lib.callbacks.manager [None req-33e3a2cf-044e-476f-8a4f-d88f2929c518 tempest-RoutersAdminTest-2124875219 tempest-RoutersAdminTest-2124875219-project-admin] Publish callbacks ['neutron.plugins.ml2.plugin.Ml2Plugin._handle_segment_change-2047279'] for segment (41f556a2-79c2-4626-9758-906eb2c4766a), precommit_create {{(pid=107160) _notify_loop /usr/local/lib/python3.8/dist-packages/neutron_lib/callbacks/manager.py:176}}
Aug 25 02:59:58.363934 dv-neutron-853115-1-hyperv neutron-server[107160]: INFO neutron.db.segments_db [None req-33e3a2cf-044e-476f-8a4f-d88f2929c518 tempest-RoutersAdminTest-2124875219 tempest-RoutersAdminTest-2124875219-project-admin] Added segment 41f556a2-79c2-4626-9758-906eb2c4766a of type vlan for network b8137948-8f09-4487-a7fa-f57f43e28418
Aug 25 02:59:58.365641 dv-neutron-853115-1-hyperv neutron-server[107160]: DEBUG neutron.api.rpc.handlers.resources_rpc [None req-33e3a2cf-044e-476f-8a4f-d88f2929c518 tempest-RoutersAdminTest-2124875219 tempest-RoutersAdminTest-2124875219-project-admin] Pushing event updated for resources: {'SecurityGroup': ['ID=fd13815d-98cd-4f63-83fc-32e457f868d3,revision_number=1']} {{(pid=107160) push /opt/stack/neutron/neutron/api/rpc/handlers/resources_rpc.py:237}}
Aug 25 02:59:58.383778 dv-neutron-853115-1-hyperv neutron-server[107161]: DEBUG dbcounter [-] [107161] Writing DB stats neutron:SELECT=88,neutron:INSERT=6,neutron:UPDATE=6 {{(pid=107161) stat_writer /usr/local/lib/python3.8/dist-packages/dbcounter.py:114}}
Aug 25 02:59:58.432612 dv-neutron-853115-1-hyperv neutron-server[107162]: DEBUG neutron.api.rpc.handlers.resources_rpc [None req-1f9614f4-6e8d-4e67-8589-8676eb7cfccd None None] Pushing event updated for resources: {'Port': ['ID=e8d89452-3dc1-4c15-9863-c3f353a0806c,revision_number=3']} {{(pid=107162) push /opt/stack/neutron/neutron/api/rpc/handlers/resources_rpc.py:237}}
Aug 25 02:59:58.432848 dv-neutron-853115-1-hyperv neutron-server[107160]: DEBUG neutron.scheduler.dhcp_agent_scheduler [None req-1cb3e15d-f586-4f4e-adb4-bc008cd51c8e tempest-DHCPAgentSchedulersTestJSON-534015468 tempest-DHCPAgentSchedulersTestJSON-534015468-project] Network 17d8c116-05b1-4da4-864a-83a47c010de7 is scheduled to be hosted by DHCP agent ce17c0dd-9a03-4242-9071-20a49f8a5f31 with binding_index 1 {{(pid=107160) bind /opt/stack/neutron/neutron/scheduler/dhcp_agent_scheduler.py:227}}
Aug 25 02:59:58.450265 dv-neutron-853115-1-hyperv neutron-server[107161]: DEBUG neutron_lib.callbacks.manager [None req-c9fb8b8c-bed6-4873-934c-72ff6415f7cd tempest-RoutersAdminNegativeIpV6Test-1994720827 tempest-RoutersAdminNegativeIpV6Test-1994720827-project-admin] Publish callbacks [] for port (c10f9a90-b5af-4b71-862b-dd067fa5f815), precommit_create {{(pid=107161) _notify_loop /usr/local/lib/python3.8/dist-packages/neutron_lib/callbacks/manager.py:176}}
Aug 25 02:59:58.466858 dv-neutron-853115-1-hyperv neutron-server[107162]: DEBUG neutron.db.provisioning_blocks [None req-507ddca4-24c3-416e-93f2-89aee9c650ea None None] Provisioning complete for port e8d89452-3dc1-4c15-9863-c3f353a0806c triggered by entity DHCP. {{(pid=107162) provisioning_complete /opt/stack/neutron/neutron/db/provisioning_blocks.py:144}}
Aug 25 02:59:58.467628 dv-neutron-853115-1-hyperv neutron-server[107162]: DEBUG neutron_lib.callbacks.manager [None req-507ddca4-24c3-416e-93f2-89aee9c650ea None None] Publish callbacks ['neutron.plugins.ml2.plugin.Ml2Plugin._port_provisioned-2043009'] for port (e8d89452-3dc1-4c15-9863-c3f353a0806c), provisioning_complete {{(pid=107162) _notify_loop /usr/local/lib/python3.8/dist-packages/neutron_lib/callbacks/manager.py:176}}
Aug 25 02:59:58.468142 dv-neutron-853115-1-hyperv neutron-server[107161]: DEBUG neutron.db.db_base_plugin_common [None req-b4b97197-ddca-4846-95f0-c309c9c9ef39 admin admin] Allocated IP 172.20.0.1 (ca787f2b-64ab-4253-8b12-cdcca6e66722/447f2bee-599d-41cf-8b0e-8d9e7e9f5bad/8b9b629f-91f4-4703-a872-517ae21ee191) {{(pid=107161) _store_ip_allocation /opt/stack/neutron/neutron/db/db_base_plugin_common.py:131}}
Aug 25 02:59:58.504879 dv-neutron-853115-1-hyperv neutron-server[107161]: DEBUG dbcounter [-] [107161] Writing DB stats neutron:SELECT=85,neutron:INSERT=10,neutron:UPDATE=5 {{(pid=107161) stat_writer /usr/local/lib/python3.8/dist-packages/dbcounter.py:114}}
Aug 25 02:59:58.505686 dv-neutron-853115-1-hyperv neutron-server[107161]: DEBUG neutron_lib.callbacks.manager [None req-780093ce-430b-4d7e-bc7c-055f44441e5c admin admin] Publish callbacks [] for router_gateway (19c2dc8c-3d3b-4ba5-9094-1b21bf237238), after_create {{(pid=107161) _notify_loop /usr/local/lib/python3.8/dist-packages/neutron_lib/callbacks/manager.py:176}}
Aug 25 02:59:58.609555 dv-neutron-853115-1-hyperv neutron-server[107162]: DEBUG neutron.plugins.ml2.plugin [None req-61308751-5b28-4583-9f68-bfa0ec22f108 None None] Current status of the port e8d89452-3dc1-4c15-9863-c3f353a0806c is: ACTIVE; New status is: ACTIVE {{(pid=107162) _update_individual_port_db_status /opt/stack/neutron/neutron/plugins/ml2/plugin.py:2302}}
Aug 25 02:59:58.622476 dv-neutron-853115-1-hyperv neutron-server[107160]: DEBUG neutron.scheduler.base_scheduler [None req-1cb3e15d-f586-4f4e-adb4-bc008cd51c8e tempest-DHCPAgentSchedulersTestJSON-534015468 tempest-DHCPAgentSchedulersTestJSON-534015468-project] Resources bound (agent type, host, resource id): (DHCP agent, dv-neutron-853115-1-hyperv, 17d8c116-05b1-4da4-864a-83a47c010de7) {{(pid=107160) schedule /opt/stack/neutron/neutron/scheduler/base_scheduler.py:57}}
Aug 25 02:59:58.623997 dv-neutron-853115-1-hyperv neutron-server[107160]: DEBUG dbcounter [-] [107160] Writing DB stats neutron:SELECT=84,neutron:UPDATE=3,neutron:INSERT=13 {{(pid=107160) stat_writer /usr/local/lib/python3.8/dist-packages/dbcounter.py:114}}
Aug 25 02:59:58.629258 dv-neutron-853115-1-hyperv neutron-server[107160]: DEBUG neutron_lib.callbacks.manager [None req-fa1b19e2-0a27-4e0b-993d-7b35a6110019 tempest-MeteringIpV6TestJSON-974336882 tempest-MeteringIpV6TestJSON-974336882-project-admin] Publish callbacks [] for metering_label_rule (None), before_response {{(pid=107160) _notify_loop /usr/local/lib/python3.8/dist-packages/neutron_lib/callbacks/manager.py:176}}
Aug 25 02:59:58.630690 dv-neutron-853115-1-hyperv neutron-server[107160]: INFO neutron.wsgi [None req-fa1b19e2-0a27-4e0b-993d-7b35a6110019 tempest-MeteringIpV6TestJSON-974336882 tempest-MeteringIpV6TestJSON-974336882-project-admin] 10.222.0.84 "DELETE /networking/v2.0/metering/metering-label-rules/4d9d8674-329b-491b-9939-e45bb615782d HTTP/1.1" status: 204 len: 168 time: 0.3697531
Aug 25 02:59:58.632884 dv-neutron-853115-1-hyperv neutron-server[107160]: DEBUG neutron_lib.callbacks.manager [None req-33e3a2cf-044e-476f-8a4f-d88f2929c518 tempest-RoutersAdminTest-2124875219 tempest-RoutersAdminTest-2124875219-project-admin] Publish callbacks ['neutron.services.auto_allocate.db._ensure_external_network_default_value_callback-8741793902704'] for network (b8137948-8f09-4487-a7fa-f57f43e28418), precommit_create {{(pid=107160) _notify_loop /usr/local/lib/python3.8/dist-packages/neutron_lib/callbacks/manager.py:176}}
Aug 25 02:59:58.639107 dv-neutron-853115-1-hyperv neutron-server[107160]: DEBUG neutron.wsgi [-] (107160) accepted ('10.222.0.84', 50418) {{(pid=107160) server /usr/local/lib/python3.8/dist-packages/eventlet/wsgi.py:1004}}
Aug 25 02:59:58.640080 dv-neutron-853115-1-hyperv neutron-server[107162]: DEBUG neutron.api.rpc.handlers.dhcp_rpc [None req-f24288f5-b705-4b8a-b71c-bed5e7d246ea None None] Network 17d8c116-05b1-4da4-864a-83a47c010de7 requested from dv-neutron-853115-1-hyperv {{(pid=107162) get_network_info /opt/stack/neutron/neutron/api/rpc/handlers/dhcp_rpc.py:191}}
Aug 25 02:59:58.647114 dv-neutron-853115-1-hyperv neutron-server[107160]: DEBUG neutron.pecan_wsgi.hooks.policy_enforcement [None req-1cb3e15d-f586-4f4e-adb4-bc008cd51c8e tempest-DHCPAgentSchedulersTestJSON-534015468 tempest-DHCPAgentSchedulersTestJSON-534015468-project] Attributes excluded by policy engine: ['standard_attr_id', 'shared', 'network'] {{(pid=107160) _exclude_attributes_by_policy /opt/stack/neutron/neutron/pecan_wsgi/hooks/policy_enforcement.py:259}}
Aug 25 02:59:58.648133 dv-neutron-853115-1-hyperv neutron-server[107160]: DEBUG neutron_lib.callbacks.manager [None req-1cb3e15d-f586-4f4e-adb4-bc008cd51c8e tempest-DHCPAgentSchedulersTestJSON-534015468 tempest-DHCPAgentSchedulersTestJSON-534015468-project] Publish callbacks ['neutron.api.rpc.agentnotifiers.dhcp_rpc_agent_api.DhcpAgentNotifyAPI._send_dhcp_notification-528744'] for subnet (None), before_response {{(pid=107160) _notify_loop /usr/local/lib/python3.8/dist-packages/neutron_lib/callbacks/manager.py:176}}
Aug 25 02:59:58.663898 dv-neutron-853115-1-hyperv neutron-server[107160]: WARNING neutron.services.metering.metering_plugin [None req-7f7fad6b-8a00-4619-ae02-f79776e92887 tempest-MeteringTestJSON-2090689763 tempest-MeteringTestJSON-2090689763-project-admin] The use of 'remote_ip_prefix' in metering label rules is deprecated and will be removed in future releases. One should use instead the 'source_ip_prefix' and/or 'destination_ip_prefix' parameters. For more details, you can check the spec: https://review.opendev.org/#/c/744702/.
Aug 25 02:59:58.671405 dv-neutron-853115-1-hyperv neutron-server[107161]: DEBUG neutron_lib.callbacks.manager [None req-c9fb8b8c-bed6-4873-934c-72ff6415f7cd tempest-RoutersAdminNegativeIpV6Test-1994720827 tempest-RoutersAdminNegativeIpV6Test-1994720827-project-admin] Publish callbacks ['neutron.plugins.ml2.plugin.SecurityGroupServerNotifierRpcMixin._notify_sg_on_port_change-1688211', 'neutron.plugins.ml2.ovo_rpc._ObjectChangeHandler.handle_event-297753', 'neutron.api.rpc.agentnotifiers.dhcp_rpc_agent_api.DhcpAgentNotifyAPI._native_event_send_dhcp_notification-528762', 'neutron.db.l3_dvrscheduler_db._notify_l3_agent_new_port-8741793884721'] for port (c10f9a90-b5af-4b71-862b-dd067fa5f815), after_create {{(pid=107161) _notify_loop /usr/local/lib/python3.8/dist-packages/neutron_lib/callbacks/manager.py:176}}
Aug 25 02:59:58.678486 dv-neutron-853115-1-hyperv neutron-server[107160]: INFO neutron.wsgi [None req-5eab7433-10ae-4158-9e76-e0281214b6a4 tempest-MeteringIpV6TestJSON-974336882 tempest-MeteringIpV6TestJSON-974336882-project-admin] 10.222.0.84 "GET /networking/v2.0/metering/metering-label-rules?id=4d9d8674-329b-491b-9939-e45bb615782d HTTP/1.1" status: 200 len: 221 time: 0.0379894
Aug 25 02:59:58.691329 dv-neutron-853115-1-hyperv neutron-server[107161]: DEBUG neutron.wsgi [-] (107161) accepted ('10.222.0.84', 50420) {{(pid=107161) server /usr/local/lib/python3.8/dist-packages/eventlet/wsgi.py:1004}}
Aug 25 02:59:58.699001 dv-neutron-853115-1-hyperv neutron-server[107162]: DEBUG neutron_lib.callbacks.manager [None req-0a76305c-36ef-4dca-b7e4-f6f4d4472f7a None None] Publish callbacks ['neutron.services.segments.db._update_segment_host_mapping_for_agent-8741794417740', 'neutron.plugins.ml2.plugin.Ml2Plugin._retry_binding_revived_agents-2043111'] for agent (ce17c0dd-9a03-4242-9071-20a49f8a5f31), after_update {{(pid=107162) _notify_loop /usr/local/lib/python3.8/dist-packages/neutron_lib/callbacks/manager.py:176}}
Aug 25 02:59:58.706230 dv-neutron-853115-1-hyperv neutron-server[107161]: DEBUG neutron.api.v2.base [None req-39987a4a-fcd9-4879-acdf-06cbb0d26e83 tempest-MeteringIpV6TestJSON-974336882 tempest-MeteringIpV6TestJSON-974336882-project-admin] Request body: {'metering_label': {'name': 'tempest-metering-label--1174261048', 'description': 'label created by tempest'}} {{(pid=107161) prepare_request_body /opt/stack/neutron/neutron/api/v2/base.py:730}}
Aug 25 02:59:58.706672 dv-neutron-853115-1-hyperv neutron-server[107161]: DEBUG neutron.api.v2.base [None req-39987a4a-fcd9-4879-acdf-06cbb0d26e83 tempest-MeteringIpV6TestJSON-974336882 tempest-MeteringIpV6TestJSON-974336882-project-admin] Unknown quota resources ['metering_label']. {{(pid=107161) _create /opt/stack/neutron/neutron/api/v2/base.py:497}}
Aug 25 02:59:58.729490 dv-neutron-853115-1-hyperv neutron-server[107162]: DEBUG dbcounter [-] [107162] Writing DB stats neutron:SELECT=97,neutron:UPDATE=3 {{(pid=107162) stat_writer /usr/local/lib/python3.8/dist-packages/dbcounter.py:114}}
Aug 25 02:59:58.762636 dv-neutron-853115-1-hyperv neutron-server[107162]: DEBUG neutron.plugins.ml2.plugin [None req-507ddca4-24c3-416e-93f2-89aee9c650ea None None] Current status of the port e8d89452-3dc1-4c15-9863-c3f353a0806c is: ACTIVE; New status is: ACTIVE {{(pid=107162) _update_individual_port_db_status /opt/stack/neutron/neutron/plugins/ml2/plugin.py:2302}}
Aug 25 02:59:58.776890 dv-neutron-853115-1-hyperv neutron-server[107160]: INFO neutron.wsgi [None req-1cb3e15d-f586-4f4e-adb4-bc008cd51c8e tempest-DHCPAgentSchedulersTestJSON-534015468 tempest-DHCPAgentSchedulersTestJSON-534015468-project] 10.222.0.84 "POST /networking/v2.0/subnets HTTP/1.1" status: 201 len: 801 time: 2.5368657
Aug 25 02:59:58.779533 dv-neutron-853115-1-hyperv neutron-server[107160]: DEBUG neutron_lib.callbacks.manager [None req-7f7fad6b-8a00-4619-ae02-f79776e92887 tempest-MeteringTestJSON-2090689763 tempest-MeteringTestJSON-2090689763-project-admin] Publish callbacks [] for metering_label_rule (None), before_response {{(pid=107160) _notify_loop /usr/local/lib/python3.8/dist-packages/neutron_lib/callbacks/manager.py:176}}
Aug 25 02:59:58.780621 dv-neutron-853115-1-hyperv neutron-server[107160]: INFO neutron.wsgi [None req-7f7fad6b-8a00-4619-ae02-f79776e92887 tempest-MeteringTestJSON-2090689763 tempest-MeteringTestJSON-2090689763-project-admin] 10.222.0.84 "POST /networking/v2.0/metering/metering-label-rules HTTP/1.1" status: 201 len: 466 time: 0.4420731
Aug 25 02:59:58.782616 dv-neutron-853115-1-hyperv neutron-server[107160]: DEBUG neutron.wsgi [-] (107160) accepted ('10.222.0.84', 50424) {{(pid=107160) server /usr/local/lib/python3.8/dist-packages/eventlet/wsgi.py:1004}}
Aug 25 02:59:58.784450 dv-neutron-853115-1-hyperv neutron-server[107160]: DEBUG neutron.wsgi [-] (107160) accepted ('10.222.0.84', 50426) {{(pid=107160) server /usr/local/lib/python3.8/dist-packages/eventlet/wsgi.py:1004}}
Aug 25 02:59:58.788039 dv-neutron-853115-1-hyperv neutron-server[107160]: DEBUG neutron.api.v2.base [None req-9540c1b3-d5d3-495c-8173-7a8dedc40901 tempest-DHCPAgentSchedulersTestJSON-534015468 tempest-DHCPAgentSchedulersTestJSON-534015468-project] Request body: {'port': {'network_id': '17d8c116-05b1-4da4-864a-83a47c010de7', 'name': 'tempest-DHCPAgentSchedulersTestJSON-738237388'}} {{(pid=107160) prepare_request_body /opt/stack/neutron/neutron/api/v2/base.py:730}}
Aug 25 02:59:58.825844 dv-neutron-853115-1-hyperv neutron-server[107162]: DEBUG neutron.api.rpc.handlers.dhcp_rpc [None req-b34432e4-f971-4c70-837d-998d1e81f145 None None] Create dhcp port {'port': {'name': '', 'admin_state_up': True, 'device_id': 'dhcp2ecf01d9-21a7-592f-b85e-90ab2433dfbc-17d8c116-05b1-4da4-864a-83a47c010de7', 'network_id': '17d8c116-05b1-4da4-864a-83a47c010de7', 'project_id': '84a6f39c4b4c4cc28d67950813f3746c', 'fixed_ips': [{'subnet_id': 'b453d31c-b8fc-4aca-a5c3-d53043b79043'}]}} from dv-neutron-853115-1-hyperv. {{(pid=107162) create_dhcp_port /opt/stack/neutron/neutron/api/rpc/handlers/dhcp_rpc.py:268}}
Aug 25 02:59:58.826761 dv-neutron-853115-1-hyperv neutron-server[107162]: DEBUG neutron_lib.callbacks.manager [None req-b34432e4-f971-4c70-837d-998d1e81f145 None None] Publish callbacks ['neutron.plugins.ml2.plugin.SecurityGroupDbMixin._ensure_default_security_group_handler-1688918'] for port (None), before_create {{(pid=107162) _notify_loop /usr/local/lib/python3.8/dist-packages/neutron_lib/callbacks/manager.py:176}}
Aug 25 02:59:58.830697 dv-neutron-853115-1-hyperv neutron-server[107162]: DEBUG dbcounter [-] [107162] Writing DB stats neutron:SELECT=100 {{(pid=107162) stat_writer /usr/local/lib/python3.8/dist-packages/dbcounter.py:114}}
Aug 25 02:59:58.839470 dv-neutron-853115-1-hyperv neutron-server[107160]: DEBUG neutron_lib.callbacks.manager [None req-33e3a2cf-044e-476f-8a4f-d88f2929c518 tempest-RoutersAdminTest-2124875219 tempest-RoutersAdminTest-2124875219-project-admin] Publish callbacks ['neutron.plugins.ml2.ovo_rpc._ObjectChangeHandler.handle_event-550454', 'neutron.api.rpc.agentnotifiers.dhcp_rpc_agent_api.DhcpAgentNotifyAPI._native_event_send_dhcp_notification-528762'] for network (b8137948-8f09-4487-a7fa-f57f43e28418), after_create {{(pid=107160) _notify_loop /usr/local/lib/python3.8/dist-packages/neutron_lib/callbacks/manager.py:176}}
Aug 25 02:59:58.840555 dv-neutron-853115-1-hyperv neutron-server[107160]: DEBUG neutron.pecan_wsgi.hooks.policy_enforcement [None req-33e3a2cf-044e-476f-8a4f-d88f2929c518 tempest-RoutersAdminTest-2124875219 tempest-RoutersAdminTest-2124875219-project-admin] Attributes excluded by policy engine: ['standard_attr_id', 'vlan_transparent'] {{(pid=107160) _exclude_attributes_by_policy /opt/stack/neutron/neutron/pecan_wsgi/hooks/policy_enforcement.py:259}}
Aug 25 02:59:58.841027 dv-neutron-853115-1-hyperv neutron-server[107160]: DEBUG neutron_lib.callbacks.manager [None req-33e3a2cf-044e-476f-8a4f-d88f2929c518 tempest-RoutersAdminTest-2124875219 tempest-RoutersAdminTest-2124875219-project-admin] Publish callbacks ['neutron.api.rpc.agentnotifiers.dhcp_rpc_agent_api.DhcpAgentNotifyAPI._send_dhcp_notification-528744'] for network (None), before_response {{(pid=107160) _notify_loop /usr/local/lib/python3.8/dist-packages/neutron_lib/callbacks/manager.py:176}}
Aug 25 02:59:58.868326 dv-neutron-853115-1-hyperv neutron-server[107161]: DEBUG neutron.scheduler.dhcp_agent_scheduler [None req-c9fb8b8c-bed6-4873-934c-72ff6415f7cd tempest-RoutersAdminNegativeIpV6Test-1994720827 tempest-RoutersAdminNegativeIpV6Test-1994720827-project-admin] Network f9573087-6be7-4560-b26e-1263f8d4eabd is already hosted by enough agents. {{(pid=107161) _get_dhcp_agents_hosting_network /opt/stack/neutron/neutron/scheduler/dhcp_agent_scheduler.py:275}}
Aug 25 02:59:58.879178 dv-neutron-853115-1-hyperv neutron-server[107160]: INFO neutron.wsgi [None req-f6b8079e-2500-43e3-bd3e-85e5ac3b0c9a tempest-MeteringTestJSON-2090689763 tempest-MeteringTestJSON-2090689763-project-admin] 10.222.0.84 "GET /networking/v2.0/metering/metering-label-rules?id=acb32850-85c7-4cfa-a98d-83c3e679a518 HTTP/1.1" status: 200 len: 464 time: 0.0873423
Aug 25 02:59:58.884900 dv-neutron-853115-1-hyperv neutron-server[107161]: DEBUG neutron.scheduler.base_scheduler [None req-c9fb8b8c-bed6-4873-934c-72ff6415f7cd tempest-RoutersAdminNegativeIpV6Test-1994720827 tempest-RoutersAdminNegativeIpV6Test-1994720827-project-admin] Resources bound (agent type, host, resource id): {{(pid=107161) schedule /opt/stack/neutron/neutron/scheduler/base_scheduler.py:57}}
Aug 25 02:59:58.894184 dv-neutron-853115-1-hyperv neutron-server[107161]: DEBUG neutron.wsgi [-] (107161) accepted ('10.222.0.84', 50428) {{(pid=107161) server /usr/local/lib/python3.8/dist-packages/eventlet/wsgi.py:1004}}
Aug 25 02:59:58.951480 dv-neutron-853115-1-hyperv neutron-server[107160]: INFO neutron.wsgi [None req-33e3a2cf-044e-476f-8a4f-d88f2929c518 tempest-RoutersAdminTest-2124875219 tempest-RoutersAdminTest-2124875219-project-admin] 10.222.0.84 "POST /networking/v2.0/networks HTTP/1.1" status: 201 len: 870 time: 2.7068043
Aug 25 02:59:58.962970 dv-neutron-853115-1-hyperv neutron-server[107160]: DEBUG neutron.wsgi [-] (107160) accepted ('10.222.0.84', 50430) {{(pid=107160) server /usr/local/lib/python3.8/dist-packages/eventlet/wsgi.py:1004}}
Aug 25 02:59:58.967787 dv-neutron-853115-1-hyperv neutron-server[107160]: DEBUG neutron.api.v2.base [None req-5d24e657-cf06-409e-b298-36f36ddd80e1 tempest-RoutersAdminTest-2124875219 tempest-RoutersAdminTest-2124875219-project-admin] Request body: {'subnet': {'network_id': 'b8137948-8f09-4487-a7fa-f57f43e28418', 'cidr': '172.20.0.0/28', 'ip_version': 4, 'gateway_ip': '172.20.0.1', 'enable_dhcp': False}} {{(pid=107160) prepare_request_body /opt/stack/neutron/neutron/api/v2/base.py:730}}
Aug 25 02:59:58.991366 dv-neutron-853115-1-hyperv neutron-server[107161]: DEBUG neutron.db.l3_dvrscheduler_db [None req-c9fb8b8c-bed6-4873-934c-72ff6415f7cd tempest-RoutersAdminNegativeIpV6Test-1994720827 tempest-RoutersAdminNegativeIpV6Test-1994720827-project-admin] Received port after_create {{(pid=107161) _notify_l3_agent_new_port /opt/stack/neutron/neutron/db/l3_dvrscheduler_db.py:538}}
Aug 25 02:59:58.992419 dv-neutron-853115-1-hyperv neutron-server[107161]: DEBUG neutron.pecan_wsgi.hooks.policy_enforcement [None req-c9fb8b8c-bed6-4873-934c-72ff6415f7cd tempest-RoutersAdminNegativeIpV6Test-1994720827 tempest-RoutersAdminNegativeIpV6Test-1994720827-project-admin] Attributes excluded by policy engine: ['standard_attr_id', 'network'] {{(pid=107161) _exclude_attributes_by_policy /opt/stack/neutron/neutron/pecan_wsgi/hooks/policy_enforcement.py:259}}
Aug 25 02:59:58.993322 dv-neutron-853115-1-hyperv neutron-server[107161]: DEBUG neutron_lib.callbacks.manager [None req-c9fb8b8c-bed6-4873-934c-72ff6415f7cd tempest-RoutersAdminNegativeIpV6Test-1994720827 tempest-RoutersAdminNegativeIpV6Test-1994720827-project-admin] Publish callbacks ['neutron.notifiers.nova.Notifier._send_nova_notification-72735', 'neutron.api.rpc.agentnotifiers.dhcp_rpc_agent_api.DhcpAgentNotifyAPI._send_dhcp_notification-528744'] for port (None), before_response {{(pid=107161) _notify_loop /usr/local/lib/python3.8/dist-packages/neutron_lib/callbacks/manager.py:176}}
Aug 25 02:59:58.994103 dv-neutron-853115-1-hyperv neutron-server[107162]: DEBUG neutron.db.db_base_plugin_common [None req-b34432e4-f971-4c70-837d-998d1e81f145 None None] Allocated IP 172.20.0.2 (17d8c116-05b1-4da4-864a-83a47c010de7/b453d31c-b8fc-4aca-a5c3-d53043b79043/bcaca9e7-9ef4-44a7-b4f1-d3580b0fd286) {{(pid=107162) _store_ip_allocation /opt/stack/neutron/neutron/db/db_base_plugin_common.py:131}}
Aug 25 02:59:59.010321 dv-neutron-853115-1-hyperv neutron-server[107160]: DEBUG neutron.api.rpc.handlers.resources_rpc [None req-33e3a2cf-044e-476f-8a4f-d88f2929c518 tempest-RoutersAdminTest-2124875219 tempest-RoutersAdminTest-2124875219-project-admin] Pushing event updated for resources: {'Network': ['ID=b8137948-8f09-4487-a7fa-f57f43e28418,revision_number=1']} {{(pid=107160) push /opt/stack/neutron/neutron/api/rpc/handlers/resources_rpc.py:237}}
Aug 25 02:59:59.035655 dv-neutron-853115-1-hyperv neutron-server[107160]: DEBUG neutron.pecan_wsgi.hooks.quota_enforcement [None req-5d24e657-cf06-409e-b298-36f36ddd80e1 tempest-RoutersAdminTest-2124875219 tempest-RoutersAdminTest-2124875219-project-admin] Made reservation on behalf of 50e82bed0c7647b1bab4912747f03894 for: {'subnet': 1} {{(pid=107160) before /opt/stack/neutron/neutron/pecan_wsgi/hooks/quota_enforcement.py:53}}
Aug 25 02:59:59.040675 dv-neutron-853115-1-hyperv neutron-server[107160]: DEBUG neutron_lib.callbacks.manager [None req-5d24e657-cf06-409e-b298-36f36ddd80e1 tempest-RoutersAdminTest-2124875219 tempest-RoutersAdminTest-2124875219-project-admin] Publish callbacks [] for subnet (None), before_create {{(pid=107160) _notify_loop /usr/local/lib/python3.8/dist-packages/neutron_lib/callbacks/manager.py:176}}
Aug 25 02:59:59.068213 dv-neutron-853115-1-hyperv neutron-server[107161]: DEBUG neutron.db.db_base_plugin_common [None req-a27f5e01-79f9-4994-a707-39836ab13e86 tempest-FloatingIPAdminTestJSON-2082814160 tempest-FloatingIPAdminTestJSON-2082814160-project] Allocated IP 172.26.0.112 (f9573087-6be7-4560-b26e-1263f8d4eabd/735a0224-41a4-48cb-a566-f01f645ff383/81a99547-eace-4c72-84ff-5001f466fba3) {{(pid=107161) _store_ip_allocation /opt/stack/neutron/neutron/db/db_base_plugin_common.py:131}}
Aug 25 02:59:59.084344 dv-neutron-853115-1-hyperv neutron-server[107161]: DEBUG neutron_lib.callbacks.manager [None req-b4b97197-ddca-4846-95f0-c309c9c9ef39 admin admin] Publish callbacks [] for port (8b9b629f-91f4-4703-a872-517ae21ee191), precommit_create {{(pid=107161) _notify_loop /usr/local/lib/python3.8/dist-packages/neutron_lib/callbacks/manager.py:176}}
Aug 25 02:59:59.134814 dv-neutron-853115-1-hyperv neutron-server[107161]: DEBUG neutron.api.rpc.handlers.resources_rpc [None req-c9fb8b8c-bed6-4873-934c-72ff6415f7cd tempest-RoutersAdminNegativeIpV6Test-1994720827 tempest-RoutersAdminNegativeIpV6Test-1994720827-project-admin] Pushing event updated for resources: {'Port': ['ID=c10f9a90-b5af-4b71-862b-dd067fa5f815,revision_number=1']} {{(pid=107161) push /opt/stack/neutron/neutron/api/rpc/handlers/resources_rpc.py:237}}
Aug 25 02:59:59.181178 dv-neutron-853115-1-hyperv neutron-server[107161]: INFO neutron.wsgi [None req-c9fb8b8c-bed6-4873-934c-72ff6415f7cd tempest-RoutersAdminNegativeIpV6Test-1994720827 tempest-RoutersAdminNegativeIpV6Test-1994720827-project-admin] 10.222.0.84 "POST /networking/v2.0/ports HTTP/1.1" status: 201 len: 1035 time: 3.7434220
Aug 25 02:59:59.188361 dv-neutron-853115-1-hyperv neutron-server[107161]: DEBUG neutron.wsgi [-] (107161) accepted ('10.222.0.84', 50434) {{(pid=107161) server /usr/local/lib/python3.8/dist-packages/eventlet/wsgi.py:1004}}
Aug 25 02:59:59.225575 dv-neutron-853115-1-hyperv neutron-server[107160]: DEBUG neutron.pecan_wsgi.hooks.quota_enforcement [None req-9540c1b3-d5d3-495c-8173-7a8dedc40901 tempest-DHCPAgentSchedulersTestJSON-534015468 tempest-DHCPAgentSchedulersTestJSON-534015468-project] Made reservation on behalf of 84a6f39c4b4c4cc28d67950813f3746c for: {'port': 1} {{(pid=107160) before /opt/stack/neutron/neutron/pecan_wsgi/hooks/quota_enforcement.py:53}}
Aug 25 02:59:59.229441 dv-neutron-853115-1-hyperv neutron-server[107160]: DEBUG neutron_lib.callbacks.manager [None req-9540c1b3-d5d3-495c-8173-7a8dedc40901 tempest-DHCPAgentSchedulersTestJSON-534015468 tempest-DHCPAgentSchedulersTestJSON-534015468-project] Publish callbacks ['neutron.plugins.ml2.plugin.SecurityGroupDbMixin._ensure_default_security_group_handler-1688918'] for port (None), before_create {{(pid=107160) _notify_loop /usr/local/lib/python3.8/dist-packages/neutron_lib/callbacks/manager.py:176}}
Aug 25 02:59:59.233944 dv-neutron-853115-1-hyperv neutron-server[107161]: DEBUG neutron.api.v2.base [None req-7eb9fbdb-6ec7-4a02-b41a-47c7f6ef2f2f tempest-RoutersAdminNegativeIpV6Test-1994720827 tempest-RoutersAdminNegativeIpV6Test-1994720827-project-admin] Request body: {'router': {'external_gateway_info': {'network_id': 'f9573087-6be7-4560-b26e-1263f8d4eabd', 'external_fixed_ips': [{'subnet_id': '735a0224-41a4-48cb-a566-f01f645ff383', 'ip_address': '172.26.0.61'}]}}} {{(pid=107161) prepare_request_body /opt/stack/neutron/neutron/api/v2/base.py:730}}
Aug 25 02:59:59.249990 dv-neutron-853115-1-hyperv neutron-server[107161]: DEBUG neutron_lib.callbacks.manager [None req-39987a4a-fcd9-4879-acdf-06cbb0d26e83 tempest-MeteringIpV6TestJSON-974336882 tempest-MeteringIpV6TestJSON-974336882-project-admin] Publish callbacks [] for metering_label (None), before_response {{(pid=107161) _notify_loop /usr/local/lib/python3.8/dist-packages/neutron_lib/callbacks/manager.py:176}}
Aug 25 02:59:59.253894 dv-neutron-853115-1-hyperv neutron-server[107161]: INFO neutron.wsgi [None req-39987a4a-fcd9-4879-acdf-06cbb0d26e83 tempest-MeteringIpV6TestJSON-974336882 tempest-MeteringIpV6TestJSON-974336882-project-admin] 10.222.0.84 "POST /networking/v2.0/metering/metering-labels HTTP/1.1" status: 201 len: 470 time: 0.5615823
Aug 25 02:59:59.257375 dv-neutron-853115-1-hyperv neutron-server[107160]: DEBUG neutron.wsgi [-] (107160) accepted ('10.222.0.84', 50436) {{(pid=107160) server /usr/local/lib/python3.8/dist-packages/eventlet/wsgi.py:1004}}
Aug 25 02:59:59.279282 dv-neutron-853115-1-hyperv neutron-server[107162]: DEBUG neutron.plugins.ml2.rpc [None req-61308751-5b28-4583-9f68-bfa0ec22f108 None None] Network b8137948-8f09-4487-a7fa-f57f43e28418 details requested by agent ovs-agent-dv-neutron-853115-1-hyperv with host dv-neutron-853115-1-hyperv {{(pid=107162) get_network_details /opt/stack/neutron/neutron/plugins/ml2/rpc.py:248}}
Aug 25 02:59:59.307147 dv-neutron-853115-1-hyperv neutron-server[107160]: DEBUG neutron.notifiers.nova [None req-9540c1b3-d5d3-495c-8173-7a8dedc40901 tempest-DHCPAgentSchedulersTestJSON-534015468 tempest-DHCPAgentSchedulersTestJSON-534015468-project] device_id is not set on port 6249f018-51cb-4095-8c4d-4bceb05f299f yet. {{(pid=107160) _can_notify /opt/stack/neutron/neutron/notifiers/nova.py:199}}
Aug 25 02:59:59.329037 dv-neutron-853115-1-hyperv neutron-server[107162]: DEBUG neutron_lib.callbacks.manager [None req-b34432e4-f971-4c70-837d-998d1e81f145 None None] Publish callbacks [] for port (bcaca9e7-9ef4-44a7-b4f1-d3580b0fd286), precommit_create {{(pid=107162) _notify_loop /usr/local/lib/python3.8/dist-packages/neutron_lib/callbacks/manager.py:176}}
Aug 25 02:59:59.341614 dv-neutron-853115-1-hyperv neutron-server[107161]: DEBUG dbcounter [-] [107161] Writing DB stats neutron:SELECT=96,neutron:INSERT=2,neutron:DELETE=1,neutron:UPDATE=1 {{(pid=107161) stat_writer /usr/local/lib/python3.8/dist-packages/dbcounter.py:114}}
Aug 25 02:59:59.344784 dv-neutron-853115-1-hyperv neutron-server[107162]: DEBUG neutron_lib.callbacks.manager [None req-b34432e4-f971-4c70-837d-998d1e81f145 None None] Publish callbacks ['neutron.plugins.ml2.plugin.SecurityGroupServerNotifierRpcMixin._notify_sg_on_port_change-1688211', 'neutron.plugins.ml2.ovo_rpc._ObjectChangeHandler.handle_event-297753', 'neutron.api.rpc.agentnotifiers.dhcp_rpc_agent_api.DhcpAgentNotifyAPI._native_event_send_dhcp_notification-528762', 'neutron.db.l3_dvrscheduler_db._notify_l3_agent_new_port-8741793884721'] for port (bcaca9e7-9ef4-44a7-b4f1-d3580b0fd286), after_create {{(pid=107162) _notify_loop /usr/local/lib/python3.8/dist-packages/neutron_lib/callbacks/manager.py:176}}
Aug 25 02:59:59.357605 dv-neutron-853115-1-hyperv neutron-server[107160]: INFO neutron.wsgi [None req-ea32ce91-c236-481c-a63f-106f2f3a3a12 tempest-MeteringIpV6TestJSON-974336882 tempest-MeteringIpV6TestJSON-974336882-project-admin] 10.222.0.84 "GET /networking/v2.0/metering/metering-labels?id=88ec4c7d-72c1-4d9d-b8b1-692624014ebc HTTP/1.1" status: 200 len: 468 time: 0.0990589
Aug 25 02:59:59.361611 dv-neutron-853115-1-hyperv neutron-server[107160]: DEBUG neutron.wsgi [-] (107160) accepted ('10.222.0.84', 50438) {{(pid=107160) server /usr/local/lib/python3.8/dist-packages/eventlet/wsgi.py:1004}}
