Aug 25 02:47:31.735153 dv-neutron-853115-1-hyperv devstack@keystone.service[81967]: DEBUG keystone.server.flask.request_processing.req_logging [None req-8ae8c83b-9920-4179-99c5-773416337de4 None None] PATH_INFO: `/v3/auth/tokens` {{(pid=81967) log_request_info /opt/stack/keystone/keystone/server/flask/request_processing/req_logging.py:29}}
Aug 25 02:47:31.753179 dv-neutron-853115-1-hyperv devstack@keystone.service[81968]: [pid: 81968|app: 0|req: 166/317] 10.222.0.84 () {58 vars in 1282 bytes} [Thu Aug 25 02:47:31 2022] GET /identity/v3/auth/tokens => generated 799 bytes in 323 msecs (HTTP/1.1 200) 6 headers in 358 bytes (1 switches on core 0)
Aug 25 02:47:31.753973 dv-neutron-853115-1-hyperv devstack@keystone.service[81967]: DEBUG keystone.auth.core [None req-8ae8c83b-9920-4179-99c5-773416337de4 None None] MFA Rules not processed for user `c9b4a523b0dc4d398c8576338a89a6ba`. Rule list: `[]` (Enabled: `True`). {{(pid=81967) check_auth_methods_against_rules /opt/stack/keystone/keystone/auth/core.py:438}}
Aug 25 02:47:31.755196 dv-neutron-853115-1-hyperv devstack@keystone.service[81967]: DEBUG keystone.common.fernet_utils [None req-8ae8c83b-9920-4179-99c5-773416337de4 None None] Loaded 2 Fernet keys from /etc/keystone/fernet-keys/, but `[fernet_tokens] max_active_keys = 3`; perhaps there have not been enough key rotations to reach `max_active_keys` yet? {{(pid=81967) load_keys /opt/stack/keystone/keystone/common/fernet_utils.py:286}}
Aug 25 02:47:31.759323 dv-neutron-853115-1-hyperv devstack@keystone.service[81968]: DEBUG keystone.server.flask.request_processing.middleware.auth_context [None req-77cb69d9-a300-4a62-999d-9c5480ee8f98 None admin] Authenticating user token {{(pid=81968) process_request /usr/local/lib/python3.8/dist-packages/keystonemiddleware/auth_token/__init__.py:407}}
Aug 25 02:47:31.820614 dv-neutron-853115-1-hyperv devstack@keystone.service[81967]: DEBUG dbcounter [-] [81967] Writing DB stats keystone:SELECT=100 {{(pid=81967) stat_writer /usr/local/lib/python3.8/dist-packages/dbcounter.py:114}}
Aug 25 02:47:31.838846 dv-neutron-853115-1-hyperv devstack@keystone.service[81967]: [pid: 81967|app: 0|req: 152/318] 10.222.0.84 () {58 vars in 1024 bytes} [Thu Aug 25 02:47:31 2022] POST /identity/v3/auth/tokens => generated 799 bytes in 105 msecs (HTTP/1.1 201) 6 headers in 363 bytes (2 switches on core 0)
Aug 25 02:47:31.863724 dv-neutron-853115-1-hyperv devstack@keystone.service[81968]: DEBUG dbcounter [-] [81968] Writing DB stats keystone:SELECT=100 {{(pid=81968) stat_writer /usr/local/lib/python3.8/dist-packages/dbcounter.py:114}}
Aug 25 02:47:31.901251 dv-neutron-853115-1-hyperv devstack@keystone.service[81968]: DEBUG keystone.server.flask.request_processing.middleware.auth_context [None req-77cb69d9-a300-4a62-999d-9c5480ee8f98 None admin] Validating token access rules against request {{(pid=81968) validate_allowed_request /usr/local/lib/python3.8/dist-packages/keystonemiddleware/auth_token/__init__.py:545}}
Aug 25 02:47:31.937285 dv-neutron-853115-1-hyperv devstack@keystone.service[81968]: DEBUG keystone.server.flask.request_processing.middleware.auth_context [None req-9bfe812e-5e00-4abc-8d65-977b6f05a0e1 None admin] RBAC: auth_context: {'token': , 'domain_id': None, 'trust_id': None, 'trustor_id': None, 'trustee_id': None, 'domain_name': None, 'group_ids': [], 'user_id': 'c9b4a523b0dc4d398c8576338a89a6ba', 'user_domain_id': 'default', 'system_scope': 'all', 'project_id': None, 'project_domain_id': None, 'roles': ['admin', 'member', 'reader'], 'is_admin_project': True, 'service_user_id': None, 'service_user_domain_id': None, 'service_project_id': None, 'service_project_domain_id': None, 'service_roles': []} {{(pid=81968) fill_context /opt/stack/keystone/keystone/server/flask/request_processing/middleware/auth_context.py:478}}
Aug 25 02:47:31.937945 dv-neutron-853115-1-hyperv devstack@keystone.service[81968]: DEBUG keystone.server.flask.request_processing.req_logging [None req-9bfe812e-5e00-4abc-8d65-977b6f05a0e1 None admin] REQUEST_METHOD: `GET` {{(pid=81968) log_request_info /opt/stack/keystone/keystone/server/flask/request_processing/req_logging.py:27}}
Aug 25 02:47:31.938230 dv-neutron-853115-1-hyperv devstack@keystone.service[81968]: DEBUG keystone.server.flask.request_processing.req_logging [None req-9bfe812e-5e00-4abc-8d65-977b6f05a0e1 None admin] SCRIPT_NAME: `/identity` {{(pid=81968) log_request_info /opt/stack/keystone/keystone/server/flask/request_processing/req_logging.py:28}}
Aug 25 02:47:31.938505 dv-neutron-853115-1-hyperv devstack@keystone.service[81968]: DEBUG keystone.server.flask.request_processing.req_logging [None req-9bfe812e-5e00-4abc-8d65-977b6f05a0e1 None admin] PATH_INFO: `/v3/projects/1b15c2e51e9f4718b66203673af791b6` {{(pid=81968) log_request_info /opt/stack/keystone/keystone/server/flask/request_processing/req_logging.py:29}}
Aug 25 02:47:31.940235 dv-neutron-853115-1-hyperv devstack@keystone.service[81968]: DEBUG keystone.common.rbac_enforcer.enforcer [None req-9bfe812e-5e00-4abc-8d65-977b6f05a0e1 None admin] RBAC: Authorizing `identity:get_project(project_id=1b15c2e51e9f4718b66203673af791b6)` {{(pid=81968) enforce_call /opt/stack/keystone/keystone/common/rbac_enforcer/enforcer.py:449}}
Aug 25 02:47:31.941761 dv-neutron-853115-1-hyperv devstack@keystone.service[81968]: DEBUG keystone.common.rbac_enforcer.enforcer [None req-9bfe812e-5e00-4abc-8d65-977b6f05a0e1 None admin] RBAC: Authorization granted {{(pid=81968) enforce_call /opt/stack/keystone/keystone/common/rbac_enforcer/enforcer.py:457}}
Aug 25 02:47:31.942408 dv-neutron-853115-1-hyperv devstack@keystone.service[81967]: DEBUG keystone.server.flask.request_processing.req_logging [None req-a44a2ba5-8b3f-439d-b75d-7020d812d088 None None] REQUEST_METHOD: `GET` {{(pid=81967) log_request_info /opt/stack/keystone/keystone/server/flask/request_processing/req_logging.py:27}}
Aug 25 02:47:31.942522 dv-neutron-853115-1-hyperv devstack@keystone.service[81967]: DEBUG keystone.server.flask.request_processing.req_logging [None req-a44a2ba5-8b3f-439d-b75d-7020d812d088 None None] SCRIPT_NAME: `/identity` {{(pid=81967) log_request_info /opt/stack/keystone/keystone/server/flask/request_processing/req_logging.py:28}}
Aug 25 02:47:31.942742 dv-neutron-853115-1-hyperv devstack@keystone.service[81967]: DEBUG keystone.server.flask.request_processing.req_logging [None req-a44a2ba5-8b3f-439d-b75d-7020d812d088 None None] PATH_INFO: `/` {{(pid=81967) log_request_info /opt/stack/keystone/keystone/server/flask/request_processing/req_logging.py:29}}
Aug 25 02:47:31.943829 dv-neutron-853115-1-hyperv devstack@keystone.service[81968]: [pid: 81968|app: 0|req: 167/319] 10.222.0.84 () {56 vars in 1186 bytes} [Thu Aug 25 02:47:31 2022] GET /identity/v3/projects/1b15c2e51e9f4718b66203673af791b6 => generated 302 bytes in 185 msecs (HTTP/1.1 200) 5 headers in 177 bytes (1 switches on core 0)
Aug 25 02:47:31.944071 dv-neutron-853115-1-hyperv devstack@keystone.service[81967]: [pid: 81967|app: 0|req: 153/320] 10.222.0.84 () {54 vars in 927 bytes} [Thu Aug 25 02:47:31 2022] GET /identity => generated 270 bytes in 3 msecs (HTTP/1.1 300) 6 headers in 234 bytes (2 switches on core 0)
Aug 25 02:47:31.949446 dv-neutron-853115-1-hyperv devstack@keystone.service[81968]: DEBUG keystone.server.flask.request_processing.req_logging [None req-821fc758-f058-42ff-bd0b-1fb2f42c6900 None None] REQUEST_METHOD: `POST` {{(pid=81968) log_request_info /opt/stack/keystone/keystone/server/flask/request_processing/req_logging.py:27}}
Aug 25 02:47:31.949870 dv-neutron-853115-1-hyperv devstack@keystone.service[81967]: DEBUG keystone.server.flask.request_processing.middleware.auth_context [None req-a44a2ba5-8b3f-439d-b75d-7020d812d088 None None] Authenticating user token {{(pid=81967) process_request /usr/local/lib/python3.8/dist-packages/keystonemiddleware/auth_token/__init__.py:407}}
Aug 25 02:47:31.950257 dv-neutron-853115-1-hyperv devstack@keystone.service[81968]: DEBUG keystone.server.flask.request_processing.req_logging [None req-821fc758-f058-42ff-bd0b-1fb2f42c6900 None None] SCRIPT_NAME: `/identity` {{(pid=81968) log_request_info /opt/stack/keystone/keystone/server/flask/request_processing/req_logging.py:28}}
Aug 25 02:47:31.950730 dv-neutron-853115-1-hyperv devstack@keystone.service[81968]: DEBUG keystone.server.flask.request_processing.req_logging [None req-821fc758-f058-42ff-bd0b-1fb2f42c6900 None None] PATH_INFO: `/v3/auth/tokens` {{(pid=81968) log_request_info /opt/stack/keystone/keystone/server/flask/request_processing/req_logging.py:29}}
Aug 25 02:47:31.971541 dv-neutron-853115-1-hyperv devstack@keystone.service[81968]: DEBUG keystone.auth.core [None req-821fc758-f058-42ff-bd0b-1fb2f42c6900 None None] MFA Rules not processed for user `c9b4a523b0dc4d398c8576338a89a6ba`. Rule list: `[]` (Enabled: `True`). {{(pid=81968) check_auth_methods_against_rules /opt/stack/keystone/keystone/auth/core.py:438}}
Aug 25 02:47:31.973189 dv-neutron-853115-1-hyperv devstack@keystone.service[81968]: DEBUG keystone.common.fernet_utils [None req-821fc758-f058-42ff-bd0b-1fb2f42c6900 None None] Loaded 2 Fernet keys from /etc/keystone/fernet-keys/, but `[fernet_tokens] max_active_keys = 3`; perhaps there have not been enough key rotations to reach `max_active_keys` yet? {{(pid=81968) load_keys /opt/stack/keystone/keystone/common/fernet_utils.py:286}}
Aug 25 02:47:32.057842 dv-neutron-853115-1-hyperv devstack@keystone.service[81968]: [pid: 81968|app: 0|req: 168/321] 10.222.0.84 () {58 vars in 1024 bytes} [Thu Aug 25 02:47:31 2022] POST /identity/v3/auth/tokens => generated 799 bytes in 102 msecs (HTTP/1.1 201) 6 headers in 363 bytes (1 switches on core 0)
Aug 25 02:47:32.072134 dv-neutron-853115-1-hyperv devstack@keystone.service[81967]: DEBUG keystone.server.flask.request_processing.middleware.auth_context [None req-a44a2ba5-8b3f-439d-b75d-7020d812d088 None None] Validating token access rules against request {{(pid=81967) validate_allowed_request /usr/local/lib/python3.8/dist-packages/keystonemiddleware/auth_token/__init__.py:545}}
Aug 25 02:47:32.108235 dv-neutron-853115-1-hyperv devstack@keystone.service[81967]: DEBUG keystone.server.flask.request_processing.middleware.auth_context [None req-a1b6866f-b7ef-43a8-bdd2-17cc55418364 None admin] RBAC: auth_context: {'token': , 'domain_id': None, 'trust_id': None, 'trustor_id': None, 'trustee_id': None, 'domain_name': None, 'group_ids': [], 'user_id': 'c9b4a523b0dc4d398c8576338a89a6ba', 'user_domain_id': 'default', 'system_scope': 'all', 'project_id': None, 'project_domain_id': None, 'roles': ['admin', 'member', 'reader'], 'is_admin_project': True, 'service_user_id': None, 'service_user_domain_id': None, 'service_project_id': None, 'service_project_domain_id': None, 'service_roles': []} {{(pid=81967) fill_context /opt/stack/keystone/keystone/server/flask/request_processing/middleware/auth_context.py:478}}
Aug 25 02:47:32.108894 dv-neutron-853115-1-hyperv devstack@keystone.service[81967]: DEBUG keystone.server.flask.request_processing.req_logging [None req-a1b6866f-b7ef-43a8-bdd2-17cc55418364 None admin] REQUEST_METHOD: `GET` {{(pid=81967) log_request_info /opt/stack/keystone/keystone/server/flask/request_processing/req_logging.py:27}}
Aug 25 02:47:32.109175 dv-neutron-853115-1-hyperv devstack@keystone.service[81967]: DEBUG keystone.server.flask.request_processing.req_logging [None req-a1b6866f-b7ef-43a8-bdd2-17cc55418364 None admin] SCRIPT_NAME: `/identity` {{(pid=81967) log_request_info /opt/stack/keystone/keystone/server/flask/request_processing/req_logging.py:28}}
Aug 25 02:47:32.109496 dv-neutron-853115-1-hyperv devstack@keystone.service[81967]: DEBUG keystone.server.flask.request_processing.req_logging [None req-a1b6866f-b7ef-43a8-bdd2-17cc55418364 None admin] PATH_INFO: `/v3/role_assignments` {{(pid=81967) log_request_info /opt/stack/keystone/keystone/server/flask/request_processing/req_logging.py:29}}
Aug 25 02:47:32.110243 dv-neutron-853115-1-hyperv devstack@keystone.service[81967]: DEBUG keystone.common.rbac_enforcer.enforcer [None req-a1b6866f-b7ef-43a8-bdd2-17cc55418364 None admin] RBAC: Adding query filter params (role.id=c3f55a04668a445b836f3af0986ef2a0, scope.project.id=1b15c2e51e9f4718b66203673af791b6, user.id=8dc3bce8ad274079a7f5c208479ad9d7) {{(pid=81967) _extract_filter_values /opt/stack/keystone/keystone/common/rbac_enforcer/enforcer.py:167}}
Aug 25 02:47:32.110551 dv-neutron-853115-1-hyperv devstack@keystone.service[81967]: DEBUG keystone.common.rbac_enforcer.enforcer [None req-a1b6866f-b7ef-43a8-bdd2-17cc55418364 None admin] RBAC: Authorizing `identity:list_role_assignments()` {{(pid=81967) enforce_call /opt/stack/keystone/keystone/common/rbac_enforcer/enforcer.py:449}}
Aug 25 02:47:32.112592 dv-neutron-853115-1-hyperv devstack@keystone.service[81967]: DEBUG keystone.common.rbac_enforcer.enforcer [None req-a1b6866f-b7ef-43a8-bdd2-17cc55418364 None admin] RBAC: Authorization granted {{(pid=81967) enforce_call /opt/stack/keystone/keystone/common/rbac_enforcer/enforcer.py:457}}
Aug 25 02:47:32.119013 dv-neutron-853115-1-hyperv devstack@keystone.service[81967]: [pid: 81967|app: 0|req: 154/322] 10.222.0.84 () {56 vars in 1374 bytes} [Thu Aug 25 02:47:31 2022] GET /identity/v3/role_assignments?user.id=8dc3bce8ad274079a7f5c208479ad9d7&scope.project.id=1b15c2e51e9f4718b66203673af791b6&role.id=c3f55a04668a445b836f3af0986ef2a0 => generated 608 bytes in 169 msecs (HTTP/1.1 200) 5 headers in 177 bytes (1 switches on core 0)
Aug 25 02:47:32.139761 dv-neutron-853115-1-hyperv devstack@keystone.service[81968]: DEBUG keystone.server.flask.request_processing.middleware.auth_context [None req-821fc758-f058-42ff-bd0b-1fb2f42c6900 None None] Authenticating user token {{(pid=81968) process_request /usr/local/lib/python3.8/dist-packages/keystonemiddleware/auth_token/__init__.py:407}}
Aug 25 02:47:32.211253 dv-neutron-853115-1-hyperv devstack@keystone.service[81968]: DEBUG dbcounter [-] [81968] Writing DB stats keystone:SELECT=100 {{(pid=81968) stat_writer /usr/local/lib/python3.8/dist-packages/dbcounter.py:114}}
Aug 25 02:47:32.254673 dv-neutron-853115-1-hyperv devstack@keystone.service[81968]: DEBUG keystone.server.flask.request_processing.middleware.auth_context [None req-821fc758-f058-42ff-bd0b-1fb2f42c6900 None None] Validating token access rules against request {{(pid=81968) validate_allowed_request /usr/local/lib/python3.8/dist-packages/keystonemiddleware/auth_token/__init__.py:545}}
Aug 25 02:47:32.291392 dv-neutron-853115-1-hyperv devstack@keystone.service[81968]: DEBUG keystone.server.flask.request_processing.middleware.auth_context [None req-43bd0dee-06fb-471a-b83a-c8396d76c086 None admin] RBAC: auth_context: {'token': , 'domain_id': None, 'trust_id': None, 'trustor_id': None, 'trustee_id': None, 'domain_name': None, 'group_ids': [], 'user_id': 'c9b4a523b0dc4d398c8576338a89a6ba', 'user_domain_id': 'default', 'system_scope': 'all', 'project_id': None, 'project_domain_id': None, 'roles': ['admin', 'member', 'reader'], 'is_admin_project': True, 'service_user_id': None, 'service_user_domain_id': None, 'service_project_id': None, 'service_project_domain_id': None, 'service_roles': []} {{(pid=81968) fill_context /opt/stack/keystone/keystone/server/flask/request_processing/middleware/auth_context.py:478}}
Aug 25 02:47:32.292267 dv-neutron-853115-1-hyperv devstack@keystone.service[81968]: DEBUG keystone.server.flask.request_processing.req_logging [None req-43bd0dee-06fb-471a-b83a-c8396d76c086 None admin] REQUEST_METHOD: `GET` {{(pid=81968) log_request_info /opt/stack/keystone/keystone/server/flask/request_processing/req_logging.py:27}}
Aug 25 02:47:32.292693 dv-neutron-853115-1-hyperv devstack@keystone.service[81968]: DEBUG keystone.server.flask.request_processing.req_logging [None req-43bd0dee-06fb-471a-b83a-c8396d76c086 None admin] SCRIPT_NAME: `/identity` {{(pid=81968) log_request_info /opt/stack/keystone/keystone/server/flask/request_processing/req_logging.py:28}}
Aug 25 02:47:32.293110 dv-neutron-853115-1-hyperv devstack@keystone.service[81968]: DEBUG keystone.server.flask.request_processing.req_logging [None req-43bd0dee-06fb-471a-b83a-c8396d76c086 None admin] PATH_INFO: `/v3/domains/default` {{(pid=81968) log_request_info /opt/stack/keystone/keystone/server/flask/request_processing/req_logging.py:29}}
Aug 25 02:47:32.294383 dv-neutron-853115-1-hyperv devstack@keystone.service[81968]: DEBUG keystone.common.rbac_enforcer.enforcer [None req-43bd0dee-06fb-471a-b83a-c8396d76c086 None admin] RBAC: Authorizing `identity:get_domain(domain_id=default)` {{(pid=81968) enforce_call /opt/stack/keystone/keystone/common/rbac_enforcer/enforcer.py:449}}
Aug 25 02:47:32.296019 dv-neutron-853115-1-hyperv devstack@keystone.service[81968]: DEBUG keystone.common.rbac_enforcer.enforcer [None req-43bd0dee-06fb-471a-b83a-c8396d76c086 None admin] RBAC: Authorization granted {{(pid=81968) enforce_call /opt/stack/keystone/keystone/common/rbac_enforcer/enforcer.py:457}}
Aug 25 02:47:32.302178 dv-neutron-853115-1-hyperv devstack@keystone.service[81968]: [pid: 81968|app: 0|req: 169/323] 10.222.0.84 () {56 vars in 1108 bytes} [Thu Aug 25 02:47:32 2022] GET /identity/v3/domains/default => generated 199 bytes in 163 msecs (HTTP/1.1 200) 5 headers in 177 bytes (1 switches on core 0)
Aug 25 02:47:32.304266 dv-neutron-853115-1-hyperv devstack@keystone.service[81967]: DEBUG keystone.server.flask.request_processing.middleware.auth_context [None req-a1b6866f-b7ef-43a8-bdd2-17cc55418364 None admin] Authenticating user token {{(pid=81967) process_request /usr/local/lib/python3.8/dist-packages/keystonemiddleware/auth_token/__init__.py:407}}
Aug 25 02:47:32.335497 dv-neutron-853115-1-hyperv devstack@keystone.service[81968]: DEBUG keystone.server.flask.request_processing.middleware.auth_context [None req-43bd0dee-06fb-471a-b83a-c8396d76c086 None admin] Authenticating user token {{(pid=81968) process_request /usr/local/lib/python3.8/dist-packages/keystonemiddleware/auth_token/__init__.py:407}}
Aug 25 02:47:32.375400 dv-neutron-853115-1-hyperv devstack@keystone.service[81967]: DEBUG dbcounter [-] [81967] Writing DB stats keystone:SELECT=100 {{(pid=81967) stat_writer /usr/local/lib/python3.8/dist-packages/dbcounter.py:114}}
Aug 25 02:47:32.431657 dv-neutron-853115-1-hyperv devstack@keystone.service[81967]: DEBUG keystone.server.flask.request_processing.middleware.auth_context [None req-a1b6866f-b7ef-43a8-bdd2-17cc55418364 None admin] Validating token access rules against request {{(pid=81967) validate_allowed_request /usr/local/lib/python3.8/dist-packages/keystonemiddleware/auth_token/__init__.py:545}}
Aug 25 02:47:32.454883 dv-neutron-853115-1-hyperv devstack@keystone.service[81968]: DEBUG keystone.server.flask.request_processing.middleware.auth_context [None req-43bd0dee-06fb-471a-b83a-c8396d76c086 None admin] Validating token access rules against request {{(pid=81968) validate_allowed_request /usr/local/lib/python3.8/dist-packages/keystonemiddleware/auth_token/__init__.py:545}}
Aug 25 02:47:32.474972 dv-neutron-853115-1-hyperv devstack@keystone.service[81967]: DEBUG keystone.server.flask.request_processing.middleware.auth_context [None req-bce9f019-3d91-400e-80a6-4216cf9e089e None admin] RBAC: auth_context: {'token': , 'domain_id': None, 'trust_id': None, 'trustor_id': None, 'trustee_id': None, 'domain_name': None, 'group_ids': [], 'user_id': 'c9b4a523b0dc4d398c8576338a89a6ba', 'user_domain_id': 'default', 'system_scope': 'all', 'project_id': None, 'project_domain_id': None, 'roles': ['admin', 'member', 'reader'], 'is_admin_project': True, 'service_user_id': None, 'service_user_domain_id': None, 'service_project_id': None, 'service_project_domain_id': None, 'service_roles': []} {{(pid=81967) fill_context /opt/stack/keystone/keystone/server/flask/request_processing/middleware/auth_context.py:478}}
Aug 25 02:47:32.475506 dv-neutron-853115-1-hyperv devstack@keystone.service[81967]: DEBUG keystone.server.flask.request_processing.req_logging [None req-bce9f019-3d91-400e-80a6-4216cf9e089e None admin] REQUEST_METHOD: `POST` {{(pid=81967) log_request_info /opt/stack/keystone/keystone/server/flask/request_processing/req_logging.py:27}}
Aug 25 02:47:32.476187 dv-neutron-853115-1-hyperv devstack@keystone.service[81967]: DEBUG keystone.server.flask.request_processing.req_logging [None req-bce9f019-3d91-400e-80a6-4216cf9e089e None admin] SCRIPT_NAME: `/identity` {{(pid=81967) log_request_info /opt/stack/keystone/keystone/server/flask/request_processing/req_logging.py:28}}
Aug 25 02:47:32.476460 dv-neutron-853115-1-hyperv devstack@keystone.service[81967]: DEBUG keystone.server.flask.request_processing.req_logging [None req-bce9f019-3d91-400e-80a6-4216cf9e089e None admin] PATH_INFO: `/v3/groups` {{(pid=81967) log_request_info /opt/stack/keystone/keystone/server/flask/request_processing/req_logging.py:29}}
Aug 25 02:47:32.477372 dv-neutron-853115-1-hyperv devstack@keystone.service[81967]: DEBUG keystone.common.rbac_enforcer.enforcer [None req-bce9f019-3d91-400e-80a6-4216cf9e089e None admin] RBAC: Authorizing `identity:create_group()` {{(pid=81967) enforce_call /opt/stack/keystone/keystone/common/rbac_enforcer/enforcer.py:449}}
Aug 25 02:47:32.478841 dv-neutron-853115-1-hyperv devstack@keystone.service[81967]: DEBUG keystone.common.rbac_enforcer.enforcer [None req-bce9f019-3d91-400e-80a6-4216cf9e089e None admin] RBAC: Authorization granted {{(pid=81967) enforce_call /opt/stack/keystone/keystone/common/rbac_enforcer/enforcer.py:457}}
Aug 25 02:47:32.490783 dv-neutron-853115-1-hyperv devstack@keystone.service[81968]: DEBUG dbcounter [-] [81968] Writing DB stats keystone:SELECT=100 {{(pid=81968) stat_writer /usr/local/lib/python3.8/dist-packages/dbcounter.py:114}}
Aug 25 02:47:32.497262 dv-neutron-853115-1-hyperv devstack@keystone.service[81968]: DEBUG keystone.server.flask.request_processing.middleware.auth_context [None req-05856693-6d02-460a-81fc-c612bf56199a None admin] RBAC: auth_context: {'token': , 'domain_id': None, 'trust_id': None, 'trustor_id': None, 'trustee_id': None, 'domain_name': None, 'group_ids': [], 'user_id': 'c9b4a523b0dc4d398c8576338a89a6ba', 'user_domain_id': 'default', 'system_scope': 'all', 'project_id': None, 'project_domain_id': None, 'roles': ['admin', 'member', 'reader'], 'is_admin_project': True, 'service_user_id': None, 'service_user_domain_id': None, 'service_project_id': None, 'service_project_domain_id': None, 'service_roles': []} {{(pid=81968) fill_context /opt/stack/keystone/keystone/server/flask/request_processing/middleware/auth_context.py:478}}
Aug 25 02:47:32.497844 dv-neutron-853115-1-hyperv devstack@keystone.service[81967]: [pid: 81967|app: 0|req: 155/324] 10.222.0.84 () {60 vars in 1134 bytes} [Thu Aug 25 02:47:32 2022] POST /identity/v3/groups => generated 226 bytes in 194 msecs (HTTP/1.1 201) 5 headers in 182 bytes (1 switches on core 0)
Aug 25 02:47:32.498392 dv-neutron-853115-1-hyperv devstack@keystone.service[81968]: DEBUG keystone.server.flask.request_processing.req_logging [None req-05856693-6d02-460a-81fc-c612bf56199a None admin] REQUEST_METHOD: `GET` {{(pid=81968) log_request_info /opt/stack/keystone/keystone/server/flask/request_processing/req_logging.py:27}}
Aug 25 02:47:32.498781 dv-neutron-853115-1-hyperv devstack@keystone.service[81968]: DEBUG keystone.server.flask.request_processing.req_logging [None req-05856693-6d02-460a-81fc-c612bf56199a None admin] SCRIPT_NAME: `/identity` {{(pid=81968) log_request_info /opt/stack/keystone/keystone/server/flask/request_processing/req_logging.py:28}}
Aug 25 02:47:32.499054 dv-neutron-853115-1-hyperv devstack@keystone.service[81968]: DEBUG keystone.server.flask.request_processing.req_logging [None req-05856693-6d02-460a-81fc-c612bf56199a None admin] PATH_INFO: `/v3/roles/reader` {{(pid=81968) log_request_info /opt/stack/keystone/keystone/server/flask/request_processing/req_logging.py:29}}
Aug 25 02:47:32.512901 dv-neutron-853115-1-hyperv devstack@keystone.service[81968]: DEBUG keystone.common.rbac_enforcer.enforcer [None req-05856693-6d02-460a-81fc-c612bf56199a None admin] Extracting inferred target data resulted in "NOT FOUND (404)". {{(pid=81968) enforce_call /opt/stack/keystone/keystone/common/rbac_enforcer/enforcer.py:409}}
Aug 25 02:47:32.518840 dv-neutron-853115-1-hyperv devstack@keystone.service[81968]: ERROR keystone.server.flask.application [None req-05856693-6d02-460a-81fc-c612bf56199a None admin] Could not find role: reader.: keystone.exception.RoleNotFound: Could not find role: reader.
Aug 25 02:47:32.518840 dv-neutron-853115-1-hyperv devstack@keystone.service[81968]: ERROR keystone.server.flask.application
Traceback (most recent call last):
Aug 25 02:47:32.518840 dv-neutron-853115-1-hyperv devstack@keystone.service[81968]: ERROR keystone.server.flask.application
File "/usr/local/lib/python3.8/dist-packages/flask/app.py", line 1820, in full_dispatch_request
Aug 25 02:47:32.518840 dv-neutron-853115-1-hyperv devstack@keystone.service[81968]: ERROR keystone.server.flask.application rv = self.dispatch_request()
Aug 25 02:47:32.518840 dv-neutron-853115-1-hyperv devstack@keystone.service[81968]: ERROR keystone.server.flask.application
File "/usr/local/lib/python3.8/dist-packages/flask/app.py", line 1796, in dispatch_request
Aug 25 02:47:32.518840 dv-neutron-853115-1-hyperv devstack@keystone.service[81968]: ERROR keystone.server.flask.application return self.ensure_sync(self.view_functions[rule.endpoint])(**view_args)
Aug 25 02:47:32.518840 dv-neutron-853115-1-hyperv devstack@keystone.service[81968]: ERROR keystone.server.flask.application
File "/usr/local/lib/python3.8/dist-packages/flask_restful/__init__.py", line 467, in wrapper
Aug 25 02:47:32.518840 dv-neutron-853115-1-hyperv devstack@keystone.service[81968]: ERROR keystone.server.flask.application resp = resource(*args, **kwargs)
Aug 25 02:47:32.518840 dv-neutron-853115-1-hyperv devstack@keystone.service[81968]: ERROR keystone.server.flask.application
File "/usr/local/lib/python3.8/dist-packages/flask/views.py", line 107, in view
Aug 25 02:47:32.518840 dv-neutron-853115-1-hyperv devstack@keystone.service[81968]: ERROR keystone.server.flask.application return current_app.ensure_sync(self.dispatch_request)(**kwargs)
Aug 25 02:47:32.518840 dv-neutron-853115-1-hyperv devstack@keystone.service[81968]: ERROR keystone.server.flask.application
File "/usr/local/lib/python3.8/dist-packages/flask_restful/__init__.py", line 582, in dispatch_request
Aug 25 02:47:32.518840 dv-neutron-853115-1-hyperv devstack@keystone.service[81968]: ERROR keystone.server.flask.application resp = meth(*args, **kwargs)
Aug 25 02:47:32.518840 dv-neutron-853115-1-hyperv devstack@keystone.service[81968]: ERROR keystone.server.flask.application
File "/opt/stack/keystone/keystone/api/roles.py", line 50, in get
Aug 25 02:47:32.518840 dv-neutron-853115-1-hyperv devstack@keystone.service[81968]: ERROR keystone.server.flask.application return self._get_role(role_id)
Aug 25 02:47:32.518840 dv-neutron-853115-1-hyperv devstack@keystone.service[81968]: ERROR keystone.server.flask.application
File "/opt/stack/keystone/keystone/api/roles.py", line 70, in _get_role
Aug 25 02:47:32.518840 dv-neutron-853115-1-hyperv devstack@keystone.service[81968]: ERROR keystone.server.flask.application ENFORCER.enforce_call(action='identity:get_role')
Aug 25 02:47:32.519798 dv-neutron-853115-1-hyperv devstack@keystone.service[81968]: ERROR keystone.server.flask.application
File "/opt/stack/keystone/keystone/common/rbac_enforcer/enforcer.py", line 402, in enforce_call
Aug 25 02:47:32.519798 dv-neutron-853115-1-hyperv devstack@keystone.service[81968]: ERROR keystone.server.flask.application policy_dict.update(cls._extract_member_target_data(
Aug 25 02:47:32.519798 dv-neutron-853115-1-hyperv devstack@keystone.service[81968]: ERROR keystone.server.flask.application
File "/opt/stack/keystone/keystone/common/rbac_enforcer/enforcer.py", line 234, in _extract_member_target_data
Aug 25 02:47:32.519798 dv-neutron-853115-1-hyperv devstack@keystone.service[81968]: ERROR keystone.server.flask.application member_name: func(flask.request.view_args[key])
Aug 25 02:47:32.519798 dv-neutron-853115-1-hyperv devstack@keystone.service[81968]: ERROR keystone.server.flask.application
File "/opt/stack/keystone/keystone/common/manager.py", line 115, in wrapped
Aug 25 02:47:32.519798 dv-neutron-853115-1-hyperv devstack@keystone.service[81968]: ERROR keystone.server.flask.application __ret_val = __f(*args, **kwargs)
Aug 25 02:47:32.519798 dv-neutron-853115-1-hyperv devstack@keystone.service[81968]: ERROR keystone.server.flask.application
File "/usr/local/lib/python3.8/dist-packages/decorator.py", line 232, in fun
Aug 25 02:47:32.519798 dv-neutron-853115-1-hyperv devstack@keystone.service[81968]: ERROR keystone.server.flask.application return caller(func, *(extras + args), **kw)
Aug 25 02:47:32.519798 dv-neutron-853115-1-hyperv devstack@keystone.service[81968]: ERROR keystone.server.flask.application
File "/usr/local/lib/python3.8/dist-packages/dogpile/cache/region.py", line 1577, in get_or_create_for_user_func
Aug 25 02:47:32.519798 dv-neutron-853115-1-hyperv devstack@keystone.service[81968]: ERROR keystone.server.flask.application return self.get_or_create(
Aug 25 02:47:32.519798 dv-neutron-853115-1-hyperv devstack@keystone.service[81968]: ERROR keystone.server.flask.application
File "/usr/local/lib/python3.8/dist-packages/dogpile/cache/region.py", line 1042, in get_or_create
Aug 25 02:47:32.519798 dv-neutron-853115-1-hyperv devstack@keystone.service[81968]: ERROR keystone.server.flask.application with Lock(
Aug 25 02:47:32.519798 dv-neutron-853115-1-hyperv devstack@keystone.service[81968]: ERROR keystone.server.flask.application
File "/usr/local/lib/python3.8/dist-packages/dogpile/lock.py", line 185, in __enter__
Aug 25 02:47:32.519798 dv-neutron-853115-1-hyperv devstack@keystone.service[81968]: ERROR keystone.server.flask.application return self._enter()
Aug 25 02:47:32.519798 dv-neutron-853115-1-hyperv devstack@keystone.service[81968]: ERROR keystone.server.flask.application
File "/usr/local/lib/python3.8/dist-packages/dogpile/lock.py", line 94, in _enter
Aug 25 02:47:32.519798 dv-neutron-853115-1-hyperv devstack@keystone.service[81968]: ERROR keystone.server.flask.application generated = self._enter_create(value, createdtime)
Aug 25 02:47:32.520610 dv-neutron-853115-1-hyperv devstack@keystone.service[81968]: ERROR keystone.server.flask.application
File "/usr/local/lib/python3.8/dist-packages/dogpile/lock.py", line 178, in _enter_create
Aug 25 02:47:32.520610 dv-neutron-853115-1-hyperv devstack@keystone.service[81968]: ERROR keystone.server.flask.application return self.creator()
Aug 25 02:47:32.520610 dv-neutron-853115-1-hyperv devstack@keystone.service[81968]: ERROR keystone.server.flask.application
File "/usr/local/lib/python3.8/dist-packages/dogpile/cache/region.py", line 995, in gen_value
Aug 25 02:47:32.520610 dv-neutron-853115-1-hyperv devstack@keystone.service[81968]: ERROR keystone.server.flask.application created_value = creator(
Aug 25 02:47:32.520610 dv-neutron-853115-1-hyperv devstack@keystone.service[81968]: ERROR keystone.server.flask.application
File "/opt/stack/keystone/keystone/assignment/core.py", line 1276, in get_role
Aug 25 02:47:32.520610 dv-neutron-853115-1-hyperv devstack@keystone.service[81968]: ERROR keystone.server.flask.application return self.driver.get_role(role_id)
Aug 25 02:47:32.520610 dv-neutron-853115-1-hyperv devstack@keystone.service[81968]: ERROR keystone.server.flask.application
File "/opt/stack/keystone/keystone/assignment/role_backends/sql.py", line 70, in get_role
Aug 25 02:47:32.520610 dv-neutron-853115-1-hyperv devstack@keystone.service[81968]: ERROR keystone.server.flask.application return self._get_role(session, role_id).to_dict()
Aug 25 02:47:32.520610 dv-neutron-853115-1-hyperv devstack@keystone.service[81968]: ERROR keystone.server.flask.application
File "/opt/stack/keystone/keystone/assignment/role_backends/sql.py", line 65, in _get_role
Aug 25 02:47:32.520610 dv-neutron-853115-1-hyperv devstack@keystone.service[81968]: ERROR keystone.server.flask.application raise exception.RoleNotFound(role_id=role_id)
Aug 25 02:47:32.520610 dv-neutron-853115-1-hyperv devstack@keystone.service[81968]: ERROR keystone.server.flask.application keystone.exception.RoleNotFound: Could not find role: reader.
Aug 25 02:47:32.520610 dv-neutron-853115-1-hyperv devstack@keystone.service[81968]: ERROR keystone.server.flask.application
Aug 25 02:47:32.521985 dv-neutron-853115-1-hyperv devstack@keystone.service[81968]: [pid: 81968|app: 0|req: 170/325] 10.222.0.84 () {56 vars in 1099 bytes} [Thu Aug 25 02:47:32 2022] GET /identity/v3/roles/reader => generated 84 bytes in 187 msecs (HTTP/1.1 404) 5 headers in 183 bytes (2 switches on core 0)
Aug 25 02:47:32.526163 dv-neutron-853115-1-hyperv devstack@keystone.service[81967]: DEBUG keystone.server.flask.request_processing.middleware.auth_context [None req-bce9f019-3d91-400e-80a6-4216cf9e089e None admin] Authenticating user token {{(pid=81967) process_request /usr/local/lib/python3.8/dist-packages/keystonemiddleware/auth_token/__init__.py:407}}
Aug 25 02:47:32.635518 dv-neutron-853115-1-hyperv devstack@keystone.service[81967]: DEBUG keystone.server.flask.request_processing.middleware.auth_context [None req-bce9f019-3d91-400e-80a6-4216cf9e089e None admin] Validating token access rules against request {{(pid=81967) validate_allowed_request /usr/local/lib/python3.8/dist-packages/keystonemiddleware/auth_token/__init__.py:545}}
Aug 25 02:47:32.653996 dv-neutron-853115-1-hyperv devstack@keystone.service[81967]: DEBUG dbcounter [-] [81967] Writing DB stats keystone:SELECT=99,keystone:INSERT=1 {{(pid=81967) stat_writer /usr/local/lib/python3.8/dist-packages/dbcounter.py:114}}
Aug 25 02:47:32.674538 dv-neutron-853115-1-hyperv devstack@keystone.service[81967]: DEBUG keystone.server.flask.request_processing.middleware.auth_context [None req-5ed6974f-fe31-4f88-9fe5-e4ef1fd35b61 None admin] RBAC: auth_context: {'token': , 'domain_id': None, 'trust_id': None, 'trustor_id': None, 'trustee_id': None, 'domain_name': None, 'group_ids': [], 'user_id': 'c9b4a523b0dc4d398c8576338a89a6ba', 'user_domain_id': 'default', 'system_scope': 'all', 'project_id': None, 'project_domain_id': None, 'roles': ['admin', 'member', 'reader'], 'is_admin_project': True, 'service_user_id': None, 'service_user_domain_id': None, 'service_project_id': None, 'service_project_domain_id': None, 'service_roles': []} {{(pid=81967) fill_context /opt/stack/keystone/keystone/server/flask/request_processing/middleware/auth_context.py:478}}
Aug 25 02:47:32.675155 dv-neutron-853115-1-hyperv devstack@keystone.service[81967]: DEBUG keystone.server.flask.request_processing.req_logging [None req-5ed6974f-fe31-4f88-9fe5-e4ef1fd35b61 None admin] REQUEST_METHOD: `GET` {{(pid=81967) log_request_info /opt/stack/keystone/keystone/server/flask/request_processing/req_logging.py:27}}
Aug 25 02:47:32.675432 dv-neutron-853115-1-hyperv devstack@keystone.service[81967]: DEBUG keystone.server.flask.request_processing.req_logging [None req-5ed6974f-fe31-4f88-9fe5-e4ef1fd35b61 None admin] SCRIPT_NAME: `/identity` {{(pid=81967) log_request_info /opt/stack/keystone/keystone/server/flask/request_processing/req_logging.py:28}}
Aug 25 02:47:32.675702 dv-neutron-853115-1-hyperv devstack@keystone.service[81967]: DEBUG keystone.server.flask.request_processing.req_logging [None req-5ed6974f-fe31-4f88-9fe5-e4ef1fd35b61 None admin] PATH_INFO: `/v3/roles` {{(pid=81967) log_request_info /opt/stack/keystone/keystone/server/flask/request_processing/req_logging.py:29}}
Aug 25 02:47:32.676368 dv-neutron-853115-1-hyperv devstack@keystone.service[81967]: DEBUG keystone.common.rbac_enforcer.enforcer [None req-5ed6974f-fe31-4f88-9fe5-e4ef1fd35b61 None admin] RBAC: Adding query filter params (name=reader) {{(pid=81967) _extract_filter_values /opt/stack/keystone/keystone/common/rbac_enforcer/enforcer.py:167}}
Aug 25 02:47:32.676674 dv-neutron-853115-1-hyperv devstack@keystone.service[81967]: DEBUG keystone.common.rbac_enforcer.enforcer [None req-5ed6974f-fe31-4f88-9fe5-e4ef1fd35b61 None admin] RBAC: Authorizing `identity:list_roles()` {{(pid=81967) enforce_call /opt/stack/keystone/keystone/common/rbac_enforcer/enforcer.py:449}}
Aug 25 02:47:32.678079 dv-neutron-853115-1-hyperv devstack@keystone.service[81967]: DEBUG keystone.common.rbac_enforcer.enforcer [None req-5ed6974f-fe31-4f88-9fe5-e4ef1fd35b61 None admin] RBAC: Authorization granted {{(pid=81967) enforce_call /opt/stack/keystone/keystone/common/rbac_enforcer/enforcer.py:457}}
Aug 25 02:47:32.686431 dv-neutron-853115-1-hyperv devstack@keystone.service[81967]: [pid: 81967|app: 0|req: 156/326] 10.222.0.84 () {56 vars in 1101 bytes} [Thu Aug 25 02:47:32 2022] GET /identity/v3/roles?name=reader => generated 341 bytes in 161 msecs (HTTP/1.1 200) 5 headers in 177 bytes (1 switches on core 0)
Aug 25 02:47:32.692216 dv-neutron-853115-1-hyperv devstack@keystone.service[81968]: DEBUG keystone.server.flask.request_processing.middleware.auth_context [None req-05856693-6d02-460a-81fc-c612bf56199a None admin] Authenticating user token {{(pid=81968) process_request /usr/local/lib/python3.8/dist-packages/keystonemiddleware/auth_token/__init__.py:407}}
Aug 25 02:47:32.801291 dv-neutron-853115-1-hyperv devstack@keystone.service[81968]: DEBUG keystone.server.flask.request_processing.middleware.auth_context [None req-05856693-6d02-460a-81fc-c612bf56199a None admin] Validating token access rules against request {{(pid=81968) validate_allowed_request /usr/local/lib/python3.8/dist-packages/keystonemiddleware/auth_token/__init__.py:545}}
Aug 25 02:47:32.837543 dv-neutron-853115-1-hyperv devstack@keystone.service[81968]: DEBUG keystone.server.flask.request_processing.middleware.auth_context [None req-298f4b1a-4d89-4d7d-847f-91b865cc3eba None admin] RBAC: auth_context: {'token': , 'domain_id': None, 'trust_id': None, 'trustor_id': None, 'trustee_id': None, 'domain_name': None, 'group_ids': [], 'user_id': 'c9b4a523b0dc4d398c8576338a89a6ba', 'user_domain_id': 'default', 'system_scope': 'all', 'project_id': None, 'project_domain_id': None, 'roles': ['admin', 'member', 'reader'], 'is_admin_project': True, 'service_user_id': None, 'service_user_domain_id': None, 'service_project_id': None, 'service_project_domain_id': None, 'service_roles': []} {{(pid=81968) fill_context /opt/stack/keystone/keystone/server/flask/request_processing/middleware/auth_context.py:478}}
Aug 25 02:47:32.838208 dv-neutron-853115-1-hyperv devstack@keystone.service[81968]: DEBUG keystone.server.flask.request_processing.req_logging [None req-298f4b1a-4d89-4d7d-847f-91b865cc3eba None admin] REQUEST_METHOD: `GET` {{(pid=81968) log_request_info /opt/stack/keystone/keystone/server/flask/request_processing/req_logging.py:27}}
Aug 25 02:47:32.838488 dv-neutron-853115-1-hyperv devstack@keystone.service[81968]: DEBUG keystone.server.flask.request_processing.req_logging [None req-298f4b1a-4d89-4d7d-847f-91b865cc3eba None admin] SCRIPT_NAME: `/identity` {{(pid=81968) log_request_info /opt/stack/keystone/keystone/server/flask/request_processing/req_logging.py:28}}
Aug 25 02:47:32.838761 dv-neutron-853115-1-hyperv devstack@keystone.service[81968]: DEBUG keystone.server.flask.request_processing.req_logging [None req-298f4b1a-4d89-4d7d-847f-91b865cc3eba None admin] PATH_INFO: `/v3/users/b7942949e97f4175b53cc5a5d2c1485c` {{(pid=81968) log_request_info /opt/stack/keystone/keystone/server/flask/request_processing/req_logging.py:29}}
Aug 25 02:47:32.839891 dv-neutron-853115-1-hyperv devstack@keystone.service[81968]: DEBUG keystone.common.rbac_enforcer.enforcer [None req-298f4b1a-4d89-4d7d-847f-91b865cc3eba None admin] RBAC: Authorizing `identity:get_user(user_id=b7942949e97f4175b53cc5a5d2c1485c)` {{(pid=81968) enforce_call /opt/stack/keystone/keystone/common/rbac_enforcer/enforcer.py:449}}
Aug 25 02:47:32.841333 dv-neutron-853115-1-hyperv devstack@keystone.service[81968]: DEBUG keystone.common.rbac_enforcer.enforcer [None req-298f4b1a-4d89-4d7d-847f-91b865cc3eba None admin] RBAC: Authorization granted {{(pid=81968) enforce_call /opt/stack/keystone/keystone/common/rbac_enforcer/enforcer.py:457}}
Aug 25 02:47:32.843214 dv-neutron-853115-1-hyperv devstack@keystone.service[81968]: [pid: 81968|app: 0|req: 171/327] 10.222.0.84 () {56 vars in 1177 bytes} [Thu Aug 25 02:47:32 2022] GET /identity/v3/users/b7942949e97f4175b53cc5a5d2c1485c => generated 293 bytes in 151 msecs (HTTP/1.1 200) 5 headers in 177 bytes (1 switches on core 0)
Aug 25 02:47:32.849470 dv-neutron-853115-1-hyperv devstack@keystone.service[81967]: DEBUG keystone.server.flask.request_processing.middleware.auth_context [None req-5ed6974f-fe31-4f88-9fe5-e4ef1fd35b61 None admin] Authenticating user token {{(pid=81967) process_request /usr/local/lib/python3.8/dist-packages/keystonemiddleware/auth_token/__init__.py:407}}
Aug 25 02:47:32.878418 dv-neutron-853115-1-hyperv devstack@keystone.service[81968]: DEBUG keystone.server.flask.request_processing.req_logging [None req-048d2d1f-e601-4ea9-8aa3-d52d0bad2def None None] REQUEST_METHOD: `GET` {{(pid=81968) log_request_info /opt/stack/keystone/keystone/server/flask/request_processing/req_logging.py:27}}
Aug 25 02:47:32.878727 dv-neutron-853115-1-hyperv devstack@keystone.service[81968]: DEBUG keystone.server.flask.request_processing.req_logging [None req-048d2d1f-e601-4ea9-8aa3-d52d0bad2def None None] SCRIPT_NAME: `/identity` {{(pid=81968) log_request_info /opt/stack/keystone/keystone/server/flask/request_processing/req_logging.py:28}}
Aug 25 02:47:32.878959 dv-neutron-853115-1-hyperv devstack@keystone.service[81968]: DEBUG keystone.server.flask.request_processing.req_logging [None req-048d2d1f-e601-4ea9-8aa3-d52d0bad2def None None] PATH_INFO: `/` {{(pid=81968) log_request_info /opt/stack/keystone/keystone/server/flask/request_processing/req_logging.py:29}}
Aug 25 02:47:32.880542 dv-neutron-853115-1-hyperv devstack@keystone.service[81968]: [pid: 81968|app: 0|req: 172/328] 10.222.0.84 () {54 vars in 927 bytes} [Thu Aug 25 02:47:32 2022] GET /identity => generated 270 bytes in 4 msecs (HTTP/1.1 300) 6 headers in 234 bytes (2 switches on core 0)
Aug 25 02:47:32.885688 dv-neutron-853115-1-hyperv devstack@keystone.service[81968]: DEBUG keystone.server.flask.request_processing.req_logging [None req-804ade95-484d-4ebf-977c-d157a42a4191 None None] REQUEST_METHOD: `POST` {{(pid=81968) log_request_info /opt/stack/keystone/keystone/server/flask/request_processing/req_logging.py:27}}
Aug 25 02:47:32.886367 dv-neutron-853115-1-hyperv devstack@keystone.service[81968]: DEBUG keystone.server.flask.request_processing.req_logging [None req-804ade95-484d-4ebf-977c-d157a42a4191 None None] SCRIPT_NAME: `/identity` {{(pid=81968) log_request_info /opt/stack/keystone/keystone/server/flask/request_processing/req_logging.py:28}}
Aug 25 02:47:32.886953 dv-neutron-853115-1-hyperv devstack@keystone.service[81968]: DEBUG keystone.server.flask.request_processing.req_logging [None req-804ade95-484d-4ebf-977c-d157a42a4191 None None] PATH_INFO: `/v3/auth/tokens` {{(pid=81968) log_request_info /opt/stack/keystone/keystone/server/flask/request_processing/req_logging.py:29}}
Aug 25 02:47:32.907212 dv-neutron-853115-1-hyperv devstack@keystone.service[81968]: DEBUG keystone.auth.core [None req-804ade95-484d-4ebf-977c-d157a42a4191 None None] MFA Rules not processed for user `c9b4a523b0dc4d398c8576338a89a6ba`. Rule list: `[]` (Enabled: `True`). {{(pid=81968) check_auth_methods_against_rules /opt/stack/keystone/keystone/auth/core.py:438}}
Aug 25 02:47:32.909002 dv-neutron-853115-1-hyperv devstack@keystone.service[81968]: DEBUG keystone.common.fernet_utils [None req-804ade95-484d-4ebf-977c-d157a42a4191 None None] Loaded 2 Fernet keys from /etc/keystone/fernet-keys/, but `[fernet_tokens] max_active_keys = 3`; perhaps there have not been enough key rotations to reach `max_active_keys` yet? {{(pid=81968) load_keys /opt/stack/keystone/keystone/common/fernet_utils.py:286}}
Aug 25 02:47:32.967540 dv-neutron-853115-1-hyperv devstack@keystone.service[81967]: DEBUG keystone.server.flask.request_processing.middleware.auth_context [None req-5ed6974f-fe31-4f88-9fe5-e4ef1fd35b61 None admin] Validating token access rules against request {{(pid=81967) validate_allowed_request /usr/local/lib/python3.8/dist-packages/keystonemiddleware/auth_token/__init__.py:545}}
Aug 25 02:47:32.980369 dv-neutron-853115-1-hyperv devstack@keystone.service[81968]: DEBUG dbcounter [-] [81968] Writing DB stats keystone:SELECT=100 {{(pid=81968) stat_writer /usr/local/lib/python3.8/dist-packages/dbcounter.py:114}}
Aug 25 02:47:32.997160 dv-neutron-853115-1-hyperv devstack@keystone.service[81968]: [pid: 81968|app: 0|req: 173/329] 10.222.0.84 () {58 vars in 1024 bytes} [Thu Aug 25 02:47:32 2022] POST /identity/v3/auth/tokens => generated 799 bytes in 112 msecs (HTTP/1.1 201) 6 headers in 363 bytes (1 switches on core 0)
Aug 25 02:47:33.011600 dv-neutron-853115-1-hyperv devstack@keystone.service[81967]: DEBUG keystone.server.flask.request_processing.middleware.auth_context [None req-b86ba51a-86a0-410a-a007-dec20f86ef95 None admin] RBAC: auth_context: {'token': , 'domain_id': None, 'trust_id': None, 'trustor_id': None, 'trustee_id': None, 'domain_name': None, 'group_ids': [], 'user_id': 'c9b4a523b0dc4d398c8576338a89a6ba', 'user_domain_id': 'default', 'system_scope': 'all', 'project_id': None, 'project_domain_id': None, 'roles': ['admin', 'member', 'reader'], 'is_admin_project': True, 'service_user_id': None, 'service_user_domain_id': None, 'service_project_id': None, 'service_project_domain_id': None, 'service_roles': []} {{(pid=81967) fill_context /opt/stack/keystone/keystone/server/flask/request_processing/middleware/auth_context.py:478}}
Aug 25 02:47:33.012260 dv-neutron-853115-1-hyperv devstack@keystone.service[81967]: DEBUG keystone.server.flask.request_processing.req_logging [None req-b86ba51a-86a0-410a-a007-dec20f86ef95 None admin] REQUEST_METHOD: `PUT` {{(pid=81967) log_request_info /opt/stack/keystone/keystone/server/flask/request_processing/req_logging.py:27}}
Aug 25 02:47:33.012545 dv-neutron-853115-1-hyperv devstack@keystone.service[81967]: DEBUG keystone.server.flask.request_processing.req_logging [None req-b86ba51a-86a0-410a-a007-dec20f86ef95 None admin] SCRIPT_NAME: `/identity` {{(pid=81967) log_request_info /opt/stack/keystone/keystone/server/flask/request_processing/req_logging.py:28}}
Aug 25 02:47:33.012821 dv-neutron-853115-1-hyperv devstack@keystone.service[81967]: DEBUG keystone.server.flask.request_processing.req_logging [None req-b86ba51a-86a0-410a-a007-dec20f86ef95 None admin] PATH_INFO: `/v3/system/users/b7942949e97f4175b53cc5a5d2c1485c/roles/c3f55a04668a445b836f3af0986ef2a0` {{(pid=81967) log_request_info /opt/stack/keystone/keystone/server/flask/request_processing/req_logging.py:29}}
Aug 25 02:47:33.014551 dv-neutron-853115-1-hyperv devstack@keystone.service[81967]: DEBUG keystone.common.rbac_enforcer.enforcer [None req-b86ba51a-86a0-410a-a007-dec20f86ef95 None admin] RBAC: Authorizing `identity:create_system_grant_for_user(user_id=b7942949e97f4175b53cc5a5d2c1485c, role_id=c3f55a04668a445b836f3af0986ef2a0)` {{(pid=81967) enforce_call /opt/stack/keystone/keystone/common/rbac_enforcer/enforcer.py:449}}
Aug 25 02:47:33.016171 dv-neutron-853115-1-hyperv devstack@keystone.service[81967]: DEBUG keystone.common.rbac_enforcer.enforcer [None req-b86ba51a-86a0-410a-a007-dec20f86ef95 None admin] RBAC: Authorization granted {{(pid=81967) enforce_call /opt/stack/keystone/keystone/common/rbac_enforcer/enforcer.py:457}}
Aug 25 02:47:33.030779 dv-neutron-853115-1-hyperv devstack@keystone.service[81967]: [pid: 81967|app: 0|req: 157/330] 10.222.0.84 () {58 vars in 1334 bytes} [Thu Aug 25 02:47:32 2022] PUT /identity/v3/system/users/b7942949e97f4175b53cc5a5d2c1485c/roles/c3f55a04668a445b836f3af0986ef2a0 => generated 0 bytes in 182 msecs (HTTP/1.1 204) 3 headers in 132 bytes (0 switches on core 0)
Aug 25 02:47:33.278852 dv-neutron-853115-1-hyperv devstack@keystone.service[81968]: DEBUG keystone.server.flask.request_processing.middleware.auth_context [None req-804ade95-484d-4ebf-977c-d157a42a4191 None None] Authenticating user token {{(pid=81968) process_request /usr/local/lib/python3.8/dist-packages/keystonemiddleware/auth_token/__init__.py:407}}
Aug 25 02:47:33.389229 dv-neutron-853115-1-hyperv devstack@keystone.service[81968]: DEBUG keystone.server.flask.request_processing.middleware.auth_context [None req-804ade95-484d-4ebf-977c-d157a42a4191 None None] Validating token access rules against request {{(pid=81968) validate_allowed_request /usr/local/lib/python3.8/dist-packages/keystonemiddleware/auth_token/__init__.py:545}}
Aug 25 02:47:33.429468 dv-neutron-853115-1-hyperv devstack@keystone.service[81968]: DEBUG keystone.server.flask.request_processing.middleware.auth_context [None req-4fcbe870-6a07-4655-9ff4-bdce79ee272a None admin] RBAC: auth_context: {'token': , 'domain_id': None, 'trust_id': None, 'trustor_id': None, 'trustee_id': None, 'domain_name': None, 'group_ids': [], 'user_id': 'c9b4a523b0dc4d398c8576338a89a6ba', 'user_domain_id': 'default', 'system_scope': 'all', 'project_id': None, 'project_domain_id': None, 'roles': ['admin', 'member', 'reader'], 'is_admin_project': True, 'service_user_id': None, 'service_user_domain_id': None, 'service_project_id': None, 'service_project_domain_id': None, 'service_roles': []} {{(pid=81968) fill_context /opt/stack/keystone/keystone/server/flask/request_processing/middleware/auth_context.py:478}}
Aug 25 02:47:33.430134 dv-neutron-853115-1-hyperv devstack@keystone.service[81968]: DEBUG keystone.server.flask.request_processing.req_logging [None req-4fcbe870-6a07-4655-9ff4-bdce79ee272a None admin] REQUEST_METHOD: `GET` {{(pid=81968) log_request_info /opt/stack/keystone/keystone/server/flask/request_processing/req_logging.py:27}}
