Aug 11 17:06:40.319723 dv-neutron-852885-1-hyperv devstack@keystone.service[82062]: DEBUG keystone.server.flask.request_processing.middleware.auth_context [None req-cd546e05-82d7-426b-902e-ceec158d308a None admin] RBAC: auth_context: {'token': , 'domain_id': None, 'trust_id': None, 'trustor_id': None, 'trustee_id': None, 'domain_name': None, 'group_ids': [], 'user_id': '89f51775459d4cacb770176ea9e6a828', 'user_domain_id': 'default', 'system_scope': 'all', 'project_id': None, 'project_domain_id': None, 'roles': ['admin', 'member', 'reader'], 'is_admin_project': True, 'service_user_id': None, 'service_user_domain_id': None, 'service_project_id': None, 'service_project_domain_id': None, 'service_roles': []} {{(pid=82062) fill_context /opt/stack/keystone/keystone/server/flask/request_processing/middleware/auth_context.py:478}}
Aug 11 17:06:40.320394 dv-neutron-852885-1-hyperv devstack@keystone.service[82062]: DEBUG keystone.server.flask.request_processing.req_logging [None req-cd546e05-82d7-426b-902e-ceec158d308a None admin] REQUEST_METHOD: `PUT` {{(pid=82062) log_request_info /opt/stack/keystone/keystone/server/flask/request_processing/req_logging.py:27}}
Aug 11 17:06:40.320670 dv-neutron-852885-1-hyperv devstack@keystone.service[82062]: DEBUG keystone.server.flask.request_processing.req_logging [None req-cd546e05-82d7-426b-902e-ceec158d308a None admin] SCRIPT_NAME: `/identity` {{(pid=82062) log_request_info /opt/stack/keystone/keystone/server/flask/request_processing/req_logging.py:28}}
Aug 11 17:06:40.320947 dv-neutron-852885-1-hyperv devstack@keystone.service[82062]: DEBUG keystone.server.flask.request_processing.req_logging [None req-cd546e05-82d7-426b-902e-ceec158d308a None admin] PATH_INFO: `/v3/projects/58fc4294ea984f7ab743e2a35d56a60a/users/750012eb93dc4153944d5fccfebd9306/roles/0223748799fe48b88e2c03655dd20a17` {{(pid=82062) log_request_info /opt/stack/keystone/keystone/server/flask/request_processing/req_logging.py:29}}
Aug 11 17:06:40.323023 dv-neutron-852885-1-hyperv devstack@keystone.service[82062]: DEBUG keystone.common.rbac_enforcer.enforcer [None req-cd546e05-82d7-426b-902e-ceec158d308a None admin] RBAC: Authorizing `identity:create_grant(project_id=58fc4294ea984f7ab743e2a35d56a60a, user_id=750012eb93dc4153944d5fccfebd9306, role_id=0223748799fe48b88e2c03655dd20a17)` {{(pid=82062) enforce_call /opt/stack/keystone/keystone/common/rbac_enforcer/enforcer.py:449}}
Aug 11 17:06:40.324491 dv-neutron-852885-1-hyperv devstack@keystone.service[82062]: DEBUG keystone.common.rbac_enforcer.enforcer [None req-cd546e05-82d7-426b-902e-ceec158d308a None admin] RBAC: Authorization granted {{(pid=82062) enforce_call /opt/stack/keystone/keystone/common/rbac_enforcer/enforcer.py:457}}
Aug 11 17:06:40.400368 dv-neutron-852885-1-hyperv devstack@keystone.service[82062]: [pid: 82062|app: 0|req: 122/234] 10.222.0.48 () {58 vars in 1439 bytes} [Thu Aug 11 17:06:40 2022] PUT /identity/v3/projects/58fc4294ea984f7ab743e2a35d56a60a/users/750012eb93dc4153944d5fccfebd9306/roles/0223748799fe48b88e2c03655dd20a17 => generated 0 bytes in 246 msecs (HTTP/1.1 204) 3 headers in 132 bytes (0 switches on core 0)
Aug 11 17:06:41.163028 dv-neutron-852885-1-hyperv devstack@keystone.service[82061]: DEBUG keystone.server.flask.request_processing.req_logging [None req-28c47f15-250d-455e-a5b3-d8e15d9f7a2a None None] REQUEST_METHOD: `GET` {{(pid=82061) log_request_info /opt/stack/keystone/keystone/server/flask/request_processing/req_logging.py:27}}
Aug 11 17:06:41.163519 dv-neutron-852885-1-hyperv devstack@keystone.service[82061]: DEBUG keystone.server.flask.request_processing.req_logging [None req-28c47f15-250d-455e-a5b3-d8e15d9f7a2a None None] SCRIPT_NAME: `/identity` {{(pid=82061) log_request_info /opt/stack/keystone/keystone/server/flask/request_processing/req_logging.py:28}}
Aug 11 17:06:41.163592 dv-neutron-852885-1-hyperv devstack@keystone.service[82061]: DEBUG keystone.server.flask.request_processing.req_logging [None req-28c47f15-250d-455e-a5b3-d8e15d9f7a2a None None] PATH_INFO: `/` {{(pid=82061) log_request_info /opt/stack/keystone/keystone/server/flask/request_processing/req_logging.py:29}}
Aug 11 17:06:41.165085 dv-neutron-852885-1-hyperv devstack@keystone.service[82061]: [pid: 82061|app: 0|req: 113/235] 10.222.0.48 () {54 vars in 927 bytes} [Thu Aug 11 17:06:41 2022] GET /identity => generated 270 bytes in 3 msecs (HTTP/1.1 300) 6 headers in 234 bytes (1 switches on core 0)
Aug 11 17:06:41.170307 dv-neutron-852885-1-hyperv devstack@keystone.service[82062]: DEBUG keystone.server.flask.request_processing.req_logging [None req-b5d32f55-1b0e-4c2c-8b51-c606635ff0d5 None None] REQUEST_METHOD: `POST` {{(pid=82062) log_request_info /opt/stack/keystone/keystone/server/flask/request_processing/req_logging.py:27}}
Aug 11 17:06:41.170853 dv-neutron-852885-1-hyperv devstack@keystone.service[82062]: DEBUG keystone.server.flask.request_processing.req_logging [None req-b5d32f55-1b0e-4c2c-8b51-c606635ff0d5 None None] SCRIPT_NAME: `/identity` {{(pid=82062) log_request_info /opt/stack/keystone/keystone/server/flask/request_processing/req_logging.py:28}}
Aug 11 17:06:41.171320 dv-neutron-852885-1-hyperv devstack@keystone.service[82062]: DEBUG keystone.server.flask.request_processing.req_logging [None req-b5d32f55-1b0e-4c2c-8b51-c606635ff0d5 None None] PATH_INFO: `/v3/auth/tokens` {{(pid=82062) log_request_info /opt/stack/keystone/keystone/server/flask/request_processing/req_logging.py:29}}
Aug 11 17:06:41.189707 dv-neutron-852885-1-hyperv devstack@keystone.service[82062]: DEBUG keystone.auth.core [None req-b5d32f55-1b0e-4c2c-8b51-c606635ff0d5 None None] MFA Rules not processed for user `89f51775459d4cacb770176ea9e6a828`. Rule list: `[]` (Enabled: `True`). {{(pid=82062) check_auth_methods_against_rules /opt/stack/keystone/keystone/auth/core.py:438}}
Aug 11 17:06:41.191203 dv-neutron-852885-1-hyperv devstack@keystone.service[82062]: DEBUG keystone.common.fernet_utils [None req-b5d32f55-1b0e-4c2c-8b51-c606635ff0d5 None None] Loaded 2 Fernet keys from /etc/keystone/fernet-keys/, but `[fernet_tokens] max_active_keys = 3`; perhaps there have not been enough key rotations to reach `max_active_keys` yet? {{(pid=82062) load_keys /opt/stack/keystone/keystone/common/fernet_utils.py:286}}
Aug 11 17:06:41.263431 dv-neutron-852885-1-hyperv devstack@keystone.service[82062]: [pid: 82062|app: 0|req: 123/236] 10.222.0.48 () {58 vars in 1024 bytes} [Thu Aug 11 17:06:41 2022] POST /identity/v3/auth/tokens => generated 799 bytes in 94 msecs (HTTP/1.1 201) 6 headers in 363 bytes (1 switches on core 0)
Aug 11 17:06:41.285791 dv-neutron-852885-1-hyperv devstack@keystone.service[82061]: DEBUG keystone.server.flask.request_processing.middleware.auth_context [None req-28c47f15-250d-455e-a5b3-d8e15d9f7a2a None None] Authenticating user token {{(pid=82061) process_request /usr/local/lib/python3.8/dist-packages/keystonemiddleware/auth_token/__init__.py:407}}
Aug 11 17:06:41.413103 dv-neutron-852885-1-hyperv devstack@keystone.service[82061]: DEBUG keystone.server.flask.request_processing.middleware.auth_context [None req-28c47f15-250d-455e-a5b3-d8e15d9f7a2a None None] Validating token access rules against request {{(pid=82061) validate_allowed_request /usr/local/lib/python3.8/dist-packages/keystonemiddleware/auth_token/__init__.py:545}}
Aug 11 17:06:41.451724 dv-neutron-852885-1-hyperv devstack@keystone.service[82062]: DEBUG keystone.server.flask.request_processing.req_logging [None req-e94980ee-55f5-4cc9-b662-10cb5024a4a2 None None] REQUEST_METHOD: `GET` {{(pid=82062) log_request_info /opt/stack/keystone/keystone/server/flask/request_processing/req_logging.py:27}}
Aug 11 17:06:41.452225 dv-neutron-852885-1-hyperv devstack@keystone.service[82062]: DEBUG keystone.server.flask.request_processing.req_logging [None req-e94980ee-55f5-4cc9-b662-10cb5024a4a2 None None] SCRIPT_NAME: `/identity` {{(pid=82062) log_request_info /opt/stack/keystone/keystone/server/flask/request_processing/req_logging.py:28}}
Aug 11 17:06:41.452225 dv-neutron-852885-1-hyperv devstack@keystone.service[82062]: DEBUG keystone.server.flask.request_processing.req_logging [None req-e94980ee-55f5-4cc9-b662-10cb5024a4a2 None None] PATH_INFO: `/` {{(pid=82062) log_request_info /opt/stack/keystone/keystone/server/flask/request_processing/req_logging.py:29}}
Aug 11 17:06:41.453764 dv-neutron-852885-1-hyperv devstack@keystone.service[82062]: [pid: 82062|app: 0|req: 124/237] 10.222.0.48 () {54 vars in 927 bytes} [Thu Aug 11 17:06:41 2022] GET /identity => generated 270 bytes in 3 msecs (HTTP/1.1 300) 6 headers in 234 bytes (2 switches on core 0)
Aug 11 17:06:41.461095 dv-neutron-852885-1-hyperv devstack@keystone.service[82062]: DEBUG keystone.server.flask.request_processing.req_logging [None req-dd8a2323-bfad-4a12-a60e-dafd436597a4 None None] REQUEST_METHOD: `POST` {{(pid=82062) log_request_info /opt/stack/keystone/keystone/server/flask/request_processing/req_logging.py:27}}
Aug 11 17:06:41.461616 dv-neutron-852885-1-hyperv devstack@keystone.service[82062]: DEBUG keystone.server.flask.request_processing.req_logging [None req-dd8a2323-bfad-4a12-a60e-dafd436597a4 None None] SCRIPT_NAME: `/identity` {{(pid=82062) log_request_info /opt/stack/keystone/keystone/server/flask/request_processing/req_logging.py:28}}
Aug 11 17:06:41.461985 dv-neutron-852885-1-hyperv devstack@keystone.service[82061]: DEBUG keystone.server.flask.request_processing.middleware.auth_context [None req-d0e0e75d-6831-458d-83af-902833601415 None admin] RBAC: auth_context: {'token': , 'domain_id': None, 'trust_id': None, 'trustor_id': None, 'trustee_id': None, 'domain_name': None, 'group_ids': [], 'user_id': '89f51775459d4cacb770176ea9e6a828', 'user_domain_id': 'default', 'system_scope': 'all', 'project_id': None, 'project_domain_id': None, 'roles': ['admin', 'member', 'reader'], 'is_admin_project': True, 'service_user_id': None, 'service_user_domain_id': None, 'service_project_id': None, 'service_project_domain_id': None, 'service_roles': []} {{(pid=82061) fill_context /opt/stack/keystone/keystone/server/flask/request_processing/middleware/auth_context.py:478}}
Aug 11 17:06:41.462362 dv-neutron-852885-1-hyperv devstack@keystone.service[82062]: DEBUG keystone.server.flask.request_processing.req_logging [None req-dd8a2323-bfad-4a12-a60e-dafd436597a4 None None] PATH_INFO: `/v3/auth/tokens` {{(pid=82062) log_request_info /opt/stack/keystone/keystone/server/flask/request_processing/req_logging.py:29}}
Aug 11 17:06:41.462604 dv-neutron-852885-1-hyperv devstack@keystone.service[82061]: DEBUG keystone.server.flask.request_processing.req_logging [None req-d0e0e75d-6831-458d-83af-902833601415 None admin] REQUEST_METHOD: `GET` {{(pid=82061) log_request_info /opt/stack/keystone/keystone/server/flask/request_processing/req_logging.py:27}}
Aug 11 17:06:41.466203 dv-neutron-852885-1-hyperv devstack@keystone.service[82061]: DEBUG keystone.server.flask.request_processing.req_logging [None req-d0e0e75d-6831-458d-83af-902833601415 None admin] SCRIPT_NAME: `/identity` {{(pid=82061) log_request_info /opt/stack/keystone/keystone/server/flask/request_processing/req_logging.py:28}}
Aug 11 17:06:41.466203 dv-neutron-852885-1-hyperv devstack@keystone.service[82061]: DEBUG keystone.server.flask.request_processing.req_logging [None req-d0e0e75d-6831-458d-83af-902833601415 None admin] PATH_INFO: `/v3/roles/reader` {{(pid=82061) log_request_info /opt/stack/keystone/keystone/server/flask/request_processing/req_logging.py:29}}
Aug 11 17:06:41.474324 dv-neutron-852885-1-hyperv devstack@keystone.service[82061]: DEBUG keystone.common.rbac_enforcer.enforcer [None req-d0e0e75d-6831-458d-83af-902833601415 None admin] Extracting inferred target data resulted in "NOT FOUND (404)". {{(pid=82061) enforce_call /opt/stack/keystone/keystone/common/rbac_enforcer/enforcer.py:409}}
Aug 11 17:06:41.479737 dv-neutron-852885-1-hyperv devstack@keystone.service[82061]: ERROR keystone.server.flask.application [None req-d0e0e75d-6831-458d-83af-902833601415 None admin] Could not find role: reader.: keystone.exception.RoleNotFound: Could not find role: reader.
Aug 11 17:06:41.479737 dv-neutron-852885-1-hyperv devstack@keystone.service[82061]: ERROR keystone.server.flask.application
Traceback (most recent call last):
Aug 11 17:06:41.479737 dv-neutron-852885-1-hyperv devstack@keystone.service[82061]: ERROR keystone.server.flask.application
File "/usr/local/lib/python3.8/dist-packages/flask/app.py", line 1820, in full_dispatch_request
Aug 11 17:06:41.479737 dv-neutron-852885-1-hyperv devstack@keystone.service[82061]: ERROR keystone.server.flask.application rv = self.dispatch_request()
Aug 11 17:06:41.479737 dv-neutron-852885-1-hyperv devstack@keystone.service[82061]: ERROR keystone.server.flask.application
File "/usr/local/lib/python3.8/dist-packages/flask/app.py", line 1796, in dispatch_request
Aug 11 17:06:41.479737 dv-neutron-852885-1-hyperv devstack@keystone.service[82061]: ERROR keystone.server.flask.application return self.ensure_sync(self.view_functions[rule.endpoint])(**view_args)
Aug 11 17:06:41.479737 dv-neutron-852885-1-hyperv devstack@keystone.service[82061]: ERROR keystone.server.flask.application
File "/usr/local/lib/python3.8/dist-packages/flask_restful/__init__.py", line 467, in wrapper
Aug 11 17:06:41.479737 dv-neutron-852885-1-hyperv devstack@keystone.service[82061]: ERROR keystone.server.flask.application resp = resource(*args, **kwargs)
Aug 11 17:06:41.479737 dv-neutron-852885-1-hyperv devstack@keystone.service[82061]: ERROR keystone.server.flask.application
File "/usr/local/lib/python3.8/dist-packages/flask/views.py", line 107, in view
Aug 11 17:06:41.479737 dv-neutron-852885-1-hyperv devstack@keystone.service[82061]: ERROR keystone.server.flask.application return current_app.ensure_sync(self.dispatch_request)(**kwargs)
Aug 11 17:06:41.479737 dv-neutron-852885-1-hyperv devstack@keystone.service[82061]: ERROR keystone.server.flask.application
File "/usr/local/lib/python3.8/dist-packages/flask_restful/__init__.py", line 582, in dispatch_request
Aug 11 17:06:41.479737 dv-neutron-852885-1-hyperv devstack@keystone.service[82061]: ERROR keystone.server.flask.application resp = meth(*args, **kwargs)
Aug 11 17:06:41.479737 dv-neutron-852885-1-hyperv devstack@keystone.service[82061]: ERROR keystone.server.flask.application
File "/opt/stack/keystone/keystone/api/roles.py", line 50, in get
Aug 11 17:06:41.479737 dv-neutron-852885-1-hyperv devstack@keystone.service[82061]: ERROR keystone.server.flask.application return self._get_role(role_id)
Aug 11 17:06:41.479737 dv-neutron-852885-1-hyperv devstack@keystone.service[82061]: ERROR keystone.server.flask.application
File "/opt/stack/keystone/keystone/api/roles.py", line 70, in _get_role
Aug 11 17:06:41.479737 dv-neutron-852885-1-hyperv devstack@keystone.service[82061]: ERROR keystone.server.flask.application ENFORCER.enforce_call(action='identity:get_role')
Aug 11 17:06:41.480605 dv-neutron-852885-1-hyperv devstack@keystone.service[82061]: ERROR keystone.server.flask.application
File "/opt/stack/keystone/keystone/common/rbac_enforcer/enforcer.py", line 402, in enforce_call
Aug 11 17:06:41.480605 dv-neutron-852885-1-hyperv devstack@keystone.service[82061]: ERROR keystone.server.flask.application policy_dict.update(cls._extract_member_target_data(
Aug 11 17:06:41.480605 dv-neutron-852885-1-hyperv devstack@keystone.service[82061]: ERROR keystone.server.flask.application
File "/opt/stack/keystone/keystone/common/rbac_enforcer/enforcer.py", line 234, in _extract_member_target_data
Aug 11 17:06:41.480605 dv-neutron-852885-1-hyperv devstack@keystone.service[82061]: ERROR keystone.server.flask.application member_name: func(flask.request.view_args[key])
Aug 11 17:06:41.480605 dv-neutron-852885-1-hyperv devstack@keystone.service[82061]: ERROR keystone.server.flask.application
File "/opt/stack/keystone/keystone/common/manager.py", line 115, in wrapped
Aug 11 17:06:41.480605 dv-neutron-852885-1-hyperv devstack@keystone.service[82061]: ERROR keystone.server.flask.application __ret_val = __f(*args, **kwargs)
Aug 11 17:06:41.480605 dv-neutron-852885-1-hyperv devstack@keystone.service[82061]: ERROR keystone.server.flask.application
File "/usr/local/lib/python3.8/dist-packages/decorator.py", line 232, in fun
Aug 11 17:06:41.480605 dv-neutron-852885-1-hyperv devstack@keystone.service[82061]: ERROR keystone.server.flask.application return caller(func, *(extras + args), **kw)
Aug 11 17:06:41.480605 dv-neutron-852885-1-hyperv devstack@keystone.service[82061]: ERROR keystone.server.flask.application
File "/usr/local/lib/python3.8/dist-packages/dogpile/cache/region.py", line 1577, in get_or_create_for_user_func
Aug 11 17:06:41.480605 dv-neutron-852885-1-hyperv devstack@keystone.service[82061]: ERROR keystone.server.flask.application return self.get_or_create(
Aug 11 17:06:41.480605 dv-neutron-852885-1-hyperv devstack@keystone.service[82061]: ERROR keystone.server.flask.application
File "/usr/local/lib/python3.8/dist-packages/dogpile/cache/region.py", line 1042, in get_or_create
Aug 11 17:06:41.480605 dv-neutron-852885-1-hyperv devstack@keystone.service[82061]: ERROR keystone.server.flask.application with Lock(
Aug 11 17:06:41.480605 dv-neutron-852885-1-hyperv devstack@keystone.service[82061]: ERROR keystone.server.flask.application
File "/usr/local/lib/python3.8/dist-packages/dogpile/lock.py", line 185, in __enter__
Aug 11 17:06:41.480605 dv-neutron-852885-1-hyperv devstack@keystone.service[82061]: ERROR keystone.server.flask.application return self._enter()
Aug 11 17:06:41.480605 dv-neutron-852885-1-hyperv devstack@keystone.service[82061]: ERROR keystone.server.flask.application
File "/usr/local/lib/python3.8/dist-packages/dogpile/lock.py", line 94, in _enter
Aug 11 17:06:41.480605 dv-neutron-852885-1-hyperv devstack@keystone.service[82061]: ERROR keystone.server.flask.application generated = self._enter_create(value, createdtime)
Aug 11 17:06:41.481554 dv-neutron-852885-1-hyperv devstack@keystone.service[82061]: ERROR keystone.server.flask.application
File "/usr/local/lib/python3.8/dist-packages/dogpile/lock.py", line 178, in _enter_create
Aug 11 17:06:41.481554 dv-neutron-852885-1-hyperv devstack@keystone.service[82061]: ERROR keystone.server.flask.application return self.creator()
Aug 11 17:06:41.481554 dv-neutron-852885-1-hyperv devstack@keystone.service[82061]: ERROR keystone.server.flask.application
File "/usr/local/lib/python3.8/dist-packages/dogpile/cache/region.py", line 995, in gen_value
Aug 11 17:06:41.481554 dv-neutron-852885-1-hyperv devstack@keystone.service[82061]: ERROR keystone.server.flask.application created_value = creator(
Aug 11 17:06:41.481554 dv-neutron-852885-1-hyperv devstack@keystone.service[82061]: ERROR keystone.server.flask.application
File "/opt/stack/keystone/keystone/assignment/core.py", line 1276, in get_role
Aug 11 17:06:41.481554 dv-neutron-852885-1-hyperv devstack@keystone.service[82061]: ERROR keystone.server.flask.application return self.driver.get_role(role_id)
Aug 11 17:06:41.481554 dv-neutron-852885-1-hyperv devstack@keystone.service[82061]: ERROR keystone.server.flask.application
File "/opt/stack/keystone/keystone/assignment/role_backends/sql.py", line 70, in get_role
Aug 11 17:06:41.481554 dv-neutron-852885-1-hyperv devstack@keystone.service[82061]: ERROR keystone.server.flask.application return self._get_role(session, role_id).to_dict()
Aug 11 17:06:41.481554 dv-neutron-852885-1-hyperv devstack@keystone.service[82061]: ERROR keystone.server.flask.application
File "/opt/stack/keystone/keystone/assignment/role_backends/sql.py", line 65, in _get_role
Aug 11 17:06:41.481554 dv-neutron-852885-1-hyperv devstack@keystone.service[82061]: ERROR keystone.server.flask.application raise exception.RoleNotFound(role_id=role_id)
Aug 11 17:06:41.481554 dv-neutron-852885-1-hyperv devstack@keystone.service[82061]: ERROR keystone.server.flask.application keystone.exception.RoleNotFound: Could not find role: reader.
Aug 11 17:06:41.481554 dv-neutron-852885-1-hyperv devstack@keystone.service[82061]: ERROR keystone.server.flask.application
Aug 11 17:06:41.481554 dv-neutron-852885-1-hyperv devstack@keystone.service[82061]: [pid: 82061|app: 0|req: 114/238] 10.222.0.48 () {56 vars in 1099 bytes} [Thu Aug 11 17:06:41 2022] GET /identity/v3/roles/reader => generated 84 bytes in 196 msecs (HTTP/1.1 404) 5 headers in 183 bytes (1 switches on core 0)
Aug 11 17:06:41.489557 dv-neutron-852885-1-hyperv devstack@keystone.service[82061]: DEBUG keystone.server.flask.request_processing.middleware.auth_context [None req-d0e0e75d-6831-458d-83af-902833601415 None admin] Authenticating user token {{(pid=82061) process_request /usr/local/lib/python3.8/dist-packages/keystonemiddleware/auth_token/__init__.py:407}}
Aug 11 17:06:41.501319 dv-neutron-852885-1-hyperv devstack@keystone.service[82061]: DEBUG dbcounter [-] [82061] Writing DB stats keystone:SELECT=99,keystone:INSERT=1 {{(pid=82061) stat_writer /usr/local/lib/python3.8/dist-packages/dbcounter.py:114}}
Aug 11 17:06:41.509937 dv-neutron-852885-1-hyperv devstack@keystone.service[82062]: DEBUG keystone.auth.core [None req-dd8a2323-bfad-4a12-a60e-dafd436597a4 None None] MFA Rules not processed for user `89f51775459d4cacb770176ea9e6a828`. Rule list: `[]` (Enabled: `True`). {{(pid=82062) check_auth_methods_against_rules /opt/stack/keystone/keystone/auth/core.py:438}}
Aug 11 17:06:41.511133 dv-neutron-852885-1-hyperv devstack@keystone.service[82062]: DEBUG keystone.common.fernet_utils [None req-dd8a2323-bfad-4a12-a60e-dafd436597a4 None None] Loaded 2 Fernet keys from /etc/keystone/fernet-keys/, but `[fernet_tokens] max_active_keys = 3`; perhaps there have not been enough key rotations to reach `max_active_keys` yet? {{(pid=82062) load_keys /opt/stack/keystone/keystone/common/fernet_utils.py:286}}
Aug 11 17:06:41.626769 dv-neutron-852885-1-hyperv devstack@keystone.service[82062]: [pid: 82062|app: 0|req: 125/239] 10.222.0.48 () {58 vars in 1024 bytes} [Thu Aug 11 17:06:41 2022] POST /identity/v3/auth/tokens => generated 799 bytes in 166 msecs (HTTP/1.1 201) 6 headers in 363 bytes (2 switches on core 0)
Aug 11 17:06:41.644088 dv-neutron-852885-1-hyperv devstack@keystone.service[82061]: DEBUG keystone.server.flask.request_processing.middleware.auth_context [None req-d0e0e75d-6831-458d-83af-902833601415 None admin] Validating token access rules against request {{(pid=82061) validate_allowed_request /usr/local/lib/python3.8/dist-packages/keystonemiddleware/auth_token/__init__.py:545}}
Aug 11 17:06:41.667552 dv-neutron-852885-1-hyperv devstack@keystone.service[82062]: DEBUG keystone.server.flask.request_processing.middleware.auth_context [None req-dd8a2323-bfad-4a12-a60e-dafd436597a4 None None] Authenticating user token {{(pid=82062) process_request /usr/local/lib/python3.8/dist-packages/keystonemiddleware/auth_token/__init__.py:407}}
Aug 11 17:06:41.708925 dv-neutron-852885-1-hyperv devstack@keystone.service[82061]: DEBUG keystone.server.flask.request_processing.middleware.auth_context [None req-6cf3390f-8dbb-42a5-8e6c-399c7e8bce83 None admin] RBAC: auth_context: {'token': , 'domain_id': None, 'trust_id': None, 'trustor_id': None, 'trustee_id': None, 'domain_name': None, 'group_ids': [], 'user_id': '89f51775459d4cacb770176ea9e6a828', 'user_domain_id': 'default', 'system_scope': 'all', 'project_id': None, 'project_domain_id': None, 'roles': ['admin', 'member', 'reader'], 'is_admin_project': True, 'service_user_id': None, 'service_user_domain_id': None, 'service_project_id': None, 'service_project_domain_id': None, 'service_roles': []} {{(pid=82061) fill_context /opt/stack/keystone/keystone/server/flask/request_processing/middleware/auth_context.py:478}}
Aug 11 17:06:41.710125 dv-neutron-852885-1-hyperv devstack@keystone.service[82061]: DEBUG keystone.server.flask.request_processing.req_logging [None req-6cf3390f-8dbb-42a5-8e6c-399c7e8bce83 None admin] REQUEST_METHOD: `GET` {{(pid=82061) log_request_info /opt/stack/keystone/keystone/server/flask/request_processing/req_logging.py:27}}
Aug 11 17:06:41.710405 dv-neutron-852885-1-hyperv devstack@keystone.service[82061]: DEBUG keystone.server.flask.request_processing.req_logging [None req-6cf3390f-8dbb-42a5-8e6c-399c7e8bce83 None admin] SCRIPT_NAME: `/identity` {{(pid=82061) log_request_info /opt/stack/keystone/keystone/server/flask/request_processing/req_logging.py:28}}
Aug 11 17:06:41.712276 dv-neutron-852885-1-hyperv devstack@keystone.service[82061]: DEBUG keystone.server.flask.request_processing.req_logging [None req-6cf3390f-8dbb-42a5-8e6c-399c7e8bce83 None admin] PATH_INFO: `/v3/roles` {{(pid=82061) log_request_info /opt/stack/keystone/keystone/server/flask/request_processing/req_logging.py:29}}
Aug 11 17:06:41.712972 dv-neutron-852885-1-hyperv devstack@keystone.service[82061]: DEBUG keystone.common.rbac_enforcer.enforcer [None req-6cf3390f-8dbb-42a5-8e6c-399c7e8bce83 None admin] RBAC: Adding query filter params (name=reader) {{(pid=82061) _extract_filter_values /opt/stack/keystone/keystone/common/rbac_enforcer/enforcer.py:167}}
Aug 11 17:06:41.714353 dv-neutron-852885-1-hyperv devstack@keystone.service[82061]: DEBUG keystone.common.rbac_enforcer.enforcer [None req-6cf3390f-8dbb-42a5-8e6c-399c7e8bce83 None admin] RBAC: Authorizing `identity:list_roles()` {{(pid=82061) enforce_call /opt/stack/keystone/keystone/common/rbac_enforcer/enforcer.py:449}}
Aug 11 17:06:41.715943 dv-neutron-852885-1-hyperv devstack@keystone.service[82061]: DEBUG keystone.common.rbac_enforcer.enforcer [None req-6cf3390f-8dbb-42a5-8e6c-399c7e8bce83 None admin] RBAC: Authorization granted {{(pid=82061) enforce_call /opt/stack/keystone/keystone/common/rbac_enforcer/enforcer.py:457}}
Aug 11 17:06:41.717306 dv-neutron-852885-1-hyperv devstack@keystone.service[82062]: DEBUG dbcounter [-] [82062] Writing DB stats keystone:SELECT=99,keystone:INSERT=1 {{(pid=82062) stat_writer /usr/local/lib/python3.8/dist-packages/dbcounter.py:114}}
Aug 11 17:06:41.735413 dv-neutron-852885-1-hyperv devstack@keystone.service[82061]: [pid: 82061|app: 0|req: 115/240] 10.222.0.48 () {56 vars in 1101 bytes} [Thu Aug 11 17:06:41 2022] GET /identity/v3/roles?name=reader => generated 341 bytes in 247 msecs (HTTP/1.1 200) 5 headers in 177 bytes (1 switches on core 0)
Aug 11 17:06:41.750018 dv-neutron-852885-1-hyperv devstack@keystone.service[82061]: DEBUG keystone.server.flask.request_processing.middleware.auth_context [None req-6cf3390f-8dbb-42a5-8e6c-399c7e8bce83 None admin] Authenticating user token {{(pid=82061) process_request /usr/local/lib/python3.8/dist-packages/keystonemiddleware/auth_token/__init__.py:407}}
Aug 11 17:06:41.859235 dv-neutron-852885-1-hyperv devstack@keystone.service[82062]: DEBUG keystone.server.flask.request_processing.middleware.auth_context [None req-dd8a2323-bfad-4a12-a60e-dafd436597a4 None None] Validating token access rules against request {{(pid=82062) validate_allowed_request /usr/local/lib/python3.8/dist-packages/keystonemiddleware/auth_token/__init__.py:545}}
Aug 11 17:06:41.885521 dv-neutron-852885-1-hyperv devstack@keystone.service[82061]: DEBUG dbcounter [-] [82061] Writing DB stats keystone:SELECT=100 {{(pid=82061) stat_writer /usr/local/lib/python3.8/dist-packages/dbcounter.py:114}}
Aug 11 17:06:41.920416 dv-neutron-852885-1-hyperv devstack@keystone.service[82061]: DEBUG keystone.server.flask.request_processing.middleware.auth_context [None req-6cf3390f-8dbb-42a5-8e6c-399c7e8bce83 None admin] Validating token access rules against request {{(pid=82061) validate_allowed_request /usr/local/lib/python3.8/dist-packages/keystonemiddleware/auth_token/__init__.py:545}}
Aug 11 17:06:41.923855 dv-neutron-852885-1-hyperv devstack@keystone.service[82062]: DEBUG keystone.server.flask.request_processing.middleware.auth_context [None req-1553d2f9-b063-482c-a469-a23fdbac1a36 None admin] RBAC: auth_context: {'token': , 'domain_id': None, 'trust_id': None, 'trustor_id': None, 'trustee_id': None, 'domain_name': None, 'group_ids': [], 'user_id': '89f51775459d4cacb770176ea9e6a828', 'user_domain_id': 'default', 'system_scope': 'all', 'project_id': None, 'project_domain_id': None, 'roles': ['admin', 'member', 'reader'], 'is_admin_project': True, 'service_user_id': None, 'service_user_domain_id': None, 'service_project_id': None, 'service_project_domain_id': None, 'service_roles': []} {{(pid=82062) fill_context /opt/stack/keystone/keystone/server/flask/request_processing/middleware/auth_context.py:478}}
Aug 11 17:06:41.924939 dv-neutron-852885-1-hyperv devstack@keystone.service[82062]: DEBUG keystone.server.flask.request_processing.req_logging [None req-1553d2f9-b063-482c-a469-a23fdbac1a36 None admin] REQUEST_METHOD: `GET` {{(pid=82062) log_request_info /opt/stack/keystone/keystone/server/flask/request_processing/req_logging.py:27}}
Aug 11 17:06:41.925301 dv-neutron-852885-1-hyperv devstack@keystone.service[82062]: DEBUG keystone.server.flask.request_processing.req_logging [None req-1553d2f9-b063-482c-a469-a23fdbac1a36 None admin] SCRIPT_NAME: `/identity` {{(pid=82062) log_request_info /opt/stack/keystone/keystone/server/flask/request_processing/req_logging.py:28}}
Aug 11 17:06:41.925577 dv-neutron-852885-1-hyperv devstack@keystone.service[82062]: DEBUG keystone.server.flask.request_processing.req_logging [None req-1553d2f9-b063-482c-a469-a23fdbac1a36 None admin] PATH_INFO: `/v3/domains/default` {{(pid=82062) log_request_info /opt/stack/keystone/keystone/server/flask/request_processing/req_logging.py:29}}
Aug 11 17:06:41.926740 dv-neutron-852885-1-hyperv devstack@keystone.service[82062]: DEBUG keystone.common.rbac_enforcer.enforcer [None req-1553d2f9-b063-482c-a469-a23fdbac1a36 None admin] RBAC: Authorizing `identity:get_domain(domain_id=default)` {{(pid=82062) enforce_call /opt/stack/keystone/keystone/common/rbac_enforcer/enforcer.py:449}}
Aug 11 17:06:41.928287 dv-neutron-852885-1-hyperv devstack@keystone.service[82062]: DEBUG keystone.common.rbac_enforcer.enforcer [None req-1553d2f9-b063-482c-a469-a23fdbac1a36 None admin] RBAC: Authorization granted {{(pid=82062) enforce_call /opt/stack/keystone/keystone/common/rbac_enforcer/enforcer.py:457}}
Aug 11 17:06:41.931139 dv-neutron-852885-1-hyperv devstack@keystone.service[82062]: [pid: 82062|app: 0|req: 126/241] 10.222.0.48 () {56 vars in 1108 bytes} [Thu Aug 11 17:06:41 2022] GET /identity/v3/domains/default => generated 199 bytes in 263 msecs (HTTP/1.1 200) 5 headers in 177 bytes (1 switches on core 0)
Aug 11 17:06:41.935724 dv-neutron-852885-1-hyperv devstack@keystone.service[82062]: DEBUG keystone.server.flask.request_processing.middleware.auth_context [None req-1553d2f9-b063-482c-a469-a23fdbac1a36 None admin] Authenticating user token {{(pid=82062) process_request /usr/local/lib/python3.8/dist-packages/keystonemiddleware/auth_token/__init__.py:407}}
Aug 11 17:06:41.958987 dv-neutron-852885-1-hyperv devstack@keystone.service[82061]: DEBUG keystone.server.flask.request_processing.middleware.auth_context [None req-0f5e4959-4e35-4cee-ae9d-5fee2869dba1 None admin] RBAC: auth_context: {'token': , 'domain_id': None, 'trust_id': None, 'trustor_id': None, 'trustee_id': None, 'domain_name': None, 'group_ids': [], 'user_id': '89f51775459d4cacb770176ea9e6a828', 'user_domain_id': 'default', 'system_scope': 'all', 'project_id': None, 'project_domain_id': None, 'roles': ['admin', 'member', 'reader'], 'is_admin_project': True, 'service_user_id': None, 'service_user_domain_id': None, 'service_project_id': None, 'service_project_domain_id': None, 'service_roles': []} {{(pid=82061) fill_context /opt/stack/keystone/keystone/server/flask/request_processing/middleware/auth_context.py:478}}
Aug 11 17:06:41.959994 dv-neutron-852885-1-hyperv devstack@keystone.service[82061]: DEBUG keystone.server.flask.request_processing.req_logging [None req-0f5e4959-4e35-4cee-ae9d-5fee2869dba1 None admin] REQUEST_METHOD: `GET` {{(pid=82061) log_request_info /opt/stack/keystone/keystone/server/flask/request_processing/req_logging.py:27}}
Aug 11 17:06:41.960478 dv-neutron-852885-1-hyperv devstack@keystone.service[82061]: DEBUG keystone.server.flask.request_processing.req_logging [None req-0f5e4959-4e35-4cee-ae9d-5fee2869dba1 None admin] SCRIPT_NAME: `/identity` {{(pid=82061) log_request_info /opt/stack/keystone/keystone/server/flask/request_processing/req_logging.py:28}}
Aug 11 17:06:41.960946 dv-neutron-852885-1-hyperv devstack@keystone.service[82061]: DEBUG keystone.server.flask.request_processing.req_logging [None req-0f5e4959-4e35-4cee-ae9d-5fee2869dba1 None admin] PATH_INFO: `/v3/users/69aeef7bbf1a4389a2e557d427766a4c` {{(pid=82061) log_request_info /opt/stack/keystone/keystone/server/flask/request_processing/req_logging.py:29}}
Aug 11 17:06:41.975973 dv-neutron-852885-1-hyperv devstack@keystone.service[82061]: DEBUG keystone.common.rbac_enforcer.enforcer [None req-0f5e4959-4e35-4cee-ae9d-5fee2869dba1 None admin] RBAC: Authorizing `identity:get_user(user_id=69aeef7bbf1a4389a2e557d427766a4c)` {{(pid=82061) enforce_call /opt/stack/keystone/keystone/common/rbac_enforcer/enforcer.py:449}}
Aug 11 17:06:41.977772 dv-neutron-852885-1-hyperv devstack@keystone.service[82061]: DEBUG keystone.common.rbac_enforcer.enforcer [None req-0f5e4959-4e35-4cee-ae9d-5fee2869dba1 None admin] RBAC: Authorization granted {{(pid=82061) enforce_call /opt/stack/keystone/keystone/common/rbac_enforcer/enforcer.py:457}}
Aug 11 17:06:41.979685 dv-neutron-852885-1-hyperv devstack@keystone.service[82061]: [pid: 82061|app: 0|req: 116/242] 10.222.0.48 () {56 vars in 1177 bytes} [Thu Aug 11 17:06:41 2022] GET /identity/v3/users/69aeef7bbf1a4389a2e557d427766a4c => generated 297 bytes in 230 msecs (HTTP/1.1 200) 5 headers in 177 bytes (1 switches on core 0)
Aug 11 17:06:41.986485 dv-neutron-852885-1-hyperv devstack@keystone.service[82061]: DEBUG keystone.server.flask.request_processing.middleware.auth_context [None req-0f5e4959-4e35-4cee-ae9d-5fee2869dba1 None admin] Authenticating user token {{(pid=82061) process_request /usr/local/lib/python3.8/dist-packages/keystonemiddleware/auth_token/__init__.py:407}}
Aug 11 17:06:42.110281 dv-neutron-852885-1-hyperv devstack@keystone.service[82061]: DEBUG keystone.server.flask.request_processing.middleware.auth_context [None req-0f5e4959-4e35-4cee-ae9d-5fee2869dba1 None admin] Validating token access rules against request {{(pid=82061) validate_allowed_request /usr/local/lib/python3.8/dist-packages/keystonemiddleware/auth_token/__init__.py:545}}
Aug 11 17:06:42.142236 dv-neutron-852885-1-hyperv devstack@keystone.service[82061]: DEBUG dbcounter [-] [82061] Writing DB stats keystone:SELECT=100 {{(pid=82061) stat_writer /usr/local/lib/python3.8/dist-packages/dbcounter.py:114}}
Aug 11 17:06:42.151261 dv-neutron-852885-1-hyperv devstack@keystone.service[82061]: DEBUG keystone.server.flask.request_processing.middleware.auth_context [None req-4b0552cd-a258-4804-96c1-474a577a04c5 None admin] RBAC: auth_context: {'token': , 'domain_id': None, 'trust_id': None, 'trustor_id': None, 'trustee_id': None, 'domain_name': None, 'group_ids': [], 'user_id': '89f51775459d4cacb770176ea9e6a828', 'user_domain_id': 'default', 'system_scope': 'all', 'project_id': None, 'project_domain_id': None, 'roles': ['admin', 'member', 'reader'], 'is_admin_project': True, 'service_user_id': None, 'service_user_domain_id': None, 'service_project_id': None, 'service_project_domain_id': None, 'service_roles': []} {{(pid=82061) fill_context /opt/stack/keystone/keystone/server/flask/request_processing/middleware/auth_context.py:478}}
Aug 11 17:06:42.158198 dv-neutron-852885-1-hyperv devstack@keystone.service[82061]: DEBUG keystone.server.flask.request_processing.req_logging [None req-4b0552cd-a258-4804-96c1-474a577a04c5 None admin] REQUEST_METHOD: `GET` {{(pid=82061) log_request_info /opt/stack/keystone/keystone/server/flask/request_processing/req_logging.py:27}}
Aug 11 17:06:42.158198 dv-neutron-852885-1-hyperv devstack@keystone.service[82061]: DEBUG keystone.server.flask.request_processing.req_logging [None req-4b0552cd-a258-4804-96c1-474a577a04c5 None admin] SCRIPT_NAME: `/identity` {{(pid=82061) log_request_info /opt/stack/keystone/keystone/server/flask/request_processing/req_logging.py:28}}
Aug 11 17:06:42.158198 dv-neutron-852885-1-hyperv devstack@keystone.service[82061]: DEBUG keystone.server.flask.request_processing.req_logging [None req-4b0552cd-a258-4804-96c1-474a577a04c5 None admin] PATH_INFO: `/v3/auth/tokens` {{(pid=82061) log_request_info /opt/stack/keystone/keystone/server/flask/request_processing/req_logging.py:29}}
Aug 11 17:06:42.169884 dv-neutron-852885-1-hyperv devstack@keystone.service[82062]: DEBUG dbcounter [-] [82062] Writing DB stats keystone:SELECT=100 {{(pid=82062) stat_writer /usr/local/lib/python3.8/dist-packages/dbcounter.py:114}}
Aug 11 17:06:42.182034 dv-neutron-852885-1-hyperv devstack@keystone.service[82062]: DEBUG keystone.server.flask.request_processing.middleware.auth_context [None req-1553d2f9-b063-482c-a469-a23fdbac1a36 None admin] Validating token access rules against request {{(pid=82062) validate_allowed_request /usr/local/lib/python3.8/dist-packages/keystonemiddleware/auth_token/__init__.py:545}}
Aug 11 17:06:42.230000 dv-neutron-852885-1-hyperv devstack@keystone.service[82061]: DEBUG keystone.common.rbac_enforcer.enforcer [None req-4b0552cd-a258-4804-96c1-474a577a04c5 None admin] RBAC: Authorizing `identity:validate_token()` {{(pid=82061) enforce_call /opt/stack/keystone/keystone/common/rbac_enforcer/enforcer.py:449}}
Aug 11 17:06:42.233096 dv-neutron-852885-1-hyperv devstack@keystone.service[82061]: DEBUG keystone.common.rbac_enforcer.enforcer [None req-4b0552cd-a258-4804-96c1-474a577a04c5 None admin] RBAC: Authorization granted {{(pid=82061) enforce_call /opt/stack/keystone/keystone/common/rbac_enforcer/enforcer.py:457}}
Aug 11 17:06:42.234176 dv-neutron-852885-1-hyperv devstack@keystone.service[82062]: DEBUG keystone.server.flask.request_processing.middleware.auth_context [None req-3d816a61-28f0-408e-9f74-b69c79a948c7 None admin] RBAC: auth_context: {'token': , 'domain_id': None, 'trust_id': None, 'trustor_id': None, 'trustee_id': None, 'domain_name': None, 'group_ids': [], 'user_id': '89f51775459d4cacb770176ea9e6a828', 'user_domain_id': 'default', 'system_scope': 'all', 'project_id': None, 'project_domain_id': None, 'roles': ['admin', 'member', 'reader'], 'is_admin_project': True, 'service_user_id': None, 'service_user_domain_id': None, 'service_project_id': None, 'service_project_domain_id': None, 'service_roles': []} {{(pid=82062) fill_context /opt/stack/keystone/keystone/server/flask/request_processing/middleware/auth_context.py:478}}
Aug 11 17:06:42.235044 dv-neutron-852885-1-hyperv devstack@keystone.service[82062]: DEBUG keystone.server.flask.request_processing.req_logging [None req-3d816a61-28f0-408e-9f74-b69c79a948c7 None admin] REQUEST_METHOD: `POST` {{(pid=82062) log_request_info /opt/stack/keystone/keystone/server/flask/request_processing/req_logging.py:27}}
Aug 11 17:06:42.235777 dv-neutron-852885-1-hyperv devstack@keystone.service[82062]: DEBUG keystone.server.flask.request_processing.req_logging [None req-3d816a61-28f0-408e-9f74-b69c79a948c7 None admin] SCRIPT_NAME: `/identity` {{(pid=82062) log_request_info /opt/stack/keystone/keystone/server/flask/request_processing/req_logging.py:28}}
Aug 11 17:06:42.237146 dv-neutron-852885-1-hyperv devstack@keystone.service[82062]: DEBUG keystone.server.flask.request_processing.req_logging [None req-3d816a61-28f0-408e-9f74-b69c79a948c7 None admin] PATH_INFO: `/v3/users` {{(pid=82062) log_request_info /opt/stack/keystone/keystone/server/flask/request_processing/req_logging.py:29}}
Aug 11 17:06:42.237828 dv-neutron-852885-1-hyperv devstack@keystone.service[82062]: DEBUG keystone.common.rbac_enforcer.enforcer [None req-3d816a61-28f0-408e-9f74-b69c79a948c7 None admin] RBAC: Authorizing `identity:create_user()` {{(pid=82062) enforce_call /opt/stack/keystone/keystone/common/rbac_enforcer/enforcer.py:449}}
Aug 11 17:06:42.239262 dv-neutron-852885-1-hyperv devstack@keystone.service[82062]: DEBUG keystone.common.rbac_enforcer.enforcer [None req-3d816a61-28f0-408e-9f74-b69c79a948c7 None admin] RBAC: Authorization granted {{(pid=82062) enforce_call /opt/stack/keystone/keystone/common/rbac_enforcer/enforcer.py:457}}
Aug 11 17:06:42.339010 dv-neutron-852885-1-hyperv devstack@keystone.service[82061]: [pid: 82061|app: 0|req: 117/243] 10.222.0.48 () {58 vars in 1282 bytes} [Thu Aug 11 17:06:41 2022] GET /identity/v3/auth/tokens => generated 799 bytes in 353 msecs (HTTP/1.1 200) 6 headers in 358 bytes (1 switches on core 0)
Aug 11 17:06:42.341405 dv-neutron-852885-1-hyperv devstack@keystone.service[82061]: DEBUG keystone.server.flask.request_processing.req_logging [None req-8e0d5330-f5f4-4b2b-bca9-b58cc2fb9f9a None None] REQUEST_METHOD: `GET` {{(pid=82061) log_request_info /opt/stack/keystone/keystone/server/flask/request_processing/req_logging.py:27}}
Aug 11 17:06:42.341885 dv-neutron-852885-1-hyperv devstack@keystone.service[82061]: DEBUG keystone.server.flask.request_processing.req_logging [None req-8e0d5330-f5f4-4b2b-bca9-b58cc2fb9f9a None None] SCRIPT_NAME: `/identity` {{(pid=82061) log_request_info /opt/stack/keystone/keystone/server/flask/request_processing/req_logging.py:28}}
Aug 11 17:06:42.342342 dv-neutron-852885-1-hyperv devstack@keystone.service[82061]: DEBUG keystone.server.flask.request_processing.req_logging [None req-8e0d5330-f5f4-4b2b-bca9-b58cc2fb9f9a None None] PATH_INFO: `/` {{(pid=82061) log_request_info /opt/stack/keystone/keystone/server/flask/request_processing/req_logging.py:29}}
Aug 11 17:06:42.347566 dv-neutron-852885-1-hyperv devstack@keystone.service[82061]: [pid: 82061|app: 0|req: 118/244] 10.222.0.48 () {54 vars in 927 bytes} [Thu Aug 11 17:06:42 2022] GET /identity => generated 270 bytes in 4 msecs (HTTP/1.1 300) 6 headers in 234 bytes (1 switches on core 0)
Aug 11 17:06:42.348518 dv-neutron-852885-1-hyperv devstack@keystone.service[82061]: DEBUG keystone.server.flask.request_processing.middleware.auth_context [None req-8e0d5330-f5f4-4b2b-bca9-b58cc2fb9f9a None None] Authenticating user token {{(pid=82061) process_request /usr/local/lib/python3.8/dist-packages/keystonemiddleware/auth_token/__init__.py:407}}
Aug 11 17:06:42.349492 dv-neutron-852885-1-hyperv devstack@keystone.service[82062]: [pid: 82062|app: 0|req: 127/245] 10.222.0.48 () {60 vars in 1132 bytes} [Thu Aug 11 17:06:41 2022] POST /identity/v3/users => generated 293 bytes in 414 msecs (HTTP/1.1 201) 5 headers in 182 bytes (2 switches on core 0)
Aug 11 17:06:42.351189 dv-neutron-852885-1-hyperv devstack@keystone.service[82062]: DEBUG keystone.server.flask.request_processing.req_logging [None req-c930f795-24cc-4ec6-bff5-fd40a744317d None None] REQUEST_METHOD: `POST` {{(pid=82062) log_request_info /opt/stack/keystone/keystone/server/flask/request_processing/req_logging.py:27}}
Aug 11 17:06:42.352004 dv-neutron-852885-1-hyperv devstack@keystone.service[82062]: DEBUG keystone.server.flask.request_processing.req_logging [None req-c930f795-24cc-4ec6-bff5-fd40a744317d None None] SCRIPT_NAME: `/identity` {{(pid=82062) log_request_info /opt/stack/keystone/keystone/server/flask/request_processing/req_logging.py:28}}
Aug 11 17:06:42.353574 dv-neutron-852885-1-hyperv devstack@keystone.service[82062]: DEBUG keystone.server.flask.request_processing.req_logging [None req-c930f795-24cc-4ec6-bff5-fd40a744317d None None] PATH_INFO: `/v3/auth/tokens` {{(pid=82062) log_request_info /opt/stack/keystone/keystone/server/flask/request_processing/req_logging.py:29}}
Aug 11 17:06:42.378786 dv-neutron-852885-1-hyperv devstack@keystone.service[82062]: DEBUG keystone.auth.core [None req-c930f795-24cc-4ec6-bff5-fd40a744317d None None] MFA Rules not processed for user `89f51775459d4cacb770176ea9e6a828`. Rule list: `[]` (Enabled: `True`). {{(pid=82062) check_auth_methods_against_rules /opt/stack/keystone/keystone/auth/core.py:438}}
Aug 11 17:06:42.380757 dv-neutron-852885-1-hyperv devstack@keystone.service[82062]: DEBUG keystone.common.fernet_utils [None req-c930f795-24cc-4ec6-bff5-fd40a744317d None None] Loaded 2 Fernet keys from /etc/keystone/fernet-keys/, but `[fernet_tokens] max_active_keys = 3`; perhaps there have not been enough key rotations to reach `max_active_keys` yet? {{(pid=82062) load_keys /opt/stack/keystone/keystone/common/fernet_utils.py:286}}
Aug 11 17:06:42.418636 dv-neutron-852885-1-hyperv devstack@keystone.service[82061]: DEBUG dbcounter [-] [82061] Writing DB stats keystone:SELECT=100 {{(pid=82061) stat_writer /usr/local/lib/python3.8/dist-packages/dbcounter.py:114}}
Aug 11 17:06:42.472305 dv-neutron-852885-1-hyperv devstack@keystone.service[82062]: [pid: 82062|app: 0|req: 128/246] 10.222.0.48 () {58 vars in 1024 bytes} [Thu Aug 11 17:06:42 2022] POST /identity/v3/auth/tokens => generated 799 bytes in 122 msecs (HTTP/1.1 201) 6 headers in 363 bytes (1 switches on core 0)
Aug 11 17:06:42.521595 dv-neutron-852885-1-hyperv devstack@keystone.service[82062]: DEBUG keystone.server.flask.request_processing.middleware.auth_context [None req-c930f795-24cc-4ec6-bff5-fd40a744317d None None] Authenticating user token {{(pid=82062) process_request /usr/local/lib/python3.8/dist-packages/keystonemiddleware/auth_token/__init__.py:407}}
Aug 11 17:06:42.565732 dv-neutron-852885-1-hyperv devstack@keystone.service[82061]: DEBUG keystone.server.flask.request_processing.middleware.auth_context [None req-8e0d5330-f5f4-4b2b-bca9-b58cc2fb9f9a None None] Validating token access rules against request {{(pid=82061) validate_allowed_request /usr/local/lib/python3.8/dist-packages/keystonemiddleware/auth_token/__init__.py:545}}
Aug 11 17:06:42.607253 dv-neutron-852885-1-hyperv devstack@keystone.service[82061]: DEBUG keystone.server.flask.request_processing.middleware.auth_context [None req-6a239529-7554-411e-8079-e9b61e0fc847 None admin] RBAC: auth_context: {'token': , 'domain_id': None, 'trust_id': None, 'trustor_id': None, 'trustee_id': None, 'domain_name': None, 'group_ids': [], 'user_id': '89f51775459d4cacb770176ea9e6a828', 'user_domain_id': 'default', 'system_scope': 'all', 'project_id': None, 'project_domain_id': None, 'roles': ['admin', 'member', 'reader'], 'is_admin_project': True, 'service_user_id': None, 'service_user_domain_id': None, 'service_project_id': None, 'service_project_domain_id': None, 'service_roles': []} {{(pid=82061) fill_context /opt/stack/keystone/keystone/server/flask/request_processing/middleware/auth_context.py:478}}
Aug 11 17:06:42.607890 dv-neutron-852885-1-hyperv devstack@keystone.service[82061]: DEBUG keystone.server.flask.request_processing.req_logging [None req-6a239529-7554-411e-8079-e9b61e0fc847 None admin] REQUEST_METHOD: `GET` {{(pid=82061) log_request_info /opt/stack/keystone/keystone/server/flask/request_processing/req_logging.py:27}}
Aug 11 17:06:42.608178 dv-neutron-852885-1-hyperv devstack@keystone.service[82061]: DEBUG keystone.server.flask.request_processing.req_logging [None req-6a239529-7554-411e-8079-e9b61e0fc847 None admin] SCRIPT_NAME: `/identity` {{(pid=82061) log_request_info /opt/stack/keystone/keystone/server/flask/request_processing/req_logging.py:28}}
Aug 11 17:06:42.608453 dv-neutron-852885-1-hyperv devstack@keystone.service[82061]: DEBUG keystone.server.flask.request_processing.req_logging [None req-6a239529-7554-411e-8079-e9b61e0fc847 None admin] PATH_INFO: `/v3/projects/58fc4294ea984f7ab743e2a35d56a60a` {{(pid=82061) log_request_info /opt/stack/keystone/keystone/server/flask/request_processing/req_logging.py:29}}
Aug 11 17:06:42.609949 dv-neutron-852885-1-hyperv devstack@keystone.service[82061]: DEBUG keystone.common.rbac_enforcer.enforcer [None req-6a239529-7554-411e-8079-e9b61e0fc847 None admin] RBAC: Authorizing `identity:get_project(project_id=58fc4294ea984f7ab743e2a35d56a60a)` {{(pid=82061) enforce_call /opt/stack/keystone/keystone/common/rbac_enforcer/enforcer.py:449}}
Aug 11 17:06:42.611621 dv-neutron-852885-1-hyperv devstack@keystone.service[82061]: DEBUG keystone.common.rbac_enforcer.enforcer [None req-6a239529-7554-411e-8079-e9b61e0fc847 None admin] RBAC: Authorization granted {{(pid=82061) enforce_call /opt/stack/keystone/keystone/common/rbac_enforcer/enforcer.py:457}}
Aug 11 17:06:42.613475 dv-neutron-852885-1-hyperv devstack@keystone.service[82061]: [pid: 82061|app: 0|req: 119/247] 10.222.0.48 () {56 vars in 1186 bytes} [Thu Aug 11 17:06:42 2022] GET /identity/v3/projects/58fc4294ea984f7ab743e2a35d56a60a => generated 302 bytes in 265 msecs (HTTP/1.1 200) 5 headers in 177 bytes (1 switches on core 0)
Aug 11 17:06:42.617207 dv-neutron-852885-1-hyperv devstack@keystone.service[82062]: DEBUG dbcounter [-] [82062] Writing DB stats keystone:SELECT=97,keystone:INSERT=3 {{(pid=82062) stat_writer /usr/local/lib/python3.8/dist-packages/dbcounter.py:114}}
Aug 11 17:06:42.619746 dv-neutron-852885-1-hyperv devstack@keystone.service[82061]: DEBUG keystone.server.flask.request_processing.middleware.auth_context [None req-6a239529-7554-411e-8079-e9b61e0fc847 None admin] Authenticating user token {{(pid=82061) process_request /usr/local/lib/python3.8/dist-packages/keystonemiddleware/auth_token/__init__.py:407}}
Aug 11 17:06:42.638203 dv-neutron-852885-1-hyperv devstack@keystone.service[82062]: DEBUG keystone.server.flask.request_processing.middleware.auth_context [None req-c930f795-24cc-4ec6-bff5-fd40a744317d None None] Validating token access rules against request {{(pid=82062) validate_allowed_request /usr/local/lib/python3.8/dist-packages/keystonemiddleware/auth_token/__init__.py:545}}
