Aug 23 08:16:47.470058 dv-neutron-852841-2-hyperv neutron-server[107253]: DEBUG neutron.plugins.ml2.drivers.mech_agent [None req-c3e7c008-3719-4478-87f0-e4ba63c0a8c2 tempest-PortsAdminExtendedAttrsTestJSON-1463989242 tempest-PortsAdminExtendedAttrsTestJSON-1463989242-project-admin] Port fdb61a53-ece5-46b1-830a-c54f0c26b02e on network 10ce447d-bf35-419a-b171-10aba4edf2c9 not bound, no agent of type Open vSwitch agent registered on host hv-neutron-8528 {{(pid=107253) bind_port /opt/stack/neutron/neutron/plugins/ml2/drivers/mech_agent.py:103}}
Aug 23 08:16:47.470606 dv-neutron-852841-2-hyperv neutron-server[107253]: ERROR neutron.plugins.ml2.managers [None req-c3e7c008-3719-4478-87f0-e4ba63c0a8c2 tempest-PortsAdminExtendedAttrsTestJSON-1463989242 tempest-PortsAdminExtendedAttrsTestJSON-1463989242-project-admin] Failed to bind port fdb61a53-ece5-46b1-830a-c54f0c26b02e on host hv-neutron-8528 for vnic_type normal using segments [{'id': 'c85445e0-06e4-4929-9e45-e25cdeb7f3f2', 'network_type': 'vlan', 'physical_network': 'physnet1', 'segmentation_id': 179, 'network_id': '10ce447d-bf35-419a-b171-10aba4edf2c9'}]
Aug 23 08:16:47.472916 dv-neutron-852841-2-hyperv neutron-server[107253]: INFO neutron.plugins.ml2.plugin [None req-c3e7c008-3719-4478-87f0-e4ba63c0a8c2 tempest-PortsAdminExtendedAttrsTestJSON-1463989242 tempest-PortsAdminExtendedAttrsTestJSON-1463989242-project-admin] Attempt 8 to bind port fdb61a53-ece5-46b1-830a-c54f0c26b02e
Aug 23 08:16:47.499841 dv-neutron-852841-2-hyperv neutron-server[107253]: DEBUG neutron.plugins.ml2.managers [None req-c3e7c008-3719-4478-87f0-e4ba63c0a8c2 tempest-PortsAdminExtendedAttrsTestJSON-1463989242 tempest-PortsAdminExtendedAttrsTestJSON-1463989242-project-admin] Attempting to bind port fdb61a53-ece5-46b1-830a-c54f0c26b02e on host hv-neutron-8528 for vnic_type normal with profile {{(pid=107253) bind_port /opt/stack/neutron/neutron/plugins/ml2/managers.py:810}}
Aug 23 08:16:47.500481 dv-neutron-852841-2-hyperv neutron-server[107253]: DEBUG neutron.plugins.ml2.managers [None req-c3e7c008-3719-4478-87f0-e4ba63c0a8c2 tempest-PortsAdminExtendedAttrsTestJSON-1463989242 tempest-PortsAdminExtendedAttrsTestJSON-1463989242-project-admin] Attempting to bind port fdb61a53-ece5-46b1-830a-c54f0c26b02e by drivers openvswitch,hyperv on host hv-neutron-8528 at level 0 using segments [{'id': 'c85445e0-06e4-4929-9e45-e25cdeb7f3f2', 'network_type': 'vlan', 'physical_network': 'physnet1', 'segmentation_id': 179, 'network_id': '10ce447d-bf35-419a-b171-10aba4edf2c9'}] {{(pid=107253) _bind_port_level /opt/stack/neutron/neutron/plugins/ml2/managers.py:835}}
Aug 23 08:16:47.501079 dv-neutron-852841-2-hyperv neutron-server[107253]: DEBUG neutron.plugins.ml2.drivers.mech_agent [None req-c3e7c008-3719-4478-87f0-e4ba63c0a8c2 tempest-PortsAdminExtendedAttrsTestJSON-1463989242 tempest-PortsAdminExtendedAttrsTestJSON-1463989242-project-admin] Attempting to bind port fdb61a53-ece5-46b1-830a-c54f0c26b02e on network 10ce447d-bf35-419a-b171-10aba4edf2c9 {{(pid=107253) bind_port /opt/stack/neutron/neutron/plugins/ml2/drivers/mech_agent.py:91}}
Aug 23 08:16:47.513819 dv-neutron-852841-2-hyperv neutron-server[107253]: DEBUG neutron.plugins.ml2.drivers.mech_agent [None req-c3e7c008-3719-4478-87f0-e4ba63c0a8c2 tempest-PortsAdminExtendedAttrsTestJSON-1463989242 tempest-PortsAdminExtendedAttrsTestJSON-1463989242-project-admin] Port fdb61a53-ece5-46b1-830a-c54f0c26b02e on network 10ce447d-bf35-419a-b171-10aba4edf2c9 not bound, no agent of type Open vSwitch agent registered on host hv-neutron-8528 {{(pid=107253) bind_port /opt/stack/neutron/neutron/plugins/ml2/drivers/mech_agent.py:103}}
Aug 23 08:16:47.514278 dv-neutron-852841-2-hyperv neutron-server[107253]: ERROR neutron.plugins.ml2.managers [None req-c3e7c008-3719-4478-87f0-e4ba63c0a8c2 tempest-PortsAdminExtendedAttrsTestJSON-1463989242 tempest-PortsAdminExtendedAttrsTestJSON-1463989242-project-admin] Failed to bind port fdb61a53-ece5-46b1-830a-c54f0c26b02e on host hv-neutron-8528 for vnic_type normal using segments [{'id': 'c85445e0-06e4-4929-9e45-e25cdeb7f3f2', 'network_type': 'vlan', 'physical_network': 'physnet1', 'segmentation_id': 179, 'network_id': '10ce447d-bf35-419a-b171-10aba4edf2c9'}]
Aug 23 08:16:47.516296 dv-neutron-852841-2-hyperv neutron-server[107253]: INFO neutron.plugins.ml2.plugin [None req-c3e7c008-3719-4478-87f0-e4ba63c0a8c2 tempest-PortsAdminExtendedAttrsTestJSON-1463989242 tempest-PortsAdminExtendedAttrsTestJSON-1463989242-project-admin] Attempt 9 to bind port fdb61a53-ece5-46b1-830a-c54f0c26b02e
Aug 23 08:16:47.535707 dv-neutron-852841-2-hyperv neutron-server[107253]: DEBUG neutron.plugins.ml2.managers [None req-c3e7c008-3719-4478-87f0-e4ba63c0a8c2 tempest-PortsAdminExtendedAttrsTestJSON-1463989242 tempest-PortsAdminExtendedAttrsTestJSON-1463989242-project-admin] Attempting to bind port fdb61a53-ece5-46b1-830a-c54f0c26b02e on host hv-neutron-8528 for vnic_type normal with profile {{(pid=107253) bind_port /opt/stack/neutron/neutron/plugins/ml2/managers.py:810}}
Aug 23 08:16:47.536584 dv-neutron-852841-2-hyperv neutron-server[107253]: DEBUG neutron.plugins.ml2.managers [None req-c3e7c008-3719-4478-87f0-e4ba63c0a8c2 tempest-PortsAdminExtendedAttrsTestJSON-1463989242 tempest-PortsAdminExtendedAttrsTestJSON-1463989242-project-admin] Attempting to bind port fdb61a53-ece5-46b1-830a-c54f0c26b02e by drivers openvswitch,hyperv on host hv-neutron-8528 at level 0 using segments [{'id': 'c85445e0-06e4-4929-9e45-e25cdeb7f3f2', 'network_type': 'vlan', 'physical_network': 'physnet1', 'segmentation_id': 179, 'network_id': '10ce447d-bf35-419a-b171-10aba4edf2c9'}] {{(pid=107253) _bind_port_level /opt/stack/neutron/neutron/plugins/ml2/managers.py:835}}
Aug 23 08:16:47.537120 dv-neutron-852841-2-hyperv neutron-server[107253]: DEBUG neutron.plugins.ml2.drivers.mech_agent [None req-c3e7c008-3719-4478-87f0-e4ba63c0a8c2 tempest-PortsAdminExtendedAttrsTestJSON-1463989242 tempest-PortsAdminExtendedAttrsTestJSON-1463989242-project-admin] Attempting to bind port fdb61a53-ece5-46b1-830a-c54f0c26b02e on network 10ce447d-bf35-419a-b171-10aba4edf2c9 {{(pid=107253) bind_port /opt/stack/neutron/neutron/plugins/ml2/drivers/mech_agent.py:91}}
Aug 23 08:16:47.542881 dv-neutron-852841-2-hyperv neutron-server[107253]: DEBUG dbcounter [-] [107253] Writing DB stats neutron:SELECT=84,neutron:DELETE=5,neutron:UPDATE=5,neutron:INSERT=6 {{(pid=107253) stat_writer /usr/local/lib/python3.8/dist-packages/dbcounter.py:114}}
Aug 23 08:16:47.548693 dv-neutron-852841-2-hyperv neutron-server[107253]: DEBUG neutron.plugins.ml2.drivers.mech_agent [None req-c3e7c008-3719-4478-87f0-e4ba63c0a8c2 tempest-PortsAdminExtendedAttrsTestJSON-1463989242 tempest-PortsAdminExtendedAttrsTestJSON-1463989242-project-admin] Port fdb61a53-ece5-46b1-830a-c54f0c26b02e on network 10ce447d-bf35-419a-b171-10aba4edf2c9 not bound, no agent of type Open vSwitch agent registered on host hv-neutron-8528 {{(pid=107253) bind_port /opt/stack/neutron/neutron/plugins/ml2/drivers/mech_agent.py:103}}
Aug 23 08:16:47.549216 dv-neutron-852841-2-hyperv neutron-server[107253]: ERROR neutron.plugins.ml2.managers [None req-c3e7c008-3719-4478-87f0-e4ba63c0a8c2 tempest-PortsAdminExtendedAttrsTestJSON-1463989242 tempest-PortsAdminExtendedAttrsTestJSON-1463989242-project-admin] Failed to bind port fdb61a53-ece5-46b1-830a-c54f0c26b02e on host hv-neutron-8528 for vnic_type normal using segments [{'id': 'c85445e0-06e4-4929-9e45-e25cdeb7f3f2', 'network_type': 'vlan', 'physical_network': 'physnet1', 'segmentation_id': 179, 'network_id': '10ce447d-bf35-419a-b171-10aba4edf2c9'}]
Aug 23 08:16:47.551024 dv-neutron-852841-2-hyperv neutron-server[107253]: INFO neutron.plugins.ml2.plugin [None req-c3e7c008-3719-4478-87f0-e4ba63c0a8c2 tempest-PortsAdminExtendedAttrsTestJSON-1463989242 tempest-PortsAdminExtendedAttrsTestJSON-1463989242-project-admin] Attempt 10 to bind port fdb61a53-ece5-46b1-830a-c54f0c26b02e
Aug 23 08:16:47.559853 dv-neutron-852841-2-hyperv neutron-server[107254]: DEBUG neutron.plugins.ml2.db [None req-35ebf2cd-a70e-4a73-bce6-0cf9d0316279 None None] For port c5ab89ed-5f60-46e9-ad82-c74973548a3f, host dv-neutron-852841-2-hyperv, got binding levels [PortBindingLevel(driver='openvswitch',host='dv-neutron-852841-2-hyperv',level=0,port_id=c5ab89ed-5f60-46e9-ad82-c74973548a3f,segment=NetworkSegment(a460d70c-102e-4e92-9753-a913bbaad641),segment_id=a460d70c-102e-4e92-9753-a913bbaad641)] {{(pid=107254) get_binding_level_objs /opt/stack/neutron/neutron/plugins/ml2/db.py:74}}
Aug 23 08:16:47.573646 dv-neutron-852841-2-hyperv neutron-server[107252]: DEBUG dbcounter [-] [107252] Writing DB stats neutron:SELECT=96,neutron:INSERT=4 {{(pid=107252) stat_writer /usr/local/lib/python3.8/dist-packages/dbcounter.py:114}}
Aug 23 08:16:47.594539 dv-neutron-852841-2-hyperv neutron-server[107252]: DEBUG neutron.scheduler.dhcp_agent_scheduler [None req-16e33a49-017f-4b71-b980-9c93c2f6ea5c admin admin] Network bddd7c0f-c352-43bc-a1fb-e88dc031f2b9 is already hosted by enough agents. {{(pid=107252) _get_dhcp_agents_hosting_network /opt/stack/neutron/neutron/scheduler/dhcp_agent_scheduler.py:275}}
Aug 23 08:16:47.606525 dv-neutron-852841-2-hyperv neutron-server[107254]: DEBUG neutron_lib.callbacks.manager [None req-35ebf2cd-a70e-4a73-bce6-0cf9d0316279 None None] Publish callbacks ['neutron.plugins.ml2.plugin.SecurityGroupServerNotifierRpcMixin._notify_sg_on_port_change-1549830', 'neutron.plugins.ml2.ovo_rpc._ObjectChangeHandler.handle_event-103912', 'neutron.api.rpc.agentnotifiers.dhcp_rpc_agent_api.DhcpAgentNotifyAPI._native_event_send_dhcp_notification-1602403', 'neutron.db.l3_db.L3RpcNotifierMixin._notify_gateway_port_ip_changed-8766956181122', 'neutron.db.l3_dvrscheduler_db._notify_l3_agent_port_update-8766955702586', 'neutron.db.l3_hascheduler_db._notify_l3_agent_ha_port_update-8766955702604'] for port (c5ab89ed-5f60-46e9-ad82-c74973548a3f), after_update {{(pid=107254) _notify_loop /usr/local/lib/python3.8/dist-packages/neutron_lib/callbacks/manager.py:176}}
Aug 23 08:16:47.607355 dv-neutron-852841-2-hyperv neutron-server[107254]: DEBUG neutron.plugins.ml2.rpc [None req-35ebf2cd-a70e-4a73-bce6-0cf9d0316279 None None] Device 399b1bb3-9017-425d-b529-b99243771e98 up at agent ovs-agent-dv-neutron-852841-2-hyperv {{(pid=107254) update_device_up /opt/stack/neutron/neutron/plugins/ml2/rpc.py:296}}
Aug 23 08:16:47.613715 dv-neutron-852841-2-hyperv neutron-server[107252]: DEBUG neutron.scheduler.base_scheduler [None req-16e33a49-017f-4b71-b980-9c93c2f6ea5c admin admin] Resources bound (agent type, host, resource id): {{(pid=107252) schedule /opt/stack/neutron/neutron/scheduler/base_scheduler.py:57}}
Aug 23 08:16:47.616272 dv-neutron-852841-2-hyperv neutron-server[107253]: DEBUG neutron.plugins.ml2.managers [None req-c3e7c008-3719-4478-87f0-e4ba63c0a8c2 tempest-PortsAdminExtendedAttrsTestJSON-1463989242 tempest-PortsAdminExtendedAttrsTestJSON-1463989242-project-admin] Attempting to bind port fdb61a53-ece5-46b1-830a-c54f0c26b02e on host hv-neutron-8528 for vnic_type normal with profile {{(pid=107253) bind_port /opt/stack/neutron/neutron/plugins/ml2/managers.py:810}}
Aug 23 08:16:47.616716 dv-neutron-852841-2-hyperv neutron-server[107252]: DEBUG neutron.plugins.ml2.drivers.helpers [None req-ae4fa1ee-09c4-41f5-b0b2-892bee624a0e tempest-ExternalNetworksTestJSON-1483937614 tempest-ExternalNetworksTestJSON-1483937614-project-admin] vlan segment allocate from pool success with {'vlan_id': 199, 'physical_network': 'physnet1'} {{(pid=107252) allocate_partially_specified_segment /opt/stack/neutron/neutron/plugins/ml2/drivers/helpers.py:153}}
Aug 23 08:16:47.621587 dv-neutron-852841-2-hyperv neutron-server[107253]: DEBUG neutron.plugins.ml2.managers [None req-c3e7c008-3719-4478-87f0-e4ba63c0a8c2 tempest-PortsAdminExtendedAttrsTestJSON-1463989242 tempest-PortsAdminExtendedAttrsTestJSON-1463989242-project-admin] Attempting to bind port fdb61a53-ece5-46b1-830a-c54f0c26b02e by drivers openvswitch,hyperv on host hv-neutron-8528 at level 0 using segments [{'id': 'c85445e0-06e4-4929-9e45-e25cdeb7f3f2', 'network_type': 'vlan', 'physical_network': 'physnet1', 'segmentation_id': 179, 'network_id': '10ce447d-bf35-419a-b171-10aba4edf2c9'}] {{(pid=107253) _bind_port_level /opt/stack/neutron/neutron/plugins/ml2/managers.py:835}}
Aug 23 08:16:47.621930 dv-neutron-852841-2-hyperv neutron-server[107253]: DEBUG neutron.plugins.ml2.drivers.mech_agent [None req-c3e7c008-3719-4478-87f0-e4ba63c0a8c2 tempest-PortsAdminExtendedAttrsTestJSON-1463989242 tempest-PortsAdminExtendedAttrsTestJSON-1463989242-project-admin] Attempting to bind port fdb61a53-ece5-46b1-830a-c54f0c26b02e on network 10ce447d-bf35-419a-b171-10aba4edf2c9 {{(pid=107253) bind_port /opt/stack/neutron/neutron/plugins/ml2/drivers/mech_agent.py:91}}
Aug 23 08:16:47.634215 dv-neutron-852841-2-hyperv neutron-server[107252]: DEBUG neutron.db.l3_dvrscheduler_db [None req-16e33a49-017f-4b71-b980-9c93c2f6ea5c admin admin] Received port after_create {{(pid=107252) _notify_l3_agent_new_port /opt/stack/neutron/neutron/db/l3_dvrscheduler_db.py:538}}
Aug 23 08:16:47.647438 dv-neutron-852841-2-hyperv neutron-server[107253]: DEBUG neutron_lib.callbacks.manager [None req-2afb82bb-56ff-4204-a4fd-512746f446a9 admin admin] Publish callbacks [] for security_group (0d29e171-4c68-4706-bf43-eee867924348), precommit_create {{(pid=107253) _notify_loop /usr/local/lib/python3.8/dist-packages/neutron_lib/callbacks/manager.py:176}}
Aug 23 08:16:47.648270 dv-neutron-852841-2-hyperv neutron-server[107252]: DEBUG neutron.api.rpc.handlers.resources_rpc [None req-16e33a49-017f-4b71-b980-9c93c2f6ea5c admin admin] Pushing event updated for resources: {'Port': ['ID=cf884ec1-4b63-443f-90c0-b474a6e49e46,revision_number=1']} {{(pid=107252) push /opt/stack/neutron/neutron/api/rpc/handlers/resources_rpc.py:237}}
Aug 23 08:16:47.648516 dv-neutron-852841-2-hyperv neutron-server[107253]: DEBUG neutron.plugins.ml2.drivers.mech_agent [None req-c3e7c008-3719-4478-87f0-e4ba63c0a8c2 tempest-PortsAdminExtendedAttrsTestJSON-1463989242 tempest-PortsAdminExtendedAttrsTestJSON-1463989242-project-admin] Port fdb61a53-ece5-46b1-830a-c54f0c26b02e on network 10ce447d-bf35-419a-b171-10aba4edf2c9 not bound, no agent of type Open vSwitch agent registered on host hv-neutron-8528 {{(pid=107253) bind_port /opt/stack/neutron/neutron/plugins/ml2/drivers/mech_agent.py:103}}
Aug 23 08:16:47.648837 dv-neutron-852841-2-hyperv neutron-server[107253]: ERROR neutron.plugins.ml2.managers [None req-c3e7c008-3719-4478-87f0-e4ba63c0a8c2 tempest-PortsAdminExtendedAttrsTestJSON-1463989242 tempest-PortsAdminExtendedAttrsTestJSON-1463989242-project-admin] Failed to bind port fdb61a53-ece5-46b1-830a-c54f0c26b02e on host hv-neutron-8528 for vnic_type normal using segments [{'id': 'c85445e0-06e4-4929-9e45-e25cdeb7f3f2', 'network_type': 'vlan', 'physical_network': 'physnet1', 'segmentation_id': 179, 'network_id': '10ce447d-bf35-419a-b171-10aba4edf2c9'}]
Aug 23 08:16:47.649214 dv-neutron-852841-2-hyperv neutron-server[107253]: DEBUG neutron_lib.callbacks.manager [None req-c3e7c008-3719-4478-87f0-e4ba63c0a8c2 tempest-PortsAdminExtendedAttrsTestJSON-1463989242 tempest-PortsAdminExtendedAttrsTestJSON-1463989242-project-admin] Publish callbacks ['neutron.plugins.ml2.plugin.SecurityGroupDbMixin._ensure_default_security_group_handler-1549897'] for port (fdb61a53-ece5-46b1-830a-c54f0c26b02e), before_update {{(pid=107253) _notify_loop /usr/local/lib/python3.8/dist-packages/neutron_lib/callbacks/manager.py:176}}
Aug 23 08:16:47.660031 dv-neutron-852841-2-hyperv neutron-server[107252]: INFO neutron.wsgi [None req-27b56567-07ee-4f4f-a34c-152e71621eb5 tempest-RoutersIpV6AdminTest-835874819 tempest-RoutersIpV6AdminTest-835874819-project-admin] 10.222.0.27 "POST /networking/v2.0/ports HTTP/1.1" status: 201 len: 1030 time: 2.2985792
Aug 23 08:16:47.664124 dv-neutron-852841-2-hyperv neutron-server[107253]: DEBUG neutron.wsgi [-] (107253) accepted ('10.222.0.27', 44862) {{(pid=107253) server /usr/local/lib/python3.8/dist-packages/eventlet/wsgi.py:1004}}
Aug 23 08:16:47.730860 dv-neutron-852841-2-hyperv neutron-server[107253]: DEBUG neutron_lib.callbacks.manager [None req-2afb82bb-56ff-4204-a4fd-512746f446a9 admin admin] Publish callbacks ['neutron.plugins.ml2.ovo_rpc._ObjectChangeHandler.handle_event-498862'] for security_group (0d29e171-4c68-4706-bf43-eee867924348), after_create {{(pid=107253) _notify_loop /usr/local/lib/python3.8/dist-packages/neutron_lib/callbacks/manager.py:176}}
Aug 23 08:16:47.758375 dv-neutron-852841-2-hyperv neutron-server[107254]: DEBUG dbcounter [-] [107254] Writing DB stats neutron:SELECT=99,neutron:UPDATE=1 {{(pid=107254) stat_writer /usr/local/lib/python3.8/dist-packages/dbcounter.py:114}}
Aug 23 08:16:47.764081 dv-neutron-852841-2-hyperv neutron-server[107253]: INFO neutron.wsgi [None req-2afb82bb-56ff-4204-a4fd-512746f446a9 admin admin] 10.222.0.27 "GET /networking/v2.0/security-groups?tenant_id=0b3c59deb5cf4ff2a8481aa8f014d1f3&name=default HTTP/1.1" status: 200 len: 2996 time: 0.5640666
Aug 23 08:16:47.768317 dv-neutron-852841-2-hyperv neutron-server[107254]: DEBUG neutron.plugins.ml2.plugin [None req-5076ad52-abc8-48f6-9f50-72e52a322849 None None] Current status of the port c5ab89ed-5f60-46e9-ad82-c74973548a3f is: ACTIVE; New status is: ACTIVE {{(pid=107254) _update_individual_port_db_status /opt/stack/neutron/neutron/plugins/ml2/plugin.py:2302}}
Aug 23 08:16:47.770141 dv-neutron-852841-2-hyperv neutron-server[107253]: DEBUG neutron.wsgi [-] (107253) accepted ('10.222.0.27', 44864) {{(pid=107253) server /usr/local/lib/python3.8/dist-packages/eventlet/wsgi.py:1004}}
Aug 23 08:16:47.781415 dv-neutron-852841-2-hyperv neutron-server[107254]: DEBUG neutron.api.rpc.handlers.resources_rpc [None req-35ebf2cd-a70e-4a73-bce6-0cf9d0316279 None None] Pushing event updated for resources: {'Port': ['ID=c5ab89ed-5f60-46e9-ad82-c74973548a3f,revision_number=3']} {{(pid=107254) push /opt/stack/neutron/neutron/api/rpc/handlers/resources_rpc.py:237}}
Aug 23 08:16:47.791566 dv-neutron-852841-2-hyperv neutron-server[107254]: DEBUG neutron.db.provisioning_blocks [None req-35ebf2cd-a70e-4a73-bce6-0cf9d0316279 None None] Provisioning complete for port 399b1bb3-9017-425d-b529-b99243771e98 triggered by entity L2. {{(pid=107254) provisioning_complete /opt/stack/neutron/neutron/db/provisioning_blocks.py:144}}
Aug 23 08:16:47.796447 dv-neutron-852841-2-hyperv neutron-server[107254]: DEBUG neutron_lib.callbacks.manager [None req-35ebf2cd-a70e-4a73-bce6-0cf9d0316279 None None] Publish callbacks ['neutron.plugins.ml2.plugin.Ml2Plugin._port_provisioned-1396988'] for port (399b1bb3-9017-425d-b529-b99243771e98), provisioning_complete {{(pid=107254) _notify_loop /usr/local/lib/python3.8/dist-packages/neutron_lib/callbacks/manager.py:176}}
Aug 23 08:16:47.887941 dv-neutron-852841-2-hyperv neutron-server[107252]: DEBUG neutron_lib.callbacks.manager [None req-ae4fa1ee-09c4-41f5-b0b2-892bee624a0e tempest-ExternalNetworksTestJSON-1483937614 tempest-ExternalNetworksTestJSON-1483937614-project-admin] Publish callbacks ['neutron.plugins.ml2.plugin.Ml2Plugin._handle_segment_change-1392713'] for segment (644494a5-c876-47b5-9560-57aa058eaff9), precommit_create {{(pid=107252) _notify_loop /usr/local/lib/python3.8/dist-packages/neutron_lib/callbacks/manager.py:176}}
Aug 23 08:16:47.888605 dv-neutron-852841-2-hyperv neutron-server[107252]: INFO neutron.db.segments_db [None req-ae4fa1ee-09c4-41f5-b0b2-892bee624a0e tempest-ExternalNetworksTestJSON-1483937614 tempest-ExternalNetworksTestJSON-1483937614-project-admin] Added segment 644494a5-c876-47b5-9560-57aa058eaff9 of type vlan for network c44f6506-41a0-4774-be32-5e36f95608af
Aug 23 08:16:47.901420 dv-neutron-852841-2-hyperv neutron-server[107253]: DEBUG neutron.plugins.ml2.plugin [None req-e272130f-e8c7-4b6b-9219-6b58b6fb7f48 tempest-RoutersIpV6AdminTest-835874819 tempest-RoutersIpV6AdminTest-835874819-project-admin] Deleting port d31a2e14-3d53-4607-8a9e-8b9a4420120c {{(pid=107253) _pre_delete_port /opt/stack/neutron/neutron/plugins/ml2/plugin.py:2047}}
Aug 23 08:16:47.901763 dv-neutron-852841-2-hyperv neutron-server[107253]: DEBUG neutron_lib.callbacks.manager [None req-e272130f-e8c7-4b6b-9219-6b58b6fb7f48 tempest-RoutersIpV6AdminTest-835874819 tempest-RoutersIpV6AdminTest-835874819-project-admin] Publish callbacks ['neutron.db.l3_db.L3_NAT_dbonly_mixin._prevent_l3_port_delete_callback-8766956180206'] for port (d31a2e14-3d53-4607-8a9e-8b9a4420120c), before_delete {{(pid=107253) _notify_loop /usr/local/lib/python3.8/dist-packages/neutron_lib/callbacks/manager.py:176}}
Aug 23 08:16:47.907759 dv-neutron-852841-2-hyperv neutron-server[107254]: DEBUG neutron.db.provisioning_blocks [None req-2d121008-fd0b-4e7a-b276-8ac4c331fecd None None] Provisioning complete for port c5ab89ed-5f60-46e9-ad82-c74973548a3f triggered by entity DHCP. {{(pid=107254) provisioning_complete /opt/stack/neutron/neutron/db/provisioning_blocks.py:144}}
Aug 23 08:16:47.908237 dv-neutron-852841-2-hyperv neutron-server[107254]: DEBUG neutron_lib.callbacks.manager [None req-2d121008-fd0b-4e7a-b276-8ac4c331fecd None None] Publish callbacks ['neutron.plugins.ml2.plugin.Ml2Plugin._port_provisioned-1396988'] for port (c5ab89ed-5f60-46e9-ad82-c74973548a3f), provisioning_complete {{(pid=107254) _notify_loop /usr/local/lib/python3.8/dist-packages/neutron_lib/callbacks/manager.py:176}}
Aug 23 08:16:47.933859 dv-neutron-852841-2-hyperv neutron-server[107254]: DEBUG neutron.plugins.ml2.plugin [None req-35ebf2cd-a70e-4a73-bce6-0cf9d0316279 None None] Current status of the port 399b1bb3-9017-425d-b529-b99243771e98 is: ACTIVE; New status is: ACTIVE {{(pid=107254) _update_individual_port_db_status /opt/stack/neutron/neutron/plugins/ml2/plugin.py:2302}}
Aug 23 08:16:47.935080 dv-neutron-852841-2-hyperv neutron-server[107254]: DEBUG neutron.plugins.ml2.rpc [None req-35ebf2cd-a70e-4a73-bce6-0cf9d0316279 None None] Device 950ba127-2c52-474d-b58e-2f204bae9973 up at agent ovs-agent-dv-neutron-852841-2-hyperv {{(pid=107254) update_device_up /opt/stack/neutron/neutron/plugins/ml2/rpc.py:296}}
Aug 23 08:16:47.995602 dv-neutron-852841-2-hyperv neutron-server[107253]: DEBUG neutron_lib.callbacks.manager [None req-e272130f-e8c7-4b6b-9219-6b58b6fb7f48 tempest-RoutersIpV6AdminTest-835874819 tempest-RoutersIpV6AdminTest-835874819-project-admin] Publish callbacks ['neutron.services.l3_router.l3_router_plugin.L3_NAT_dbonly_mixin._precommit_delete_port_callback-481423'] for port (d31a2e14-3d53-4607-8a9e-8b9a4420120c), precommit_delete {{(pid=107253) _notify_loop /usr/local/lib/python3.8/dist-packages/neutron_lib/callbacks/manager.py:176}}
Aug 23 08:16:47.995871 dv-neutron-852841-2-hyperv neutron-server[107254]: DEBUG neutron.db.provisioning_blocks [None req-35ebf2cd-a70e-4a73-bce6-0cf9d0316279 None None] Provisioning complete for port 950ba127-2c52-474d-b58e-2f204bae9973 triggered by entity L2. {{(pid=107254) provisioning_complete /opt/stack/neutron/neutron/db/provisioning_blocks.py:144}}
Aug 23 08:16:47.995871 dv-neutron-852841-2-hyperv neutron-server[107254]: DEBUG neutron_lib.callbacks.manager [None req-35ebf2cd-a70e-4a73-bce6-0cf9d0316279 None None] Publish callbacks ['neutron.plugins.ml2.plugin.Ml2Plugin._port_provisioned-1396988'] for port (950ba127-2c52-474d-b58e-2f204bae9973), provisioning_complete {{(pid=107254) _notify_loop /usr/local/lib/python3.8/dist-packages/neutron_lib/callbacks/manager.py:176}}
Aug 23 08:16:48.007550 dv-neutron-852841-2-hyperv neutron-server[107253]: DEBUG neutron.plugins.ml2.plugin [None req-e272130f-e8c7-4b6b-9219-6b58b6fb7f48 tempest-RoutersIpV6AdminTest-835874819 tempest-RoutersIpV6AdminTest-835874819-project-admin] Calling delete_port for d31a2e14-3d53-4607-8a9e-8b9a4420120c owned by {{(pid=107253) delete_port /opt/stack/neutron/neutron/plugins/ml2/plugin.py:2126}}
Aug 23 08:16:48.033321 dv-neutron-852841-2-hyperv neutron-server[107253]: DEBUG neutron.api.rpc.handlers.resources_rpc [None req-2afb82bb-56ff-4204-a4fd-512746f446a9 admin admin] Pushing event updated for resources: {'SecurityGroup': ['ID=0d29e171-4c68-4706-bf43-eee867924348,revision_number=1']} {{(pid=107253) push /opt/stack/neutron/neutron/api/rpc/handlers/resources_rpc.py:237}}
Aug 23 08:16:48.057582 dv-neutron-852841-2-hyperv neutron-server[107252]: DEBUG neutron_lib.callbacks.manager [None req-688cb8ac-7596-4db7-88a5-bcc743cb2acd admin admin] Publish callbacks ['neutron.services.l3_router.l3_router_plugin.L3_HA_NAT_db_mixin._after_router_create-499748', 'neutron.services.l3_router.l3_router_plugin.DVRResourceOperationHandler._create_snat_interfaces_after_change-500893'] for router (44a5ed0f-50c4-4b92-b6af-000d3c9ca192), after_create {{(pid=107252) _notify_loop /usr/local/lib/python3.8/dist-packages/neutron_lib/callbacks/manager.py:176}}
Aug 23 08:16:48.058155 dv-neutron-852841-2-hyperv neutron-server[107254]: DEBUG neutron.plugins.ml2.plugin [None req-2d121008-fd0b-4e7a-b276-8ac4c331fecd None None] Current status of the port c5ab89ed-5f60-46e9-ad82-c74973548a3f is: ACTIVE; New status is: ACTIVE {{(pid=107254) _update_individual_port_db_status /opt/stack/neutron/neutron/plugins/ml2/plugin.py:2302}}
Aug 23 08:16:48.063355 dv-neutron-852841-2-hyperv neutron-server[107252]: DEBUG neutron_lib.callbacks.manager [None req-ae4fa1ee-09c4-41f5-b0b2-892bee624a0e tempest-ExternalNetworksTestJSON-1483937614 tempest-ExternalNetworksTestJSON-1483937614-project-admin] Publish callbacks ['neutron.services.auto_allocate.db._ensure_external_network_default_value_callback-8766955724391'] for network (c44f6506-41a0-4774-be32-5e36f95608af), precommit_create {{(pid=107252) _notify_loop /usr/local/lib/python3.8/dist-packages/neutron_lib/callbacks/manager.py:176}}
Aug 23 08:16:48.097653 dv-neutron-852841-2-hyperv neutron-server[107253]: DEBUG neutron.plugins.ml2.db [None req-c3e7c008-3719-4478-87f0-e4ba63c0a8c2 tempest-PortsAdminExtendedAttrsTestJSON-1463989242 tempest-PortsAdminExtendedAttrsTestJSON-1463989242-project-admin] For port fdb61a53-ece5-46b1-830a-c54f0c26b02e, host hv-neutron-8528, cleared binding levels {{(pid=107253) clear_binding_levels /opt/stack/neutron/neutron/plugins/ml2/db.py:87}}
Aug 23 08:16:48.098025 dv-neutron-852841-2-hyperv neutron-server[107253]: DEBUG neutron.plugins.ml2.db [None req-c3e7c008-3719-4478-87f0-e4ba63c0a8c2 tempest-PortsAdminExtendedAttrsTestJSON-1463989242 tempest-PortsAdminExtendedAttrsTestJSON-1463989242-project-admin] Attempted to set empty binding levels {{(pid=107253) set_binding_levels /opt/stack/neutron/neutron/plugins/ml2/db.py:65}}
Aug 23 08:16:48.111382 dv-neutron-852841-2-hyperv neutron-server[107254]: DEBUG neutron.plugins.ml2.plugin [None req-35ebf2cd-a70e-4a73-bce6-0cf9d0316279 None None] Current status of the port 950ba127-2c52-474d-b58e-2f204bae9973 is: ACTIVE; New status is: ACTIVE {{(pid=107254) _update_individual_port_db_status /opt/stack/neutron/neutron/plugins/ml2/plugin.py:2302}}
Aug 23 08:16:48.142330 dv-neutron-852841-2-hyperv neutron-server[107253]: DEBUG neutron.wsgi [-] (107253) accepted ('10.222.0.27', 44868) {{(pid=107253) server /usr/local/lib/python3.8/dist-packages/eventlet/wsgi.py:1004}}
Aug 23 08:16:48.144315 dv-neutron-852841-2-hyperv neutron-server[107253]: DEBUG dbcounter [-] [107253] Writing DB stats neutron:SELECT=93,neutron:INSERT=6,neutron:UPDATE=1 {{(pid=107253) stat_writer /usr/local/lib/python3.8/dist-packages/dbcounter.py:114}}
Aug 23 08:16:48.154110 dv-neutron-852841-2-hyperv neutron-server[107253]: DEBUG neutron_lib.callbacks.manager [None req-c3e7c008-3719-4478-87f0-e4ba63c0a8c2 tempest-PortsAdminExtendedAttrsTestJSON-1463989242 tempest-PortsAdminExtendedAttrsTestJSON-1463989242-project-admin] Publish callbacks ['neutron.plugins.ml2.plugin.SecurityGroupServerNotifierRpcMixin._notify_sg_on_port_change-1549830', 'neutron.plugins.ml2.ovo_rpc._ObjectChangeHandler.handle_event-103912', 'neutron.api.rpc.agentnotifiers.dhcp_rpc_agent_api.DhcpAgentNotifyAPI._native_event_send_dhcp_notification-1602403', 'neutron.db.l3_db.L3RpcNotifierMixin._notify_gateway_port_ip_changed-8766956181122', 'neutron.db.l3_dvrscheduler_db._notify_l3_agent_port_update-8766955702586', 'neutron.db.l3_hascheduler_db._notify_l3_agent_ha_port_update-8766955702604', 'neutron.services.segments.plugin.NovaSegmentNotifier._notify_port_updated-5821270'] for port (fdb61a53-ece5-46b1-830a-c54f0c26b02e), after_update {{(pid=107253) _notify_loop /usr/local/lib/python3.8/dist-packages/neutron_lib/callbacks/manager.py:176}}
Aug 23 08:16:48.155736 dv-neutron-852841-2-hyperv neutron-server[107253]: DEBUG neutron.pecan_wsgi.hooks.policy_enforcement [None req-c3e7c008-3719-4478-87f0-e4ba63c0a8c2 tempest-PortsAdminExtendedAttrsTestJSON-1463989242 tempest-PortsAdminExtendedAttrsTestJSON-1463989242-project-admin] Attributes excluded by policy engine: ['standard_attr_id'] {{(pid=107253) _exclude_attributes_by_policy /opt/stack/neutron/neutron/pecan_wsgi/hooks/policy_enforcement.py:259}}
Aug 23 08:16:48.156415 dv-neutron-852841-2-hyperv neutron-server[107253]: DEBUG neutron_lib.callbacks.manager [None req-c3e7c008-3719-4478-87f0-e4ba63c0a8c2 tempest-PortsAdminExtendedAttrsTestJSON-1463989242 tempest-PortsAdminExtendedAttrsTestJSON-1463989242-project-admin] Publish callbacks ['neutron.notifiers.nova.Notifier._send_nova_notification-168103'] for port (None), before_response {{(pid=107253) _notify_loop /usr/local/lib/python3.8/dist-packages/neutron_lib/callbacks/manager.py:176}}
Aug 23 08:16:48.212911 dv-neutron-852841-2-hyperv neutron-server[107253]: DEBUG neutron_lib.callbacks.manager [None req-d1da5d50-7a65-4b2f-a0ce-fe9dddf9df7c admin admin] Publish callbacks [] for security_group (0d29e171-4c68-4706-bf43-eee867924348), before_delete {{(pid=107253) _notify_loop /usr/local/lib/python3.8/dist-packages/neutron_lib/callbacks/manager.py:176}}
Aug 23 08:16:48.234514 dv-neutron-852841-2-hyperv neutron-server[107253]: DEBUG neutron_lib.callbacks.manager [None req-d1da5d50-7a65-4b2f-a0ce-fe9dddf9df7c admin admin] Publish callbacks [] for security_group (0d29e171-4c68-4706-bf43-eee867924348), precommit_delete {{(pid=107253) _notify_loop /usr/local/lib/python3.8/dist-packages/neutron_lib/callbacks/manager.py:176}}
Aug 23 08:16:48.248649 dv-neutron-852841-2-hyperv neutron-server[107253]: INFO neutron.wsgi [None req-c3e7c008-3719-4478-87f0-e4ba63c0a8c2 tempest-PortsAdminExtendedAttrsTestJSON-1463989242 tempest-PortsAdminExtendedAttrsTestJSON-1463989242-project-admin] 10.222.0.27 "POST /networking/v2.0/ports HTTP/1.1" status: 201 len: 982 time: 4.1915686
Aug 23 08:16:48.254232 dv-neutron-852841-2-hyperv neutron-server[107252]: DEBUG neutron.wsgi [-] (107252) accepted ('10.222.0.27', 44872) {{(pid=107252) server /usr/local/lib/python3.8/dist-packages/eventlet/wsgi.py:1004}}
Aug 23 08:16:48.294186 dv-neutron-852841-2-hyperv neutron-server[107252]: DEBUG dbcounter [-] [107252] Writing DB stats neutron:SELECT=89,neutron:INSERT=6,neutron:DELETE=2,neutron:UPDATE=3 {{(pid=107252) stat_writer /usr/local/lib/python3.8/dist-packages/dbcounter.py:114}}
Aug 23 08:16:48.313797 dv-neutron-852841-2-hyperv neutron-server[107253]: DEBUG neutron.api.rpc.handlers.resources_rpc [None req-c3e7c008-3719-4478-87f0-e4ba63c0a8c2 tempest-PortsAdminExtendedAttrsTestJSON-1463989242 tempest-PortsAdminExtendedAttrsTestJSON-1463989242-project-admin] Pushing event updated for resources: {'Port': ['ID=fdb61a53-ece5-46b1-830a-c54f0c26b02e,revision_number=2']} {{(pid=107253) push /opt/stack/neutron/neutron/api/rpc/handlers/resources_rpc.py:237}}
Aug 23 08:16:48.321662 dv-neutron-852841-2-hyperv neutron-server[107253]: DEBUG dbcounter [-] [107253] Writing DB stats neutron:SELECT=96,neutron:UPDATE=1,neutron:DELETE=3 {{(pid=107253) stat_writer /usr/local/lib/python3.8/dist-packages/dbcounter.py:114}}
Aug 23 08:16:48.325890 dv-neutron-852841-2-hyperv neutron-server[107253]: DEBUG neutron_lib.callbacks.manager [None req-3f029760-05bf-47e9-9138-2100e9b6259b admin admin] Publish callbacks [] for security_group (None), before_create {{(pid=107253) _notify_loop /usr/local/lib/python3.8/dist-packages/neutron_lib/callbacks/manager.py:176}}
Aug 23 08:16:48.335943 dv-neutron-852841-2-hyperv neutron-server[107252]: DEBUG neutron_lib.callbacks.manager [None req-ae4fa1ee-09c4-41f5-b0b2-892bee624a0e tempest-ExternalNetworksTestJSON-1483937614 tempest-ExternalNetworksTestJSON-1483937614-project-admin] Publish callbacks ['neutron.plugins.ml2.ovo_rpc._ObjectChangeHandler.handle_event-498905', 'neutron.api.rpc.agentnotifiers.dhcp_rpc_agent_api.DhcpAgentNotifyAPI._native_event_send_dhcp_notification-1602403'] for network (c44f6506-41a0-4774-be32-5e36f95608af), after_create {{(pid=107252) _notify_loop /usr/local/lib/python3.8/dist-packages/neutron_lib/callbacks/manager.py:176}}
Aug 23 08:16:48.336932 dv-neutron-852841-2-hyperv neutron-server[107252]: DEBUG neutron.pecan_wsgi.hooks.policy_enforcement [None req-ae4fa1ee-09c4-41f5-b0b2-892bee624a0e tempest-ExternalNetworksTestJSON-1483937614 tempest-ExternalNetworksTestJSON-1483937614-project-admin] Attributes excluded by policy engine: ['standard_attr_id', 'vlan_transparent'] {{(pid=107252) _exclude_attributes_by_policy /opt/stack/neutron/neutron/pecan_wsgi/hooks/policy_enforcement.py:259}}
Aug 23 08:16:48.340295 dv-neutron-852841-2-hyperv neutron-server[107252]: DEBUG neutron_lib.callbacks.manager [None req-ae4fa1ee-09c4-41f5-b0b2-892bee624a0e tempest-ExternalNetworksTestJSON-1483937614 tempest-ExternalNetworksTestJSON-1483937614-project-admin] Publish callbacks ['neutron.api.rpc.agentnotifiers.dhcp_rpc_agent_api.DhcpAgentNotifyAPI._send_dhcp_notification-1602381'] for network (None), before_response {{(pid=107252) _notify_loop /usr/local/lib/python3.8/dist-packages/neutron_lib/callbacks/manager.py:176}}
Aug 23 08:16:48.365178 dv-neutron-852841-2-hyperv neutron-server[107252]: DEBUG neutron_lib.callbacks.manager [None req-a6dc8e03-2665-414a-889a-ccb3530d1c5d admin admin] Publish callbacks ['neutron.services.l3_router.l3_router_plugin.L3_HA_NAT_db_mixin._after_router_create-499748', 'neutron.services.l3_router.l3_router_plugin.DVRResourceOperationHandler._create_snat_interfaces_after_change-500893'] for router (7e7b4afa-2cdb-4ee9-ba5d-b9d1928a2e2d), after_create {{(pid=107252) _notify_loop /usr/local/lib/python3.8/dist-packages/neutron_lib/callbacks/manager.py:176}}
Aug 23 08:16:48.403882 dv-neutron-852841-2-hyperv neutron-server[107253]: DEBUG neutron_lib.callbacks.manager [None req-d1da5d50-7a65-4b2f-a0ce-fe9dddf9df7c admin admin] Publish callbacks ['neutron.plugins.ml2.ovo_rpc._ObjectChangeHandler.handle_event-498862'] for security_group (0d29e171-4c68-4706-bf43-eee867924348), after_delete {{(pid=107253) _notify_loop /usr/local/lib/python3.8/dist-packages/neutron_lib/callbacks/manager.py:176}}
Aug 23 08:16:48.406849 dv-neutron-852841-2-hyperv neutron-server[107253]: DEBUG neutron_lib.callbacks.manager [None req-d1da5d50-7a65-4b2f-a0ce-fe9dddf9df7c admin admin] Publish callbacks [] for security_group (None), before_response {{(pid=107253) _notify_loop /usr/local/lib/python3.8/dist-packages/neutron_lib/callbacks/manager.py:176}}
Aug 23 08:16:48.410501 dv-neutron-852841-2-hyperv neutron-server[107253]: INFO neutron.wsgi [None req-d1da5d50-7a65-4b2f-a0ce-fe9dddf9df7c admin admin] 10.222.0.27 "DELETE /networking/v2.0/security-groups/0d29e171-4c68-4706-bf43-eee867924348 HTTP/1.1" status: 204 len: 168 time: 0.6130338
Aug 23 08:16:48.431809 dv-neutron-852841-2-hyperv neutron-server[107253]: DEBUG neutron_lib.callbacks.manager [None req-e272130f-e8c7-4b6b-9219-6b58b6fb7f48 tempest-RoutersIpV6AdminTest-835874819 tempest-RoutersIpV6AdminTest-835874819-project-admin] Publish callbacks ['neutron.plugins.ml2.plugin.SecurityGroupServerNotifierRpcMixin._notify_sg_on_port_change-1549830', 'neutron.plugins.ml2.ovo_rpc._ObjectChangeHandler.handle_event-103912', 'neutron.api.rpc.agentnotifiers.dhcp_rpc_agent_api.DhcpAgentNotifyAPI._native_event_send_dhcp_notification-1602403', 'neutron.db.l3_db.L3RpcNotifierMixin._notify_routers_callback-8766956181140', 'neutron.db.l3_dvrscheduler_db._notify_port_delete-8766955702577', 'neutron.services.segments.plugin.NovaSegmentNotifier._notify_port_created_or_deleted-5821263'] for port (d31a2e14-3d53-4607-8a9e-8b9a4420120c), after_delete {{(pid=107253) _notify_loop /usr/local/lib/python3.8/dist-packages/neutron_lib/callbacks/manager.py:176}}
Aug 23 08:16:48.438702 dv-neutron-852841-2-hyperv neutron-server[107253]: DEBUG neutron.api.rpc.handlers.resources_rpc [None req-d1da5d50-7a65-4b2f-a0ce-fe9dddf9df7c admin admin] Pushing event deleted for resources: {'SecurityGroup': ['ID=0d29e171-4c68-4706-bf43-eee867924348,revision_number=None']} {{(pid=107253) push /opt/stack/neutron/neutron/api/rpc/handlers/resources_rpc.py:237}}
Aug 23 08:16:48.474011 dv-neutron-852841-2-hyperv neutron-server[107253]: DEBUG neutron.api.rpc.handlers.resources_rpc [None req-e272130f-e8c7-4b6b-9219-6b58b6fb7f48 tempest-RoutersIpV6AdminTest-835874819 tempest-RoutersIpV6AdminTest-835874819-project-admin] Pushing event deleted for resources: {'Port': ['ID=d31a2e14-3d53-4607-8a9e-8b9a4420120c,revision_number=None']} {{(pid=107253) push /opt/stack/neutron/neutron/api/rpc/handlers/resources_rpc.py:237}}
Aug 23 08:16:48.508152 dv-neutron-852841-2-hyperv neutron-server[107252]: INFO neutron.wsgi [None req-ae4fa1ee-09c4-41f5-b0b2-892bee624a0e tempest-ExternalNetworksTestJSON-1483937614 tempest-ExternalNetworksTestJSON-1483937614-project-admin] 10.222.0.27 "POST /networking/v2.0/networks HTTP/1.1" status: 201 len: 836 time: 1.8554618
Aug 23 08:16:48.513547 dv-neutron-852841-2-hyperv neutron-server[107253]: DEBUG neutron.wsgi [-] (107253) accepted ('10.222.0.27', 44876) {{(pid=107253) server /usr/local/lib/python3.8/dist-packages/eventlet/wsgi.py:1004}}
Aug 23 08:16:48.516041 dv-neutron-852841-2-hyperv neutron-server[107253]: DEBUG neutron_lib.callbacks.manager [None req-e272130f-e8c7-4b6b-9219-6b58b6fb7f48 tempest-RoutersIpV6AdminTest-835874819 tempest-RoutersIpV6AdminTest-835874819-project-admin] Publish callbacks ['neutron.notifiers.nova.Notifier._send_nova_notification-168103'] for port (None), before_response {{(pid=107253) _notify_loop /usr/local/lib/python3.8/dist-packages/neutron_lib/callbacks/manager.py:176}}
Aug 23 08:16:48.519300 dv-neutron-852841-2-hyperv neutron-server[107253]: INFO neutron.wsgi [None req-e272130f-e8c7-4b6b-9219-6b58b6fb7f48 tempest-RoutersIpV6AdminTest-835874819 tempest-RoutersIpV6AdminTest-835874819-project-admin] 10.222.0.27 "DELETE /networking/v2.0/ports/d31a2e14-3d53-4607-8a9e-8b9a4420120c HTTP/1.1" status: 204 len: 168 time: 0.8535318
Aug 23 08:16:48.528312 dv-neutron-852841-2-hyperv neutron-server[107253]: DEBUG neutron.wsgi [-] (107253) accepted ('10.222.0.27', 44878) {{(pid=107253) server /usr/local/lib/python3.8/dist-packages/eventlet/wsgi.py:1004}}
Aug 23 08:16:48.531893 dv-neutron-852841-2-hyperv neutron-server[107253]: DEBUG neutron.api.v2.base [None req-d74260ae-4a17-4adc-b029-010eeb2012e6 tempest-ExternalNetworksTestJSON-1483937614 tempest-ExternalNetworksTestJSON-1483937614-project-admin] Request body: {'subnet': {'network_id': 'c44f6506-41a0-4774-be32-5e36f95608af', 'cidr': '172.20.0.0/28', 'ip_version': 4, 'gateway_ip': '172.20.0.1', 'enable_dhcp': False}} {{(pid=107253) prepare_request_body /opt/stack/neutron/neutron/api/v2/base.py:730}}
Aug 23 08:16:48.571633 dv-neutron-852841-2-hyperv neutron-server[107252]: DEBUG neutron.api.rpc.handlers.resources_rpc [None req-ae4fa1ee-09c4-41f5-b0b2-892bee624a0e tempest-ExternalNetworksTestJSON-1483937614 tempest-ExternalNetworksTestJSON-1483937614-project-admin] Pushing event updated for resources: {'Network': ['ID=c44f6506-41a0-4774-be32-5e36f95608af,revision_number=1']} {{(pid=107252) push /opt/stack/neutron/neutron/api/rpc/handlers/resources_rpc.py:237}}
Aug 23 08:16:48.581699 dv-neutron-852841-2-hyperv neutron-server[107254]: DEBUG neutron.plugins.ml2.rpc [None req-35ebf2cd-a70e-4a73-bce6-0cf9d0316279 None None] Network c44f6506-41a0-4774-be32-5e36f95608af details requested by agent ovs-agent-dv-neutron-852841-2-hyperv with host dv-neutron-852841-2-hyperv {{(pid=107254) get_network_details /opt/stack/neutron/neutron/plugins/ml2/rpc.py:248}}
Aug 23 08:16:48.602038 dv-neutron-852841-2-hyperv neutron-server[107254]: DEBUG dbcounter [-] [107254] Writing DB stats neutron:SELECT=99,neutron:UPDATE=1 {{(pid=107254) stat_writer /usr/local/lib/python3.8/dist-packages/dbcounter.py:114}}
Aug 23 08:16:48.629989 dv-neutron-852841-2-hyperv neutron-server[107252]: DEBUG dbcounter [-] [107252] Writing DB stats neutron:SELECT=95,neutron:UPDATE=2,neutron:INSERT=1,neutron:DELETE=2 {{(pid=107252) stat_writer /usr/local/lib/python3.8/dist-packages/dbcounter.py:114}}
Aug 23 08:16:48.631881 dv-neutron-852841-2-hyperv neutron-server[107252]: DEBUG neutron_lib.callbacks.manager [None req-16e33a49-017f-4b71-b980-9c93c2f6ea5c admin admin] Publish callbacks [] for router_gateway (c6beb34f-ea95-4fdd-b780-9a8d9685b4cb), after_create {{(pid=107252) _notify_loop /usr/local/lib/python3.8/dist-packages/neutron_lib/callbacks/manager.py:176}}
Aug 23 08:16:48.634341 dv-neutron-852841-2-hyperv neutron-server[107252]: DEBUG neutron.plugins.ml2.plugin [None req-e8abae0f-0f21-412f-b29d-74e677dd2242 tempest-PortsAdminExtendedAttrsTestJSON-1463989242 tempest-PortsAdminExtendedAttrsTestJSON-1463989242-project-admin] Deleting port fdb61a53-ece5-46b1-830a-c54f0c26b02e {{(pid=107252) _pre_delete_port /opt/stack/neutron/neutron/plugins/ml2/plugin.py:2047}}
Aug 23 08:16:48.634962 dv-neutron-852841-2-hyperv neutron-server[107252]: DEBUG neutron_lib.callbacks.manager [None req-e8abae0f-0f21-412f-b29d-74e677dd2242 tempest-PortsAdminExtendedAttrsTestJSON-1463989242 tempest-PortsAdminExtendedAttrsTestJSON-1463989242-project-admin] Publish callbacks ['neutron.db.l3_db.L3_NAT_dbonly_mixin._prevent_l3_port_delete_callback-8766956180206'] for port (fdb61a53-ece5-46b1-830a-c54f0c26b02e), before_delete {{(pid=107252) _notify_loop /usr/local/lib/python3.8/dist-packages/neutron_lib/callbacks/manager.py:176}}
Aug 23 08:16:48.655512 dv-neutron-852841-2-hyperv neutron-server[107253]: DEBUG neutron.api.v2.base [None req-9068ee81-d50a-4eb3-bcb3-b9ca6f01d4f6 tempest-RoutersIpV6AdminTest-835874819 tempest-RoutersIpV6AdminTest-835874819-project-admin] Request body: {'router': {'external_gateway_info': {'network_id': 'd1fd750c-1b82-4be6-8f4d-759e5575549e', 'external_fixed_ips': [{'subnet_id': '03839d07-8a6f-45a1-ae98-579b974f03f5', 'ip_address': '2001:db8::27e'}]}}} {{(pid=107253) prepare_request_body /opt/stack/neutron/neutron/api/v2/base.py:730}}
Aug 23 08:16:48.661490 dv-neutron-852841-2-hyperv neutron-server[107253]: INFO neutron.services.segments.plugin [-] Segment 648fc5e8-4f60-4c18-a19f-fa3925dc2567 resource provider aggregate not found
Aug 23 08:16:48.705978 dv-neutron-852841-2-hyperv neutron-server[107253]: INFO neutron.services.segments.plugin [-] Segment 648fc5e8-4f60-4c18-a19f-fa3925dc2567 resource provider not found; error: Placement Client Error (4xx): {"errors": [{"status": 404, "title": "Not Found", "detail": "The resource could not be found.\n\n No resource provider with uuid 648fc5e8-4f60-4c18-a19f-fa3925dc2567 found for delete ", "request_id": "req-942662ab-0a9e-471d-8b3c-3aa9a9dd357d"}]}
Aug 23 08:16:48.712661 dv-neutron-852841-2-hyperv neutron-server[107253]: DEBUG neutron.pecan_wsgi.hooks.quota_enforcement [None req-d74260ae-4a17-4adc-b029-010eeb2012e6 tempest-ExternalNetworksTestJSON-1483937614 tempest-ExternalNetworksTestJSON-1483937614-project-admin] Made reservation on behalf of f8f46b1abb0c42ceb4b3ce9999290f56 for: {'subnet': 1} {{(pid=107253) before /opt/stack/neutron/neutron/pecan_wsgi/hooks/quota_enforcement.py:53}}
Aug 23 08:16:48.715101 dv-neutron-852841-2-hyperv neutron-server[107253]: DEBUG neutron_lib.callbacks.manager [None req-d74260ae-4a17-4adc-b029-010eeb2012e6 tempest-ExternalNetworksTestJSON-1483937614 tempest-ExternalNetworksTestJSON-1483937614-project-admin] Publish callbacks ['neutron.services.segments.plugin.SegmentHostRoutes.host_routes_before_create-6221310'] for subnet (None), before_create {{(pid=107253) _notify_loop /usr/local/lib/python3.8/dist-packages/neutron_lib/callbacks/manager.py:176}}
Aug 23 08:16:48.738360 dv-neutron-852841-2-hyperv neutron-server[107253]: INFO neutron.services.segments.plugin [-] Segment c0be68b5-758d-4b14-8c16-41bab6f48da3 resource provider aggregate not found
Aug 23 08:16:48.744834 dv-neutron-852841-2-hyperv neutron-server[107253]: DEBUG neutron_lib.callbacks.manager [None req-3f029760-05bf-47e9-9138-2100e9b6259b admin admin] Publish callbacks [] for security_group (52d73d3f-090d-4563-a57f-63e7934843c5), precommit_create {{(pid=107253) _notify_loop /usr/local/lib/python3.8/dist-packages/neutron_lib/callbacks/manager.py:176}}
Aug 23 08:16:48.746842 dv-neutron-852841-2-hyperv neutron-server[107253]: DEBUG neutron_lib.callbacks.manager [None req-9068ee81-d50a-4eb3-bcb3-b9ca6f01d4f6 tempest-RoutersIpV6AdminTest-835874819 tempest-RoutersIpV6AdminTest-835874819-project-admin] Publish callbacks ['neutron.services.l3_router.l3_router_plugin.L3_HA_NAT_db_mixin._before_router_create_handler-505375', 'neutron.services.l3_router.service_providers.driver_controller.DriverController._check_router_request-1044532'] for router (f517e4bb-bd6d-4a40-a42a-b97e2d915319), before_create {{(pid=107253) _notify_loop /usr/local/lib/python3.8/dist-packages/neutron_lib/callbacks/manager.py:176}}
Aug 23 08:16:48.748644 dv-neutron-852841-2-hyperv neutron-server[107253]: DEBUG neutron_lib.callbacks.manager [None req-9068ee81-d50a-4eb3-bcb3-b9ca6f01d4f6 tempest-RoutersIpV6AdminTest-835874819 tempest-RoutersIpV6AdminTest-835874819-project-admin] Publish callbacks ['neutron.services.l3_router.l3_router_plugin.L3_HA_NAT_db_mixin._precommit_router_create-499763', 'neutron.services.l3_router.l3_router_plugin.DVRResourceOperationHandler._set_distributed_flag-500987', 'neutron.services.l3_router.l3_router_plugin.RouterAvailabilityZoneMixin._process_az_request-364510', 'neutron.services.l3_router.service_providers.driver_controller.DriverController._set_router_provider-1044543'] for router (f517e4bb-bd6d-4a40-a42a-b97e2d915319), precommit_create {{(pid=107253) _notify_loop /usr/local/lib/python3.8/dist-packages/neutron_lib/callbacks/manager.py:176}}
Aug 23 08:16:48.763238 dv-neutron-852841-2-hyperv neutron-server[107254]: DEBUG neutron.plugins.ml2.rpc [None req-35ebf2cd-a70e-4a73-bce6-0cf9d0316279 None None] Device c5ab89ed-5f60-46e9-ad82-c74973548a3f up at agent ovs-agent-dv-neutron-852841-2-hyperv {{(pid=107254) update_device_up /opt/stack/neutron/neutron/plugins/ml2/rpc.py:296}}
Aug 23 08:16:48.764878 dv-neutron-852841-2-hyperv neutron-server[107253]: DEBUG neutron_lib.callbacks.manager [None req-3f029760-05bf-47e9-9138-2100e9b6259b admin admin] Publish callbacks ['neutron.plugins.ml2.ovo_rpc._ObjectChangeHandler.handle_event-498862'] for security_group (52d73d3f-090d-4563-a57f-63e7934843c5), after_create {{(pid=107253) _notify_loop /usr/local/lib/python3.8/dist-packages/neutron_lib/callbacks/manager.py:176}}
Aug 23 08:16:48.834188 dv-neutron-852841-2-hyperv neutron-server[107253]: INFO neutron.services.segments.plugin [-] Segment c0be68b5-758d-4b14-8c16-41bab6f48da3 resource provider not found; error: Placement Client Error (4xx): {"errors": [{"status": 404, "title": "Not Found", "detail": "The resource could not be found.\n\n No resource provider with uuid c0be68b5-758d-4b14-8c16-41bab6f48da3 found for delete ", "request_id": "req-ca82b007-0717-45a3-836f-5322549122d4"}]}
Aug 23 08:16:48.839939 dv-neutron-852841-2-hyperv neutron-server[107254]: DEBUG neutron.db.provisioning_blocks [None req-35ebf2cd-a70e-4a73-bce6-0cf9d0316279 None None] Provisioning complete for port c5ab89ed-5f60-46e9-ad82-c74973548a3f triggered by entity L2. {{(pid=107254) provisioning_complete /opt/stack/neutron/neutron/db/provisioning_blocks.py:144}}
Aug 23 08:16:48.840568 dv-neutron-852841-2-hyperv neutron-server[107254]: DEBUG neutron_lib.callbacks.manager [None req-35ebf2cd-a70e-4a73-bce6-0cf9d0316279 None None] Publish callbacks ['neutron.plugins.ml2.plugin.Ml2Plugin._port_provisioned-1396988'] for port (c5ab89ed-5f60-46e9-ad82-c74973548a3f), provisioning_complete {{(pid=107254) _notify_loop /usr/local/lib/python3.8/dist-packages/neutron_lib/callbacks/manager.py:176}}
Aug 23 08:16:48.857890 dv-neutron-852841-2-hyperv neutron-server[107252]: DEBUG neutron.plugins.ml2.db [None req-e8abae0f-0f21-412f-b29d-74e677dd2242 tempest-PortsAdminExtendedAttrsTestJSON-1463989242 tempest-PortsAdminExtendedAttrsTestJSON-1463989242-project-admin] For port fdb61a53-ece5-46b1-830a-c54f0c26b02e, host hv-neutron-8528, got binding levels [] {{(pid=107252) get_binding_level_objs /opt/stack/neutron/neutron/plugins/ml2/db.py:74}}
Aug 23 08:16:48.858251 dv-neutron-852841-2-hyperv neutron-server[107252]: DEBUG neutron_lib.callbacks.manager [None req-e8abae0f-0f21-412f-b29d-74e677dd2242 tempest-PortsAdminExtendedAttrsTestJSON-1463989242 tempest-PortsAdminExtendedAttrsTestJSON-1463989242-project-admin] Publish callbacks ['neutron.services.l3_router.l3_router_plugin.L3_NAT_dbonly_mixin._precommit_delete_port_callback-481423'] for port (fdb61a53-ece5-46b1-830a-c54f0c26b02e), precommit_delete {{(pid=107252) _notify_loop /usr/local/lib/python3.8/dist-packages/neutron_lib/callbacks/manager.py:176}}
Aug 23 08:16:48.874967 dv-neutron-852841-2-hyperv neutron-server[107252]: DEBUG neutron.wsgi [-] (107252) accepted ('10.222.0.27', 44890) {{(pid=107252) server /usr/local/lib/python3.8/dist-packages/eventlet/wsgi.py:1004}}
Aug 23 08:16:48.885553 dv-neutron-852841-2-hyperv neutron-server[107253]: INFO neutron.wsgi [None req-3f029760-05bf-47e9-9138-2100e9b6259b admin admin] 10.222.0.27 "GET /networking/v2.0/security-groups?tenant_id=92bc85ca404a40c096d7d705733a5c38&name=default HTTP/1.1" status: 200 len: 2996 time: 0.7399814
