Aug 04 18:42:14.241172 dv-neutron-852155-1-hyperv neutron-server[90025]: DEBUG neutron.api.rpc.handlers.resources_rpc [None req-59bd351d-4e3b-457d-8b9b-3d4af779e6b6 tempest-ExternalNetworksTestJSON-1616747353 tempest-ExternalNetworksTestJSON-1616747353-project-admin] Pushing event updated for resources: {'Subnet': ['ID=e4f3e517-09a4-4349-bf82-2ca5bb721743,revision_number=0']} {{(pid=90025) push /opt/stack/neutron/neutron/api/rpc/handlers/resources_rpc.py:237}}
Aug 04 18:42:14.257943 dv-neutron-852155-1-hyperv neutron-server[90025]: DEBUG neutron.plugins.ml2.drivers.mech_agent [None req-afcb9d29-8794-4ac4-a963-e49046be7534 tempest-FloatingIPAdminTestJSON-585517554 tempest-FloatingIPAdminTestJSON-585517554-project] Checking segment: {'id': '1050ec78-d885-4821-9baf-44b9bd759f3e', 'network_type': 'vlan', 'physical_network': 'physnet1', 'segmentation_id': 438, 'network_id': '372dc9cd-043c-4d75-bd5b-fc50c5c4b756'} for mappings: {'physnet1': 'br-data'} with network types: ['local', 'flat', 'vlan'] {{(pid=90025) check_segment_for_agent /opt/stack/neutron/neutron/plugins/ml2/drivers/mech_agent.py:343}}
Aug 04 18:42:14.258230 dv-neutron-852155-1-hyperv neutron-server[90025]: DEBUG neutron.scheduler.dhcp_agent_scheduler [None req-afcb9d29-8794-4ac4-a963-e49046be7534 tempest-FloatingIPAdminTestJSON-585517554 tempest-FloatingIPAdminTestJSON-585517554-project] Network hostable DHCP agents. Network: 372dc9cd-043c-4d75-bd5b-fc50c5c4b756, hostable agents: ['97ee2f8d-faf0-4dfa-b2d0-ab2fbfc643bc'], hosted agents: [] {{(pid=90025) _get_network_hostable_dhcp_agents /opt/stack/neutron/neutron/scheduler/dhcp_agent_scheduler.py:329}}
Aug 04 18:42:14.313592 dv-neutron-852155-1-hyperv neutron-server[90025]: DEBUG neutron.plugins.ml2.drivers.mech_agent [None req-59bd351d-4e3b-457d-8b9b-3d4af779e6b6 tempest-ExternalNetworksTestJSON-1616747353 tempest-ExternalNetworksTestJSON-1616747353-project-admin] Checking segment: {'id': '61e5fe0d-0595-40b6-a832-240e66933ae9', 'network_type': 'vlan', 'physical_network': 'physnet1', 'segmentation_id': 443, 'network_id': '00de66c3-5378-4952-b0c1-21d6f684b340'} for mappings: {'physnet1': 'br-data'} with network types: ['local', 'flat', 'vlan'] {{(pid=90025) check_segment_for_agent /opt/stack/neutron/neutron/plugins/ml2/drivers/mech_agent.py:343}}
Aug 04 18:42:14.314332 dv-neutron-852155-1-hyperv neutron-server[90025]: DEBUG neutron.scheduler.dhcp_agent_scheduler [None req-59bd351d-4e3b-457d-8b9b-3d4af779e6b6 tempest-ExternalNetworksTestJSON-1616747353 tempest-ExternalNetworksTestJSON-1616747353-project-admin] Network hostable DHCP agents. Network: 00de66c3-5378-4952-b0c1-21d6f684b340, hostable agents: ['97ee2f8d-faf0-4dfa-b2d0-ab2fbfc643bc'], hosted agents: [] {{(pid=90025) _get_network_hostable_dhcp_agents /opt/stack/neutron/neutron/scheduler/dhcp_agent_scheduler.py:329}}
Aug 04 18:42:14.382938 dv-neutron-852155-1-hyperv neutron-server[90025]: DEBUG neutron.scheduler.dhcp_agent_scheduler [None req-afcb9d29-8794-4ac4-a963-e49046be7534 tempest-FloatingIPAdminTestJSON-585517554 tempest-FloatingIPAdminTestJSON-585517554-project] Network 372dc9cd-043c-4d75-bd5b-fc50c5c4b756 is scheduled to be hosted by DHCP agent 97ee2f8d-faf0-4dfa-b2d0-ab2fbfc643bc with binding_index 1 {{(pid=90025) bind /opt/stack/neutron/neutron/scheduler/dhcp_agent_scheduler.py:227}}
Aug 04 18:42:14.411351 dv-neutron-852155-1-hyperv neutron-server[90027]: DEBUG neutron.db.provisioning_blocks [None req-d144175a-3140-4ece-b229-c4c50daefeff None None] Provisioning for port bee88f77-5f63-45bd-b706-195b7221eeb9 completed by entity L2. {{(pid=90027) provisioning_complete /opt/stack/neutron/neutron/db/provisioning_blocks.py:133}}
Aug 04 18:42:14.412412 dv-neutron-852155-1-hyperv neutron-server[90025]: DEBUG neutron.scheduler.dhcp_agent_scheduler [None req-59bd351d-4e3b-457d-8b9b-3d4af779e6b6 tempest-ExternalNetworksTestJSON-1616747353 tempest-ExternalNetworksTestJSON-1616747353-project-admin] Network 00de66c3-5378-4952-b0c1-21d6f684b340 is scheduled to be hosted by DHCP agent 97ee2f8d-faf0-4dfa-b2d0-ab2fbfc643bc with binding_index 1 {{(pid=90025) bind /opt/stack/neutron/neutron/scheduler/dhcp_agent_scheduler.py:227}}
Aug 04 18:42:14.417927 dv-neutron-852155-1-hyperv neutron-server[90027]: DEBUG neutron.db.provisioning_blocks [None req-d144175a-3140-4ece-b229-c4c50daefeff None None] Provisioning complete for port bee88f77-5f63-45bd-b706-195b7221eeb9 triggered by entity L2. {{(pid=90027) provisioning_complete /opt/stack/neutron/neutron/db/provisioning_blocks.py:139}}
Aug 04 18:42:14.418698 dv-neutron-852155-1-hyperv neutron-server[90027]: DEBUG neutron_lib.callbacks.manager [None req-d144175a-3140-4ece-b229-c4c50daefeff None None] Notify callbacks ['neutron.plugins.ml2.plugin.Ml2Plugin._port_provisioned-1414054'] for port, provisioning_complete {{(pid=90027) _notify_loop /usr/local/lib/python3.8/dist-packages/neutron_lib/callbacks/manager.py:192}}
Aug 04 18:42:14.438574 dv-neutron-852155-1-hyperv neutron-server[90026]: DEBUG neutron_lib.callbacks.manager [None req-652a3dd9-aad3-47b1-a7cb-03a0a521842c tempest-RoutersAdminNegativeIpV6Test-812612545 tempest-RoutersAdminNegativeIpV6Test-812612545-project-admin] Notify callbacks ['neutron.plugins.ml2.plugin.SecurityGroupDbMixin._ensure_default_security_group_handler-1488294'] for port, before_create {{(pid=90026) _notify_loop /usr/local/lib/python3.8/dist-packages/neutron_lib/callbacks/manager.py:192}}
Aug 04 18:42:14.443652 dv-neutron-852155-1-hyperv neutron-server[90026]: DEBUG neutron.db.db_base_plugin_common [None req-797f2417-f9ac-43dc-a5cc-bf4956c55d46 tempest-DHCPAgentSchedulersTestJSON-1630049338 tempest-DHCPAgentSchedulersTestJSON-1630049338-project] Allocated IP 172.20.0.5 (9ab76c3c-2c7e-4514-aa12-302a99519c9e/cd49e402-bdbf-4cc4-98af-efae398e8f76/ba79da12-5b10-4069-8c9d-c4c33a0d087a) {{(pid=90026) _store_ip_allocation /opt/stack/neutron/neutron/db/db_base_plugin_common.py:131}}
Aug 04 18:42:14.465869 dv-neutron-852155-1-hyperv neutron-server[90026]: DEBUG neutron.scheduler.dhcp_agent_scheduler [None req-6c23a817-26c0-4722-b0cf-6d52c5f5fd14 admin admin] Network 16c04371-451a-4ec0-acd8-b5fe34c42df9 is already hosted by enough agents. {{(pid=90026) _get_dhcp_agents_hosting_network /opt/stack/neutron/neutron/scheduler/dhcp_agent_scheduler.py:275}}
Aug 04 18:42:14.499244 dv-neutron-852155-1-hyperv neutron-server[90025]: DEBUG neutron.scheduler.base_scheduler [None req-59bd351d-4e3b-457d-8b9b-3d4af779e6b6 tempest-ExternalNetworksTestJSON-1616747353 tempest-ExternalNetworksTestJSON-1616747353-project-admin] Resources bound (agent type, host, resource id): (DHCP agent, dv-neutron-852155-1-hyperv, 00de66c3-5378-4952-b0c1-21d6f684b340) {{(pid=90025) schedule /opt/stack/neutron/neutron/scheduler/base_scheduler.py:57}}
Aug 04 18:42:14.506328 dv-neutron-852155-1-hyperv neutron-server[90025]: DEBUG neutron.scheduler.base_scheduler [None req-afcb9d29-8794-4ac4-a963-e49046be7534 tempest-FloatingIPAdminTestJSON-585517554 tempest-FloatingIPAdminTestJSON-585517554-project] Resources bound (agent type, host, resource id): (DHCP agent, dv-neutron-852155-1-hyperv, 372dc9cd-043c-4d75-bd5b-fc50c5c4b756) {{(pid=90025) schedule /opt/stack/neutron/neutron/scheduler/base_scheduler.py:57}}
Aug 04 18:42:14.513682 dv-neutron-852155-1-hyperv neutron-server[90027]: DEBUG neutron.api.rpc.handlers.dhcp_rpc [None req-880f8c26-c9ce-419d-b2ac-6fad3f54b605 None None] Network 00de66c3-5378-4952-b0c1-21d6f684b340 requested from dv-neutron-852155-1-hyperv {{(pid=90027) get_network_info /opt/stack/neutron/neutron/api/rpc/handlers/dhcp_rpc.py:213}}
Aug 04 18:42:14.523149 dv-neutron-852155-1-hyperv neutron-server[90025]: DEBUG neutron.pecan_wsgi.hooks.policy_enforcement [None req-59bd351d-4e3b-457d-8b9b-3d4af779e6b6 tempest-ExternalNetworksTestJSON-1616747353 tempest-ExternalNetworksTestJSON-1616747353-project-admin] Attributes excluded by policy engine: ['standard_attr_id', 'shared', 'segment_id', 'network'] {{(pid=90025) _exclude_attributes_by_policy /opt/stack/neutron/neutron/pecan_wsgi/hooks/policy_enforcement.py:259}}
Aug 04 18:42:14.523879 dv-neutron-852155-1-hyperv neutron-server[90025]: DEBUG neutron_lib.callbacks.manager [None req-59bd351d-4e3b-457d-8b9b-3d4af779e6b6 tempest-ExternalNetworksTestJSON-1616747353 tempest-ExternalNetworksTestJSON-1616747353-project-admin] Notify callbacks ['neutron.api.rpc.agentnotifiers.dhcp_rpc_agent_api.DhcpAgentNotifyAPI._send_dhcp_notification-1600817'] for subnet, before_response {{(pid=90025) _notify_loop /usr/local/lib/python3.8/dist-packages/neutron_lib/callbacks/manager.py:192}}
Aug 04 18:42:14.530438 dv-neutron-852155-1-hyperv neutron-server[90025]: DEBUG neutron.pecan_wsgi.hooks.policy_enforcement [None req-afcb9d29-8794-4ac4-a963-e49046be7534 tempest-FloatingIPAdminTestJSON-585517554 tempest-FloatingIPAdminTestJSON-585517554-project] Attributes excluded by policy engine: ['standard_attr_id', 'shared', 'segment_id', 'network'] {{(pid=90025) _exclude_attributes_by_policy /opt/stack/neutron/neutron/pecan_wsgi/hooks/policy_enforcement.py:259}}
Aug 04 18:42:14.530438 dv-neutron-852155-1-hyperv neutron-server[90025]: DEBUG neutron_lib.callbacks.manager [None req-afcb9d29-8794-4ac4-a963-e49046be7534 tempest-FloatingIPAdminTestJSON-585517554 tempest-FloatingIPAdminTestJSON-585517554-project] Notify callbacks ['neutron.api.rpc.agentnotifiers.dhcp_rpc_agent_api.DhcpAgentNotifyAPI._send_dhcp_notification-1600817'] for subnet, before_response {{(pid=90025) _notify_loop /usr/local/lib/python3.8/dist-packages/neutron_lib/callbacks/manager.py:192}}
Aug 04 18:42:14.531095 dv-neutron-852155-1-hyperv neutron-server[90027]: DEBUG neutron.api.rpc.handlers.dhcp_rpc [None req-f0afed1d-4e6d-4654-90cc-c0a0944e2bad None None] Network 372dc9cd-043c-4d75-bd5b-fc50c5c4b756 requested from dv-neutron-852155-1-hyperv {{(pid=90027) get_network_info /opt/stack/neutron/neutron/api/rpc/handlers/dhcp_rpc.py:213}}
Aug 04 18:42:14.609038 dv-neutron-852155-1-hyperv neutron-server[90026]: DEBUG neutron.scheduler.base_scheduler [None req-6c23a817-26c0-4722-b0cf-6d52c5f5fd14 admin admin] Resources bound (agent type, host, resource id): {{(pid=90026) schedule /opt/stack/neutron/neutron/scheduler/base_scheduler.py:57}}
Aug 04 18:42:14.641612 dv-neutron-852155-1-hyperv neutron-server[90025]: INFO neutron.wsgi [None req-afcb9d29-8794-4ac4-a963-e49046be7534 tempest-FloatingIPAdminTestJSON-585517554 tempest-FloatingIPAdminTestJSON-585517554-project] 10.222.0.57 "POST /v2.0/subnets HTTP/1.1" status: 201 len: 801 time: 1.6568618
Aug 04 18:42:14.644176 dv-neutron-852155-1-hyperv neutron-server[90025]: DEBUG neutron.wsgi [-] (90025) accepted ('10.222.0.57', 43858) {{(pid=90025) server /usr/local/lib/python3.8/dist-packages/eventlet/wsgi.py:992}}
Aug 04 18:42:14.658202 dv-neutron-852155-1-hyperv neutron-server[90025]: DEBUG neutron.api.v2.base [None req-00e6fa94-0aaa-4d87-b82c-738eaa9d476a tempest-FloatingIPAdminTestJSON-585517554 tempest-FloatingIPAdminTestJSON-585517554-project] Request body: {'router': {'name': 'tempest-FloatingIPAdminTestJSON-router-719888431', 'external_gateway_info': {'network_id': 'f4c8ba7f-2f82-4ae1-8895-337053118f39'}, 'admin_state_up': False}} {{(pid=90025) prepare_request_body /opt/stack/neutron/neutron/api/v2/base.py:729}}
Aug 04 18:42:14.668515 dv-neutron-852155-1-hyperv neutron-server[90025]: DEBUG neutron.db.quota.driver [None req-00e6fa94-0aaa-4d87-b82c-738eaa9d476a tempest-FloatingIPAdminTestJSON-585517554 tempest-FloatingIPAdminTestJSON-585517554-project] Resources subnetpool have unlimited quota limit. It is not required to calculate headroom {{(pid=90025) make_reservation /opt/stack/neutron/neutron/db/quota/driver.py:219}}
Aug 04 18:42:14.673825 dv-neutron-852155-1-hyperv neutron-server[90025]: DEBUG neutron.quota.resource [None req-00e6fa94-0aaa-4d87-b82c-738eaa9d476a tempest-FloatingIPAdminTestJSON-585517554 tempest-FloatingIPAdminTestJSON-585517554-project] Usage tracker for resource:router and tenant:7a0a1a40ccdf45e88c586ed4fa591028 is out of sync, need to count used quota {{(pid=90025) count_used /opt/stack/neutron/neutron/quota/resource.py:270}}
Aug 04 18:42:14.680544 dv-neutron-852155-1-hyperv neutron-server[90025]: INFO neutron.wsgi [None req-59bd351d-4e3b-457d-8b9b-3d4af779e6b6 tempest-ExternalNetworksTestJSON-1616747353 tempest-ExternalNetworksTestJSON-1616747353-project-admin] 10.222.0.57 "POST /v2.0/subnets HTTP/1.1" status: 201 len: 802 time: 1.9148757
Aug 04 18:42:14.680544 dv-neutron-852155-1-hyperv neutron-server[90025]: DEBUG neutron.quota.resource [None req-00e6fa94-0aaa-4d87-b82c-738eaa9d476a tempest-FloatingIPAdminTestJSON-585517554 tempest-FloatingIPAdminTestJSON-585517554-project] Quota usage for router was recalculated. Used quota:0. {{(pid=90025) count_used /opt/stack/neutron/neutron/quota/resource.py:290}}
Aug 04 18:42:14.682210 dv-neutron-852155-1-hyperv neutron-server[90025]: DEBUG neutron.wsgi [-] (90025) accepted ('10.222.0.57', 43862) {{(pid=90025) server /usr/local/lib/python3.8/dist-packages/eventlet/wsgi.py:992}}
Aug 04 18:42:14.692913 dv-neutron-852155-1-hyperv neutron-server[90025]: DEBUG neutron.api.v2.base [None req-4a7de753-f145-4536-b3cc-a00a2fa6795d tempest-ExternalNetworksTestJSON-1616747353 tempest-ExternalNetworksTestJSON-1616747353-project-admin] Request body: {'floatingip': {'floating_network_id': '00de66c3-5378-4952-b0c1-21d6f684b340'}} {{(pid=90025) prepare_request_body /opt/stack/neutron/neutron/api/v2/base.py:729}}
Aug 04 18:42:14.696252 dv-neutron-852155-1-hyperv neutron-server[90025]: DEBUG neutron.db.quota.driver [None req-00e6fa94-0aaa-4d87-b82c-738eaa9d476a tempest-FloatingIPAdminTestJSON-585517554 tempest-FloatingIPAdminTestJSON-585517554-project] Attempting to reserve 1 items for resource router. Total usage: 0; quota limit: 100; headroom:100 {{(pid=90025) make_reservation /opt/stack/neutron/neutron/db/quota/driver.py:246}}
Aug 04 18:42:14.706272 dv-neutron-852155-1-hyperv neutron-server[90025]: DEBUG neutron.db.quota.driver [None req-4a7de753-f145-4536-b3cc-a00a2fa6795d tempest-ExternalNetworksTestJSON-1616747353 tempest-ExternalNetworksTestJSON-1616747353-project-admin] Resources subnetpool have unlimited quota limit. It is not required to calculate headroom {{(pid=90025) make_reservation /opt/stack/neutron/neutron/db/quota/driver.py:219}}
Aug 04 18:42:14.716433 dv-neutron-852155-1-hyperv neutron-server[90025]: DEBUG neutron.quota.resource [None req-4a7de753-f145-4536-b3cc-a00a2fa6795d tempest-ExternalNetworksTestJSON-1616747353 tempest-ExternalNetworksTestJSON-1616747353-project-admin] Usage tracker for resource:floatingip and tenant:1e359152b279452aaf73b7742826f802 is out of sync, need to count used quota {{(pid=90025) count_used /opt/stack/neutron/neutron/quota/resource.py:270}}
Aug 04 18:42:14.732959 dv-neutron-852155-1-hyperv neutron-server[90025]: DEBUG neutron.quota.resource [None req-4a7de753-f145-4536-b3cc-a00a2fa6795d tempest-ExternalNetworksTestJSON-1616747353 tempest-ExternalNetworksTestJSON-1616747353-project-admin] Quota usage for floatingip was recalculated. Used quota:0. {{(pid=90025) count_used /opt/stack/neutron/neutron/quota/resource.py:290}}
Aug 04 18:42:14.732959 dv-neutron-852155-1-hyperv neutron-server[90025]: DEBUG neutron.db.quota.driver [None req-4a7de753-f145-4536-b3cc-a00a2fa6795d tempest-ExternalNetworksTestJSON-1616747353 tempest-ExternalNetworksTestJSON-1616747353-project-admin] Attempting to reserve 1 items for resource floatingip. Total usage: 0; quota limit: 50; headroom:50 {{(pid=90025) make_reservation /opt/stack/neutron/neutron/db/quota/driver.py:246}}
Aug 04 18:42:14.733128 dv-neutron-852155-1-hyperv neutron-server[90027]: DEBUG neutron.plugins.ml2.plugin [None req-d144175a-3140-4ece-b229-c4c50daefeff None None] Current status of the port bee88f77-5f63-45bd-b706-195b7221eeb9 is: DOWN; New status is: ACTIVE {{(pid=90027) _update_individual_port_db_status /opt/stack/neutron/neutron/plugins/ml2/plugin.py:2189}}
Aug 04 18:42:14.733128 dv-neutron-852155-1-hyperv neutron-server[90027]: DEBUG neutron_lib.callbacks.manager [None req-d144175a-3140-4ece-b229-c4c50daefeff None None] Notify callbacks ['neutron.plugins.ml2.plugin.SecurityGroupDbMixin._ensure_default_security_group_handler-1488294'] for port, before_update {{(pid=90027) _notify_loop /usr/local/lib/python3.8/dist-packages/neutron_lib/callbacks/manager.py:192}}
Aug 04 18:42:14.806321 dv-neutron-852155-1-hyperv neutron-server[90027]: DEBUG neutron.plugins.ml2.db [None req-d144175a-3140-4ece-b229-c4c50daefeff None None] For port bee88f77-5f63-45bd-b706-195b7221eeb9, host dv-neutron-852155-1-hyperv, got binding levels [PortBindingLevel(driver='openvswitch',host='dv-neutron-852155-1-hyperv',level=0,port_id=bee88f77-5f63-45bd-b706-195b7221eeb9,segment=NetworkSegment(b79209a5-bd4e-4524-8752-910a21afc663),segment_id=b79209a5-bd4e-4524-8752-910a21afc663)] {{(pid=90027) get_binding_level_objs /opt/stack/neutron/neutron/plugins/ml2/db.py:75}}
Aug 04 18:42:14.815080 dv-neutron-852155-1-hyperv neutron-server[90025]: DEBUG neutron_lib.callbacks.manager [None req-00e6fa94-0aaa-4d87-b82c-738eaa9d476a tempest-FloatingIPAdminTestJSON-585517554 tempest-FloatingIPAdminTestJSON-585517554-project] Notify callbacks ['neutron.services.l3_router.l3_router_plugin.L3_HA_NAT_db_mixin._before_router_create-342846', 'neutron.services.l3_router.service_providers.driver_controller.DriverController._check_router_request-12729'] for router, before_create {{(pid=90025) _notify_loop /usr/local/lib/python3.8/dist-packages/neutron_lib/callbacks/manager.py:192}}
Aug 04 18:42:14.818017 dv-neutron-852155-1-hyperv neutron-server[90025]: DEBUG neutron_lib.callbacks.manager [None req-00e6fa94-0aaa-4d87-b82c-738eaa9d476a tempest-FloatingIPAdminTestJSON-585517554 tempest-FloatingIPAdminTestJSON-585517554-project] Notify callbacks ['neutron.services.l3_router.l3_router_plugin.L3_HA_NAT_db_mixin._precommit_router_create-346971', 'neutron.services.l3_router.l3_router_plugin.DVRResourceOperationHandler._set_distributed_flag-346203', 'neutron.services.l3_router.l3_router_plugin.RouterAvailabilityZoneMixin._process_az_request-1621339', 'neutron.services.l3_router.service_providers.driver_controller.DriverController._set_router_provider-12704'] for router, precommit_create {{(pid=90025) _notify_loop /usr/local/lib/python3.8/dist-packages/neutron_lib/callbacks/manager.py:192}}
Aug 04 18:42:14.847175 dv-neutron-852155-1-hyperv neutron-server[90025]: DEBUG neutron_lib.callbacks.manager [None req-4a7de753-f145-4536-b3cc-a00a2fa6795d tempest-ExternalNetworksTestJSON-1616747353 tempest-ExternalNetworksTestJSON-1616747353-project-admin] Notify callbacks [] for floatingip, before_create {{(pid=90025) _notify_loop /usr/local/lib/python3.8/dist-packages/neutron_lib/callbacks/manager.py:192}}
Aug 04 18:42:14.848005 dv-neutron-852155-1-hyperv neutron-server[90026]: DEBUG neutron.scheduler.dhcp_agent_scheduler [None req-8ff03125-a648-42e3-9360-8f4d40a216ab tempest-ExtraDHCPOptionsIpV6TestJSON-2115687030 tempest-ExtraDHCPOptionsIpV6TestJSON-2115687030-project] Network 744b8d79-d9c4-412f-91d8-713bfa2258ce is scheduled to be hosted by DHCP agent 97ee2f8d-faf0-4dfa-b2d0-ab2fbfc643bc with binding_index 1 {{(pid=90026) bind /opt/stack/neutron/neutron/scheduler/dhcp_agent_scheduler.py:227}}
Aug 04 18:42:14.877902 dv-neutron-852155-1-hyperv neutron-server[90025]: DEBUG neutron_lib.callbacks.manager [None req-00e6fa94-0aaa-4d87-b82c-738eaa9d476a tempest-FloatingIPAdminTestJSON-585517554 tempest-FloatingIPAdminTestJSON-585517554-project] Notify callbacks [] for router_controller, precommit_add_association {{(pid=90025) _notify_loop /usr/local/lib/python3.8/dist-packages/neutron_lib/callbacks/manager.py:192}}
Aug 04 18:42:14.916439 dv-neutron-852155-1-hyperv neutron-server[90026]: DEBUG neutron.scheduler.base_scheduler [None req-8ff03125-a648-42e3-9360-8f4d40a216ab tempest-ExtraDHCPOptionsIpV6TestJSON-2115687030 tempest-ExtraDHCPOptionsIpV6TestJSON-2115687030-project] Resources bound (agent type, host, resource id): (DHCP agent, dv-neutron-852155-1-hyperv, 744b8d79-d9c4-412f-91d8-713bfa2258ce) {{(pid=90026) schedule /opt/stack/neutron/neutron/scheduler/base_scheduler.py:57}}
Aug 04 18:42:14.918129 dv-neutron-852155-1-hyperv neutron-server[90027]: DEBUG neutron_lib.callbacks.manager [None req-d144175a-3140-4ece-b229-c4c50daefeff None None] Notify callbacks ['neutron.plugins.ml2.plugin.SecurityGroupServerNotifierRpcMixin.notify_sg_on_port_change-1488231', 'neutron.plugins.ml2.ovo_rpc._ObjectChangeHandler.handle_event-1960686', 'neutron.api.rpc.agentnotifiers.dhcp_rpc_agent_api.DhcpAgentNotifyAPI._native_event_send_dhcp_notification-1600771', 'neutron.db.l3_db.L3RpcNotifierMixin._notify_gateway_port_ip_changed-8770699507348', 'neutron.db.l3_dvrscheduler_db._notify_l3_agent_port_update-8770699130332', 'neutron.db.l3_hascheduler_db._notify_l3_agent_ha_port_update-8770699172877'] for port, after_update {{(pid=90027) _notify_loop /usr/local/lib/python3.8/dist-packages/neutron_lib/callbacks/manager.py:192}}
Aug 04 18:42:14.965775 dv-neutron-852155-1-hyperv neutron-server[90027]: DEBUG neutron.api.rpc.handlers.dhcp_rpc [None req-bd28eb90-b35a-4812-a160-b1f603e99f24 None None] Network 744b8d79-d9c4-412f-91d8-713bfa2258ce requested from dv-neutron-852155-1-hyperv {{(pid=90027) get_network_info /opt/stack/neutron/neutron/api/rpc/handlers/dhcp_rpc.py:213}}
Aug 04 18:42:14.971661 dv-neutron-852155-1-hyperv neutron-server[90026]: DEBUG neutron.pecan_wsgi.hooks.policy_enforcement [None req-8ff03125-a648-42e3-9360-8f4d40a216ab tempest-ExtraDHCPOptionsIpV6TestJSON-2115687030 tempest-ExtraDHCPOptionsIpV6TestJSON-2115687030-project] Attributes excluded by policy engine: ['standard_attr_id', 'shared', 'network'] {{(pid=90026) _exclude_attributes_by_policy /opt/stack/neutron/neutron/pecan_wsgi/hooks/policy_enforcement.py:259}}
Aug 04 18:42:14.972386 dv-neutron-852155-1-hyperv neutron-server[90026]: DEBUG neutron_lib.callbacks.manager [None req-8ff03125-a648-42e3-9360-8f4d40a216ab tempest-ExtraDHCPOptionsIpV6TestJSON-2115687030 tempest-ExtraDHCPOptionsIpV6TestJSON-2115687030-project] Notify callbacks ['neutron.api.rpc.agentnotifiers.dhcp_rpc_agent_api.DhcpAgentNotifyAPI._send_dhcp_notification-1600817'] for subnet, before_response {{(pid=90026) _notify_loop /usr/local/lib/python3.8/dist-packages/neutron_lib/callbacks/manager.py:192}}
Aug 04 18:42:15.031558 dv-neutron-852155-1-hyperv neutron-server[90025]: DEBUG neutron_lib.callbacks.manager [None req-4a7de753-f145-4536-b3cc-a00a2fa6795d tempest-ExternalNetworksTestJSON-1616747353 tempest-ExternalNetworksTestJSON-1616747353-project-admin] Notify callbacks ['neutron.plugins.ml2.plugin.SecurityGroupDbMixin._ensure_default_security_group_handler-1488294'] for port, before_create {{(pid=90025) _notify_loop /usr/local/lib/python3.8/dist-packages/neutron_lib/callbacks/manager.py:192}}
Aug 04 18:42:15.056576 dv-neutron-852155-1-hyperv neutron-server[90026]: DEBUG neutron_lib.callbacks.manager [None req-a95ebe04-67d8-4206-ac5a-6a795e97de67 admin admin] Notify callbacks [] for router_gateway, after_create {{(pid=90026) _notify_loop /usr/local/lib/python3.8/dist-packages/neutron_lib/callbacks/manager.py:192}}
Aug 04 18:42:15.279252 dv-neutron-852155-1-hyperv neutron-server[90027]: DEBUG neutron.api.rpc.handlers.dhcp_rpc [None req-5ce1826c-e070-4ba1-9183-9a3b8488201a None None] Network 00de66c3-5378-4952-b0c1-21d6f684b340 requested from dv-neutron-852155-1-hyperv {{(pid=90027) get_network_info /opt/stack/neutron/neutron/api/rpc/handlers/dhcp_rpc.py:213}}
Aug 04 18:42:15.321266 dv-neutron-852155-1-hyperv neutron-server[90027]: DEBUG neutron.api.rpc.handlers.dhcp_rpc [None req-9dddf341-57a8-4f8c-8333-c5134059a513 None None] Create dhcp port {'port': {'name': '', 'admin_state_up': True, 'device_id': 'dhcp16ff4d5a-a8ec-5763-8d58-64035bfe8ba6-372dc9cd-043c-4d75-bd5b-fc50c5c4b756', 'network_id': '372dc9cd-043c-4d75-bd5b-fc50c5c4b756', 'tenant_id': '7a0a1a40ccdf45e88c586ed4fa591028', 'fixed_ips': [{'subnet_id': '333f466f-4eb7-47d0-813b-7a2b2fa3e945'}]}} from dv-neutron-852155-1-hyperv. {{(pid=90027) create_dhcp_port /opt/stack/neutron/neutron/api/rpc/handlers/dhcp_rpc.py:279}}
Aug 04 18:42:15.322102 dv-neutron-852155-1-hyperv neutron-server[90027]: DEBUG neutron_lib.callbacks.manager [None req-9dddf341-57a8-4f8c-8333-c5134059a513 None None] Notify callbacks ['neutron.plugins.ml2.plugin.SecurityGroupDbMixin._ensure_default_security_group_handler-1488294'] for port, before_create {{(pid=90027) _notify_loop /usr/local/lib/python3.8/dist-packages/neutron_lib/callbacks/manager.py:192}}
Aug 04 18:42:15.424455 dv-neutron-852155-1-hyperv neutron-server[90025]: DEBUG neutron_lib.callbacks.manager [None req-00e6fa94-0aaa-4d87-b82c-738eaa9d476a tempest-FloatingIPAdminTestJSON-585517554 tempest-FloatingIPAdminTestJSON-585517554-project] Notify callbacks ['neutron.services.l3_router.l3_router_plugin.DVRResourceOperationHandler._handle_distributed_migration-346165', 'neutron.services.l3_router.l3_router_plugin.L3_HA_NAT_db_mixin._validate_migration-342837', 'neutron.services.l3_router.service_providers.driver_controller.DriverController._update_router_provider-12754'] for router, precommit_update {{(pid=90025) _notify_loop /usr/local/lib/python3.8/dist-packages/neutron_lib/callbacks/manager.py:192}}
Aug 04 18:42:15.431394 dv-neutron-852155-1-hyperv neutron-server[90026]: INFO neutron.wsgi [None req-8ff03125-a648-42e3-9360-8f4d40a216ab tempest-ExtraDHCPOptionsIpV6TestJSON-2115687030 tempest-ExtraDHCPOptionsIpV6TestJSON-2115687030-project] 10.222.0.57 "POST /v2.0/subnets HTTP/1.1" status: 201 len: 821 time: 5.3222337
Aug 04 18:42:15.435972 dv-neutron-852155-1-hyperv neutron-server[90025]: DEBUG neutron.wsgi [-] (90025) accepted ('10.222.0.57', 43866) {{(pid=90025) server /usr/local/lib/python3.8/dist-packages/eventlet/wsgi.py:992}}
Aug 04 18:42:15.445883 dv-neutron-852155-1-hyperv neutron-server[90026]: DEBUG neutron.scheduler.l3_agent_scheduler [None req-6c23a817-26c0-4722-b0cf-6d52c5f5fd14 admin admin] Router 0240ab79-1569-4375-80f3-0854fbefaaa2 has already been hosted by L3 agent e6c39404-b361-4f00-a5bf-0aa9ec2e4a69 {{(pid=90026) _get_candidates /opt/stack/neutron/neutron/scheduler/l3_agent_scheduler.py:127}}
Aug 04 18:42:15.508037 dv-neutron-852155-1-hyperv neutron-server[90025]: DEBUG neutron.api.v2.base [None req-a04cad2b-96d2-4adf-ade6-2b85faa45e8e tempest-ExtraDHCPOptionsIpV6TestJSON-2115687030 tempest-ExtraDHCPOptionsIpV6TestJSON-2115687030-project] Request body: {'port': {'network_id': '744b8d79-d9c4-412f-91d8-713bfa2258ce', 'name': 'tempest-ExtraDHCPOptionsIpV6TestJSON-1950075646'}} {{(pid=90025) prepare_request_body /opt/stack/neutron/neutron/api/v2/base.py:729}}
Aug 04 18:42:15.574513 dv-neutron-852155-1-hyperv neutron-server[90027]: DEBUG neutron.api.rpc.handlers.dhcp_rpc [None req-ddac147e-9bd3-49a6-8435-24baff529adb None None] Network 9ab76c3c-2c7e-4514-aa12-302a99519c9e requested from dv-neutron-852155-1-hyperv {{(pid=90027) get_network_info /opt/stack/neutron/neutron/api/rpc/handlers/dhcp_rpc.py:213}}
Aug 04 18:42:15.604214 dv-neutron-852155-1-hyperv neutron-server[90026]: DEBUG neutron.scheduler.l3_agent_scheduler [None req-0736ee2e-5a39-48bb-80f1-d0def8292167 admin admin] Router 551de41f-b80c-4726-a3ce-da1ca447de45 is scheduled to L3 agent e6c39404-b361-4f00-a5bf-0aa9ec2e4a69 with binding_index 1 {{(pid=90026) bind_router /opt/stack/neutron/neutron/scheduler/l3_agent_scheduler.py:210}}
Aug 04 18:42:15.608334 dv-neutron-852155-1-hyperv neutron-server[90027]: DEBUG neutron.db.provisioning_blocks [None req-e2c34be6-728d-424a-9e42-69e309f26949 None None] Provisioning complete for port 16f4e160-1594-4141-a5ad-3c3492895fc3 triggered by entity DHCP. {{(pid=90027) provisioning_complete /opt/stack/neutron/neutron/db/provisioning_blocks.py:139}}
Aug 04 18:42:15.608806 dv-neutron-852155-1-hyperv neutron-server[90027]: DEBUG neutron_lib.callbacks.manager [None req-e2c34be6-728d-424a-9e42-69e309f26949 None None] Notify callbacks ['neutron.plugins.ml2.plugin.Ml2Plugin._port_provisioned-1414054'] for port, provisioning_complete {{(pid=90027) _notify_loop /usr/local/lib/python3.8/dist-packages/neutron_lib/callbacks/manager.py:192}}
Aug 04 18:42:15.628973 dv-neutron-852155-1-hyperv neutron-server[90025]: DEBUG neutron.db.db_base_plugin_common [None req-4a7de753-f145-4536-b3cc-a00a2fa6795d tempest-ExternalNetworksTestJSON-1616747353 tempest-ExternalNetworksTestJSON-1616747353-project-admin] Allocated IP 172.20.0.12 (00de66c3-5378-4952-b0c1-21d6f684b340/e4f3e517-09a4-4349-bf82-2ca5bb721743/c3b116e2-7d50-413d-b219-1ebe28150466) {{(pid=90025) _store_ip_allocation /opt/stack/neutron/neutron/db/db_base_plugin_common.py:131}}
Aug 04 18:42:15.635180 dv-neutron-852155-1-hyperv neutron-server[90027]: DEBUG neutron.api.rpc.handlers.resources_rpc [None req-d144175a-3140-4ece-b229-c4c50daefeff None None] Pushing event updated for resources: {'Port': ['ID=bee88f77-5f63-45bd-b706-195b7221eeb9,revision_number=4']} {{(pid=90027) push /opt/stack/neutron/neutron/api/rpc/handlers/resources_rpc.py:237}}
Aug 04 18:42:15.718922 dv-neutron-852155-1-hyperv neutron-server[90026]: DEBUG neutron_lib.callbacks.manager [None req-652a3dd9-aad3-47b1-a7cb-03a0a521842c tempest-RoutersAdminNegativeIpV6Test-812612545 tempest-RoutersAdminNegativeIpV6Test-812612545-project-admin] Notify callbacks [] for router, before_delete {{(pid=90026) _notify_loop /usr/local/lib/python3.8/dist-packages/neutron_lib/callbacks/manager.py:192}}
Aug 04 18:42:15.795895 dv-neutron-852155-1-hyperv neutron-server[90026]: DEBUG neutron_lib.callbacks.manager [None req-797f2417-f9ac-43dc-a5cc-bf4956c55d46 tempest-DHCPAgentSchedulersTestJSON-1630049338 tempest-DHCPAgentSchedulersTestJSON-1630049338-project] Notify callbacks [] for port, precommit_create {{(pid=90026) _notify_loop /usr/local/lib/python3.8/dist-packages/neutron_lib/callbacks/manager.py:192}}
Aug 04 18:42:15.897324 dv-neutron-852155-1-hyperv neutron-server[90027]: DEBUG neutron.api.rpc.handlers.dhcp_rpc [None req-67bd4434-4f7a-447f-af7f-d7c8bf415d4b None None] Create dhcp port {'port': {'name': '', 'admin_state_up': True, 'device_id': 'dhcp16ff4d5a-a8ec-5763-8d58-64035bfe8ba6-744b8d79-d9c4-412f-91d8-713bfa2258ce', 'network_id': '744b8d79-d9c4-412f-91d8-713bfa2258ce', 'tenant_id': '2dcc7fda94dd40f8880ea96c5334a52f', 'fixed_ips': [{'subnet_id': '2258943f-16cf-40ce-bad5-628e97959023'}]}} from dv-neutron-852155-1-hyperv. {{(pid=90027) create_dhcp_port /opt/stack/neutron/neutron/api/rpc/handlers/dhcp_rpc.py:279}}
Aug 04 18:42:15.898206 dv-neutron-852155-1-hyperv neutron-server[90027]: DEBUG neutron_lib.callbacks.manager [None req-67bd4434-4f7a-447f-af7f-d7c8bf415d4b None None] Notify callbacks ['neutron.plugins.ml2.plugin.SecurityGroupDbMixin._ensure_default_security_group_handler-1488294'] for port, before_create {{(pid=90027) _notify_loop /usr/local/lib/python3.8/dist-packages/neutron_lib/callbacks/manager.py:192}}
Aug 04 18:42:15.930742 dv-neutron-852155-1-hyperv neutron-server[90027]: DEBUG neutron.plugins.ml2.plugin [None req-e2c34be6-728d-424a-9e42-69e309f26949 None None] Port 16f4e160-1594-4141-a5ad-3c3492895fc3 cannot update to ACTIVE because it is not bound. {{(pid=90027) _port_provisioned /opt/stack/neutron/neutron/plugins/ml2/plugin.py:339}}
Aug 04 18:42:15.949094 dv-neutron-852155-1-hyperv neutron-server[90025]: DEBUG neutron.db.quota.driver [None req-a04cad2b-96d2-4adf-ade6-2b85faa45e8e tempest-ExtraDHCPOptionsIpV6TestJSON-2115687030 tempest-ExtraDHCPOptionsIpV6TestJSON-2115687030-project] Resources subnetpool have unlimited quota limit. It is not required to calculate headroom {{(pid=90025) make_reservation /opt/stack/neutron/neutron/db/quota/driver.py:219}}
Aug 04 18:42:15.953027 dv-neutron-852155-1-hyperv neutron-server[90025]: DEBUG neutron.quota.resource [None req-a04cad2b-96d2-4adf-ade6-2b85faa45e8e tempest-ExtraDHCPOptionsIpV6TestJSON-2115687030 tempest-ExtraDHCPOptionsIpV6TestJSON-2115687030-project] Usage tracker for resource:port and tenant:2dcc7fda94dd40f8880ea96c5334a52f is out of sync, need to count used quota {{(pid=90025) count_used /opt/stack/neutron/neutron/quota/resource.py:270}}
Aug 04 18:42:15.956149 dv-neutron-852155-1-hyperv neutron-server[90025]: DEBUG neutron.quota.resource [None req-a04cad2b-96d2-4adf-ade6-2b85faa45e8e tempest-ExtraDHCPOptionsIpV6TestJSON-2115687030 tempest-ExtraDHCPOptionsIpV6TestJSON-2115687030-project] Quota usage for port was recalculated. Used quota:0. {{(pid=90025) count_used /opt/stack/neutron/neutron/quota/resource.py:290}}
Aug 04 18:42:15.964514 dv-neutron-852155-1-hyperv neutron-server[90025]: DEBUG neutron.db.quota.driver [None req-a04cad2b-96d2-4adf-ade6-2b85faa45e8e tempest-ExtraDHCPOptionsIpV6TestJSON-2115687030 tempest-ExtraDHCPOptionsIpV6TestJSON-2115687030-project] Attempting to reserve 1 items for resource port. Total usage: 0; quota limit: 500; headroom:500 {{(pid=90025) make_reservation /opt/stack/neutron/neutron/db/quota/driver.py:246}}
Aug 04 18:42:16.051152 dv-neutron-852155-1-hyperv neutron-server[90025]: DEBUG neutron_lib.callbacks.manager [None req-4a7de753-f145-4536-b3cc-a00a2fa6795d tempest-ExternalNetworksTestJSON-1616747353 tempest-ExternalNetworksTestJSON-1616747353-project-admin] Notify callbacks [] for port, precommit_create {{(pid=90025) _notify_loop /usr/local/lib/python3.8/dist-packages/neutron_lib/callbacks/manager.py:192}}
Aug 04 18:42:16.067672 dv-neutron-852155-1-hyperv neutron-server[90025]: DEBUG neutron.pecan_wsgi.hooks.quota_enforcement [None req-a04cad2b-96d2-4adf-ade6-2b85faa45e8e tempest-ExtraDHCPOptionsIpV6TestJSON-2115687030 tempest-ExtraDHCPOptionsIpV6TestJSON-2115687030-project] Made reservation on behalf of 2dcc7fda94dd40f8880ea96c5334a52f for: {'port': 1} {{(pid=90025) before /opt/stack/neutron/neutron/pecan_wsgi/hooks/quota_enforcement.py:53}}
Aug 04 18:42:16.071123 dv-neutron-852155-1-hyperv neutron-server[90025]: DEBUG neutron_lib.callbacks.manager [None req-a04cad2b-96d2-4adf-ade6-2b85faa45e8e tempest-ExtraDHCPOptionsIpV6TestJSON-2115687030 tempest-ExtraDHCPOptionsIpV6TestJSON-2115687030-project] Notify callbacks ['neutron.plugins.ml2.plugin.SecurityGroupDbMixin._ensure_default_security_group_handler-1488294'] for port, before_create {{(pid=90025) _notify_loop /usr/local/lib/python3.8/dist-packages/neutron_lib/callbacks/manager.py:192}}
Aug 04 18:42:16.084916 dv-neutron-852155-1-hyperv neutron-server[90027]: DEBUG neutron.plugins.ml2.rpc [None req-d144175a-3140-4ece-b229-c4c50daefeff None None] Device dffb6a52-37db-4aa4-af9d-18872bb2f880 up at agent ovs-agent-dv-neutron-852155-1-hyperv {{(pid=90027) update_device_up /opt/stack/neutron/neutron/plugins/ml2/rpc.py:278}}
Aug 04 18:42:16.190484 dv-neutron-852155-1-hyperv neutron-server[90026]: DEBUG neutron.db.provisioning_blocks [None req-797f2417-f9ac-43dc-a5cc-bf4956c55d46 tempest-DHCPAgentSchedulersTestJSON-1630049338 tempest-DHCPAgentSchedulersTestJSON-1630049338-project] Transition to ACTIVE for port object ba79da12-5b10-4069-8c9d-c4c33a0d087a will not be triggered until provisioned by entity DHCP. {{(pid=90026) add_provisioning_component /opt/stack/neutron/neutron/db/provisioning_blocks.py:73}}
Aug 04 18:42:16.218188 dv-neutron-852155-1-hyperv neutron-server[90025]: DEBUG neutron.notifiers.nova [None req-a04cad2b-96d2-4adf-ade6-2b85faa45e8e tempest-ExtraDHCPOptionsIpV6TestJSON-2115687030 tempest-ExtraDHCPOptionsIpV6TestJSON-2115687030-project] device_id is not set on port 00f20162-e4f6-4bc8-8d57-164c9ba99d1f yet. {{(pid=90025) _can_notify /opt/stack/neutron/neutron/notifiers/nova.py:199}}
Aug 04 18:42:16.308184 dv-neutron-852155-1-hyperv neutron-server[90025]: DEBUG neutron_lib.callbacks.manager [None req-00e6fa94-0aaa-4d87-b82c-738eaa9d476a tempest-FloatingIPAdminTestJSON-585517554 tempest-FloatingIPAdminTestJSON-585517554-project] Notify callbacks [] for router_gateway, before_create {{(pid=90025) _notify_loop /usr/local/lib/python3.8/dist-packages/neutron_lib/callbacks/manager.py:192}}
Aug 04 18:42:16.349272 dv-neutron-852155-1-hyperv neutron-server[90025]: DEBUG neutron_lib.callbacks.manager [None req-00e6fa94-0aaa-4d87-b82c-738eaa9d476a tempest-FloatingIPAdminTestJSON-585517554 tempest-FloatingIPAdminTestJSON-585517554-project] Notify callbacks ['neutron.plugins.ml2.plugin.SecurityGroupDbMixin._ensure_default_security_group_handler-1488294'] for port, before_create {{(pid=90025) _notify_loop /usr/local/lib/python3.8/dist-packages/neutron_lib/callbacks/manager.py:192}}
Aug 04 18:42:16.377354 dv-neutron-852155-1-hyperv neutron-server[90027]: DEBUG neutron.db.provisioning_blocks [None req-d02e1905-8640-4793-82db-c0e7b27b753c None None] Provisioning for port dffb6a52-37db-4aa4-af9d-18872bb2f880 completed by entity DHCP. {{(pid=90027) provisioning_complete /opt/stack/neutron/neutron/db/provisioning_blocks.py:133}}
Aug 04 18:42:16.391806 dv-neutron-852155-1-hyperv neutron-server[90027]: DEBUG neutron.db.db_base_plugin_common [None req-9dddf341-57a8-4f8c-8333-c5134059a513 None None] Allocated IP 172.20.0.2 (372dc9cd-043c-4d75-bd5b-fc50c5c4b756/333f466f-4eb7-47d0-813b-7a2b2fa3e945/19cd4e13-b32f-405c-9775-f56a88ebebf7) {{(pid=90027) _store_ip_allocation /opt/stack/neutron/neutron/db/db_base_plugin_common.py:131}}
Aug 04 18:42:16.394458 dv-neutron-852155-1-hyperv neutron-server[90027]: DEBUG neutron.db.provisioning_blocks [None req-d144175a-3140-4ece-b229-c4c50daefeff None None] Provisioning for port dffb6a52-37db-4aa4-af9d-18872bb2f880 completed by entity L2. {{(pid=90027) provisioning_complete /opt/stack/neutron/neutron/db/provisioning_blocks.py:133}}
Aug 04 18:42:16.409056 dv-neutron-852155-1-hyperv neutron-server[90027]: DEBUG neutron.db.provisioning_blocks [None req-d02e1905-8640-4793-82db-c0e7b27b753c None None] Provisioning complete for port dffb6a52-37db-4aa4-af9d-18872bb2f880 triggered by entity DHCP. {{(pid=90027) provisioning_complete /opt/stack/neutron/neutron/db/provisioning_blocks.py:139}}
Aug 04 18:42:16.409427 dv-neutron-852155-1-hyperv neutron-server[90027]: DEBUG neutron_lib.callbacks.manager [None req-d02e1905-8640-4793-82db-c0e7b27b753c None None] Notify callbacks ['neutron.plugins.ml2.plugin.Ml2Plugin._port_provisioned-1414054'] for port, provisioning_complete {{(pid=90027) _notify_loop /usr/local/lib/python3.8/dist-packages/neutron_lib/callbacks/manager.py:192}}
Aug 04 18:42:16.444584 dv-neutron-852155-1-hyperv neutron-server[90027]: DEBUG neutron.db.provisioning_blocks [None req-d144175a-3140-4ece-b229-c4c50daefeff None None] Provisioning complete for port dffb6a52-37db-4aa4-af9d-18872bb2f880 triggered by entity L2. {{(pid=90027) provisioning_complete /opt/stack/neutron/neutron/db/provisioning_blocks.py:139}}
Aug 04 18:42:16.444873 dv-neutron-852155-1-hyperv neutron-server[90027]: DEBUG neutron_lib.callbacks.manager [None req-d144175a-3140-4ece-b229-c4c50daefeff None None] Notify callbacks ['neutron.plugins.ml2.plugin.Ml2Plugin._port_provisioned-1414054'] for port, provisioning_complete {{(pid=90027) _notify_loop /usr/local/lib/python3.8/dist-packages/neutron_lib/callbacks/manager.py:192}}
Aug 04 18:42:16.466101 dv-neutron-852155-1-hyperv neutron-server[90026]: DEBUG neutron_lib.callbacks.manager [None req-652a3dd9-aad3-47b1-a7cb-03a0a521842c tempest-RoutersAdminNegativeIpV6Test-812612545 tempest-RoutersAdminNegativeIpV6Test-812612545-project-admin] Notify callbacks ['neutron.services.l3_router.l3_router_plugin.L3_HA_NAT_db_mixin._release_router_vr_id-342931', 'neutron.services.l3_router.service_providers.driver_controller.DriverController._clear_router_provider-12715'] for router, precommit_delete {{(pid=90026) _notify_loop /usr/local/lib/python3.8/dist-packages/neutron_lib/callbacks/manager.py:192}}
Aug 04 18:42:16.475667 dv-neutron-852155-1-hyperv neutron-server[90025]: DEBUG neutron_lib.callbacks.manager [None req-4a7de753-f145-4536-b3cc-a00a2fa6795d tempest-ExternalNetworksTestJSON-1616747353 tempest-ExternalNetworksTestJSON-1616747353-project-admin] Notify callbacks ['neutron.plugins.ml2.plugin.SecurityGroupServerNotifierRpcMixin.notify_sg_on_port_change-1488231', 'neutron.plugins.ml2.ovo_rpc._ObjectChangeHandler.handle_event-1960686', 'neutron.api.rpc.agentnotifiers.dhcp_rpc_agent_api.DhcpAgentNotifyAPI._native_event_send_dhcp_notification-1600771', 'neutron.db.l3_dvrscheduler_db._notify_l3_agent_new_port-8770699130314', 'neutron.services.segments.plugin.NovaSegmentNotifier._notify_port_created_or_deleted-4180116'] for port, after_create {{(pid=90025) _notify_loop /usr/local/lib/python3.8/dist-packages/neutron_lib/callbacks/manager.py:192}}
Aug 04 18:42:16.477538 dv-neutron-852155-1-hyperv neutron-server[90026]: DEBUG neutron_lib.callbacks.manager [None req-652a3dd9-aad3-47b1-a7cb-03a0a521842c tempest-RoutersAdminNegativeIpV6Test-812612545 tempest-RoutersAdminNegativeIpV6Test-812612545-project-admin] Notify callbacks [] for router_controller, precommit_delete_associations {{(pid=90026) _notify_loop /usr/local/lib/python3.8/dist-packages/neutron_lib/callbacks/manager.py:192}}
Aug 04 18:42:16.583807 dv-neutron-852155-1-hyperv neutron-server[90026]: DEBUG neutron.api.rpc.agentnotifiers.l3_rpc_agent_api [None req-6c23a817-26c0-4722-b0cf-6d52c5f5fd14 admin admin] Notify agent at l3_agent.dv-neutron-852155-1-hyperv the message routers_updated {{(pid=90026) _agent_notification /opt/stack/neutron/neutron/api/rpc/agentnotifiers/l3_rpc_agent_api.py:68}}
Aug 04 18:42:16.589434 dv-neutron-852155-1-hyperv neutron-server[90026]: DEBUG neutron_lib.callbacks.manager [None req-a95ebe04-67d8-4206-ac5a-6a795e97de67 admin admin] Notify callbacks ['neutron.services.l3_router.l3_router_plugin.L3_HA_NAT_db_mixin._after_router_create-342860', 'neutron.services.l3_router.l3_router_plugin.DVRResourceOperationHandler._create_snat_interfaces_after_change-346152'] for router, after_create {{(pid=90026) _notify_loop /usr/local/lib/python3.8/dist-packages/neutron_lib/callbacks/manager.py:192}}
Aug 04 18:42:16.596458 dv-neutron-852155-1-hyperv neutron-server[90026]: DEBUG neutron.api.rpc.agentnotifiers.l3_rpc_agent_api [None req-0736ee2e-5a39-48bb-80f1-d0def8292167 admin admin] Notify agent at l3_agent.dv-neutron-852155-1-hyperv the message routers_updated {{(pid=90026) _agent_notification /opt/stack/neutron/neutron/api/rpc/agentnotifiers/l3_rpc_agent_api.py:68}}
Aug 04 18:42:16.596673 dv-neutron-852155-1-hyperv neutron-server[90025]: DEBUG neutron.scheduler.dhcp_agent_scheduler [None req-4a7de753-f145-4536-b3cc-a00a2fa6795d tempest-ExternalNetworksTestJSON-1616747353 tempest-ExternalNetworksTestJSON-1616747353-project-admin] Network 00de66c3-5378-4952-b0c1-21d6f684b340 is already hosted by enough agents. {{(pid=90025) _get_dhcp_agents_hosting_network /opt/stack/neutron/neutron/scheduler/dhcp_agent_scheduler.py:275}}
Aug 04 18:42:16.611860 dv-neutron-852155-1-hyperv neutron-server[90025]: DEBUG neutron.scheduler.base_scheduler [None req-4a7de753-f145-4536-b3cc-a00a2fa6795d tempest-ExternalNetworksTestJSON-1616747353 tempest-ExternalNetworksTestJSON-1616747353-project-admin] Resources bound (agent type, host, resource id): {{(pid=90025) schedule /opt/stack/neutron/neutron/scheduler/base_scheduler.py:57}}
Aug 04 18:42:16.621222 dv-neutron-852155-1-hyperv neutron-server[90025]: DEBUG neutron.db.l3_dvrscheduler_db [None req-4a7de753-f145-4536-b3cc-a00a2fa6795d tempest-ExternalNetworksTestJSON-1616747353 tempest-ExternalNetworksTestJSON-1616747353-project-admin] Received port after_create {{(pid=90025) _notify_l3_agent_new_port /opt/stack/neutron/neutron/db/l3_dvrscheduler_db.py:538}}
Aug 04 18:42:16.621489 dv-neutron-852155-1-hyperv neutron-server[90027]: DEBUG neutron.api.rpc.handlers.l3_rpc [None req-2f985547-4e87-4b09-91e6-c795be8ca15b None None] Sync routers for ids ['0240ab79-1569-4375-80f3-0854fbefaaa2'] in dv-neutron-852155-1-hyperv {{(pid=90027) sync_routers /opt/stack/neutron/neutron/api/rpc/handlers/l3_rpc.py:125}}
Aug 04 18:42:16.625314 dv-neutron-852155-1-hyperv neutron-server[90028]: DEBUG neutron.api.rpc.handlers.l3_rpc [None req-e40ee947-3cbb-409a-be98-83ec898adb74 None None] Sync routers for ids ['551de41f-b80c-4726-a3ce-da1ca447de45'] in dv-neutron-852155-1-hyperv {{(pid=90028) sync_routers /opt/stack/neutron/neutron/api/rpc/handlers/l3_rpc.py:125}}
Aug 04 18:42:16.643335 dv-neutron-852155-1-hyperv neutron-server[90028]: DEBUG neutron.db.l3_dvrscheduler_db [None req-e40ee947-3cbb-409a-be98-83ec898adb74 None None] Routers {'551de41f-b80c-4726-a3ce-da1ca447de45'} bound to L3 agent in host dv-neutron-852155-1-hyperv {{(pid=90028) _get_router_ids_for_agent /opt/stack/neutron/neutron/db/l3_dvrscheduler_db.py:423}}
Aug 04 18:42:16.644564 dv-neutron-852155-1-hyperv neutron-server[90028]: DEBUG neutron.db.l3_hamode_db [None req-e40ee947-3cbb-409a-be98-83ec898adb74 None None] neutron.services.l3_router.l3_router_plugin.L3RouterPlugin method get_ha_sync_data_for_host called with arguments (, 'dv-neutron-852155-1-hyperv', Agent(admin_state_up=True,agent_type='L3 agent',availability_zone='nova',binary='neutron-l3-agent',configurations={"agent_mode": "legacy", "ex_gw_ports": 1, "extensions": [], "floating_ips": 0, "handle_internal_only_routers": true, "interface_driver": "openvswitch", "interfaces": 1, "log_agent_heartbeats": false, "routers": 1},created_at=2022-08-04T18:33:26Z,description=,heartbeat_timestamp=2022-08-04T18:41:56Z,host='dv-neutron-852155-1-hyperv',id=e6c39404-b361-4f00-a5bf-0aa9ec2e4a69,load=0,resource_versions=,resources_synced=,started_at=2022-08-04T18:33:26Z,topic='l3_agent')) {'router_ids': ['551de41f-b80c-4726-a3ce-da1ca447de45'], 'active': True} {{(pid=90028) wrapper /usr/local/lib/python3.8/dist-packages/oslo_log/helpers.py:65}}
Aug 04 18:42:16.659423 dv-neutron-852155-1-hyperv neutron-server[90027]: DEBUG neutron.db.l3_dvrscheduler_db [None req-2f985547-4e87-4b09-91e6-c795be8ca15b None None] Routers {'0240ab79-1569-4375-80f3-0854fbefaaa2'} bound to L3 agent in host dv-neutron-852155-1-hyperv {{(pid=90027) _get_router_ids_for_agent /opt/stack/neutron/neutron/db/l3_dvrscheduler_db.py:423}}
Aug 04 18:42:16.660002 dv-neutron-852155-1-hyperv neutron-server[90027]: DEBUG neutron.db.l3_hamode_db [None req-2f985547-4e87-4b09-91e6-c795be8ca15b None None] neutron.services.l3_router.l3_router_plugin.L3RouterPlugin method get_ha_sync_data_for_host called with arguments (, 'dv-neutron-852155-1-hyperv', Agent(admin_state_up=True,agent_type='L3 agent',availability_zone='nova',binary='neutron-l3-agent',configurations={"agent_mode": "legacy", "ex_gw_ports": 1, "extensions": [], "floating_ips": 0, "handle_internal_only_routers": true, "interface_driver": "openvswitch", "interfaces": 1, "log_agent_heartbeats": false, "routers": 1},created_at=2022-08-04T18:33:26Z,description=,heartbeat_timestamp=2022-08-04T18:41:56Z,host='dv-neutron-852155-1-hyperv',id=e6c39404-b361-4f00-a5bf-0aa9ec2e4a69,load=0,resource_versions=,resources_synced=,started_at=2022-08-04T18:33:26Z,topic='l3_agent')) {'router_ids': ['0240ab79-1569-4375-80f3-0854fbefaaa2'], 'active': True} {{(pid=90027) wrapper /usr/local/lib/python3.8/dist-packages/oslo_log/helpers.py:65}}
Aug 04 18:42:16.696805 dv-neutron-852155-1-hyperv neutron-server[90025]: DEBUG neutron.db.db_base_plugin_common [None req-a04cad2b-96d2-4adf-ade6-2b85faa45e8e tempest-ExtraDHCPOptionsIpV6TestJSON-2115687030 tempest-ExtraDHCPOptionsIpV6TestJSON-2115687030-project] Allocated IP 2001:db8::274 (744b8d79-d9c4-412f-91d8-713bfa2258ce/2258943f-16cf-40ce-bad5-628e97959023/00f20162-e4f6-4bc8-8d57-164c9ba99d1f) {{(pid=90025) _store_ip_allocation /opt/stack/neutron/neutron/db/db_base_plugin_common.py:131}}
Aug 04 18:42:16.705864 dv-neutron-852155-1-hyperv neutron-server[90025]: DEBUG neutron.api.rpc.handlers.resources_rpc [None req-4a7de753-f145-4536-b3cc-a00a2fa6795d tempest-ExternalNetworksTestJSON-1616747353 tempest-ExternalNetworksTestJSON-1616747353-project-admin] Pushing event updated for resources: {'Port': ['ID=c3b116e2-7d50-413d-b219-1ebe28150466,revision_number=1']} {{(pid=90025) push /opt/stack/neutron/neutron/api/rpc/handlers/resources_rpc.py:237}}
Aug 04 18:42:16.744576 dv-neutron-852155-1-hyperv neutron-server[90025]: DEBUG neutron.db.db_base_plugin_common [None req-00e6fa94-0aaa-4d87-b82c-738eaa9d476a tempest-FloatingIPAdminTestJSON-585517554 tempest-FloatingIPAdminTestJSON-585517554-project] Allocated IP 172.26.1.117 (f4c8ba7f-2f82-4ae1-8895-337053118f39/512a35fb-111c-43f3-a495-cb9486594904/6d92ecc1-4dda-4643-8896-65816924ef9a) {{(pid=90025) _store_ip_allocation /opt/stack/neutron/neutron/db/db_base_plugin_common.py:131}}
Aug 04 18:42:16.747995 dv-neutron-852155-1-hyperv neutron-server[90026]: INFO neutron.wsgi [None req-6c23a817-26c0-4722-b0cf-6d52c5f5fd14 admin admin] 10.222.0.57 "PUT /v2.0/routers/0240ab79-1569-4375-80f3-0854fbefaaa2/add_router_interface HTTP/1.1" status: 200 len: 503 time: 9.1183181
Aug 04 18:42:16.777605 dv-neutron-852155-1-hyperv neutron-server[90026]: DEBUG neutron_lib.callbacks.manager [None req-797f2417-f9ac-43dc-a5cc-bf4956c55d46 tempest-DHCPAgentSchedulersTestJSON-1630049338 tempest-DHCPAgentSchedulersTestJSON-1630049338-project] Notify callbacks ['neutron.plugins.ml2.plugin.SecurityGroupServerNotifierRpcMixin.notify_sg_on_port_change-1488231', 'neutron.plugins.ml2.ovo_rpc._ObjectChangeHandler.handle_event-1960686', 'neutron.api.rpc.agentnotifiers.dhcp_rpc_agent_api.DhcpAgentNotifyAPI._native_event_send_dhcp_notification-1600771', 'neutron.db.l3_dvrscheduler_db._notify_l3_agent_new_port-8770699130314'] for port, after_create {{(pid=90026) _notify_loop /usr/local/lib/python3.8/dist-packages/neutron_lib/callbacks/manager.py:192}}
Aug 04 18:42:16.779240 dv-neutron-852155-1-hyperv neutron-server[90026]: DEBUG neutron_lib.callbacks.manager [None req-652a3dd9-aad3-47b1-a7cb-03a0a521842c tempest-RoutersAdminNegativeIpV6Test-812612545 tempest-RoutersAdminNegativeIpV6Test-812612545-project-admin] Notify callbacks ['neutron.services.l3_router.l3_router_plugin.L3_HA_NAT_db_mixin._cleanup_ha_network-345058'] for router, after_delete {{(pid=90026) _notify_loop /usr/local/lib/python3.8/dist-packages/neutron_lib/callbacks/manager.py:192}}
