Aug 05 01:12:34.585468 dv-neutron-851997-1-hyperv neutron-server[104809]: DEBUG neutron.plugins.ml2.drivers.type_vlan [None req-acc1c3d2-18da-4350-98b8-e73aff06ca84 tempest-ExternalNetworksTestJSON-745690104 tempest-ExternalNetworksTestJSON-745690104-project-admin] Releasing vlan 113 on physical network physnet1 to pool {{(pid=104809) release_segment /opt/stack/neutron/neutron/plugins/ml2/drivers/type_vlan.py:304}}
Aug 05 01:12:34.585917 dv-neutron-851997-1-hyperv neutron-server[104809]: DEBUG neutron_lib.callbacks.manager [None req-acc1c3d2-18da-4350-98b8-e73aff06ca84 tempest-ExternalNetworksTestJSON-745690104 tempest-ExternalNetworksTestJSON-745690104-project-admin] Publish callbacks ['neutron.plugins.ml2.plugin.Ml2Plugin._handle_segment_change-604731', 'neutron.services.segments.plugin.NovaSegmentNotifier._notify_segment_deleted-63369076'] for segment (6e780ff1-8dfa-4f3b-98c8-49b0158e23e9), after_delete {{(pid=104809) _notify_loop /usr/local/lib/python3.8/dist-packages/neutron_lib/callbacks/manager.py:176}}
Aug 05 01:12:34.608550 dv-neutron-851997-1-hyperv neutron-server[104809]: DEBUG neutron_lib.callbacks.manager [None req-a8cc89b5-3623-4ef7-8df2-0bbea7d356bc tempest-PortsAdminExtendedAttrsIpV6TestJSON-1448851706 tempest-PortsAdminExtendedAttrsIpV6TestJSON-1448851706-project] Publish callbacks ['neutron.plugins.ml2.ovo_rpc._ObjectChangeHandler.handle_event-457538'] for security_group (4565d3f4-34d0-485f-a296-1118e334f124), after_create {{(pid=104809) _notify_loop /usr/local/lib/python3.8/dist-packages/neutron_lib/callbacks/manager.py:176}}
Aug 05 01:12:34.612045 dv-neutron-851997-1-hyperv neutron-server[104809]: DEBUG neutron.wsgi [-] (104809) accepted ('10.222.0.13', 57381) {{(pid=104809) server /usr/local/lib/python3.8/dist-packages/eventlet/wsgi.py:1004}}
Aug 05 01:12:34.657643 dv-neutron-851997-1-hyperv neutron-server[104809]: INFO neutron.services.segments.plugin [-] Segment 6e780ff1-8dfa-4f3b-98c8-49b0158e23e9 resource provider aggregate not found
Aug 05 01:12:34.787937 dv-neutron-851997-1-hyperv neutron-server[104809]: INFO neutron.services.segments.plugin [-] Segment 6e780ff1-8dfa-4f3b-98c8-49b0158e23e9 resource provider not found; error: Placement Client Error (4xx): {"errors": [{"status": 404, "title": "Not Found", "detail": "The resource could not be found.\n\n No resource provider with uuid 6e780ff1-8dfa-4f3b-98c8-49b0158e23e9 found for delete ", "request_id": "req-9cd75137-3650-4d39-a75f-21b0c4f22f8f"}]}
Aug 05 01:12:34.794917 dv-neutron-851997-1-hyperv neutron-server[104809]: DEBUG neutron.api.v2.base [None req-d65495a4-b27a-4989-ac25-ee187fd60a36 tempest-BulkNetworkOpsIpV6Test-236082818 tempest-BulkNetworkOpsIpV6Test-236082818-project] Request body: {'networks': [{'name': 'tempest-network--91935605'}, {'name': 'tempest-network--11087371'}]} {{(pid=104809) prepare_request_body /opt/stack/neutron/neutron/api/v2/base.py:730}}
Aug 05 01:12:34.802865 dv-neutron-851997-1-hyperv neutron-server[104809]: DEBUG neutron.api.v2.base [None req-d65495a4-b27a-4989-ac25-ee187fd60a36 tempest-BulkNetworkOpsIpV6Test-236082818 tempest-BulkNetworkOpsIpV6Test-236082818-project] Request body: {'network': {'name': 'tempest-network--91935605'}} {{(pid=104809) prepare_request_body /opt/stack/neutron/neutron/api/v2/base.py:730}}
Aug 05 01:12:34.803604 dv-neutron-851997-1-hyperv neutron-server[104809]: DEBUG neutron.api.v2.base [None req-d65495a4-b27a-4989-ac25-ee187fd60a36 tempest-BulkNetworkOpsIpV6Test-236082818 tempest-BulkNetworkOpsIpV6Test-236082818-project] Request body: {'network': {'name': 'tempest-network--11087371'}} {{(pid=104809) prepare_request_body /opt/stack/neutron/neutron/api/v2/base.py:730}}
Aug 05 01:12:34.907735 dv-neutron-851997-1-hyperv neutron-server[104809]: DEBUG dbcounter [-] [104809] Writing DB stats neutron:SELECT=84,neutron:INSERT=12,neutron:UPDATE=3,neutron:DELETE=1 {{(pid=104809) stat_writer /usr/local/lib/python3.8/dist-packages/dbcounter.py:114}}
Aug 05 01:12:34.958164 dv-neutron-851997-1-hyperv neutron-server[104809]: DEBUG neutron.api.rpc.handlers.resources_rpc [None req-a8cc89b5-3623-4ef7-8df2-0bbea7d356bc tempest-PortsAdminExtendedAttrsIpV6TestJSON-1448851706 tempest-PortsAdminExtendedAttrsIpV6TestJSON-1448851706-project] Pushing event updated for resources: {'SecurityGroup': ['ID=4565d3f4-34d0-485f-a296-1118e334f124,revision_number=1']} {{(pid=104809) push /opt/stack/neutron/neutron/api/rpc/handlers/resources_rpc.py:237}}
Aug 05 01:12:34.988051 dv-neutron-851997-1-hyperv neutron-server[104809]: INFO neutron.wsgi [req-b701484e-e99b-4715-b59b-dfea9ca3d186 req-e22e3a73-04f4-4df6-89cd-f41437ac902d tempest-ServersTestManualDisk-1788740437 tempest-ServersTestManualDisk-1788740437-project] 10.222.0.25 "GET /networking/v2.0/ports?device_id=4aac86a2-24eb-426a-b9b3-b2fc78a84338 HTTP/1.1" status: 200 len: 210 time: 0.1188645
Aug 05 01:12:35.000678 dv-neutron-851997-1-hyperv neutron-server[104809]: DEBUG neutron_lib.callbacks.manager [None req-acc1c3d2-18da-4350-98b8-e73aff06ca84 tempest-ExternalNetworksTestJSON-745690104 tempest-ExternalNetworksTestJSON-745690104-project-admin] Publish callbacks ['neutron.plugins.ml2.plugin.Ml2Plugin._network_delete_after_delete_handler-603556', 'neutron.plugins.ml2.ovo_rpc._ObjectChangeHandler.handle_event-457491', 'neutron.api.rpc.agentnotifiers.dhcp_rpc_agent_api.DhcpAgentNotifyAPI._native_event_send_dhcp_notification-66590581', 'neutron.services.l3_router.l3_router_plugin.DVRResourceOperationHandler.delete_fip_namespaces_for_ext_net-395567'] for network (fc76726b-64b3-4030-9947-e99b5ece7cea), after_delete {{(pid=104809) _notify_loop /usr/local/lib/python3.8/dist-packages/neutron_lib/callbacks/manager.py:176}}
Aug 05 01:12:35.031128 dv-neutron-851997-1-hyperv neutron-server[104809]: DEBUG neutron.plugins.ml2.drivers.helpers [None req-a8cc89b5-3623-4ef7-8df2-0bbea7d356bc tempest-PortsAdminExtendedAttrsIpV6TestJSON-1448851706 tempest-PortsAdminExtendedAttrsIpV6TestJSON-1448851706-project] vlan segment allocate from pool success with {'vlan_id': 108, 'physical_network': 'physnet1'} {{(pid=104809) allocate_partially_specified_segment /opt/stack/neutron/neutron/plugins/ml2/drivers/helpers.py:153}}
Aug 05 01:12:35.071510 dv-neutron-851997-1-hyperv neutron-server[104809]: DEBUG neutron.pecan_wsgi.hooks.quota_enforcement [None req-d65495a4-b27a-4989-ac25-ee187fd60a36 tempest-BulkNetworkOpsIpV6Test-236082818 tempest-BulkNetworkOpsIpV6Test-236082818-project] Made reservation on behalf of ac763b9d9b92408493485c12a70048d9 for: {'network': 2} {{(pid=104809) before /opt/stack/neutron/neutron/pecan_wsgi/hooks/quota_enforcement.py:53}}
Aug 05 01:12:35.076933 dv-neutron-851997-1-hyperv neutron-server[104809]: DEBUG neutron_lib.callbacks.manager [None req-d65495a4-b27a-4989-ac25-ee187fd60a36 tempest-BulkNetworkOpsIpV6Test-236082818 tempest-BulkNetworkOpsIpV6Test-236082818-project] Publish callbacks ['neutron.plugins.ml2.plugin.SecurityGroupDbMixin._ensure_default_security_group_handler-609253'] for network (None), before_create {{(pid=104809) _notify_loop /usr/local/lib/python3.8/dist-packages/neutron_lib/callbacks/manager.py:176}}
Aug 05 01:12:35.083412 dv-neutron-851997-1-hyperv neutron-server[104809]: DEBUG neutron.api.rpc.agentnotifiers.l3_rpc_agent_api [None req-acc1c3d2-18da-4350-98b8-e73aff06ca84 tempest-ExternalNetworksTestJSON-745690104 tempest-ExternalNetworksTestJSON-745690104-project-admin] Fanout notify agent at l3_agent the message fipnamespace_delete_on_ext_net for external_network fc76726b-64b3-4030-9947-e99b5ece7cea {{(pid=104809) _notification_fanout /opt/stack/neutron/neutron/api/rpc/agentnotifiers/l3_rpc_agent_api.py:120}}
Aug 05 01:12:35.133187 dv-neutron-851997-1-hyperv neutron-server[104809]: DEBUG neutron_lib.callbacks.manager [None req-acc1c3d2-18da-4350-98b8-e73aff06ca84 tempest-ExternalNetworksTestJSON-745690104 tempest-ExternalNetworksTestJSON-745690104-project-admin] Publish callbacks ['neutron.api.rpc.agentnotifiers.dhcp_rpc_agent_api.DhcpAgentNotifyAPI._send_dhcp_notification-66590563'] for network (None), before_response {{(pid=104809) _notify_loop /usr/local/lib/python3.8/dist-packages/neutron_lib/callbacks/manager.py:176}}
Aug 05 01:12:35.147937 dv-neutron-851997-1-hyperv neutron-server[104809]: INFO neutron.wsgi [None req-acc1c3d2-18da-4350-98b8-e73aff06ca84 tempest-ExternalNetworksTestJSON-745690104 tempest-ExternalNetworksTestJSON-745690104-project-admin] 10.222.0.25 "DELETE /networking/v2.0/networks/fc76726b-64b3-4030-9947-e99b5ece7cea HTTP/1.1" status: 204 len: 168 time: 1.5450993
Aug 05 01:12:35.163272 dv-neutron-851997-1-hyperv neutron-server[104810]: DEBUG novaclient.v2.client [-] REQ: curl -g -i --cacert "/opt/stack/data/ca-bundle.pem" -X POST http://10.222.0.25/compute/v2.1/os-server-external-events -H "Accept: application/json" -H "Content-Type: application/json" -H "User-Agent: python-novaclient" -H "X-Auth-Token: {SHA256}37a6d4b3590bb116d1f1f0de052c362147baafedefdb2cdde0a34bfba8a2b687" -H "X-OpenStack-Nova-API-Version: 2.1" -H "X-OpenStack-Request-ID: req-b69544e5-2ab4-46ee-bfc8-db6d89c17d3e" -d '{"events": [{"name": "network-changed", "server_uuid": "deca8441-1a9f-4ee4-a166-361927262d91", "tag": "76c9e2dc-4877-4372-9a63-cacf8b7896d8"}]}' {{(pid=104810) _http_log_request /usr/local/lib/python3.8/dist-packages/keystoneauth1/session.py:519}}
Aug 05 01:12:35.207524 dv-neutron-851997-1-hyperv neutron-server[104809]: DEBUG neutron.wsgi [-] (104809) accepted ('10.222.0.25', 60608) {{(pid=104809) server /usr/local/lib/python3.8/dist-packages/eventlet/wsgi.py:1004}}
Aug 05 01:12:35.240977 dv-neutron-851997-1-hyperv neutron-server[104809]: DEBUG neutron_lib.callbacks.manager [None req-d65495a4-b27a-4989-ac25-ee187fd60a36 tempest-BulkNetworkOpsIpV6Test-236082818 tempest-BulkNetworkOpsIpV6Test-236082818-project] Publish callbacks [] for security_group (None), before_create {{(pid=104809) _notify_loop /usr/local/lib/python3.8/dist-packages/neutron_lib/callbacks/manager.py:176}}
Aug 05 01:12:35.243453 dv-neutron-851997-1-hyperv neutron-server[104809]: DEBUG neutron.api.rpc.handlers.resources_rpc [None req-acc1c3d2-18da-4350-98b8-e73aff06ca84 tempest-ExternalNetworksTestJSON-745690104 tempest-ExternalNetworksTestJSON-745690104-project-admin] Pushing event deleted for resources: {'Network': ['ID=fc76726b-64b3-4030-9947-e99b5ece7cea,revision_number=None']} {{(pid=104809) push /opt/stack/neutron/neutron/api/rpc/handlers/resources_rpc.py:237}}
Aug 05 01:12:35.256014 dv-neutron-851997-1-hyperv neutron-server[104809]: DEBUG neutron_lib.callbacks.manager [None req-a8cc89b5-3623-4ef7-8df2-0bbea7d356bc tempest-PortsAdminExtendedAttrsIpV6TestJSON-1448851706 tempest-PortsAdminExtendedAttrsIpV6TestJSON-1448851706-project] Publish callbacks ['neutron.plugins.ml2.plugin.Ml2Plugin._handle_segment_change-604731'] for segment (9fc698d1-4127-44c5-a830-d2850e92edf3), precommit_create {{(pid=104809) _notify_loop /usr/local/lib/python3.8/dist-packages/neutron_lib/callbacks/manager.py:176}}
Aug 05 01:12:35.256557 dv-neutron-851997-1-hyperv neutron-server[104809]: INFO neutron.db.segments_db [None req-a8cc89b5-3623-4ef7-8df2-0bbea7d356bc tempest-PortsAdminExtendedAttrsIpV6TestJSON-1448851706 tempest-PortsAdminExtendedAttrsIpV6TestJSON-1448851706-project] Added segment 9fc698d1-4127-44c5-a830-d2850e92edf3 of type vlan for network 2797831f-7aca-46bf-8332-f781061bb8de
Aug 05 01:12:35.334872 dv-neutron-851997-1-hyperv neutron-server[104809]: INFO neutron.pecan_wsgi.hooks.translation [None req-348059a9-c4e3-4749-b7b3-378edd46f105 tempest-ExternalNetworksTestJSON-1080683159 tempest-ExternalNetworksTestJSON-1080683159-project] DELETE failed (client error): The resource could not be found.
Aug 05 01:12:35.335431 dv-neutron-851997-1-hyperv neutron-server[104809]: DEBUG neutron.pecan_wsgi.hooks.notifier [None req-348059a9-c4e3-4749-b7b3-378edd46f105 tempest-ExternalNetworksTestJSON-1080683159 tempest-ExternalNetworksTestJSON-1080683159-project] No notification will be sent due to unsuccessful status code: 404 {{(pid=104809) after /opt/stack/neutron/neutron/pecan_wsgi/hooks/notifier.py:78}}
Aug 05 01:12:35.342364 dv-neutron-851997-1-hyperv neutron-server[104809]: INFO neutron.wsgi [None req-348059a9-c4e3-4749-b7b3-378edd46f105 tempest-ExternalNetworksTestJSON-1080683159 tempest-ExternalNetworksTestJSON-1080683159-project] 10.222.0.25 "DELETE /networking/v2.0/subnets/9c03246d-4d75-49e9-9210-c043e7ff944d HTTP/1.1" status: 404 len: 337 time: 0.1163542
Aug 05 01:12:35.365854 dv-neutron-851997-1-hyperv neutron-server[104810]: DEBUG neutron.wsgi [-] (104810) accepted ('10.222.0.25', 60620) {{(pid=104810) server /usr/local/lib/python3.8/dist-packages/eventlet/wsgi.py:1004}}
Aug 05 01:12:35.384300 dv-neutron-851997-1-hyperv neutron-server[104810]: DEBUG neutron.api.rpc.agentnotifiers.l3_rpc_agent_api [None req-5f9c5934-5ddd-4b0f-997a-35634e5c97a9 tempest-RoutersAdminTest-29897579 tempest-RoutersAdminTest-29897579-project] Notify agent at l3_agent.dv-neutron-851997-1-hyperv the message routers_updated {{(pid=104810) _agent_notification /opt/stack/neutron/neutron/api/rpc/agentnotifiers/l3_rpc_agent_api.py:65}}
Aug 05 01:12:35.453154 dv-neutron-851997-1-hyperv neutron-server[104809]: DEBUG neutron.pecan_wsgi.hooks.policy_enforcement [req-5ab80089-e5bc-4082-a5a3-5427bad251ea req-360b8575-caaf-44ab-8c10-3cb371fd4d12 tempest-ServersTestJSON-1548889612 tempest-ServersTestJSON-1548889612-project] Attributes excluded by policy engine: ['standard_attr_id', 'vlan_transparent', 'provider:network_type', 'provider:physical_network', 'provider:segmentation_id'] {{(pid=104809) _exclude_attributes_by_policy /opt/stack/neutron/neutron/pecan_wsgi/hooks/policy_enforcement.py:259}}
Aug 05 01:12:35.460710 dv-neutron-851997-1-hyperv neutron-server[104809]: INFO neutron.wsgi [req-5ab80089-e5bc-4082-a5a3-5427bad251ea req-360b8575-caaf-44ab-8c10-3cb371fd4d12 tempest-ServersTestJSON-1548889612 tempest-ServersTestJSON-1548889612-project] 10.222.0.13 "GET /networking/v2.0/networks?id=bf5f9107-7814-4152-848c-015689d1a339 HTTP/1.1" status: 200 len: 806 time: 0.8111389
Aug 05 01:12:35.479284 dv-neutron-851997-1-hyperv neutron-server[104810]: DEBUG neutron.pecan_wsgi.hooks.policy_enforcement [req-cb3e6649-245c-4feb-8264-b313a5de4399 req-5e87cd51-5328-4b04-98f1-7ccd93ce4b31 service neutron] Attributes excluded by policy engine: ['standard_attr_id'] {{(pid=104810) _exclude_attributes_by_policy /opt/stack/neutron/neutron/pecan_wsgi/hooks/policy_enforcement.py:259}}
Aug 05 01:12:35.484208 dv-neutron-851997-1-hyperv neutron-server[104810]: INFO neutron.wsgi [req-cb3e6649-245c-4feb-8264-b313a5de4399 req-5e87cd51-5328-4b04-98f1-7ccd93ce4b31 service neutron] 10.222.0.13 "GET /networking/v2.0/ports?tenant_id=b75236a013bf47058631ceb119152026&device_id=deca8441-1a9f-4ee4-a166-361927262d91 HTTP/1.1" status: 200 len: 1128 time: 1.0345011
Aug 05 01:12:35.500964 dv-neutron-851997-1-hyperv neutron-server[104810]: DEBUG neutron.pecan_wsgi.hooks.policy_enforcement [req-e4139202-150a-4f7e-a50b-665a0774fd0e req-78d239e6-ae19-45da-bab5-843481c3c4d2 tempest-ServerActionsTestJSON-1117396658 tempest-ServerActionsTestJSON-1117396658-project] Attributes excluded by policy engine: ['standard_attr_id', 'binding:profile', 'binding:host_id', 'binding:vif_type', 'binding:vif_details'] {{(pid=104810) _exclude_attributes_by_policy /opt/stack/neutron/neutron/pecan_wsgi/hooks/policy_enforcement.py:259}}
Aug 05 01:12:35.504407 dv-neutron-851997-1-hyperv neutron-server[104810]: INFO neutron.wsgi [req-e4139202-150a-4f7e-a50b-665a0774fd0e req-78d239e6-ae19-45da-bab5-843481c3c4d2 tempest-ServerActionsTestJSON-1117396658 tempest-ServerActionsTestJSON-1117396658-project] 10.222.0.25 "GET /networking/v2.0/ports?device_id=deca8441-1a9f-4ee4-a166-361927262d91 HTTP/1.1" status: 200 len: 944 time: 0.1079667
Aug 05 01:12:35.625714 dv-neutron-851997-1-hyperv neutron-server[104809]: DEBUG neutron_lib.callbacks.manager [None req-d65495a4-b27a-4989-ac25-ee187fd60a36 tempest-BulkNetworkOpsIpV6Test-236082818 tempest-BulkNetworkOpsIpV6Test-236082818-project] Publish callbacks [] for security_group (f3d7f45a-71e8-49e9-a544-98b221e812f2), precommit_create {{(pid=104809) _notify_loop /usr/local/lib/python3.8/dist-packages/neutron_lib/callbacks/manager.py:176}}
Aug 05 01:12:35.687640 dv-neutron-851997-1-hyperv neutron-server[104809]: DEBUG neutron_lib.callbacks.manager [None req-a8cc89b5-3623-4ef7-8df2-0bbea7d356bc tempest-PortsAdminExtendedAttrsIpV6TestJSON-1448851706 tempest-PortsAdminExtendedAttrsIpV6TestJSON-1448851706-project] Publish callbacks ['neutron.services.auto_allocate.db._ensure_external_network_default_value_callback-8782368796609'] for network (2797831f-7aca-46bf-8332-f781061bb8de), precommit_create {{(pid=104809) _notify_loop /usr/local/lib/python3.8/dist-packages/neutron_lib/callbacks/manager.py:176}}
Aug 05 01:12:35.761941 dv-neutron-851997-1-hyperv neutron-server[104811]: DEBUG neutron.api.rpc.handlers.l3_rpc [None req-373ac800-ddc5-4e32-a520-bd9f042354f8 None None] Sync routers for ids ['888bc30d-d4f2-4943-a9a1-27c2fe59bfaf'] in dv-neutron-851997-1-hyperv {{(pid=104811) sync_routers /opt/stack/neutron/neutron/api/rpc/handlers/l3_rpc.py:125}}
Aug 05 01:12:35.776823 dv-neutron-851997-1-hyperv neutron-server[104809]: DEBUG dbcounter [-] [104809] Writing DB stats neutron:UPDATE=4,neutron:SELECT=78,neutron:INSERT=12,neutron:DELETE=6 {{(pid=104809) stat_writer /usr/local/lib/python3.8/dist-packages/dbcounter.py:114}}
Aug 05 01:12:35.794235 dv-neutron-851997-1-hyperv neutron-server[104809]: DEBUG neutron_lib.callbacks.manager [None req-a8cc89b5-3623-4ef7-8df2-0bbea7d356bc tempest-PortsAdminExtendedAttrsIpV6TestJSON-1448851706 tempest-PortsAdminExtendedAttrsIpV6TestJSON-1448851706-project] Publish callbacks ['neutron.plugins.ml2.ovo_rpc._ObjectChangeHandler.handle_event-457491', 'neutron.api.rpc.agentnotifiers.dhcp_rpc_agent_api.DhcpAgentNotifyAPI._native_event_send_dhcp_notification-66590581'] for network (2797831f-7aca-46bf-8332-f781061bb8de), after_create {{(pid=104809) _notify_loop /usr/local/lib/python3.8/dist-packages/neutron_lib/callbacks/manager.py:176}}
Aug 05 01:12:35.794442 dv-neutron-851997-1-hyperv neutron-server[104811]: DEBUG neutron.db.l3_dvrscheduler_db [None req-373ac800-ddc5-4e32-a520-bd9f042354f8 None None] Routers {'888bc30d-d4f2-4943-a9a1-27c2fe59bfaf'} bound to L3 agent in host dv-neutron-851997-1-hyperv {{(pid=104811) _get_router_ids_for_agent /opt/stack/neutron/neutron/db/l3_dvrscheduler_db.py:426}}
Aug 05 01:12:35.795133 dv-neutron-851997-1-hyperv neutron-server[104811]: DEBUG neutron.db.l3_hamode_db [None req-373ac800-ddc5-4e32-a520-bd9f042354f8 None None] neutron.services.l3_router.l3_router_plugin.L3RouterPlugin method get_ha_sync_data_for_host called with arguments (, 'dv-neutron-851997-1-hyperv', Agent(admin_state_up=True,agent_type='L3 agent',availability_zone='nova',binary='neutron-l3-agent',configurations={"agent_mode": "legacy", "ex_gw_ports": 4, "extensions": [], "floating_ips": 0, "handle_internal_only_routers": true, "interface_driver": "openvswitch", "interfaces": 4, "log_agent_heartbeats": false, "routers": 4},created_at=2022-08-05T01:04:24Z,description=,heartbeat_timestamp=2022-08-05T01:12:24Z,host='dv-neutron-851997-1-hyperv',id=66af5acf-221b-4817-8d39-59ef6e3fc6a3,load=0,resource_versions=,resources_synced=,started_at=2022-08-05T01:04:24Z,topic='l3_agent')) {'router_ids': ['888bc30d-d4f2-4943-a9a1-27c2fe59bfaf'], 'active': True} {{(pid=104811) wrapper /usr/local/lib/python3.8/dist-packages/oslo_log/helpers.py:65}}
Aug 05 01:12:35.802666 dv-neutron-851997-1-hyperv neutron-server[104809]: DEBUG neutron.pecan_wsgi.hooks.policy_enforcement [None req-a8cc89b5-3623-4ef7-8df2-0bbea7d356bc tempest-PortsAdminExtendedAttrsIpV6TestJSON-1448851706 tempest-PortsAdminExtendedAttrsIpV6TestJSON-1448851706-project] Attributes excluded by policy engine: ['standard_attr_id', 'provider:network_type', 'provider:physical_network', 'provider:segmentation_id', 'vlan_transparent'] {{(pid=104809) _exclude_attributes_by_policy /opt/stack/neutron/neutron/pecan_wsgi/hooks/policy_enforcement.py:259}}
Aug 05 01:12:35.803311 dv-neutron-851997-1-hyperv neutron-server[104809]: DEBUG neutron_lib.callbacks.manager [None req-a8cc89b5-3623-4ef7-8df2-0bbea7d356bc tempest-PortsAdminExtendedAttrsIpV6TestJSON-1448851706 tempest-PortsAdminExtendedAttrsIpV6TestJSON-1448851706-project] Publish callbacks ['neutron.api.rpc.agentnotifiers.dhcp_rpc_agent_api.DhcpAgentNotifyAPI._send_dhcp_notification-66590563'] for network (None), before_response {{(pid=104809) _notify_loop /usr/local/lib/python3.8/dist-packages/neutron_lib/callbacks/manager.py:176}}
Aug 05 01:12:35.837985 dv-neutron-851997-1-hyperv neutron-server[104810]: DEBUG neutron_lib.callbacks.manager [None req-5f9c5934-5ddd-4b0f-997a-35634e5c97a9 tempest-RoutersAdminTest-29897579 tempest-RoutersAdminTest-29897579-project] Publish callbacks [] for router (None), before_response {{(pid=104810) _notify_loop /usr/local/lib/python3.8/dist-packages/neutron_lib/callbacks/manager.py:176}}
Aug 05 01:12:35.840038 dv-neutron-851997-1-hyperv neutron-server[104810]: INFO neutron.wsgi [None req-5f9c5934-5ddd-4b0f-997a-35634e5c97a9 tempest-RoutersAdminTest-29897579 tempest-RoutersAdminTest-29897579-project] 10.222.0.25 "POST /networking/v2.0/routers HTTP/1.1" status: 201 len: 885 time: 9.1806390
Aug 05 01:12:35.860765 dv-neutron-851997-1-hyperv neutron-server[104811]: DEBUG neutron.db.l3_hamode_db [None req-373ac800-ddc5-4e32-a520-bd9f042354f8 None None] neutron.services.l3_router.l3_router_plugin.L3RouterPlugin method _process_sync_ha_data called with arguments (, [], 'dv-neutron-851997-1-hyperv', False) {} {{(pid=104811) wrapper /usr/local/lib/python3.8/dist-packages/oslo_log/helpers.py:65}}
Aug 05 01:12:35.866046 dv-neutron-851997-1-hyperv neutron-server[104810]: DEBUG neutron.wsgi [-] (104810) accepted ('10.222.0.25', 60626) {{(pid=104810) server /usr/local/lib/python3.8/dist-packages/eventlet/wsgi.py:1004}}
Aug 05 01:12:35.870880 dv-neutron-851997-1-hyperv neutron-server[104810]: INFO neutron.wsgi [req-cb3e6649-245c-4feb-8264-b313a5de4399 req-7089e8ac-cc19-4010-934c-6b0b8fd9df86 service neutron] 10.222.0.13 "GET /networking/v2.0/floatingips?fixed_ip_address=172.20.0.14&port_id=76c9e2dc-4877-4372-9a63-cacf8b7896d8 HTTP/1.1" status: 200 len: 217 time: 0.3270621
Aug 05 01:12:35.900674 dv-neutron-851997-1-hyperv neutron-server[104811]: DEBUG neutron.db.l3_dvrscheduler_db [None req-373ac800-ddc5-4e32-a520-bd9f042354f8 None None] Routers {'888bc30d-d4f2-4943-a9a1-27c2fe59bfaf'} bound to L3 agent in host dv-neutron-851997-1-hyperv {{(pid=104811) _get_router_ids_for_agent /opt/stack/neutron/neutron/db/l3_dvrscheduler_db.py:426}}
Aug 05 01:12:35.902582 dv-neutron-851997-1-hyperv neutron-server[104811]: DEBUG neutron.db.l3_hamode_db [None req-373ac800-ddc5-4e32-a520-bd9f042354f8 None None] neutron.services.l3_router.l3_router_plugin.L3RouterPlugin method get_ha_sync_data_for_host called with arguments (, 'dv-neutron-851997-1-hyperv', Agent(admin_state_up=True,agent_type='L3 agent',availability_zone='nova',binary='neutron-l3-agent',configurations={"agent_mode": "legacy", "ex_gw_ports": 4, "extensions": [], "floating_ips": 0, "handle_internal_only_routers": true, "interface_driver": "openvswitch", "interfaces": 4, "log_agent_heartbeats": false, "routers": 4},created_at=2022-08-05T01:04:24Z,description=,heartbeat_timestamp=2022-08-05T01:12:24Z,host='dv-neutron-851997-1-hyperv',id=66af5acf-221b-4817-8d39-59ef6e3fc6a3,load=0,resource_versions=,resources_synced=,started_at=2022-08-05T01:04:24Z,topic='l3_agent')) {'router_ids': ['888bc30d-d4f2-4943-a9a1-27c2fe59bfaf'], 'active': True} {{(pid=104811) wrapper /usr/local/lib/python3.8/dist-packages/oslo_log/helpers.py:65}}
Aug 05 01:12:35.956213 dv-neutron-851997-1-hyperv neutron-server[104811]: DEBUG neutron.db.l3_hamode_db [None req-373ac800-ddc5-4e32-a520-bd9f042354f8 None None] neutron.services.l3_router.l3_router_plugin.L3RouterPlugin method _process_sync_ha_data called with arguments (, [], 'dv-neutron-851997-1-hyperv', False) {} {{(pid=104811) wrapper /usr/local/lib/python3.8/dist-packages/oslo_log/helpers.py:65}}
Aug 05 01:12:35.957192 dv-neutron-851997-1-hyperv neutron-server[104811]: DEBUG neutron.api.rpc.handlers.l3_rpc [None req-373ac800-ddc5-4e32-a520-bd9f042354f8 None None] The sync data for ids ['888bc30d-d4f2-4943-a9a1-27c2fe59bfaf'] in dv-neutron-851997-1-hyperv is: [] {{(pid=104811) sync_routers /opt/stack/neutron/neutron/api/rpc/handlers/l3_rpc.py:137}}
Aug 05 01:12:35.971241 dv-neutron-851997-1-hyperv neutron-server[104809]: DEBUG neutron_lib.callbacks.manager [None req-d65495a4-b27a-4989-ac25-ee187fd60a36 tempest-BulkNetworkOpsIpV6Test-236082818 tempest-BulkNetworkOpsIpV6Test-236082818-project] Publish callbacks ['neutron.plugins.ml2.ovo_rpc._ObjectChangeHandler.handle_event-457538'] for security_group (f3d7f45a-71e8-49e9-a544-98b221e812f2), after_create {{(pid=104809) _notify_loop /usr/local/lib/python3.8/dist-packages/neutron_lib/callbacks/manager.py:176}}
Aug 05 01:12:35.972530 dv-neutron-851997-1-hyperv neutron-server[104809]: DEBUG neutron_lib.callbacks.manager [None req-d65495a4-b27a-4989-ac25-ee187fd60a36 tempest-BulkNetworkOpsIpV6Test-236082818 tempest-BulkNetworkOpsIpV6Test-236082818-project] Publish callbacks ['neutron.plugins.ml2.plugin.SecurityGroupDbMixin._ensure_default_security_group_handler-609253'] for network (None), before_create {{(pid=104809) _notify_loop /usr/local/lib/python3.8/dist-packages/neutron_lib/callbacks/manager.py:176}}
Aug 05 01:12:35.978282 dv-neutron-851997-1-hyperv neutron-server[104809]: DEBUG neutron_lib.callbacks.manager [req-f78a064d-eec5-4a20-ba14-27501627f133 req-bf41cd9f-5dfc-4a57-834c-8f6f0963d564 tempest-ServersTestManualDisk-1788740437 tempest-ServersTestManualDisk-1788740437-project] Publish callbacks [] for port (9a3c693e-7bfd-4b8d-b4c2-5dc2f26fead9), precommit_create {{(pid=104809) _notify_loop /usr/local/lib/python3.8/dist-packages/neutron_lib/callbacks/manager.py:176}}
Aug 05 01:12:36.033295 dv-neutron-851997-1-hyperv neutron-server[104809]: INFO neutron.wsgi [None req-a8cc89b5-3623-4ef7-8df2-0bbea7d356bc tempest-PortsAdminExtendedAttrsIpV6TestJSON-1448851706 tempest-PortsAdminExtendedAttrsIpV6TestJSON-1448851706-project] 10.222.0.25 "POST /networking/v2.0/networks HTTP/1.1" status: 201 len: 782 time: 2.6140618
Aug 05 01:12:36.047188 dv-neutron-851997-1-hyperv neutron-server[104810]: DEBUG neutron_lib.callbacks.manager [None req-d30139a4-0e83-442f-89ea-8a9bf6aede46 tempest-ExternalNetworksTestJSON-1080683159 tempest-ExternalNetworksTestJSON-1080683159-project] Publish callbacks ['neutron.plugins.ml2.plugin.External_net_db_mixin._before_network_delete_handler-66351196'] for network (3ae530bb-b82f-4aaf-84e4-a52a126360ea), before_delete {{(pid=104810) _notify_loop /usr/local/lib/python3.8/dist-packages/neutron_lib/callbacks/manager.py:176}}
Aug 05 01:12:36.048157 dv-neutron-851997-1-hyperv neutron-server[104809]: INFO neutron.wsgi [req-45f79afa-dc62-4862-a98a-bc82a667d747 req-813ae32a-9be1-4dc3-acc4-d501b5a9c784 tempest-ServersTestJSON-1548889612 tempest-ServersTestJSON-1548889612-project] 10.222.0.25 "GET /networking/v2.0/ports?device_id=fa5178c6-dd09-410c-bfbf-63ccb31dff05 HTTP/1.1" status: 200 len: 210 time: 0.2862563
Aug 05 01:12:36.069762 dv-neutron-851997-1-hyperv neutron-server[104810]: INFO neutron.wsgi [req-e4139202-150a-4f7e-a50b-665a0774fd0e req-ff05adb1-f53e-4c83-b760-6286021a8c7a tempest-ServerActionsTestJSON-1117396658 tempest-ServerActionsTestJSON-1117396658-project] 10.222.0.25 "GET /networking/v2.0/security-groups?id=89f324e4-6cb4-4dae-8d88-3d5e155e7a07&fields=id&fields=name HTTP/1.1" status: 200 len: 312 time: 0.4348125
Aug 05 01:12:36.124303 dv-neutron-851997-1-hyperv neutron-server[104810]: DEBUG dbcounter [-] [104810] Writing DB stats neutron:INSERT=2,neutron:SELECT=97,neutron:DELETE=1 {{(pid=104810) stat_writer /usr/local/lib/python3.8/dist-packages/dbcounter.py:114}}
Aug 05 01:12:36.138220 dv-neutron-851997-1-hyperv neutron-server[104810]: DEBUG neutron.pecan_wsgi.hooks.policy_enforcement [req-cb3e6649-245c-4feb-8264-b313a5de4399 req-4519306e-6d5a-47dd-b2d9-21ad38296df4 service neutron] Attributes excluded by policy engine: ['standard_attr_id', 'shared', 'segment_id'] {{(pid=104810) _exclude_attributes_by_policy /opt/stack/neutron/neutron/pecan_wsgi/hooks/policy_enforcement.py:259}}
Aug 05 01:12:36.140091 dv-neutron-851997-1-hyperv neutron-server[104810]: INFO neutron.wsgi [req-cb3e6649-245c-4feb-8264-b313a5de4399 req-4519306e-6d5a-47dd-b2d9-21ad38296df4 service neutron] 10.222.0.13 "GET /networking/v2.0/subnets?id=11357b07-7200-4f1a-b4f4-038b0e8590bf HTTP/1.1" status: 200 len: 851 time: 0.1579049
Aug 05 01:12:36.245906 dv-neutron-851997-1-hyperv neutron-server[104809]: DEBUG neutron.api.rpc.handlers.resources_rpc [None req-d65495a4-b27a-4989-ac25-ee187fd60a36 tempest-BulkNetworkOpsIpV6Test-236082818 tempest-BulkNetworkOpsIpV6Test-236082818-project] Pushing event updated for resources: {'SecurityGroup': ['ID=f3d7f45a-71e8-49e9-a544-98b221e812f2,revision_number=1']} {{(pid=104809) push /opt/stack/neutron/neutron/api/rpc/handlers/resources_rpc.py:237}}
Aug 05 01:12:36.257688 dv-neutron-851997-1-hyperv neutron-server[104809]: DEBUG neutron.api.rpc.handlers.resources_rpc [None req-a8cc89b5-3623-4ef7-8df2-0bbea7d356bc tempest-PortsAdminExtendedAttrsIpV6TestJSON-1448851706 tempest-PortsAdminExtendedAttrsIpV6TestJSON-1448851706-project] Pushing event updated for resources: {'Network': ['ID=2797831f-7aca-46bf-8332-f781061bb8de,revision_number=1']} {{(pid=104809) push /opt/stack/neutron/neutron/api/rpc/handlers/resources_rpc.py:237}}
Aug 05 01:12:36.266153 dv-neutron-851997-1-hyperv neutron-server[104809]: DEBUG neutron.plugins.ml2.drivers.helpers [None req-d65495a4-b27a-4989-ac25-ee187fd60a36 tempest-BulkNetworkOpsIpV6Test-236082818 tempest-BulkNetworkOpsIpV6Test-236082818-project] vlan segment allocate from pool success with {'vlan_id': 148, 'physical_network': 'physnet1'} {{(pid=104809) allocate_partially_specified_segment /opt/stack/neutron/neutron/plugins/ml2/drivers/helpers.py:153}}
Aug 05 01:12:36.275873 dv-neutron-851997-1-hyperv neutron-server[104809]: INFO neutron.wsgi [req-5ab80089-e5bc-4082-a5a3-5427bad251ea req-f9923121-bdb6-4d6b-b8f0-cb13b22a2676 tempest-ServersTestJSON-1548889612 tempest-ServersTestJSON-1548889612-project] 10.222.0.13 "GET /networking/v2.0/security-groups?fields=id&fields=name&tenant_id=422bfce5c2ec4ef3b9a90a74e357ae25 HTTP/1.1" status: 200 len: 380 time: 0.4860790
Aug 05 01:12:36.290522 dv-neutron-851997-1-hyperv neutron-server[104809]: DEBUG neutron_lib.callbacks.manager [None req-d65495a4-b27a-4989-ac25-ee187fd60a36 tempest-BulkNetworkOpsIpV6Test-236082818 tempest-BulkNetworkOpsIpV6Test-236082818-project] Publish callbacks ['neutron.plugins.ml2.plugin.Ml2Plugin._handle_segment_change-604731'] for segment (5a951a88-d1e0-43d3-ac1c-4db2cf07674c), precommit_create {{(pid=104809) _notify_loop /usr/local/lib/python3.8/dist-packages/neutron_lib/callbacks/manager.py:176}}
Aug 05 01:12:36.290876 dv-neutron-851997-1-hyperv neutron-server[104809]: INFO neutron.db.segments_db [None req-d65495a4-b27a-4989-ac25-ee187fd60a36 tempest-BulkNetworkOpsIpV6Test-236082818 tempest-BulkNetworkOpsIpV6Test-236082818-project] Added segment 5a951a88-d1e0-43d3-ac1c-4db2cf07674c of type vlan for network d015d821-69de-418e-a32d-3062a31d5285
Aug 05 01:12:36.302467 dv-neutron-851997-1-hyperv neutron-server[104809]: DEBUG neutron_lib.callbacks.manager [req-f78a064d-eec5-4a20-ba14-27501627f133 req-bf41cd9f-5dfc-4a57-834c-8f6f0963d564 tempest-ServersTestManualDisk-1788740437 tempest-ServersTestManualDisk-1788740437-project] Publish callbacks ['neutron.plugins.ml2.plugin.SecurityGroupServerNotifierRpcMixin._notify_sg_on_port_change-609188', 'neutron.plugins.ml2.ovo_rpc._ObjectChangeHandler.handle_event-113418', 'neutron.api.rpc.agentnotifiers.dhcp_rpc_agent_api.DhcpAgentNotifyAPI._native_event_send_dhcp_notification-66590581', 'neutron.db.l3_dvrscheduler_db._notify_l3_agent_new_port-8782368774274', 'neutron.services.segments.plugin.NovaSegmentNotifier._notify_port_created_or_deleted-63367843'] for port (9a3c693e-7bfd-4b8d-b4c2-5dc2f26fead9), after_create {{(pid=104809) _notify_loop /usr/local/lib/python3.8/dist-packages/neutron_lib/callbacks/manager.py:176}}
Aug 05 01:12:36.312624 dv-neutron-851997-1-hyperv neutron-server[104811]: DEBUG neutron.plugins.ml2.rpc [None req-b30c2d45-aa48-44d3-ac54-8724da664283 None None] Network 2797831f-7aca-46bf-8332-f781061bb8de details requested by agent ovs-agent-dv-neutron-851997-1-hyperv with host dv-neutron-851997-1-hyperv {{(pid=104811) get_network_details /opt/stack/neutron/neutron/plugins/ml2/rpc.py:248}}
Aug 05 01:12:36.316312 dv-neutron-851997-1-hyperv neutron-server[104811]: DEBUG dbcounter [-] [104811] Writing DB stats neutron:SELECT=97,neutron:DELETE=2,neutron:UPDATE=1 {{(pid=104811) stat_writer /usr/local/lib/python3.8/dist-packages/dbcounter.py:114}}
Aug 05 01:12:36.445659 dv-neutron-851997-1-hyperv neutron-server[104809]: DEBUG neutron.api.v2.base [req-5ab80089-e5bc-4082-a5a3-5427bad251ea req-2dbc506c-847a-4693-9bd1-8ec3311377bc tempest-ServersTestJSON-1548889612 tempest-ServersTestJSON-1548889612-project] Request body: {'port': {'device_id': 'fa5178c6-dd09-410c-bfbf-63ccb31dff05', 'network_id': 'bf5f9107-7814-4152-848c-015689d1a339', 'admin_state_up': True, 'tenant_id': '422bfce5c2ec4ef3b9a90a74e357ae25', 'security_groups': ['ac6fae61-bae3-406f-bd62-f0d9bef12ea1']}} {{(pid=104809) prepare_request_body /opt/stack/neutron/neutron/api/v2/base.py:730}}
Aug 05 01:12:36.449825 dv-neutron-851997-1-hyperv neutron-server[104809]: DEBUG neutron.api.rpc.handlers.resources_rpc [None req-bf41cd9f-5dfc-4a57-834c-8f6f0963d564 tempest-ServersTestManualDisk-1788740437 tempest-ServersTestManualDisk-1788740437-project] Pushing event updated for resources: {'Port': ['ID=9a3c693e-7bfd-4b8d-b4c2-5dc2f26fead9,revision_number=1']} {{(pid=104809) push /opt/stack/neutron/neutron/api/rpc/handlers/resources_rpc.py:237}}
Aug 05 01:12:36.475738 dv-neutron-851997-1-hyperv neutron-server[104809]: DEBUG dbcounter [-] [104809] Writing DB stats neutron:SELECT=83,neutron:UPDATE=3,neutron:INSERT=12,neutron:DELETE=2 {{(pid=104809) stat_writer /usr/local/lib/python3.8/dist-packages/dbcounter.py:114}}
Aug 05 01:12:36.529332 dv-neutron-851997-1-hyperv neutron-server[104809]: DEBUG neutron_lib.callbacks.manager [None req-d65495a4-b27a-4989-ac25-ee187fd60a36 tempest-BulkNetworkOpsIpV6Test-236082818 tempest-BulkNetworkOpsIpV6Test-236082818-project] Publish callbacks ['neutron.services.auto_allocate.db._ensure_external_network_default_value_callback-8782368796609'] for network (d015d821-69de-418e-a32d-3062a31d5285), precommit_create {{(pid=104809) _notify_loop /usr/local/lib/python3.8/dist-packages/neutron_lib/callbacks/manager.py:176}}
Aug 05 01:12:36.556977 dv-neutron-851997-1-hyperv neutron-server[104809]: DEBUG neutron.scheduler.dhcp_agent_scheduler [req-f78a064d-eec5-4a20-ba14-27501627f133 req-bf41cd9f-5dfc-4a57-834c-8f6f0963d564 tempest-ServersTestManualDisk-1788740437 tempest-ServersTestManualDisk-1788740437-project] Network b0533f89-c160-4afb-adfe-8758fa37233e is already hosted by enough agents. {{(pid=104809) _get_dhcp_agents_hosting_network /opt/stack/neutron/neutron/scheduler/dhcp_agent_scheduler.py:275}}
Aug 05 01:12:36.568785 dv-neutron-851997-1-hyperv neutron-server[104809]: DEBUG neutron.scheduler.base_scheduler [req-f78a064d-eec5-4a20-ba14-27501627f133 req-bf41cd9f-5dfc-4a57-834c-8f6f0963d564 tempest-ServersTestManualDisk-1788740437 tempest-ServersTestManualDisk-1788740437-project] Resources bound (agent type, host, resource id): {{(pid=104809) schedule /opt/stack/neutron/neutron/scheduler/base_scheduler.py:57}}
Aug 05 01:12:36.581407 dv-neutron-851997-1-hyperv neutron-server[104809]: DEBUG neutron.db.l3_dvrscheduler_db [req-f78a064d-eec5-4a20-ba14-27501627f133 req-bf41cd9f-5dfc-4a57-834c-8f6f0963d564 tempest-ServersTestManualDisk-1788740437 tempest-ServersTestManualDisk-1788740437-project] Received port after_create {{(pid=104809) _notify_l3_agent_new_port /opt/stack/neutron/neutron/db/l3_dvrscheduler_db.py:542}}
Aug 05 01:12:36.622407 dv-neutron-851997-1-hyperv neutron-server[104810]: DEBUG neutron_lib.callbacks.manager [None req-d30139a4-0e83-442f-89ea-8a9bf6aede46 tempest-ExternalNetworksTestJSON-1080683159 tempest-ExternalNetworksTestJSON-1080683159-project] Publish callbacks ['neutron.plugins.ml2.plugin.Ml2Plugin._network_delete_precommit_handler-603567', 'neutron.services.segments.db._delete_segments_for_network-8782369245678'] for network (3ae530bb-b82f-4aaf-84e4-a52a126360ea), precommit_delete {{(pid=104810) _notify_loop /usr/local/lib/python3.8/dist-packages/neutron_lib/callbacks/manager.py:176}}
Aug 05 01:12:36.675514 dv-neutron-851997-1-hyperv neutron-server[104809]: DEBUG neutron.plugins.ml2.drivers.helpers [None req-d65495a4-b27a-4989-ac25-ee187fd60a36 tempest-BulkNetworkOpsIpV6Test-236082818 tempest-BulkNetworkOpsIpV6Test-236082818-project] vlan segment allocate from pool success with {'vlan_id': 139, 'physical_network': 'physnet1'} {{(pid=104809) allocate_partially_specified_segment /opt/stack/neutron/neutron/plugins/ml2/drivers/helpers.py:153}}
Aug 05 01:12:36.692375 dv-neutron-851997-1-hyperv neutron-server[104810]: DEBUG neutron.services.segments.db [None req-d30139a4-0e83-442f-89ea-8a9bf6aede46 tempest-ExternalNetworksTestJSON-1080683159 tempest-ExternalNetworksTestJSON-1080683159-project] neutron.services.segments.plugin.Plugin method get_segments called with arguments (,) {'filters': {'network_id': ['3ae530bb-b82f-4aaf-84e4-a52a126360ea']}} {{(pid=104810) wrapper /usr/local/lib/python3.8/dist-packages/oslo_log/helpers.py:65}}
Aug 05 01:12:36.718302 dv-neutron-851997-1-hyperv neutron-server[104809]: DEBUG neutron_lib.callbacks.manager [None req-d65495a4-b27a-4989-ac25-ee187fd60a36 tempest-BulkNetworkOpsIpV6Test-236082818 tempest-BulkNetworkOpsIpV6Test-236082818-project] Publish callbacks ['neutron.plugins.ml2.plugin.Ml2Plugin._handle_segment_change-604731'] for segment (a6b9cd5f-6c76-451a-849f-485e1c99e41e), precommit_create {{(pid=104809) _notify_loop /usr/local/lib/python3.8/dist-packages/neutron_lib/callbacks/manager.py:176}}
Aug 05 01:12:36.719081 dv-neutron-851997-1-hyperv neutron-server[104809]: INFO neutron.db.segments_db [None req-d65495a4-b27a-4989-ac25-ee187fd60a36 tempest-BulkNetworkOpsIpV6Test-236082818 tempest-BulkNetworkOpsIpV6Test-236082818-project] Added segment a6b9cd5f-6c76-451a-849f-485e1c99e41e of type vlan for network 09fe755f-34a3-4a09-8980-893e53dd830d
Aug 05 01:12:36.762446 dv-neutron-851997-1-hyperv neutron-server[104810]: DEBUG novaclient.v2.client [-] RESP: [200] Connection: close Content-Length: 179 Content-Type: application/json Date: Fri, 05 Aug 2022 01:12:35 GMT OpenStack-API-Version: compute 2.1 Server: Apache/2.4.41 (Ubuntu) Vary: OpenStack-API-Version,X-OpenStack-Nova-API-Version X-OpenStack-Nova-API-Version: 2.1 x-compute-request-id: req-a6d7b78b-9736-4168-88e2-b7c7b53e573a x-openstack-request-id: req-a6d7b78b-9736-4168-88e2-b7c7b53e573a {{(pid=104810) _http_log_response /usr/local/lib/python3.8/dist-packages/keystoneauth1/session.py:550}}
Aug 05 01:12:36.763214 dv-neutron-851997-1-hyperv neutron-server[104810]: DEBUG novaclient.v2.client [-] RESP BODY: {"events": [{"name": "network-changed", "server_uuid": "deca8441-1a9f-4ee4-a166-361927262d91", "tag": "76c9e2dc-4877-4372-9a63-cacf8b7896d8", "status": "completed", "code": 200}]} {{(pid=104810) _http_log_response /usr/local/lib/python3.8/dist-packages/keystoneauth1/session.py:582}}
Aug 05 01:12:36.763649 dv-neutron-851997-1-hyperv neutron-server[104810]: DEBUG novaclient.v2.client [-] POST call to compute for http://10.222.0.25/compute/v2.1/os-server-external-events used request id req-a6d7b78b-9736-4168-88e2-b7c7b53e573a {{(pid=104810) request /usr/local/lib/python3.8/dist-packages/keystoneauth1/session.py:954}}
Aug 05 01:12:36.764311 dv-neutron-851997-1-hyperv neutron-server[104810]: INFO neutron.notifiers.nova [-] Nova event matching ['req-a6d7b78b-9736-4168-88e2-b7c7b53e573a'] response: {'name': 'network-changed', 'server_uuid': 'deca8441-1a9f-4ee4-a166-361927262d91', 'tag': '76c9e2dc-4877-4372-9a63-cacf8b7896d8', 'status': 'completed', 'code': 200}
Aug 05 01:12:36.765715 dv-neutron-851997-1-hyperv neutron-server[104810]: DEBUG neutron.wsgi [-] (104810) accepted ('10.222.0.25', 60648) {{(pid=104810) server /usr/local/lib/python3.8/dist-packages/eventlet/wsgi.py:1004}}
Aug 05 01:12:36.775565 dv-neutron-851997-1-hyperv neutron-server[104810]: DEBUG neutron.services.segments.db [None req-d30139a4-0e83-442f-89ea-8a9bf6aede46 tempest-ExternalNetworksTestJSON-1080683159 tempest-ExternalNetworksTestJSON-1080683159-project] neutron.services.segments.plugin.Plugin method delete_segment called with arguments (, '1c010323-8b39-406d-9a3b-02f6323f5a39') {'for_net_delete': True} {{(pid=104810) wrapper /usr/local/lib/python3.8/dist-packages/oslo_log/helpers.py:65}}
Aug 05 01:12:36.785787 dv-neutron-851997-1-hyperv neutron-server[104810]: DEBUG neutron.services.segments.db [None req-d30139a4-0e83-442f-89ea-8a9bf6aede46 tempest-ExternalNetworksTestJSON-1080683159 tempest-ExternalNetworksTestJSON-1080683159-project] neutron.services.segments.plugin.Plugin method get_segment called with arguments (, '1c010323-8b39-406d-9a3b-02f6323f5a39') {} {{(pid=104810) wrapper /usr/local/lib/python3.8/dist-packages/oslo_log/helpers.py:65}}
Aug 05 01:12:36.802744 dv-neutron-851997-1-hyperv neutron-server[104810]: DEBUG neutron.api.v2.base [None req-fa6d47f1-e61b-4330-86a1-84cd2b8e2798 tempest-PortsAdminExtendedAttrsIpV6TestJSON-1997627283 tempest-PortsAdminExtendedAttrsIpV6TestJSON-1997627283-project-admin] Request body: {'port': {'network_id': '2797831f-7aca-46bf-8332-f781061bb8de', 'binding:host_id': 'hv-neutron-8519', 'name': 'tempest-PortsAdminExtendedAttrsIpV6TestJSON-872779022'}} {{(pid=104810) prepare_request_body /opt/stack/neutron/neutron/api/v2/base.py:730}}
Aug 05 01:12:36.866393 dv-neutron-851997-1-hyperv neutron-server[104810]: INFO neutron.wsgi [None req-f7d470bf-59fd-4191-91e1-7d88d4b4528a tempest-RoutersAdminTest-1731846338 tempest-RoutersAdminTest-1731846338-project-admin] 10.222.0.25 "GET /networking/v2.0/routers/888bc30d-d4f2-4943-a9a1-27c2fe59bfaf HTTP/1.1" status: 200 len: 921 time: 0.9981062
Aug 05 01:12:36.871613 dv-neutron-851997-1-hyperv neutron-server[104810]: DEBUG neutron.pecan_wsgi.hooks.policy_enforcement [req-cb3e6649-245c-4feb-8264-b313a5de4399 req-ff414a4d-dca8-4299-947b-102b1e66dd25 service neutron] Attributes excluded by policy engine: ['standard_attr_id'] {{(pid=104810) _exclude_attributes_by_policy /opt/stack/neutron/neutron/pecan_wsgi/hooks/policy_enforcement.py:259}}
Aug 05 01:12:36.874910 dv-neutron-851997-1-hyperv neutron-server[104810]: INFO neutron.wsgi [req-cb3e6649-245c-4feb-8264-b313a5de4399 req-ff414a4d-dca8-4299-947b-102b1e66dd25 service neutron] 10.222.0.13 "GET /networking/v2.0/ports?network_id=20ba7f05-4ca1-416b-8ef4-d0517dc1bc14&device_owner=network%3Adhcp HTTP/1.1" status: 200 len: 1214 time: 0.6859312
Aug 05 01:12:36.877809 dv-neutron-851997-1-hyperv neutron-server[104810]: DEBUG neutron.wsgi [-] (104810) accepted ('10.222.0.25', 60650) {{(pid=104810) server /usr/local/lib/python3.8/dist-packages/eventlet/wsgi.py:1004}}
Aug 05 01:12:36.901399 dv-neutron-851997-1-hyperv neutron-server[104810]: DEBUG neutron_lib.callbacks.manager [None req-d30139a4-0e83-442f-89ea-8a9bf6aede46 tempest-ExternalNetworksTestJSON-1080683159 tempest-ExternalNetworksTestJSON-1080683159-project] Publish callbacks ['neutron.plugins.ml2.db._prevent_segment_delete_with_port_bound-8782369245579', 'neutron.services.segments.plugin.Plugin._prevent_segment_delete_with_subnet_associated-64367122'] for segment (1c010323-8b39-406d-9a3b-02f6323f5a39), before_delete {{(pid=104810) _notify_loop /usr/local/lib/python3.8/dist-packages/neutron_lib/callbacks/manager.py:176}}
Aug 05 01:12:36.933253 dv-neutron-851997-1-hyperv neutron-server[104809]: DEBUG neutron.pecan_wsgi.hooks.policy_enforcement [req-d2b9d5e9-6450-4373-bd44-855d5f1dc3fd req-a9147671-57f1-47ba-80b0-e28dc915f621 tempest-ServersTestManualDisk-1788740437 tempest-ServersTestManualDisk-1788740437-project] Attributes excluded by policy engine: ['standard_attr_id', 'binding:profile', 'binding:host_id', 'binding:vif_type', 'binding:vif_details'] {{(pid=104809) _exclude_attributes_by_policy /opt/stack/neutron/neutron/pecan_wsgi/hooks/policy_enforcement.py:259}}
Aug 05 01:12:36.941552 dv-neutron-851997-1-hyperv neutron-server[104809]: INFO neutron.wsgi [req-d2b9d5e9-6450-4373-bd44-855d5f1dc3fd req-a9147671-57f1-47ba-80b0-e28dc915f621 tempest-ServersTestManualDisk-1788740437 tempest-ServersTestManualDisk-1788740437-project] 10.222.0.25 "GET /networking/v2.0/ports?device_id=4aac86a2-24eb-426a-b9b3-b2fc78a84338 HTTP/1.1" status: 200 len: 931 time: 0.1397986
Aug 05 01:12:37.003586 dv-neutron-851997-1-hyperv neutron-server[104811]: DEBUG neutron.db.provisioning_blocks [None req-03ea8fad-b8b7-4b28-97dc-61d20345fd0f None None] Provisioning complete for port 9a3c693e-7bfd-4b8d-b4c2-5dc2f26fead9 triggered by entity DHCP. {{(pid=104811) provisioning_complete /opt/stack/neutron/neutron/db/provisioning_blocks.py:145}}
Aug 05 01:12:37.005031 dv-neutron-851997-1-hyperv neutron-server[104811]: DEBUG neutron_lib.callbacks.manager [None req-03ea8fad-b8b7-4b28-97dc-61d20345fd0f None None] Publish callbacks ['neutron.plugins.ml2.plugin.Ml2Plugin._port_provisioned-599618'] for port (9a3c693e-7bfd-4b8d-b4c2-5dc2f26fead9), provisioning_complete {{(pid=104811) _notify_loop /usr/local/lib/python3.8/dist-packages/neutron_lib/callbacks/manager.py:176}}
Aug 05 01:12:37.015034 dv-neutron-851997-1-hyperv neutron-server[104810]: INFO neutron.wsgi [None req-1a5b59f7-6492-4249-b2b2-bf4084dac533 tempest-RoutersAdminTest-29897579 tempest-RoutersAdminTest-29897579-project] 10.222.0.25 "GET /networking/v2.0/ports?device_id=888bc30d-d4f2-4943-a9a1-27c2fe59bfaf HTTP/1.1" status: 200 len: 205 time: 0.1091080
Aug 05 01:12:37.022311 dv-neutron-851997-1-hyperv neutron-server[104810]: DEBUG neutron.wsgi [-] (104810) accepted ('10.222.0.25', 60654) {{(pid=104810) server /usr/local/lib/python3.8/dist-packages/eventlet/wsgi.py:1004}}
Aug 05 01:12:37.025238 dv-neutron-851997-1-hyperv neutron-server[104810]: DEBUG neutron_lib.callbacks.manager [None req-d30139a4-0e83-442f-89ea-8a9bf6aede46 tempest-ExternalNetworksTestJSON-1080683159 tempest-ExternalNetworksTestJSON-1080683159-project] Publish callbacks ['neutron.plugins.ml2.plugin.Ml2Plugin._handle_segment_change-604731'] for segment (1c010323-8b39-406d-9a3b-02f6323f5a39), precommit_delete {{(pid=104810) _notify_loop /usr/local/lib/python3.8/dist-packages/neutron_lib/callbacks/manager.py:176}}
Aug 05 01:12:37.038557 dv-neutron-851997-1-hyperv neutron-server[104810]: DEBUG neutron.pecan_wsgi.hooks.quota_enforcement [None req-fa6d47f1-e61b-4330-86a1-84cd2b8e2798 tempest-PortsAdminExtendedAttrsIpV6TestJSON-1997627283 tempest-PortsAdminExtendedAttrsIpV6TestJSON-1997627283-project-admin] Made reservation on behalf of 926cad0efa5b4d648df5b13534986ee4 for: {'port': 1} {{(pid=104810) before /opt/stack/neutron/neutron/pecan_wsgi/hooks/quota_enforcement.py:53}}
Aug 05 01:12:37.041355 dv-neutron-851997-1-hyperv neutron-server[104810]: DEBUG neutron_lib.callbacks.manager [None req-fa6d47f1-e61b-4330-86a1-84cd2b8e2798 tempest-PortsAdminExtendedAttrsIpV6TestJSON-1997627283 tempest-PortsAdminExtendedAttrsIpV6TestJSON-1997627283-project-admin] Publish callbacks ['neutron.plugins.ml2.plugin.SecurityGroupDbMixin._ensure_default_security_group_handler-609253'] for port (None), before_create {{(pid=104810) _notify_loop /usr/local/lib/python3.8/dist-packages/neutron_lib/callbacks/manager.py:176}}
Aug 05 01:12:37.091172 dv-neutron-851997-1-hyperv neutron-server[104810]: DEBUG neutron.plugins.ml2.drivers.type_vlan [None req-d30139a4-0e83-442f-89ea-8a9bf6aede46 tempest-ExternalNetworksTestJSON-1080683159 tempest-ExternalNetworksTestJSON-1080683159-project] Releasing vlan 101 on physical network physnet1 to pool {{(pid=104810) release_segment /opt/stack/neutron/neutron/plugins/ml2/drivers/type_vlan.py:304}}
Aug 05 01:12:37.091732 dv-neutron-851997-1-hyperv neutron-server[104810]: DEBUG neutron_lib.callbacks.manager [None req-d30139a4-0e83-442f-89ea-8a9bf6aede46 tempest-ExternalNetworksTestJSON-1080683159 tempest-ExternalNetworksTestJSON-1080683159-project] Publish callbacks ['neutron.plugins.ml2.plugin.Ml2Plugin._handle_segment_change-604731', 'neutron.services.segments.plugin.NovaSegmentNotifier._notify_segment_deleted-64124556'] for segment (1c010323-8b39-406d-9a3b-02f6323f5a39), after_delete {{(pid=104810) _notify_loop /usr/local/lib/python3.8/dist-packages/neutron_lib/callbacks/manager.py:176}}
Aug 05 01:12:37.109183 dv-neutron-851997-1-hyperv neutron-server[104811]: DEBUG neutron.plugins.ml2.plugin [None req-03ea8fad-b8b7-4b28-97dc-61d20345fd0f None None] Port 9a3c693e-7bfd-4b8d-b4c2-5dc2f26fead9 cannot update to ACTIVE because it is not bound. {{(pid=104811) _port_provisioned /opt/stack/neutron/neutron/plugins/ml2/plugin.py:348}}
Aug 05 01:12:37.140213 dv-neutron-851997-1-hyperv neutron-server[104810]: INFO neutron.services.segments.plugin [-] Segment 1c010323-8b39-406d-9a3b-02f6323f5a39 resource provider aggregate not found
Aug 05 01:12:37.148155 dv-neutron-851997-1-hyperv neutron-server[104810]: DEBUG neutron_lib.callbacks.manager [None req-fa6d47f1-e61b-4330-86a1-84cd2b8e2798 tempest-PortsAdminExtendedAttrsIpV6TestJSON-1997627283 tempest-PortsAdminExtendedAttrsIpV6TestJSON-1997627283-project-admin] Publish callbacks [] for security_group (None), before_create {{(pid=104810) _notify_loop /usr/local/lib/python3.8/dist-packages/neutron_lib/callbacks/manager.py:176}}
