Aug 26 15:34:40.616157 dv-neutron-851733-1-hyperv devstack@keystone.service[93980]: DEBUG keystone.server.flask.request_processing.middleware.auth_context [None req-b41c176d-7fa2-44c0-8f4a-e1d456ef6a33 None admin] RBAC: auth_context: {'token': , 'domain_id': None, 'trust_id': None, 'trustor_id': None, 'trustee_id': None, 'domain_name': None, 'group_ids': [], 'user_id': 'e7b80872e29844b49a971d9f81343f72', 'user_domain_id': 'default', 'system_scope': 'all', 'project_id': None, 'project_domain_id': None, 'roles': ['admin', 'member', 'reader'], 'is_admin_project': True, 'service_user_id': None, 'service_user_domain_id': None, 'service_project_id': None, 'service_project_domain_id': None, 'service_roles': []} {{(pid=93980) fill_context /opt/stack/keystone/keystone/server/flask/request_processing/middleware/auth_context.py:478}}
Aug 26 15:34:40.616529 dv-neutron-851733-1-hyperv devstack@keystone.service[93981]: DEBUG keystone.server.flask.request_processing.middleware.auth_context [None req-961adcaf-2b04-457a-8fee-b3d146be98c2 None admin] RBAC: auth_context: {'token': , 'domain_id': None, 'trust_id': None, 'trustor_id': None, 'trustee_id': None, 'domain_name': None, 'group_ids': [], 'user_id': 'e7b80872e29844b49a971d9f81343f72', 'user_domain_id': 'default', 'system_scope': 'all', 'project_id': None, 'project_domain_id': None, 'roles': ['admin', 'member', 'reader'], 'is_admin_project': True, 'service_user_id': None, 'service_user_domain_id': None, 'service_project_id': None, 'service_project_domain_id': None, 'service_roles': []} {{(pid=93981) fill_context /opt/stack/keystone/keystone/server/flask/request_processing/middleware/auth_context.py:478}}
Aug 26 15:34:40.616804 dv-neutron-851733-1-hyperv devstack@keystone.service[93980]: DEBUG keystone.server.flask.request_processing.req_logging [None req-b41c176d-7fa2-44c0-8f4a-e1d456ef6a33 None admin] REQUEST_METHOD: `GET` {{(pid=93980) log_request_info /opt/stack/keystone/keystone/server/flask/request_processing/req_logging.py:27}}
Aug 26 15:34:40.617079 dv-neutron-851733-1-hyperv devstack@keystone.service[93981]: DEBUG keystone.server.flask.request_processing.req_logging [None req-961adcaf-2b04-457a-8fee-b3d146be98c2 None admin] REQUEST_METHOD: `GET` {{(pid=93981) log_request_info /opt/stack/keystone/keystone/server/flask/request_processing/req_logging.py:27}}
Aug 26 15:34:40.617188 dv-neutron-851733-1-hyperv devstack@keystone.service[93980]: DEBUG keystone.server.flask.request_processing.req_logging [None req-b41c176d-7fa2-44c0-8f4a-e1d456ef6a33 None admin] SCRIPT_NAME: `/identity` {{(pid=93980) log_request_info /opt/stack/keystone/keystone/server/flask/request_processing/req_logging.py:28}}
Aug 26 15:34:40.617360 dv-neutron-851733-1-hyperv devstack@keystone.service[93981]: DEBUG keystone.server.flask.request_processing.req_logging [None req-961adcaf-2b04-457a-8fee-b3d146be98c2 None admin] SCRIPT_NAME: `/identity` {{(pid=93981) log_request_info /opt/stack/keystone/keystone/server/flask/request_processing/req_logging.py:28}}
Aug 26 15:34:40.617464 dv-neutron-851733-1-hyperv devstack@keystone.service[93980]: DEBUG keystone.server.flask.request_processing.req_logging [None req-b41c176d-7fa2-44c0-8f4a-e1d456ef6a33 None admin] PATH_INFO: `/v3/role_assignments` {{(pid=93980) log_request_info /opt/stack/keystone/keystone/server/flask/request_processing/req_logging.py:29}}
Aug 26 15:34:40.617632 dv-neutron-851733-1-hyperv devstack@keystone.service[93981]: DEBUG keystone.server.flask.request_processing.req_logging [None req-961adcaf-2b04-457a-8fee-b3d146be98c2 None admin] PATH_INFO: `/v3/role_assignments` {{(pid=93981) log_request_info /opt/stack/keystone/keystone/server/flask/request_processing/req_logging.py:29}}
Aug 26 15:34:40.618232 dv-neutron-851733-1-hyperv devstack@keystone.service[93980]: DEBUG keystone.common.rbac_enforcer.enforcer [None req-b41c176d-7fa2-44c0-8f4a-e1d456ef6a33 None admin] RBAC: Adding query filter params (group.id=de0287ea7d924590a5529f1a97b09a25, role.id=01d3fb5e4db74744a2ed7a6567a2d45b, scope.project.id=203961a829f2403c86669f2ff2d1b5ff) {{(pid=93980) _extract_filter_values /opt/stack/keystone/keystone/common/rbac_enforcer/enforcer.py:167}}
Aug 26 15:34:40.618513 dv-neutron-851733-1-hyperv devstack@keystone.service[93981]: DEBUG keystone.common.rbac_enforcer.enforcer [None req-961adcaf-2b04-457a-8fee-b3d146be98c2 None admin] RBAC: Adding query filter params (role.id=764d8337a4e44615aa1f422b2905ced4, user.id=67109c8fab374a01bb2ae7e8f7cb88e8, scope.system=all) {{(pid=93981) _extract_filter_values /opt/stack/keystone/keystone/common/rbac_enforcer/enforcer.py:167}}
Aug 26 15:34:40.618615 dv-neutron-851733-1-hyperv devstack@keystone.service[93980]: DEBUG keystone.common.rbac_enforcer.enforcer [None req-b41c176d-7fa2-44c0-8f4a-e1d456ef6a33 None admin] RBAC: Authorizing `identity:list_role_assignments()` {{(pid=93980) enforce_call /opt/stack/keystone/keystone/common/rbac_enforcer/enforcer.py:449}}
Aug 26 15:34:40.618819 dv-neutron-851733-1-hyperv devstack@keystone.service[93981]: DEBUG keystone.common.rbac_enforcer.enforcer [None req-961adcaf-2b04-457a-8fee-b3d146be98c2 None admin] RBAC: Authorizing `identity:list_role_assignments()` {{(pid=93981) enforce_call /opt/stack/keystone/keystone/common/rbac_enforcer/enforcer.py:449}}
Aug 26 15:34:40.620063 dv-neutron-851733-1-hyperv devstack@keystone.service[93980]: DEBUG keystone.common.rbac_enforcer.enforcer [None req-b41c176d-7fa2-44c0-8f4a-e1d456ef6a33 None admin] RBAC: Authorization granted {{(pid=93980) enforce_call /opt/stack/keystone/keystone/common/rbac_enforcer/enforcer.py:457}}
Aug 26 15:34:40.620296 dv-neutron-851733-1-hyperv devstack@keystone.service[93981]: DEBUG keystone.common.rbac_enforcer.enforcer [None req-961adcaf-2b04-457a-8fee-b3d146be98c2 None admin] RBAC: Authorization granted {{(pid=93981) enforce_call /opt/stack/keystone/keystone/common/rbac_enforcer/enforcer.py:457}}
Aug 26 15:34:40.628735 dv-neutron-851733-1-hyperv devstack@keystone.service[93980]: [pid: 93980|app: 0|req: 181/364] 10.222.0.73 () {56 vars in 1376 bytes} [Fri Aug 26 15:34:40 2022] GET /identity/v3/role_assignments?group.id=de0287ea7d924590a5529f1a97b09a25&scope.project.id=203961a829f2403c86669f2ff2d1b5ff&role.id=01d3fb5e4db74744a2ed7a6567a2d45b => generated 260 bytes in 184 msecs (HTTP/1.1 200) 5 headers in 177 bytes (1 switches on core 0)
Aug 26 15:34:40.629708 dv-neutron-851733-1-hyperv devstack@keystone.service[93980]: DEBUG keystone.server.flask.request_processing.middleware.auth_context [None req-b41c176d-7fa2-44c0-8f4a-e1d456ef6a33 None admin] Authenticating user token {{(pid=93980) process_request /usr/local/lib/python3.8/dist-packages/keystonemiddleware/auth_token/__init__.py:407}}
Aug 26 15:34:40.646427 dv-neutron-851733-1-hyperv devstack@keystone.service[93981]: [pid: 93981|app: 0|req: 184/365] 10.222.0.73 () {56 vars in 1308 bytes} [Fri Aug 26 15:34:40 2022] GET /identity/v3/role_assignments?user.id=67109c8fab374a01bb2ae7e8f7cb88e8&scope.system=all&role.id=764d8337a4e44615aa1f422b2905ced4 => generated 510 bytes in 182 msecs (HTTP/1.1 200) 5 headers in 177 bytes (1 switches on core 0)
Aug 26 15:34:40.646427 dv-neutron-851733-1-hyperv devstack@keystone.service[93981]: DEBUG keystone.server.flask.request_processing.middleware.auth_context [None req-961adcaf-2b04-457a-8fee-b3d146be98c2 None admin] Authenticating user token {{(pid=93981) process_request /usr/local/lib/python3.8/dist-packages/keystonemiddleware/auth_token/__init__.py:407}}
Aug 26 15:34:40.732036 dv-neutron-851733-1-hyperv devstack@keystone.service[93981]: DEBUG dbcounter [-] [93981] Writing DB stats keystone:SELECT=100 {{(pid=93981) stat_writer /usr/local/lib/python3.8/dist-packages/dbcounter.py:114}}
Aug 26 15:34:40.809793 dv-neutron-851733-1-hyperv devstack@keystone.service[93981]: DEBUG keystone.server.flask.request_processing.middleware.auth_context [None req-961adcaf-2b04-457a-8fee-b3d146be98c2 None admin] Validating token access rules against request {{(pid=93981) validate_allowed_request /usr/local/lib/python3.8/dist-packages/keystonemiddleware/auth_token/__init__.py:545}}
Aug 26 15:34:40.828552 dv-neutron-851733-1-hyperv devstack@keystone.service[93980]: DEBUG keystone.server.flask.request_processing.middleware.auth_context [None req-b41c176d-7fa2-44c0-8f4a-e1d456ef6a33 None admin] Validating token access rules against request {{(pid=93980) validate_allowed_request /usr/local/lib/python3.8/dist-packages/keystonemiddleware/auth_token/__init__.py:545}}
Aug 26 15:34:40.853726 dv-neutron-851733-1-hyperv devstack@keystone.service[93980]: DEBUG dbcounter [-] [93980] Writing DB stats keystone:SELECT=100 {{(pid=93980) stat_writer /usr/local/lib/python3.8/dist-packages/dbcounter.py:114}}
Aug 26 15:34:40.866560 dv-neutron-851733-1-hyperv devstack@keystone.service[93981]: DEBUG keystone.server.flask.request_processing.middleware.auth_context [None req-4bbaeb48-dfd7-4178-b1d8-2ff9d790db07 None admin] RBAC: auth_context: {'token': , 'domain_id': None, 'trust_id': None, 'trustor_id': None, 'trustee_id': None, 'domain_name': None, 'group_ids': [], 'user_id': 'e7b80872e29844b49a971d9f81343f72', 'user_domain_id': 'default', 'system_scope': 'all', 'project_id': None, 'project_domain_id': None, 'roles': ['admin', 'member', 'reader'], 'is_admin_project': True, 'service_user_id': None, 'service_user_domain_id': None, 'service_project_id': None, 'service_project_domain_id': None, 'service_roles': []} {{(pid=93981) fill_context /opt/stack/keystone/keystone/server/flask/request_processing/middleware/auth_context.py:478}}
Aug 26 15:34:40.867587 dv-neutron-851733-1-hyperv devstack@keystone.service[93981]: DEBUG keystone.server.flask.request_processing.req_logging [None req-4bbaeb48-dfd7-4178-b1d8-2ff9d790db07 None admin] REQUEST_METHOD: `GET` {{(pid=93981) log_request_info /opt/stack/keystone/keystone/server/flask/request_processing/req_logging.py:27}}
Aug 26 15:34:40.867996 dv-neutron-851733-1-hyperv devstack@keystone.service[93981]: DEBUG keystone.server.flask.request_processing.req_logging [None req-4bbaeb48-dfd7-4178-b1d8-2ff9d790db07 None admin] SCRIPT_NAME: `/identity` {{(pid=93981) log_request_info /opt/stack/keystone/keystone/server/flask/request_processing/req_logging.py:28}}
Aug 26 15:34:40.868453 dv-neutron-851733-1-hyperv devstack@keystone.service[93981]: DEBUG keystone.server.flask.request_processing.req_logging [None req-4bbaeb48-dfd7-4178-b1d8-2ff9d790db07 None admin] PATH_INFO: `/v3/roles/admin` {{(pid=93981) log_request_info /opt/stack/keystone/keystone/server/flask/request_processing/req_logging.py:29}}
Aug 26 15:34:40.880626 dv-neutron-851733-1-hyperv devstack@keystone.service[93980]: DEBUG keystone.server.flask.request_processing.middleware.auth_context [None req-7cb174f3-e6f2-44ee-9d20-ebda01a69d07 None admin] RBAC: auth_context: {'token': , 'domain_id': None, 'trust_id': None, 'trustor_id': None, 'trustee_id': None, 'domain_name': None, 'group_ids': [], 'user_id': 'e7b80872e29844b49a971d9f81343f72', 'user_domain_id': 'default', 'system_scope': 'all', 'project_id': None, 'project_domain_id': None, 'roles': ['admin', 'member', 'reader'], 'is_admin_project': True, 'service_user_id': None, 'service_user_domain_id': None, 'service_project_id': None, 'service_project_domain_id': None, 'service_roles': []} {{(pid=93980) fill_context /opt/stack/keystone/keystone/server/flask/request_processing/middleware/auth_context.py:478}}
Aug 26 15:34:40.880626 dv-neutron-851733-1-hyperv devstack@keystone.service[93980]: DEBUG keystone.server.flask.request_processing.req_logging [None req-7cb174f3-e6f2-44ee-9d20-ebda01a69d07 None admin] REQUEST_METHOD: `GET` {{(pid=93980) log_request_info /opt/stack/keystone/keystone/server/flask/request_processing/req_logging.py:27}}
Aug 26 15:34:40.880920 dv-neutron-851733-1-hyperv devstack@keystone.service[93980]: DEBUG keystone.server.flask.request_processing.req_logging [None req-7cb174f3-e6f2-44ee-9d20-ebda01a69d07 None admin] SCRIPT_NAME: `/identity` {{(pid=93980) log_request_info /opt/stack/keystone/keystone/server/flask/request_processing/req_logging.py:28}}
Aug 26 15:34:40.881160 dv-neutron-851733-1-hyperv devstack@keystone.service[93980]: DEBUG keystone.server.flask.request_processing.req_logging [None req-7cb174f3-e6f2-44ee-9d20-ebda01a69d07 None admin] PATH_INFO: `/v3/projects/5b22d47558c443aa953de41467a2968c` {{(pid=93980) log_request_info /opt/stack/keystone/keystone/server/flask/request_processing/req_logging.py:29}}
Aug 26 15:34:40.883715 dv-neutron-851733-1-hyperv devstack@keystone.service[93980]: DEBUG keystone.common.rbac_enforcer.enforcer [None req-7cb174f3-e6f2-44ee-9d20-ebda01a69d07 None admin] RBAC: Authorizing `identity:get_project(project_id=5b22d47558c443aa953de41467a2968c)` {{(pid=93980) enforce_call /opt/stack/keystone/keystone/common/rbac_enforcer/enforcer.py:449}}
Aug 26 15:34:40.885345 dv-neutron-851733-1-hyperv devstack@keystone.service[93980]: DEBUG keystone.common.rbac_enforcer.enforcer [None req-7cb174f3-e6f2-44ee-9d20-ebda01a69d07 None admin] RBAC: Authorization granted {{(pid=93980) enforce_call /opt/stack/keystone/keystone/common/rbac_enforcer/enforcer.py:457}}
Aug 26 15:34:40.887990 dv-neutron-851733-1-hyperv devstack@keystone.service[93981]: DEBUG keystone.common.rbac_enforcer.enforcer [None req-4bbaeb48-dfd7-4178-b1d8-2ff9d790db07 None admin] Extracting inferred target data resulted in "NOT FOUND (404)". {{(pid=93981) enforce_call /opt/stack/keystone/keystone/common/rbac_enforcer/enforcer.py:409}}
Aug 26 15:34:40.894749 dv-neutron-851733-1-hyperv devstack@keystone.service[93981]: ERROR keystone.server.flask.application [None req-4bbaeb48-dfd7-4178-b1d8-2ff9d790db07 None admin] Could not find role: admin.: keystone.exception.RoleNotFound: Could not find role: admin.
Aug 26 15:34:40.894749 dv-neutron-851733-1-hyperv devstack@keystone.service[93981]: ERROR keystone.server.flask.application
Traceback (most recent call last):
Aug 26 15:34:40.894749 dv-neutron-851733-1-hyperv devstack@keystone.service[93981]: ERROR keystone.server.flask.application
File "/usr/local/lib/python3.8/dist-packages/flask/app.py", line 1820, in full_dispatch_request
Aug 26 15:34:40.894749 dv-neutron-851733-1-hyperv devstack@keystone.service[93981]: ERROR keystone.server.flask.application rv = self.dispatch_request()
Aug 26 15:34:40.894749 dv-neutron-851733-1-hyperv devstack@keystone.service[93981]: ERROR keystone.server.flask.application
File "/usr/local/lib/python3.8/dist-packages/flask/app.py", line 1796, in dispatch_request
Aug 26 15:34:40.894749 dv-neutron-851733-1-hyperv devstack@keystone.service[93981]: ERROR keystone.server.flask.application return self.ensure_sync(self.view_functions[rule.endpoint])(**view_args)
Aug 26 15:34:40.894749 dv-neutron-851733-1-hyperv devstack@keystone.service[93981]: ERROR keystone.server.flask.application
File "/usr/local/lib/python3.8/dist-packages/flask_restful/__init__.py", line 467, in wrapper
Aug 26 15:34:40.894749 dv-neutron-851733-1-hyperv devstack@keystone.service[93981]: ERROR keystone.server.flask.application resp = resource(*args, **kwargs)
Aug 26 15:34:40.894749 dv-neutron-851733-1-hyperv devstack@keystone.service[93981]: ERROR keystone.server.flask.application
File "/usr/local/lib/python3.8/dist-packages/flask/views.py", line 107, in view
Aug 26 15:34:40.894749 dv-neutron-851733-1-hyperv devstack@keystone.service[93981]: ERROR keystone.server.flask.application return current_app.ensure_sync(self.dispatch_request)(**kwargs)
Aug 26 15:34:40.894749 dv-neutron-851733-1-hyperv devstack@keystone.service[93981]: ERROR keystone.server.flask.application
File "/usr/local/lib/python3.8/dist-packages/flask_restful/__init__.py", line 582, in dispatch_request
Aug 26 15:34:40.894749 dv-neutron-851733-1-hyperv devstack@keystone.service[93981]: ERROR keystone.server.flask.application resp = meth(*args, **kwargs)
Aug 26 15:34:40.894749 dv-neutron-851733-1-hyperv devstack@keystone.service[93981]: ERROR keystone.server.flask.application
File "/opt/stack/keystone/keystone/api/roles.py", line 50, in get
Aug 26 15:34:40.894749 dv-neutron-851733-1-hyperv devstack@keystone.service[93981]: ERROR keystone.server.flask.application return self._get_role(role_id)
Aug 26 15:34:40.894749 dv-neutron-851733-1-hyperv devstack@keystone.service[93981]: ERROR keystone.server.flask.application
File "/opt/stack/keystone/keystone/api/roles.py", line 70, in _get_role
Aug 26 15:34:40.894749 dv-neutron-851733-1-hyperv devstack@keystone.service[93981]: ERROR keystone.server.flask.application ENFORCER.enforce_call(action='identity:get_role')
Aug 26 15:34:40.895710 dv-neutron-851733-1-hyperv devstack@keystone.service[93981]: ERROR keystone.server.flask.application
File "/opt/stack/keystone/keystone/common/rbac_enforcer/enforcer.py", line 402, in enforce_call
Aug 26 15:34:40.895710 dv-neutron-851733-1-hyperv devstack@keystone.service[93981]: ERROR keystone.server.flask.application policy_dict.update(cls._extract_member_target_data(
Aug 26 15:34:40.895710 dv-neutron-851733-1-hyperv devstack@keystone.service[93981]: ERROR keystone.server.flask.application
File "/opt/stack/keystone/keystone/common/rbac_enforcer/enforcer.py", line 234, in _extract_member_target_data
Aug 26 15:34:40.895710 dv-neutron-851733-1-hyperv devstack@keystone.service[93981]: ERROR keystone.server.flask.application member_name: func(flask.request.view_args[key])
Aug 26 15:34:40.895710 dv-neutron-851733-1-hyperv devstack@keystone.service[93981]: ERROR keystone.server.flask.application
File "/opt/stack/keystone/keystone/common/manager.py", line 115, in wrapped
Aug 26 15:34:40.895710 dv-neutron-851733-1-hyperv devstack@keystone.service[93981]: ERROR keystone.server.flask.application __ret_val = __f(*args, **kwargs)
Aug 26 15:34:40.895710 dv-neutron-851733-1-hyperv devstack@keystone.service[93981]: ERROR keystone.server.flask.application
File "/usr/local/lib/python3.8/dist-packages/decorator.py", line 232, in fun
Aug 26 15:34:40.895710 dv-neutron-851733-1-hyperv devstack@keystone.service[93981]: ERROR keystone.server.flask.application return caller(func, *(extras + args), **kw)
Aug 26 15:34:40.895710 dv-neutron-851733-1-hyperv devstack@keystone.service[93981]: ERROR keystone.server.flask.application
File "/usr/local/lib/python3.8/dist-packages/dogpile/cache/region.py", line 1577, in get_or_create_for_user_func
Aug 26 15:34:40.895710 dv-neutron-851733-1-hyperv devstack@keystone.service[93981]: ERROR keystone.server.flask.application return self.get_or_create(
Aug 26 15:34:40.895710 dv-neutron-851733-1-hyperv devstack@keystone.service[93981]: ERROR keystone.server.flask.application
File "/usr/local/lib/python3.8/dist-packages/dogpile/cache/region.py", line 1042, in get_or_create
Aug 26 15:34:40.895710 dv-neutron-851733-1-hyperv devstack@keystone.service[93981]: ERROR keystone.server.flask.application with Lock(
Aug 26 15:34:40.895710 dv-neutron-851733-1-hyperv devstack@keystone.service[93981]: ERROR keystone.server.flask.application
File "/usr/local/lib/python3.8/dist-packages/dogpile/lock.py", line 185, in __enter__
Aug 26 15:34:40.895710 dv-neutron-851733-1-hyperv devstack@keystone.service[93981]: ERROR keystone.server.flask.application return self._enter()
Aug 26 15:34:40.895710 dv-neutron-851733-1-hyperv devstack@keystone.service[93981]: ERROR keystone.server.flask.application
File "/usr/local/lib/python3.8/dist-packages/dogpile/lock.py", line 94, in _enter
Aug 26 15:34:40.895710 dv-neutron-851733-1-hyperv devstack@keystone.service[93981]: ERROR keystone.server.flask.application generated = self._enter_create(value, createdtime)
Aug 26 15:34:40.896855 dv-neutron-851733-1-hyperv devstack@keystone.service[93981]: ERROR keystone.server.flask.application
File "/usr/local/lib/python3.8/dist-packages/dogpile/lock.py", line 178, in _enter_create
Aug 26 15:34:40.896855 dv-neutron-851733-1-hyperv devstack@keystone.service[93981]: ERROR keystone.server.flask.application return self.creator()
Aug 26 15:34:40.896855 dv-neutron-851733-1-hyperv devstack@keystone.service[93981]: ERROR keystone.server.flask.application
File "/usr/local/lib/python3.8/dist-packages/dogpile/cache/region.py", line 995, in gen_value
Aug 26 15:34:40.896855 dv-neutron-851733-1-hyperv devstack@keystone.service[93981]: ERROR keystone.server.flask.application created_value = creator(
Aug 26 15:34:40.896855 dv-neutron-851733-1-hyperv devstack@keystone.service[93981]: ERROR keystone.server.flask.application
File "/opt/stack/keystone/keystone/assignment/core.py", line 1276, in get_role
Aug 26 15:34:40.896855 dv-neutron-851733-1-hyperv devstack@keystone.service[93981]: ERROR keystone.server.flask.application return self.driver.get_role(role_id)
Aug 26 15:34:40.896855 dv-neutron-851733-1-hyperv devstack@keystone.service[93981]: ERROR keystone.server.flask.application
File "/opt/stack/keystone/keystone/assignment/role_backends/sql.py", line 70, in get_role
Aug 26 15:34:40.896855 dv-neutron-851733-1-hyperv devstack@keystone.service[93981]: ERROR keystone.server.flask.application return self._get_role(session, role_id).to_dict()
Aug 26 15:34:40.896855 dv-neutron-851733-1-hyperv devstack@keystone.service[93981]: ERROR keystone.server.flask.application
File "/opt/stack/keystone/keystone/assignment/role_backends/sql.py", line 65, in _get_role
Aug 26 15:34:40.896855 dv-neutron-851733-1-hyperv devstack@keystone.service[93981]: ERROR keystone.server.flask.application raise exception.RoleNotFound(role_id=role_id)
Aug 26 15:34:40.896855 dv-neutron-851733-1-hyperv devstack@keystone.service[93981]: ERROR keystone.server.flask.application keystone.exception.RoleNotFound: Could not find role: admin.
Aug 26 15:34:40.896855 dv-neutron-851733-1-hyperv devstack@keystone.service[93981]: ERROR keystone.server.flask.application
Aug 26 15:34:40.897552 dv-neutron-851733-1-hyperv devstack@keystone.service[93980]: [pid: 93980|app: 0|req: 182/366] 10.222.0.73 () {56 vars in 1186 bytes} [Fri Aug 26 15:34:40 2022] GET /identity/v3/projects/5b22d47558c443aa953de41467a2968c => generated 302 bytes in 263 msecs (HTTP/1.1 200) 5 headers in 177 bytes (1 switches on core 0)
Aug 26 15:34:40.897552 dv-neutron-851733-1-hyperv devstack@keystone.service[93980]: DEBUG keystone.server.flask.request_processing.middleware.auth_context [None req-7cb174f3-e6f2-44ee-9d20-ebda01a69d07 None admin] Authenticating user token {{(pid=93980) process_request /usr/local/lib/python3.8/dist-packages/keystonemiddleware/auth_token/__init__.py:407}}
Aug 26 15:34:40.901812 dv-neutron-851733-1-hyperv devstack@keystone.service[93981]: [pid: 93981|app: 0|req: 185/367] 10.222.0.73 () {56 vars in 1096 bytes} [Fri Aug 26 15:34:40 2022] GET /identity/v3/roles/admin => generated 83 bytes in 265 msecs (HTTP/1.1 404) 5 headers in 183 bytes (1 switches on core 0)
Aug 26 15:34:40.907627 dv-neutron-851733-1-hyperv devstack@keystone.service[93981]: DEBUG keystone.server.flask.request_processing.middleware.auth_context [None req-4bbaeb48-dfd7-4178-b1d8-2ff9d790db07 None admin] Authenticating user token {{(pid=93981) process_request /usr/local/lib/python3.8/dist-packages/keystonemiddleware/auth_token/__init__.py:407}}
Aug 26 15:34:41.047830 dv-neutron-851733-1-hyperv devstack@keystone.service[93980]: DEBUG keystone.server.flask.request_processing.middleware.auth_context [None req-7cb174f3-e6f2-44ee-9d20-ebda01a69d07 None admin] Validating token access rules against request {{(pid=93980) validate_allowed_request /usr/local/lib/python3.8/dist-packages/keystonemiddleware/auth_token/__init__.py:545}}
Aug 26 15:34:41.060290 dv-neutron-851733-1-hyperv devstack@keystone.service[93981]: DEBUG keystone.server.flask.request_processing.middleware.auth_context [None req-4bbaeb48-dfd7-4178-b1d8-2ff9d790db07 None admin] Validating token access rules against request {{(pid=93981) validate_allowed_request /usr/local/lib/python3.8/dist-packages/keystonemiddleware/auth_token/__init__.py:545}}
Aug 26 15:34:41.075254 dv-neutron-851733-1-hyperv devstack@keystone.service[93981]: DEBUG dbcounter [-] [93981] Writing DB stats keystone:SELECT=100 {{(pid=93981) stat_writer /usr/local/lib/python3.8/dist-packages/dbcounter.py:114}}
Aug 26 15:34:41.097433 dv-neutron-851733-1-hyperv devstack@keystone.service[93980]: DEBUG keystone.server.flask.request_processing.middleware.auth_context [None req-60f4dad7-92f1-4257-8f66-a2279ed9cfad None admin] RBAC: auth_context: {'token': , 'domain_id': None, 'trust_id': None, 'trustor_id': None, 'trustee_id': None, 'domain_name': None, 'group_ids': [], 'user_id': 'e7b80872e29844b49a971d9f81343f72', 'user_domain_id': 'default', 'system_scope': 'all', 'project_id': None, 'project_domain_id': None, 'roles': ['admin', 'member', 'reader'], 'is_admin_project': True, 'service_user_id': None, 'service_user_domain_id': None, 'service_project_id': None, 'service_project_domain_id': None, 'service_roles': []} {{(pid=93980) fill_context /opt/stack/keystone/keystone/server/flask/request_processing/middleware/auth_context.py:478}}
Aug 26 15:34:41.098051 dv-neutron-851733-1-hyperv devstack@keystone.service[93980]: DEBUG keystone.server.flask.request_processing.req_logging [None req-60f4dad7-92f1-4257-8f66-a2279ed9cfad None admin] REQUEST_METHOD: `GET` {{(pid=93980) log_request_info /opt/stack/keystone/keystone/server/flask/request_processing/req_logging.py:27}}
Aug 26 15:34:41.100099 dv-neutron-851733-1-hyperv devstack@keystone.service[93980]: DEBUG keystone.server.flask.request_processing.req_logging [None req-60f4dad7-92f1-4257-8f66-a2279ed9cfad None admin] SCRIPT_NAME: `/identity` {{(pid=93980) log_request_info /opt/stack/keystone/keystone/server/flask/request_processing/req_logging.py:28}}
Aug 26 15:34:41.100099 dv-neutron-851733-1-hyperv devstack@keystone.service[93980]: DEBUG keystone.server.flask.request_processing.req_logging [None req-60f4dad7-92f1-4257-8f66-a2279ed9cfad None admin] PATH_INFO: `/v3/roles` {{(pid=93980) log_request_info /opt/stack/keystone/keystone/server/flask/request_processing/req_logging.py:29}}
Aug 26 15:34:41.100300 dv-neutron-851733-1-hyperv devstack@keystone.service[93980]: DEBUG keystone.common.rbac_enforcer.enforcer [None req-60f4dad7-92f1-4257-8f66-a2279ed9cfad None admin] RBAC: Adding query filter params (name=anotherrole) {{(pid=93980) _extract_filter_values /opt/stack/keystone/keystone/common/rbac_enforcer/enforcer.py:167}}
Aug 26 15:34:41.100530 dv-neutron-851733-1-hyperv devstack@keystone.service[93980]: DEBUG keystone.common.rbac_enforcer.enforcer [None req-60f4dad7-92f1-4257-8f66-a2279ed9cfad None admin] RBAC: Authorizing `identity:list_roles()` {{(pid=93980) enforce_call /opt/stack/keystone/keystone/common/rbac_enforcer/enforcer.py:449}}
Aug 26 15:34:41.102840 dv-neutron-851733-1-hyperv devstack@keystone.service[93980]: DEBUG keystone.common.rbac_enforcer.enforcer [None req-60f4dad7-92f1-4257-8f66-a2279ed9cfad None admin] RBAC: Authorization granted {{(pid=93980) enforce_call /opt/stack/keystone/keystone/common/rbac_enforcer/enforcer.py:457}}
Aug 26 15:34:41.120171 dv-neutron-851733-1-hyperv devstack@keystone.service[93980]: [pid: 93980|app: 0|req: 183/368] 10.222.0.73 () {56 vars in 1111 bytes} [Fri Aug 26 15:34:40 2022] GET /identity/v3/roles?name=anotherrole => generated 334 bytes in 224 msecs (HTTP/1.1 200) 5 headers in 177 bytes (1 switches on core 0)
Aug 26 15:34:41.121180 dv-neutron-851733-1-hyperv devstack@keystone.service[93980]: DEBUG keystone.server.flask.request_processing.middleware.auth_context [None req-60f4dad7-92f1-4257-8f66-a2279ed9cfad None admin] Authenticating user token {{(pid=93980) process_request /usr/local/lib/python3.8/dist-packages/keystonemiddleware/auth_token/__init__.py:407}}
Aug 26 15:34:41.126566 dv-neutron-851733-1-hyperv devstack@keystone.service[93981]: DEBUG keystone.server.flask.request_processing.middleware.auth_context [None req-14683d44-bdff-4411-a3a5-ea2578e613e5 None admin] RBAC: auth_context: {'token': , 'domain_id': None, 'trust_id': None, 'trustor_id': None, 'trustee_id': None, 'domain_name': None, 'group_ids': [], 'user_id': 'e7b80872e29844b49a971d9f81343f72', 'user_domain_id': 'default', 'system_scope': 'all', 'project_id': None, 'project_domain_id': None, 'roles': ['admin', 'member', 'reader'], 'is_admin_project': True, 'service_user_id': None, 'service_user_domain_id': None, 'service_project_id': None, 'service_project_domain_id': None, 'service_roles': []} {{(pid=93981) fill_context /opt/stack/keystone/keystone/server/flask/request_processing/middleware/auth_context.py:478}}
Aug 26 15:34:41.126566 dv-neutron-851733-1-hyperv devstack@keystone.service[93981]: DEBUG keystone.server.flask.request_processing.req_logging [None req-14683d44-bdff-4411-a3a5-ea2578e613e5 None admin] REQUEST_METHOD: `GET` {{(pid=93981) log_request_info /opt/stack/keystone/keystone/server/flask/request_processing/req_logging.py:27}}
Aug 26 15:34:41.126566 dv-neutron-851733-1-hyperv devstack@keystone.service[93981]: DEBUG keystone.server.flask.request_processing.req_logging [None req-14683d44-bdff-4411-a3a5-ea2578e613e5 None admin] SCRIPT_NAME: `/identity` {{(pid=93981) log_request_info /opt/stack/keystone/keystone/server/flask/request_processing/req_logging.py:28}}
Aug 26 15:34:41.126875 dv-neutron-851733-1-hyperv devstack@keystone.service[93981]: DEBUG keystone.server.flask.request_processing.req_logging [None req-14683d44-bdff-4411-a3a5-ea2578e613e5 None admin] PATH_INFO: `/v3/role_assignments` {{(pid=93981) log_request_info /opt/stack/keystone/keystone/server/flask/request_processing/req_logging.py:29}}
Aug 26 15:34:41.127390 dv-neutron-851733-1-hyperv devstack@keystone.service[93981]: DEBUG keystone.common.rbac_enforcer.enforcer [None req-14683d44-bdff-4411-a3a5-ea2578e613e5 None admin] RBAC: Adding query filter params (group.id=de0287ea7d924590a5529f1a97b09a25, role.id=25a5078c593b48d1921a1b5379c9c38f, scope.project.id=203961a829f2403c86669f2ff2d1b5ff) {{(pid=93981) _extract_filter_values /opt/stack/keystone/keystone/common/rbac_enforcer/enforcer.py:167}}
Aug 26 15:34:41.127697 dv-neutron-851733-1-hyperv devstack@keystone.service[93981]: DEBUG keystone.common.rbac_enforcer.enforcer [None req-14683d44-bdff-4411-a3a5-ea2578e613e5 None admin] RBAC: Authorizing `identity:list_role_assignments()` {{(pid=93981) enforce_call /opt/stack/keystone/keystone/common/rbac_enforcer/enforcer.py:449}}
Aug 26 15:34:41.131001 dv-neutron-851733-1-hyperv devstack@keystone.service[93981]: DEBUG keystone.common.rbac_enforcer.enforcer [None req-14683d44-bdff-4411-a3a5-ea2578e613e5 None admin] RBAC: Authorization granted {{(pid=93981) enforce_call /opt/stack/keystone/keystone/common/rbac_enforcer/enforcer.py:457}}
Aug 26 15:34:41.140067 dv-neutron-851733-1-hyperv devstack@keystone.service[93981]: [pid: 93981|app: 0|req: 186/369] 10.222.0.73 () {56 vars in 1376 bytes} [Fri Aug 26 15:34:40 2022] GET /identity/v3/role_assignments?group.id=de0287ea7d924590a5529f1a97b09a25&scope.project.id=203961a829f2403c86669f2ff2d1b5ff&role.id=25a5078c593b48d1921a1b5379c9c38f => generated 260 bytes in 239 msecs (HTTP/1.1 200) 5 headers in 177 bytes (1 switches on core 0)
Aug 26 15:34:41.140943 dv-neutron-851733-1-hyperv devstack@keystone.service[93981]: DEBUG keystone.server.flask.request_processing.middleware.auth_context [None req-14683d44-bdff-4411-a3a5-ea2578e613e5 None admin] Authenticating user token {{(pid=93981) process_request /usr/local/lib/python3.8/dist-packages/keystonemiddleware/auth_token/__init__.py:407}}
Aug 26 15:34:41.261241 dv-neutron-851733-1-hyperv devstack@keystone.service[93980]: DEBUG dbcounter [-] [93980] Writing DB stats keystone:SELECT=100 {{(pid=93980) stat_writer /usr/local/lib/python3.8/dist-packages/dbcounter.py:114}}
Aug 26 15:34:41.350967 dv-neutron-851733-1-hyperv devstack@keystone.service[93980]: DEBUG keystone.server.flask.request_processing.middleware.auth_context [None req-60f4dad7-92f1-4257-8f66-a2279ed9cfad None admin] Validating token access rules against request {{(pid=93980) validate_allowed_request /usr/local/lib/python3.8/dist-packages/keystonemiddleware/auth_token/__init__.py:545}}
Aug 26 15:34:41.360811 dv-neutron-851733-1-hyperv devstack@keystone.service[93981]: DEBUG keystone.server.flask.request_processing.middleware.auth_context [None req-14683d44-bdff-4411-a3a5-ea2578e613e5 None admin] Validating token access rules against request {{(pid=93981) validate_allowed_request /usr/local/lib/python3.8/dist-packages/keystonemiddleware/auth_token/__init__.py:545}}
Aug 26 15:34:41.414802 dv-neutron-851733-1-hyperv devstack@keystone.service[93980]: DEBUG keystone.server.flask.request_processing.middleware.auth_context [None req-fcc86f02-6a13-4ea4-8d2d-6e858e344ab0 None admin] RBAC: auth_context: {'token': , 'domain_id': None, 'trust_id': None, 'trustor_id': None, 'trustee_id': None, 'domain_name': None, 'group_ids': [], 'user_id': 'e7b80872e29844b49a971d9f81343f72', 'user_domain_id': 'default', 'system_scope': 'all', 'project_id': None, 'project_domain_id': None, 'roles': ['admin', 'member', 'reader'], 'is_admin_project': True, 'service_user_id': None, 'service_user_domain_id': None, 'service_project_id': None, 'service_project_domain_id': None, 'service_roles': []} {{(pid=93980) fill_context /opt/stack/keystone/keystone/server/flask/request_processing/middleware/auth_context.py:478}}
Aug 26 15:34:41.417670 dv-neutron-851733-1-hyperv devstack@keystone.service[93980]: DEBUG keystone.server.flask.request_processing.req_logging [None req-fcc86f02-6a13-4ea4-8d2d-6e858e344ab0 None admin] REQUEST_METHOD: `GET` {{(pid=93980) log_request_info /opt/stack/keystone/keystone/server/flask/request_processing/req_logging.py:27}}
Aug 26 15:34:41.418126 dv-neutron-851733-1-hyperv devstack@keystone.service[93980]: DEBUG keystone.server.flask.request_processing.req_logging [None req-fcc86f02-6a13-4ea4-8d2d-6e858e344ab0 None admin] SCRIPT_NAME: `/identity` {{(pid=93980) log_request_info /opt/stack/keystone/keystone/server/flask/request_processing/req_logging.py:28}}
Aug 26 15:34:41.418551 dv-neutron-851733-1-hyperv devstack@keystone.service[93980]: DEBUG keystone.server.flask.request_processing.req_logging [None req-fcc86f02-6a13-4ea4-8d2d-6e858e344ab0 None admin] PATH_INFO: `/v3/groups/de0287ea7d924590a5529f1a97b09a25` {{(pid=93980) log_request_info /opt/stack/keystone/keystone/server/flask/request_processing/req_logging.py:29}}
Aug 26 15:34:41.419949 dv-neutron-851733-1-hyperv devstack@keystone.service[93980]: DEBUG keystone.common.rbac_enforcer.enforcer [None req-fcc86f02-6a13-4ea4-8d2d-6e858e344ab0 None admin] RBAC: Authorizing `identity:get_group(group_id=de0287ea7d924590a5529f1a97b09a25)` {{(pid=93980) enforce_call /opt/stack/keystone/keystone/common/rbac_enforcer/enforcer.py:449}}
Aug 26 15:34:41.422393 dv-neutron-851733-1-hyperv devstack@keystone.service[93980]: DEBUG keystone.common.rbac_enforcer.enforcer [None req-fcc86f02-6a13-4ea4-8d2d-6e858e344ab0 None admin] RBAC: Authorization granted {{(pid=93980) enforce_call /opt/stack/keystone/keystone/common/rbac_enforcer/enforcer.py:457}}
Aug 26 15:34:41.425270 dv-neutron-851733-1-hyperv devstack@keystone.service[93980]: [pid: 93980|app: 0|req: 184/370] 10.222.0.73 () {56 vars in 1180 bytes} [Fri Aug 26 15:34:41 2022] GET /identity/v3/groups/de0287ea7d924590a5529f1a97b09a25 => generated 226 bytes in 305 msecs (HTTP/1.1 200) 5 headers in 177 bytes (1 switches on core 0)
Aug 26 15:34:41.426841 dv-neutron-851733-1-hyperv devstack@keystone.service[93980]: DEBUG keystone.server.flask.request_processing.middleware.auth_context [None req-fcc86f02-6a13-4ea4-8d2d-6e858e344ab0 None admin] Authenticating user token {{(pid=93980) process_request /usr/local/lib/python3.8/dist-packages/keystonemiddleware/auth_token/__init__.py:407}}
Aug 26 15:34:41.464648 dv-neutron-851733-1-hyperv devstack@keystone.service[93981]: DEBUG keystone.server.flask.request_processing.middleware.auth_context [None req-8c470a3e-6e21-4be5-a573-45d37ad24675 None admin] RBAC: auth_context: {'token': , 'domain_id': None, 'trust_id': None, 'trustor_id': None, 'trustee_id': None, 'domain_name': None, 'group_ids': [], 'user_id': 'e7b80872e29844b49a971d9f81343f72', 'user_domain_id': 'default', 'system_scope': 'all', 'project_id': None, 'project_domain_id': None, 'roles': ['admin', 'member', 'reader'], 'is_admin_project': True, 'service_user_id': None, 'service_user_domain_id': None, 'service_project_id': None, 'service_project_domain_id': None, 'service_roles': []} {{(pid=93981) fill_context /opt/stack/keystone/keystone/server/flask/request_processing/middleware/auth_context.py:478}}
Aug 26 15:34:41.465231 dv-neutron-851733-1-hyperv devstack@keystone.service[93981]: DEBUG keystone.server.flask.request_processing.req_logging [None req-8c470a3e-6e21-4be5-a573-45d37ad24675 None admin] REQUEST_METHOD: `GET` {{(pid=93981) log_request_info /opt/stack/keystone/keystone/server/flask/request_processing/req_logging.py:27}}
Aug 26 15:34:41.465507 dv-neutron-851733-1-hyperv devstack@keystone.service[93981]: DEBUG keystone.server.flask.request_processing.req_logging [None req-8c470a3e-6e21-4be5-a573-45d37ad24675 None admin] SCRIPT_NAME: `/identity` {{(pid=93981) log_request_info /opt/stack/keystone/keystone/server/flask/request_processing/req_logging.py:28}}
Aug 26 15:34:41.465777 dv-neutron-851733-1-hyperv devstack@keystone.service[93981]: DEBUG keystone.server.flask.request_processing.req_logging [None req-8c470a3e-6e21-4be5-a573-45d37ad24675 None admin] PATH_INFO: `/v3/roles` {{(pid=93981) log_request_info /opt/stack/keystone/keystone/server/flask/request_processing/req_logging.py:29}}
Aug 26 15:34:41.466457 dv-neutron-851733-1-hyperv devstack@keystone.service[93981]: DEBUG keystone.common.rbac_enforcer.enforcer [None req-8c470a3e-6e21-4be5-a573-45d37ad24675 None admin] RBAC: Adding query filter params (name=admin) {{(pid=93981) _extract_filter_values /opt/stack/keystone/keystone/common/rbac_enforcer/enforcer.py:167}}
Aug 26 15:34:41.466744 dv-neutron-851733-1-hyperv devstack@keystone.service[93981]: DEBUG keystone.common.rbac_enforcer.enforcer [None req-8c470a3e-6e21-4be5-a573-45d37ad24675 None admin] RBAC: Authorizing `identity:list_roles()` {{(pid=93981) enforce_call /opt/stack/keystone/keystone/common/rbac_enforcer/enforcer.py:449}}
Aug 26 15:34:41.468218 dv-neutron-851733-1-hyperv devstack@keystone.service[93981]: DEBUG keystone.common.rbac_enforcer.enforcer [None req-8c470a3e-6e21-4be5-a573-45d37ad24675 None admin] RBAC: Authorization granted {{(pid=93981) enforce_call /opt/stack/keystone/keystone/common/rbac_enforcer/enforcer.py:457}}
Aug 26 15:34:41.486645 dv-neutron-851733-1-hyperv devstack@keystone.service[93981]: [pid: 93981|app: 0|req: 187/371] 10.222.0.73 () {56 vars in 1099 bytes} [Fri Aug 26 15:34:41 2022] GET /identity/v3/roles?name=admin => generated 339 bytes in 346 msecs (HTTP/1.1 200) 5 headers in 177 bytes (1 switches on core 0)
Aug 26 15:34:41.491533 dv-neutron-851733-1-hyperv devstack@keystone.service[93981]: DEBUG keystone.server.flask.request_processing.middleware.auth_context [None req-8c470a3e-6e21-4be5-a573-45d37ad24675 None admin] Authenticating user token {{(pid=93981) process_request /usr/local/lib/python3.8/dist-packages/keystonemiddleware/auth_token/__init__.py:407}}
Aug 26 15:34:41.558962 dv-neutron-851733-1-hyperv devstack@keystone.service[93981]: DEBUG dbcounter [-] [93981] Writing DB stats keystone:SELECT=100 {{(pid=93981) stat_writer /usr/local/lib/python3.8/dist-packages/dbcounter.py:114}}
Aug 26 15:34:41.574429 dv-neutron-851733-1-hyperv devstack@keystone.service[93980]: DEBUG keystone.server.flask.request_processing.middleware.auth_context [None req-fcc86f02-6a13-4ea4-8d2d-6e858e344ab0 None admin] Validating token access rules against request {{(pid=93980) validate_allowed_request /usr/local/lib/python3.8/dist-packages/keystonemiddleware/auth_token/__init__.py:545}}
Aug 26 15:34:41.597305 dv-neutron-851733-1-hyperv devstack@keystone.service[93980]: DEBUG dbcounter [-] [93980] Writing DB stats keystone:SELECT=100 {{(pid=93980) stat_writer /usr/local/lib/python3.8/dist-packages/dbcounter.py:114}}
Aug 26 15:34:41.622665 dv-neutron-851733-1-hyperv devstack@keystone.service[93980]: DEBUG keystone.server.flask.request_processing.middleware.auth_context [None req-178baec7-7229-4097-8102-30c5893eae42 None admin] RBAC: auth_context: {'token': , 'domain_id': None, 'trust_id': None, 'trustor_id': None, 'trustee_id': None, 'domain_name': None, 'group_ids': [], 'user_id': 'e7b80872e29844b49a971d9f81343f72', 'user_domain_id': 'default', 'system_scope': 'all', 'project_id': None, 'project_domain_id': None, 'roles': ['admin', 'member', 'reader'], 'is_admin_project': True, 'service_user_id': None, 'service_user_domain_id': None, 'service_project_id': None, 'service_project_domain_id': None, 'service_roles': []} {{(pid=93980) fill_context /opt/stack/keystone/keystone/server/flask/request_processing/middleware/auth_context.py:478}}
Aug 26 15:34:41.623611 dv-neutron-851733-1-hyperv devstack@keystone.service[93980]: DEBUG keystone.server.flask.request_processing.req_logging [None req-178baec7-7229-4097-8102-30c5893eae42 None admin] REQUEST_METHOD: `GET` {{(pid=93980) log_request_info /opt/stack/keystone/keystone/server/flask/request_processing/req_logging.py:27}}
Aug 26 15:34:41.624677 dv-neutron-851733-1-hyperv devstack@keystone.service[93980]: DEBUG keystone.server.flask.request_processing.req_logging [None req-178baec7-7229-4097-8102-30c5893eae42 None admin] SCRIPT_NAME: `/identity` {{(pid=93980) log_request_info /opt/stack/keystone/keystone/server/flask/request_processing/req_logging.py:28}}
Aug 26 15:34:41.625147 dv-neutron-851733-1-hyperv devstack@keystone.service[93980]: DEBUG keystone.server.flask.request_processing.req_logging [None req-178baec7-7229-4097-8102-30c5893eae42 None admin] PATH_INFO: `/v3/auth/tokens` {{(pid=93980) log_request_info /opt/stack/keystone/keystone/server/flask/request_processing/req_logging.py:29}}
Aug 26 15:34:41.693146 dv-neutron-851733-1-hyperv devstack@keystone.service[93981]: DEBUG keystone.server.flask.request_processing.middleware.auth_context [None req-8c470a3e-6e21-4be5-a573-45d37ad24675 None admin] Validating token access rules against request {{(pid=93981) validate_allowed_request /usr/local/lib/python3.8/dist-packages/keystonemiddleware/auth_token/__init__.py:545}}
Aug 26 15:34:41.720160 dv-neutron-851733-1-hyperv devstack@keystone.service[93980]: DEBUG keystone.common.rbac_enforcer.enforcer [None req-178baec7-7229-4097-8102-30c5893eae42 None admin] RBAC: Authorizing `identity:validate_token()` {{(pid=93980) enforce_call /opt/stack/keystone/keystone/common/rbac_enforcer/enforcer.py:449}}
Aug 26 15:34:41.722057 dv-neutron-851733-1-hyperv devstack@keystone.service[93980]: DEBUG keystone.common.rbac_enforcer.enforcer [None req-178baec7-7229-4097-8102-30c5893eae42 None admin] RBAC: Authorization granted {{(pid=93980) enforce_call /opt/stack/keystone/keystone/common/rbac_enforcer/enforcer.py:457}}
Aug 26 15:34:41.785616 dv-neutron-851733-1-hyperv devstack@keystone.service[93981]: DEBUG keystone.server.flask.request_processing.middleware.auth_context [None req-ea24aa8e-01d9-4241-90b9-24cfcf4286ef None admin] RBAC: auth_context: {'token': , 'domain_id': None, 'trust_id': None, 'trustor_id': None, 'trustee_id': None, 'domain_name': None, 'group_ids': [], 'user_id': 'e7b80872e29844b49a971d9f81343f72', 'user_domain_id': 'default', 'system_scope': 'all', 'project_id': None, 'project_domain_id': None, 'roles': ['admin', 'member', 'reader'], 'is_admin_project': True, 'service_user_id': None, 'service_user_domain_id': None, 'service_project_id': None, 'service_project_domain_id': None, 'service_roles': []} {{(pid=93981) fill_context /opt/stack/keystone/keystone/server/flask/request_processing/middleware/auth_context.py:478}}
Aug 26 15:34:41.786249 dv-neutron-851733-1-hyperv devstack@keystone.service[93981]: DEBUG keystone.server.flask.request_processing.req_logging [None req-ea24aa8e-01d9-4241-90b9-24cfcf4286ef None admin] REQUEST_METHOD: `GET` {{(pid=93981) log_request_info /opt/stack/keystone/keystone/server/flask/request_processing/req_logging.py:27}}
Aug 26 15:34:41.786617 dv-neutron-851733-1-hyperv devstack@keystone.service[93981]: DEBUG keystone.server.flask.request_processing.req_logging [None req-ea24aa8e-01d9-4241-90b9-24cfcf4286ef None admin] SCRIPT_NAME: `/identity` {{(pid=93981) log_request_info /opt/stack/keystone/keystone/server/flask/request_processing/req_logging.py:28}}
Aug 26 15:34:41.786898 dv-neutron-851733-1-hyperv devstack@keystone.service[93981]: DEBUG keystone.server.flask.request_processing.req_logging [None req-ea24aa8e-01d9-4241-90b9-24cfcf4286ef None admin] PATH_INFO: `/v3/role_assignments` {{(pid=93981) log_request_info /opt/stack/keystone/keystone/server/flask/request_processing/req_logging.py:29}}
Aug 26 15:34:41.787629 dv-neutron-851733-1-hyperv devstack@keystone.service[93981]: DEBUG keystone.common.rbac_enforcer.enforcer [None req-ea24aa8e-01d9-4241-90b9-24cfcf4286ef None admin] RBAC: Adding query filter params (group.id=de0287ea7d924590a5529f1a97b09a25, role.id=01d3fb5e4db74744a2ed7a6567a2d45b, scope.project.id=5b22d47558c443aa953de41467a2968c) {{(pid=93981) _extract_filter_values /opt/stack/keystone/keystone/common/rbac_enforcer/enforcer.py:167}}
Aug 26 15:34:41.787962 dv-neutron-851733-1-hyperv devstack@keystone.service[93981]: DEBUG keystone.common.rbac_enforcer.enforcer [None req-ea24aa8e-01d9-4241-90b9-24cfcf4286ef None admin] RBAC: Authorizing `identity:list_role_assignments()` {{(pid=93981) enforce_call /opt/stack/keystone/keystone/common/rbac_enforcer/enforcer.py:449}}
Aug 26 15:34:41.789526 dv-neutron-851733-1-hyperv devstack@keystone.service[93981]: DEBUG keystone.common.rbac_enforcer.enforcer [None req-ea24aa8e-01d9-4241-90b9-24cfcf4286ef None admin] RBAC: Authorization granted {{(pid=93981) enforce_call /opt/stack/keystone/keystone/common/rbac_enforcer/enforcer.py:457}}
Aug 26 15:34:41.801107 dv-neutron-851733-1-hyperv devstack@keystone.service[93981]: [pid: 93981|app: 0|req: 188/372] 10.222.0.73 () {56 vars in 1376 bytes} [Fri Aug 26 15:34:41 2022] GET /identity/v3/role_assignments?group.id=de0287ea7d924590a5529f1a97b09a25&scope.project.id=5b22d47558c443aa953de41467a2968c&role.id=01d3fb5e4db74744a2ed7a6567a2d45b => generated 260 bytes in 314 msecs (HTTP/1.1 200) 5 headers in 177 bytes (1 switches on core 0)
Aug 26 15:34:41.803780 dv-neutron-851733-1-hyperv devstack@keystone.service[93981]: DEBUG keystone.server.flask.request_processing.middleware.auth_context [None req-ea24aa8e-01d9-4241-90b9-24cfcf4286ef None admin] Authenticating user token {{(pid=93981) process_request /usr/local/lib/python3.8/dist-packages/keystonemiddleware/auth_token/__init__.py:407}}
Aug 26 15:34:41.901524 dv-neutron-851733-1-hyperv devstack@keystone.service[93980]: [pid: 93980|app: 0|req: 185/373] 10.222.0.73 () {58 vars in 1282 bytes} [Fri Aug 26 15:34:41 2022] GET /identity/v3/auth/tokens => generated 799 bytes in 475 msecs (HTTP/1.1 200) 6 headers in 358 bytes (1 switches on core 0)
Aug 26 15:34:41.908917 dv-neutron-851733-1-hyperv devstack@keystone.service[93980]: DEBUG keystone.server.flask.request_processing.middleware.auth_context [None req-178baec7-7229-4097-8102-30c5893eae42 None admin] Authenticating user token {{(pid=93980) process_request /usr/local/lib/python3.8/dist-packages/keystonemiddleware/auth_token/__init__.py:407}}
Aug 26 15:34:41.946443 dv-neutron-851733-1-hyperv devstack@keystone.service[93980]: DEBUG dbcounter [-] [93980] Writing DB stats keystone:SELECT=100 {{(pid=93980) stat_writer /usr/local/lib/python3.8/dist-packages/dbcounter.py:114}}
Aug 26 15:34:42.060613 dv-neutron-851733-1-hyperv devstack@keystone.service[93981]: DEBUG dbcounter [-] [93981] Writing DB stats keystone:SELECT=100 {{(pid=93981) stat_writer /usr/local/lib/python3.8/dist-packages/dbcounter.py:114}}
Aug 26 15:34:42.072762 dv-neutron-851733-1-hyperv devstack@keystone.service[93981]: DEBUG keystone.server.flask.request_processing.middleware.auth_context [None req-ea24aa8e-01d9-4241-90b9-24cfcf4286ef None admin] Validating token access rules against request {{(pid=93981) validate_allowed_request /usr/local/lib/python3.8/dist-packages/keystonemiddleware/auth_token/__init__.py:545}}
Aug 26 15:34:42.163822 dv-neutron-851733-1-hyperv devstack@keystone.service[93981]: DEBUG keystone.server.flask.request_processing.middleware.auth_context [None req-d4d8ca20-5c66-4062-bb30-839a44869058 None admin] RBAC: auth_context: {'token': , 'domain_id': None, 'trust_id': None, 'trustor_id': None, 'trustee_id': None, 'domain_name': None, 'group_ids': [], 'user_id': 'e7b80872e29844b49a971d9f81343f72', 'user_domain_id': 'default', 'system_scope': 'all', 'project_id': None, 'project_domain_id': None, 'roles': ['admin', 'member', 'reader'], 'is_admin_project': True, 'service_user_id': None, 'service_user_domain_id': None, 'service_project_id': None, 'service_project_domain_id': None, 'service_roles': []} {{(pid=93981) fill_context /opt/stack/keystone/keystone/server/flask/request_processing/middleware/auth_context.py:478}}
Aug 26 15:34:42.164457 dv-neutron-851733-1-hyperv devstack@keystone.service[93981]: DEBUG keystone.server.flask.request_processing.req_logging [None req-d4d8ca20-5c66-4062-bb30-839a44869058 None admin] REQUEST_METHOD: `GET` {{(pid=93981) log_request_info /opt/stack/keystone/keystone/server/flask/request_processing/req_logging.py:27}}
Aug 26 15:34:42.164732 dv-neutron-851733-1-hyperv devstack@keystone.service[93981]: DEBUG keystone.server.flask.request_processing.req_logging [None req-d4d8ca20-5c66-4062-bb30-839a44869058 None admin] SCRIPT_NAME: `/identity` {{(pid=93981) log_request_info /opt/stack/keystone/keystone/server/flask/request_processing/req_logging.py:28}}
