Jul 29 08:23:12.302482 dv-neutron-851433-3-hyperv neutron-server[104670]: DEBUG neutron.scheduler.dhcp_agent_scheduler [None req-45f7c019-5052-4654-9ef9-bb220aa2c719 tempest-FloatingIPNegativeTestJSON-534714964 tempest-FloatingIPNegativeTestJSON-534714964-project] Network hostable DHCP agents. Network: f25a5d71-62f5-42b5-8b4b-27411fdcbbe1, hostable agents: ['cac3171f-7270-4bac-9184-27b327c1f634'], hosted agents: [] {{(pid=104670) _get_network_hostable_dhcp_agents /opt/stack/neutron/neutron/scheduler/dhcp_agent_scheduler.py:329}}
Jul 29 08:23:12.309484 dv-neutron-851433-3-hyperv neutron-server[104671]: DEBUG neutron.db.l3_dvr_db [None req-5cde673d-3c90-4bb8-95b4-1f7ba012f716 None None] Set router 9a943edb-435e-41fe-9fee-53f3c99fcd3e gateway port host: dv-neutron-851433-3-hyperv {{(pid=104671) _build_routers_list /opt/stack/neutron/neutron/db/l3_dvr_db.py:907}}
Jul 29 08:23:12.317629 dv-neutron-851433-3-hyperv neutron-server[104670]: DEBUG dbcounter [-] [104670] Writing DB stats neutron:SELECT=88,neutron:INSERT=10,neutron:UPDATE=2 {{(pid=104670) stat_writer /usr/local/lib/python3.8/dist-packages/dbcounter.py:114}}
Jul 29 08:23:12.361759 dv-neutron-851433-3-hyperv neutron-server[104671]: DEBUG neutron.db.provisioning_blocks [None req-8adc5f39-5731-40fa-ae39-1e76cfea042e None None] Provisioning complete for port 5cbc8676-d75f-4127-9c86-1cddd2ec536a triggered by entity DHCP. {{(pid=104671) provisioning_complete /opt/stack/neutron/neutron/db/provisioning_blocks.py:145}}
Jul 29 08:23:12.362123 dv-neutron-851433-3-hyperv neutron-server[104671]: DEBUG neutron_lib.callbacks.manager [None req-8adc5f39-5731-40fa-ae39-1e76cfea042e None None] Publish callbacks ['neutron.plugins.ml2.plugin.Ml2Plugin._port_provisioned-3604384'] for port (5cbc8676-d75f-4127-9c86-1cddd2ec536a), provisioning_complete {{(pid=104671) _notify_loop /usr/local/lib/python3.8/dist-packages/neutron_lib/callbacks/manager.py:176}}
Jul 29 08:23:12.363452 dv-neutron-851433-3-hyperv neutron-server[104669]: INFO neutron.pecan_wsgi.hooks.translation [None req-cdbf341d-646c-4b54-8efc-c5dcd64e5358 tempest-ExternalNetworksTestJSON-375636049 tempest-ExternalNetworksTestJSON-375636049-project-admin] DELETE failed (client error): The resource could not be found.
Jul 29 08:23:12.364246 dv-neutron-851433-3-hyperv neutron-server[104669]: DEBUG neutron.pecan_wsgi.hooks.notifier [None req-cdbf341d-646c-4b54-8efc-c5dcd64e5358 tempest-ExternalNetworksTestJSON-375636049 tempest-ExternalNetworksTestJSON-375636049-project-admin] No notification will be sent due to unsuccessful status code: 404 {{(pid=104669) after /opt/stack/neutron/neutron/pecan_wsgi/hooks/notifier.py:78}}
Jul 29 08:23:12.367823 dv-neutron-851433-3-hyperv neutron-server[104669]: INFO neutron.wsgi [None req-cdbf341d-646c-4b54-8efc-c5dcd64e5358 tempest-ExternalNetworksTestJSON-375636049 tempest-ExternalNetworksTestJSON-375636049-project-admin] 10.222.0.48 "DELETE /v2.0/networks/2c73a43d-5878-4254-aa85-3a666c67e387 HTTP/1.1" status: 404 len: 339 time: 0.1295955
Jul 29 08:23:12.383315 dv-neutron-851433-3-hyperv neutron-server[104670]: DEBUG neutron.wsgi [-] (104670) accepted ('10.222.0.48', 45554) {{(pid=104670) server /usr/local/lib/python3.8/dist-packages/eventlet/wsgi.py:1004}}
Jul 29 08:23:12.407317 dv-neutron-851433-3-hyperv neutron-server[104670]: DEBUG neutron.api.v2.base [None req-dd0626a2-f83f-4547-8da8-6b846de05cde tempest-ExternalNetworksTestJSON-375636049 tempest-ExternalNetworksTestJSON-375636049-project-admin] Request body: {'network': {'name': 'tempest-network--720313166', 'router:external': True}} {{(pid=104670) prepare_request_body /opt/stack/neutron/neutron/api/v2/base.py:730}}
Jul 29 08:23:12.425493 dv-neutron-851433-3-hyperv neutron-server[104670]: DEBUG neutron_lib.callbacks.manager [None req-09dc5026-fd96-44b0-b00c-4c3246f3a7cc tempest-RoutersAdminTest-554514224 tempest-RoutersAdminTest-554514224-project-admin] Publish callbacks ['neutron.plugins.ml2.plugin.SecurityGroupServerNotifierRpcMixin._notify_sg_on_port_change-3426830', 'neutron.plugins.ml2.ovo_rpc._ObjectChangeHandler.handle_event-329202', 'neutron.api.rpc.agentnotifiers.dhcp_rpc_agent_api.DhcpAgentNotifyAPI._native_event_send_dhcp_notification-1602986', 'neutron.db.l3_dvrscheduler_db._notify_l3_agent_new_port-8750468339523', 'neutron.services.segments.plugin.NovaSegmentNotifier._notify_port_created_or_deleted-16520471'] for port (4178c663-eb0d-4daf-9186-fd0214c3667e), after_create {{(pid=104670) _notify_loop /usr/local/lib/python3.8/dist-packages/neutron_lib/callbacks/manager.py:176}}
Jul 29 08:23:12.461075 dv-neutron-851433-3-hyperv neutron-server[104671]: DEBUG neutron.plugins.ml2.rpc [None req-989226c9-de4e-4c10-b20e-ea3b6d4f636c None None] Device deae5190-6ca4-4fae-8825-45a099aa38ae up at agent ovs-agent-dv-neutron-851433-3-hyperv {{(pid=104671) update_device_up /opt/stack/neutron/neutron/plugins/ml2/rpc.py:296}}
Jul 29 08:23:12.466817 dv-neutron-851433-3-hyperv neutron-server[104670]: DEBUG neutron.scheduler.dhcp_agent_scheduler [None req-45f7c019-5052-4654-9ef9-bb220aa2c719 tempest-FloatingIPNegativeTestJSON-534714964 tempest-FloatingIPNegativeTestJSON-534714964-project] Network f25a5d71-62f5-42b5-8b4b-27411fdcbbe1 is scheduled to be hosted by DHCP agent cac3171f-7270-4bac-9184-27b327c1f634 with binding_index 1 {{(pid=104670) bind /opt/stack/neutron/neutron/scheduler/dhcp_agent_scheduler.py:227}}
Jul 29 08:23:12.499737 dv-neutron-851433-3-hyperv neutron-server[104669]: DEBUG neutron_lib.callbacks.manager [None req-dd468a67-40ad-4c95-9149-be6fa4908c23 tempest-AllowedAddressPairIpV6TestJSON-1122494508 tempest-AllowedAddressPairIpV6TestJSON-1122494508-project] Publish callbacks [] for port (eac7db6e-9c40-461f-87a6-89c8ae091bbc), precommit_create {{(pid=104669) _notify_loop /usr/local/lib/python3.8/dist-packages/neutron_lib/callbacks/manager.py:176}}
Jul 29 08:23:12.510044 dv-neutron-851433-3-hyperv neutron-server[104670]: DEBUG neutron.api.rpc.handlers.resources_rpc [None req-45f7c019-5052-4654-9ef9-bb220aa2c719 tempest-FloatingIPNegativeTestJSON-534714964 tempest-FloatingIPNegativeTestJSON-534714964-project] Pushing event updated for resources: {'Subnet': ['ID=97b4d40e-101c-4856-9fd3-05cf13be0e22,revision_number=0']} {{(pid=104670) push /opt/stack/neutron/neutron/api/rpc/handlers/resources_rpc.py:237}}
Jul 29 08:23:12.576461 dv-neutron-851433-3-hyperv neutron-server[104671]: DEBUG dbcounter [-] [104671] Writing DB stats neutron:SELECT=100 {{(pid=104671) stat_writer /usr/local/lib/python3.8/dist-packages/dbcounter.py:114}}
Jul 29 08:23:12.624221 dv-neutron-851433-3-hyperv neutron-server[104671]: DEBUG neutron.plugins.ml2.plugin [None req-8adc5f39-5731-40fa-ae39-1e76cfea042e None None] Current status of the port 5cbc8676-d75f-4127-9c86-1cddd2ec536a is: DOWN; New status is: ACTIVE {{(pid=104671) _update_individual_port_db_status /opt/stack/neutron/neutron/plugins/ml2/plugin.py:2292}}
Jul 29 08:23:12.624612 dv-neutron-851433-3-hyperv neutron-server[104671]: DEBUG neutron_lib.callbacks.manager [None req-8adc5f39-5731-40fa-ae39-1e76cfea042e None None] Publish callbacks ['neutron.plugins.ml2.plugin.SecurityGroupDbMixin._ensure_default_security_group_handler-3425731'] for port (5cbc8676-d75f-4127-9c86-1cddd2ec536a), before_update {{(pid=104671) _notify_loop /usr/local/lib/python3.8/dist-packages/neutron_lib/callbacks/manager.py:176}}
Jul 29 08:23:12.643939 dv-neutron-851433-3-hyperv neutron-server[104669]: DEBUG dbcounter [-] [104669] Writing DB stats neutron:SELECT=93,neutron:INSERT=3,neutron:UPDATE=4 {{(pid=104669) stat_writer /usr/local/lib/python3.8/dist-packages/dbcounter.py:114}}
Jul 29 08:23:12.658292 dv-neutron-851433-3-hyperv neutron-server[104669]: DEBUG neutron_lib.callbacks.manager [None req-dd468a67-40ad-4c95-9149-be6fa4908c23 tempest-AllowedAddressPairIpV6TestJSON-1122494508 tempest-AllowedAddressPairIpV6TestJSON-1122494508-project] Publish callbacks ['neutron.plugins.ml2.plugin.SecurityGroupServerNotifierRpcMixin._notify_sg_on_port_change-3426830', 'neutron.plugins.ml2.ovo_rpc._ObjectChangeHandler.handle_event-329202', 'neutron.api.rpc.agentnotifiers.dhcp_rpc_agent_api.DhcpAgentNotifyAPI._native_event_send_dhcp_notification-1602986', 'neutron.db.l3_dvrscheduler_db._notify_l3_agent_new_port-8750468339523'] for port (eac7db6e-9c40-461f-87a6-89c8ae091bbc), after_create {{(pid=104669) _notify_loop /usr/local/lib/python3.8/dist-packages/neutron_lib/callbacks/manager.py:176}}
Jul 29 08:23:12.678569 dv-neutron-851433-3-hyperv neutron-server[104671]: DEBUG neutron.db.provisioning_blocks [None req-989226c9-de4e-4c10-b20e-ea3b6d4f636c None None] Provisioning complete for port deae5190-6ca4-4fae-8825-45a099aa38ae triggered by entity L2. {{(pid=104671) provisioning_complete /opt/stack/neutron/neutron/db/provisioning_blocks.py:145}}
Jul 29 08:23:12.678929 dv-neutron-851433-3-hyperv neutron-server[104671]: DEBUG neutron_lib.callbacks.manager [None req-989226c9-de4e-4c10-b20e-ea3b6d4f636c None None] Publish callbacks ['neutron.plugins.ml2.plugin.Ml2Plugin._port_provisioned-3604384'] for port (deae5190-6ca4-4fae-8825-45a099aa38ae), provisioning_complete {{(pid=104671) _notify_loop /usr/local/lib/python3.8/dist-packages/neutron_lib/callbacks/manager.py:176}}
Jul 29 08:23:12.695107 dv-neutron-851433-3-hyperv neutron-server[104671]: DEBUG neutron.db.db_base_plugin_common [None req-d64a7966-3c0c-468b-ad0a-ad6a445da424 None None] Allocated IP 2001:db8::2 (e97c95ec-a913-4aa2-9e56-4c83db20141c/b9db181f-910d-47a4-a04e-ff629ed2c650/0ae80b89-dce5-4f6f-9d34-826fd7a4794e) {{(pid=104671) _store_ip_allocation /opt/stack/neutron/neutron/db/db_base_plugin_common.py:131}}
Jul 29 08:23:12.729314 dv-neutron-851433-3-hyperv neutron-server[104671]: DEBUG dbcounter [-] [104671] Writing DB stats neutron:SELECT=98,neutron:UPDATE=1,neutron:INSERT=1 {{(pid=104671) stat_writer /usr/local/lib/python3.8/dist-packages/dbcounter.py:114}}
Jul 29 08:23:12.770177 dv-neutron-851433-3-hyperv neutron-server[104671]: DEBUG neutron.plugins.ml2.db [None req-8adc5f39-5731-40fa-ae39-1e76cfea042e None None] For port 5cbc8676-d75f-4127-9c86-1cddd2ec536a, host dv-neutron-851433-3-hyperv, got binding levels [PortBindingLevel(driver='openvswitch',host='dv-neutron-851433-3-hyperv',level=0,port_id=5cbc8676-d75f-4127-9c86-1cddd2ec536a,segment=NetworkSegment(9564f454-d8d1-499e-a93c-630d4b114bc6),segment_id=9564f454-d8d1-499e-a93c-630d4b114bc6)] {{(pid=104671) get_binding_level_objs /opt/stack/neutron/neutron/plugins/ml2/db.py:74}}
Jul 29 08:23:12.774010 dv-neutron-851433-3-hyperv neutron-server[104669]: DEBUG neutron.scheduler.dhcp_agent_scheduler [None req-dd468a67-40ad-4c95-9149-be6fa4908c23 tempest-AllowedAddressPairIpV6TestJSON-1122494508 tempest-AllowedAddressPairIpV6TestJSON-1122494508-project] Network e97c95ec-a913-4aa2-9e56-4c83db20141c is already hosted by enough agents. {{(pid=104669) _get_dhcp_agents_hosting_network /opt/stack/neutron/neutron/scheduler/dhcp_agent_scheduler.py:275}}
Jul 29 08:23:12.775885 dv-neutron-851433-3-hyperv neutron-server[104669]: DEBUG neutron_lib.callbacks.manager [None req-0d8880e1-4dcf-40a2-b400-a93ab22df4db tempest-ServersTestManualDisk-1091492225 tempest-ServersTestManualDisk-1091492225-project] Publish callbacks [] for port (6adc4f9d-7b73-4941-af09-29ba5e5a59b6), precommit_update {{(pid=104669) _notify_loop /usr/local/lib/python3.8/dist-packages/neutron_lib/callbacks/manager.py:176}}
Jul 29 08:23:12.783517 dv-neutron-851433-3-hyperv neutron-server[104670]: DEBUG neutron.scheduler.base_scheduler [None req-45f7c019-5052-4654-9ef9-bb220aa2c719 tempest-FloatingIPNegativeTestJSON-534714964 tempest-FloatingIPNegativeTestJSON-534714964-project] Resources bound (agent type, host, resource id): (DHCP agent, dv-neutron-851433-3-hyperv, f25a5d71-62f5-42b5-8b4b-27411fdcbbe1) {{(pid=104670) schedule /opt/stack/neutron/neutron/scheduler/base_scheduler.py:57}}
Jul 29 08:23:12.791514 dv-neutron-851433-3-hyperv neutron-server[104669]: DEBUG neutron.scheduler.base_scheduler [None req-dd468a67-40ad-4c95-9149-be6fa4908c23 tempest-AllowedAddressPairIpV6TestJSON-1122494508 tempest-AllowedAddressPairIpV6TestJSON-1122494508-project] Resources bound (agent type, host, resource id): {{(pid=104669) schedule /opt/stack/neutron/neutron/scheduler/base_scheduler.py:57}}
Jul 29 08:23:12.799771 dv-neutron-851433-3-hyperv neutron-server[104669]: DEBUG neutron_lib.callbacks.manager [None req-0d8880e1-4dcf-40a2-b400-a93ab22df4db tempest-ServersTestManualDisk-1091492225 tempest-ServersTestManualDisk-1091492225-project] Publish callbacks ['neutron.plugins.ml2.plugin.SecurityGroupServerNotifierRpcMixin._notify_sg_on_port_change-3426830', 'neutron.plugins.ml2.ovo_rpc._ObjectChangeHandler.handle_event-329202', 'neutron.api.rpc.agentnotifiers.dhcp_rpc_agent_api.DhcpAgentNotifyAPI._native_event_send_dhcp_notification-1602986', 'neutron.db.l3_db.L3RpcNotifierMixin._notify_gateway_port_ip_changed-8750468718812', 'neutron.db.l3_dvrscheduler_db._notify_l3_agent_port_update-8750468339541', 'neutron.db.l3_hascheduler_db._notify_l3_agent_ha_port_update-8750468339559'] for port (6adc4f9d-7b73-4941-af09-29ba5e5a59b6), after_update {{(pid=104669) _notify_loop /usr/local/lib/python3.8/dist-packages/neutron_lib/callbacks/manager.py:176}}
Jul 29 08:23:12.804264 dv-neutron-851433-3-hyperv neutron-server[104671]: DEBUG neutron_lib.callbacks.manager [None req-8adc5f39-5731-40fa-ae39-1e76cfea042e None None] Publish callbacks ['neutron.plugins.ml2.plugin.SecurityGroupServerNotifierRpcMixin._notify_sg_on_port_change-3426830', 'neutron.plugins.ml2.ovo_rpc._ObjectChangeHandler.handle_event-329202', 'neutron.api.rpc.agentnotifiers.dhcp_rpc_agent_api.DhcpAgentNotifyAPI._native_event_send_dhcp_notification-1602986', 'neutron.db.l3_db.L3RpcNotifierMixin._notify_gateway_port_ip_changed-8750468718812', 'neutron.db.l3_dvrscheduler_db._notify_l3_agent_port_update-8750468339541', 'neutron.db.l3_hascheduler_db._notify_l3_agent_ha_port_update-8750468339559'] for port (5cbc8676-d75f-4127-9c86-1cddd2ec536a), after_update {{(pid=104671) _notify_loop /usr/local/lib/python3.8/dist-packages/neutron_lib/callbacks/manager.py:176}}
Jul 29 08:23:12.807833 dv-neutron-851433-3-hyperv neutron-server[104669]: DEBUG neutron.db.l3_dvrscheduler_db [None req-dd468a67-40ad-4c95-9149-be6fa4908c23 tempest-AllowedAddressPairIpV6TestJSON-1122494508 tempest-AllowedAddressPairIpV6TestJSON-1122494508-project] Received port after_create {{(pid=104669) _notify_l3_agent_new_port /opt/stack/neutron/neutron/db/l3_dvrscheduler_db.py:542}}
Jul 29 08:23:12.811864 dv-neutron-851433-3-hyperv neutron-server[104670]: DEBUG neutron.pecan_wsgi.hooks.policy_enforcement [None req-45f7c019-5052-4654-9ef9-bb220aa2c719 tempest-FloatingIPNegativeTestJSON-534714964 tempest-FloatingIPNegativeTestJSON-534714964-project] Attributes excluded by policy engine: ['standard_attr_id', 'shared', 'segment_id', 'network'] {{(pid=104670) _exclude_attributes_by_policy /opt/stack/neutron/neutron/pecan_wsgi/hooks/policy_enforcement.py:259}}
Jul 29 08:23:12.812498 dv-neutron-851433-3-hyperv neutron-server[104670]: DEBUG neutron_lib.callbacks.manager [None req-45f7c019-5052-4654-9ef9-bb220aa2c719 tempest-FloatingIPNegativeTestJSON-534714964 tempest-FloatingIPNegativeTestJSON-534714964-project] Publish callbacks ['neutron.api.rpc.agentnotifiers.dhcp_rpc_agent_api.DhcpAgentNotifyAPI._send_dhcp_notification-1602948'] for subnet (None), before_response {{(pid=104670) _notify_loop /usr/local/lib/python3.8/dist-packages/neutron_lib/callbacks/manager.py:176}}
Jul 29 08:23:12.813008 dv-neutron-851433-3-hyperv neutron-server[104669]: DEBUG neutron.pecan_wsgi.hooks.policy_enforcement [None req-dd468a67-40ad-4c95-9149-be6fa4908c23 tempest-AllowedAddressPairIpV6TestJSON-1122494508 tempest-AllowedAddressPairIpV6TestJSON-1122494508-project] Attributes excluded by policy engine: ['standard_attr_id', 'binding:profile', 'binding:host_id', 'binding:vif_type', 'binding:vif_details', 'network'] {{(pid=104669) _exclude_attributes_by_policy /opt/stack/neutron/neutron/pecan_wsgi/hooks/policy_enforcement.py:259}}
Jul 29 08:23:12.813623 dv-neutron-851433-3-hyperv neutron-server[104669]: DEBUG neutron_lib.callbacks.manager [None req-dd468a67-40ad-4c95-9149-be6fa4908c23 tempest-AllowedAddressPairIpV6TestJSON-1122494508 tempest-AllowedAddressPairIpV6TestJSON-1122494508-project] Publish callbacks ['neutron.notifiers.nova.Notifier._send_nova_notification-504304', 'neutron.api.rpc.agentnotifiers.dhcp_rpc_agent_api.DhcpAgentNotifyAPI._send_dhcp_notification-1602948'] for port (None), before_response {{(pid=104669) _notify_loop /usr/local/lib/python3.8/dist-packages/neutron_lib/callbacks/manager.py:176}}
Jul 29 08:23:12.828528 dv-neutron-851433-3-hyperv neutron-server[104669]: DEBUG neutron_lib.callbacks.manager [None req-0d8880e1-4dcf-40a2-b400-a93ab22df4db tempest-ServersTestManualDisk-1091492225 tempest-ServersTestManualDisk-1091492225-project] Publish callbacks ['neutron.services.l3_router.l3_router_plugin.DVRResourceOperationHandler._create_dvr_floating_gw_port-1743588'] for floatingip (586e13e2-0adb-480c-8f02-1675a1fc14e5), after_create {{(pid=104669) _notify_loop /usr/local/lib/python3.8/dist-packages/neutron_lib/callbacks/manager.py:176}}
Jul 29 08:23:12.834761 dv-neutron-851433-3-hyperv neutron-server[104669]: DEBUG neutron.api.rpc.handlers.resources_rpc [None req-dd468a67-40ad-4c95-9149-be6fa4908c23 tempest-AllowedAddressPairIpV6TestJSON-1122494508 tempest-AllowedAddressPairIpV6TestJSON-1122494508-project] Pushing event updated for resources: {'Port': ['ID=eac7db6e-9c40-461f-87a6-89c8ae091bbc,revision_number=1']} {{(pid=104669) push /opt/stack/neutron/neutron/api/rpc/handlers/resources_rpc.py:237}}
Jul 29 08:23:12.839351 dv-neutron-851433-3-hyperv neutron-server[104670]: DEBUG neutron.scheduler.dhcp_agent_scheduler [None req-09dc5026-fd96-44b0-b00c-4c3246f3a7cc tempest-RoutersAdminTest-554514224 tempest-RoutersAdminTest-554514224-project-admin] Network b81b2d7c-d386-452a-b58d-232470ee04e2 is already hosted by enough agents. {{(pid=104670) _get_dhcp_agents_hosting_network /opt/stack/neutron/neutron/scheduler/dhcp_agent_scheduler.py:275}}
Jul 29 08:23:12.849118 dv-neutron-851433-3-hyperv neutron-server[104671]: DEBUG neutron.api.rpc.handlers.dhcp_rpc [None req-148e150a-8661-4b63-87fa-541431d61369 None None] Network f25a5d71-62f5-42b5-8b4b-27411fdcbbe1 requested from dv-neutron-851433-3-hyperv {{(pid=104671) get_network_info /opt/stack/neutron/neutron/api/rpc/handlers/dhcp_rpc.py:191}}
Jul 29 08:23:12.859625 dv-neutron-851433-3-hyperv neutron-server[104670]: DEBUG neutron.pecan_wsgi.hooks.quota_enforcement [None req-dd0626a2-f83f-4547-8da8-6b846de05cde tempest-ExternalNetworksTestJSON-375636049 tempest-ExternalNetworksTestJSON-375636049-project-admin] Made reservation on behalf of 85ad95359d4d4f8496dc2309438aa0b8 for: {'network': 1} {{(pid=104670) before /opt/stack/neutron/neutron/pecan_wsgi/hooks/quota_enforcement.py:53}}
Jul 29 08:23:12.862294 dv-neutron-851433-3-hyperv neutron-server[104670]: DEBUG neutron_lib.callbacks.manager [None req-dd0626a2-f83f-4547-8da8-6b846de05cde tempest-ExternalNetworksTestJSON-375636049 tempest-ExternalNetworksTestJSON-375636049-project-admin] Publish callbacks ['neutron.plugins.ml2.plugin.SecurityGroupDbMixin._ensure_default_security_group_handler-3425731'] for network (None), before_create {{(pid=104670) _notify_loop /usr/local/lib/python3.8/dist-packages/neutron_lib/callbacks/manager.py:176}}
Jul 29 08:23:12.879321 dv-neutron-851433-3-hyperv neutron-server[104670]: DEBUG neutron.api.rpc.handlers.resources_rpc [None req-09dc5026-fd96-44b0-b00c-4c3246f3a7cc tempest-RoutersAdminTest-554514224 tempest-RoutersAdminTest-554514224-project-admin] Pushing event updated for resources: {'Port': ['ID=4178c663-eb0d-4daf-9186-fd0214c3667e,revision_number=1']} {{(pid=104670) push /opt/stack/neutron/neutron/api/rpc/handlers/resources_rpc.py:237}}
Jul 29 08:23:12.881965 dv-neutron-851433-3-hyperv neutron-server[104670]: DEBUG neutron.scheduler.base_scheduler [None req-09dc5026-fd96-44b0-b00c-4c3246f3a7cc tempest-RoutersAdminTest-554514224 tempest-RoutersAdminTest-554514224-project-admin] Resources bound (agent type, host, resource id): {{(pid=104670) schedule /opt/stack/neutron/neutron/scheduler/base_scheduler.py:57}}
Jul 29 08:23:12.894804 dv-neutron-851433-3-hyperv neutron-server[104669]: INFO neutron.wsgi [None req-dd468a67-40ad-4c95-9149-be6fa4908c23 tempest-AllowedAddressPairIpV6TestJSON-1122494508 tempest-AllowedAddressPairIpV6TestJSON-1122494508-project] 10.222.0.48 "POST /v2.0/ports HTTP/1.1" status: 201 len: 943 time: 2.2354813
Jul 29 08:23:12.896256 dv-neutron-851433-3-hyperv neutron-server[104669]: DEBUG neutron.wsgi [-] (104669) accepted ('10.222.0.48', 45556) {{(pid=104669) server /usr/local/lib/python3.8/dist-packages/eventlet/wsgi.py:1004}}
Jul 29 08:23:12.901441 dv-neutron-851433-3-hyperv neutron-server[104669]: DEBUG neutron.api.v2.base [None req-1ae7d751-50b6-413c-ac7b-b29e920682a6 tempest-AllowedAddressPairIpV6TestJSON-1122494508 tempest-AllowedAddressPairIpV6TestJSON-1122494508-project] Request body: {'port': {'network_id': 'e97c95ec-a913-4aa2-9e56-4c83db20141c', 'name': 'tempest-AllowedAddressPairIpV6TestJSON-412150681', 'allowed_address_pairs': [{'ip_address': '2001:db8::4c', 'mac_address': 'fa:16:3e:04:0b:dc'}]}} {{(pid=104669) prepare_request_body /opt/stack/neutron/neutron/api/v2/base.py:730}}
Jul 29 08:23:12.904993 dv-neutron-851433-3-hyperv neutron-server[104670]: DEBUG neutron.db.l3_dvrscheduler_db [None req-09dc5026-fd96-44b0-b00c-4c3246f3a7cc tempest-RoutersAdminTest-554514224 tempest-RoutersAdminTest-554514224-project-admin] Received port after_create {{(pid=104670) _notify_l3_agent_new_port /opt/stack/neutron/neutron/db/l3_dvrscheduler_db.py:542}}
Jul 29 08:23:12.922724 dv-neutron-851433-3-hyperv neutron-server[104669]: DEBUG neutron_lib.callbacks.manager [None req-0d8880e1-4dcf-40a2-b400-a93ab22df4db tempest-ServersTestManualDisk-1091492225 tempest-ServersTestManualDisk-1091492225-project] Publish callbacks ['neutron.notifiers.nova.Notifier._send_nova_notification-504304'] for floatingip (None), before_response {{(pid=104669) _notify_loop /usr/local/lib/python3.8/dist-packages/neutron_lib/callbacks/manager.py:176}}
Jul 29 08:23:12.924011 dv-neutron-851433-3-hyperv neutron-server[104669]: INFO neutron.wsgi [None req-0d8880e1-4dcf-40a2-b400-a93ab22df4db tempest-ServersTestManualDisk-1091492225 tempest-ServersTestManualDisk-1091492225-project] 10.222.0.48 "POST /v2.0/floatingips HTTP/1.1" status: 201 len: 692 time: 3.1714010
Jul 29 08:23:12.945491 dv-neutron-851433-3-hyperv neutron-server[104670]: INFO neutron.wsgi [None req-45f7c019-5052-4654-9ef9-bb220aa2c719 tempest-FloatingIPNegativeTestJSON-534714964 tempest-FloatingIPNegativeTestJSON-534714964-project] 10.222.0.48 "POST /v2.0/subnets HTTP/1.1" status: 201 len: 801 time: 1.5364761
Jul 29 08:23:12.955578 dv-neutron-851433-3-hyperv neutron-server[104671]: DEBUG neutron.db.l3_hamode_db [None req-5cde673d-3c90-4bb8-95b4-1f7ba012f716 None None] neutron.services.l3_router.l3_router_plugin.L3RouterPlugin method _process_sync_ha_data called with arguments (, [{'id': '9a943edb-435e-41fe-9fee-53f3c99fcd3e', 'name': 'tempest-ServerActionsTestJSON-2059925131-router', 'tenant_id': '8642915d3f614edeaf15329890e2ba29', 'admin_state_up': True, 'status': 'ACTIVE', 'external_gateway_info': {'network_id': '7421d262-36e2-4e7e-98d5-d3c6f31967e5', 'external_fixed_ips': [{'subnet_id': '259c6de4-66bc-4486-baae-5f66b84da758', 'ip_address': '172.26.0.114'}], 'enable_snat': True}, 'gw_port_id': '3ef503cb-cbdb-42e7-bacc-ebbb398429ce', 'description': '', 'availability_zones': ['nova'], 'distributed': False, 'ha': False, 'ha_vr_id': 0, 'availability_zone_hints': [], 'routes': [], 'flavor_id': None, 'tags': [], 'created_at': '2022-07-29T08:22:51Z', 'updated_at': '2022-07-29T08:23:02Z', 'revision_number': 4, 'project_id': '8642915d3f614edeaf15329890e2ba29', 'gw_port': {'id': '3ef503cb-cbdb-42e7-bacc-ebbb398429ce', 'name': '', 'network_id': '7421d262-36e2-4e7e-98d5-d3c6f31967e5', 'tenant_id': '', 'mac_address': 'fa:16:3e:98:5a:57', 'admin_state_up': True, 'status': 'ACTIVE', 'device_id': '9a943edb-435e-41fe-9fee-53f3c99fcd3e', 'device_owner': 'network:router_gateway', 'standard_attr_id': 67, 'fixed_ips': [{'subnet_id': '259c6de4-66bc-4486-baae-5f66b84da758', 'ip_address': '172.26.0.114', 'prefixlen': 24}], 'allowed_address_pairs': [], 'extra_dhcp_opts': [], 'security_groups': [], 'description': '', 'binding:vnic_type': 'normal', 'binding:profile': {}, 'binding:host_id': 'dv-neutron-851433-3-hyperv', 'binding:vif_type': 'ovs', 'binding:vif_details': {'connectivity': 'l2', 'port_filter': True, 'ovs_hybrid_plug': False, 'datapath_type': 'system', 'bridge_name': 'br-int', 'bound_drivers': {'0': 'openvswitch'}}, 'port_security_enabled': False, 'tags': [], 'created_at': '2022-07-29T08:22:52Z', 'updated_at': '2022-07-29T08:23:04Z', 'revision_number': 4, 'project_id': '', 'subnets': [{'id': '259c6de4-66bc-4486-baae-5f66b84da758', 'cidr': '172.26.0.0/24', 'gateway_ip': '172.26.0.1', 'dns_nameservers': [], 'ipv6_ra_mode': None, 'subnetpool_id': None}], 'extra_subnets': [], 'address_scopes': {4: None, 6: None}, 'mtu': 1500}, 'enable_snat': True, 'gw_port_host': 'dv-neutron-851433-3-hyperv', '_interfaces': [{'id': '5cbc8676-d75f-4127-9c86-1cddd2ec536a', 'name': '', 'network_id': 'cab54293-f303-4f40-8937-e9c706b94654', 'tenant_id': '8642915d3f614edeaf15329890e2ba29', 'mac_address': 'fa:16:3e:1d:0b:33', 'admin_state_up': True, 'status': 'DOWN', 'device_id': '9a943edb-435e-41fe-9fee-53f3c99fcd3e', 'device_owner': 'network:router_interface', 'standard_attr_id': 112, 'fixed_ips': [{'subnet_id': '753dd721-d329-453f-9d5e-31fd04dc5546', 'ip_address': '172.20.0.1', 'prefixlen': 28}], 'allowed_address_pairs': [], 'extra_dhcp_opts': [], 'security_groups': [], 'description': '', 'binding:vnic_type': 'normal', 'binding:profile': {}, 'binding:host_id': 'dv-neutron-851433-3-hyperv', 'binding:vif_type': 'ovs', 'binding:vif_details': {'connectivity': 'l2', 'port_filter': True, 'ovs_hybrid_plug': False, 'datapath_type': 'system', 'bridge_name': 'br-int', 'bound_drivers': {'0': 'openvswitch'}}, 'port_security_enabled': False, 'tags': [], 'created_at': '2022-07-29T08:22:59Z', 'updated_at': '2022-07-29T08:23:11Z', 'revision_number': 4, 'project_id': '8642915d3f614edeaf15329890e2ba29', 'subnets': [{'id': '753dd721-d329-453f-9d5e-31fd04dc5546', 'cidr': '172.20.0.0/28', 'gateway_ip': '172.20.0.1', 'dns_nameservers': [], 'ipv6_ra_mode': None, 'subnetpool_id': None}], 'extra_subnets': [], 'address_scopes': {4: None, 6: None}, 'mtu': 1500}]}], 'dv-neutron-851433-3-hyperv', False) {} {{(pid=104671) wrapper /usr/local/lib/python3.8/dist-packages/oslo_log/helpers.py:65}}
Jul 29 08:23:12.964081 dv-neutron-851433-3-hyperv neutron-server[104671]: DEBUG neutron.db.provisioning_blocks [None req-8adc5f39-5731-40fa-ae39-1e76cfea042e None None] Provisioning complete for port 805a601a-12ec-41f2-8195-6b771893068b triggered by entity DHCP. {{(pid=104671) provisioning_complete /opt/stack/neutron/neutron/db/provisioning_blocks.py:145}}
Jul 29 08:23:12.964512 dv-neutron-851433-3-hyperv neutron-server[104671]: DEBUG neutron_lib.callbacks.manager [None req-8adc5f39-5731-40fa-ae39-1e76cfea042e None None] Publish callbacks ['neutron.plugins.ml2.plugin.Ml2Plugin._port_provisioned-3604384'] for port (805a601a-12ec-41f2-8195-6b771893068b), provisioning_complete {{(pid=104671) _notify_loop /usr/local/lib/python3.8/dist-packages/neutron_lib/callbacks/manager.py:176}}
Jul 29 08:23:12.975615 dv-neutron-851433-3-hyperv neutron-server[104670]: DEBUG neutron.wsgi [-] (104670) accepted ('10.222.0.48', 45560) {{(pid=104670) server /usr/local/lib/python3.8/dist-packages/eventlet/wsgi.py:1004}}
Jul 29 08:23:12.987268 dv-neutron-851433-3-hyperv neutron-server[104670]: DEBUG neutron.api.v2.base [None req-2b88f4d0-f883-4d11-851e-560e63eaffb2 tempest-FloatingIPNegativeTestJSON-534714964 tempest-FloatingIPNegativeTestJSON-534714964-project] Request body: {'router': {'name': 'tempest-FloatingIPNegativeTestJSON-router-939219962', 'external_gateway_info': {}, 'admin_state_up': False}} {{(pid=104670) prepare_request_body /opt/stack/neutron/neutron/api/v2/base.py:730}}
Jul 29 08:23:12.990136 dv-neutron-851433-3-hyperv neutron-server[104669]: DEBUG neutron.api.rpc.handlers.resources_rpc [None req-0d8880e1-4dcf-40a2-b400-a93ab22df4db tempest-ServersTestManualDisk-1091492225 tempest-ServersTestManualDisk-1091492225-project] Pushing event updated for resources: {'Port': ['ID=6adc4f9d-7b73-4941-af09-29ba5e5a59b6,revision_number=2']} {{(pid=104669) push /opt/stack/neutron/neutron/api/rpc/handlers/resources_rpc.py:237}}
Jul 29 08:23:12.996258 dv-neutron-851433-3-hyperv neutron-server[104669]: DEBUG neutron_lib.callbacks.manager [None req-195734f9-045d-429a-a74d-9c0bb35946b3 tempest-ServerActionsTestJSON-91443106 tempest-ServerActionsTestJSON-91443106-project] Publish callbacks [] for port (be7e2d39-fd83-442d-964d-d9dd959f350e), precommit_update {{(pid=104669) _notify_loop /usr/local/lib/python3.8/dist-packages/neutron_lib/callbacks/manager.py:176}}
Jul 29 08:23:13.014123 dv-neutron-851433-3-hyperv neutron-server[104669]: DEBUG neutron_lib.callbacks.manager [None req-195734f9-045d-429a-a74d-9c0bb35946b3 tempest-ServerActionsTestJSON-91443106 tempest-ServerActionsTestJSON-91443106-project] Publish callbacks ['neutron.plugins.ml2.plugin.SecurityGroupServerNotifierRpcMixin._notify_sg_on_port_change-3426830', 'neutron.plugins.ml2.ovo_rpc._ObjectChangeHandler.handle_event-329202', 'neutron.api.rpc.agentnotifiers.dhcp_rpc_agent_api.DhcpAgentNotifyAPI._native_event_send_dhcp_notification-1602986', 'neutron.db.l3_db.L3RpcNotifierMixin._notify_gateway_port_ip_changed-8750468718812', 'neutron.db.l3_dvrscheduler_db._notify_l3_agent_port_update-8750468339541', 'neutron.db.l3_hascheduler_db._notify_l3_agent_ha_port_update-8750468339559'] for port (be7e2d39-fd83-442d-964d-d9dd959f350e), after_update {{(pid=104669) _notify_loop /usr/local/lib/python3.8/dist-packages/neutron_lib/callbacks/manager.py:176}}
Jul 29 08:23:13.032981 dv-neutron-851433-3-hyperv neutron-server[104669]: DEBUG neutron_lib.callbacks.manager [None req-195734f9-045d-429a-a74d-9c0bb35946b3 tempest-ServerActionsTestJSON-91443106 tempest-ServerActionsTestJSON-91443106-project] Publish callbacks ['neutron.services.l3_router.l3_router_plugin.DVRResourceOperationHandler._create_dvr_floating_gw_port-1743588'] for floatingip (4407c504-073a-4553-89c2-994adcb49266), after_create {{(pid=104669) _notify_loop /usr/local/lib/python3.8/dist-packages/neutron_lib/callbacks/manager.py:176}}
Jul 29 08:23:13.037292 dv-neutron-851433-3-hyperv neutron-server[104670]: DEBUG neutron.plugins.ml2.drivers.helpers [None req-dd0626a2-f83f-4547-8da8-6b846de05cde tempest-ExternalNetworksTestJSON-375636049 tempest-ExternalNetworksTestJSON-375636049-project-admin] vlan segment allocate from pool success with {'vlan_id': 219, 'physical_network': 'physnet1'} {{(pid=104670) allocate_partially_specified_segment /opt/stack/neutron/neutron/plugins/ml2/drivers/helpers.py:153}}
Jul 29 08:23:13.043969 dv-neutron-851433-3-hyperv neutron-server[104671]: DEBUG neutron.api.rpc.handlers.l3_rpc [None req-5cde673d-3c90-4bb8-95b4-1f7ba012f716 None None] The sync data for ids ['9a943edb-435e-41fe-9fee-53f3c99fcd3e'] in dv-neutron-851433-3-hyperv is: [{'id': '9a943edb-435e-41fe-9fee-53f3c99fcd3e', 'name': 'tempest-ServerActionsTestJSON-2059925131-router', 'tenant_id': '8642915d3f614edeaf15329890e2ba29', 'admin_state_up': True, 'status': 'ACTIVE', 'external_gateway_info': {'network_id': '7421d262-36e2-4e7e-98d5-d3c6f31967e5', 'external_fixed_ips': [{'subnet_id': '259c6de4-66bc-4486-baae-5f66b84da758', 'ip_address': '172.26.0.114'}], 'enable_snat': True}, 'gw_port_id': '3ef503cb-cbdb-42e7-bacc-ebbb398429ce', 'description': '', 'availability_zones': ['nova'], 'distributed': False, 'ha': False, 'ha_vr_id': 0, 'availability_zone_hints': [], 'routes': [], 'flavor_id': None, 'tags': [], 'created_at': '2022-07-29T08:22:51Z', 'updated_at': '2022-07-29T08:23:02Z', 'revision_number': 4, 'project_id': '8642915d3f614edeaf15329890e2ba29', 'gw_port': {'id': '3ef503cb-cbdb-42e7-bacc-ebbb398429ce', 'name': '', 'network_id': '7421d262-36e2-4e7e-98d5-d3c6f31967e5', 'tenant_id': '', 'mac_address': 'fa:16:3e:98:5a:57', 'admin_state_up': True, 'status': 'ACTIVE', 'device_id': '9a943edb-435e-41fe-9fee-53f3c99fcd3e', 'device_owner': 'network:router_gateway', 'standard_attr_id': 67, 'fixed_ips': [{'subnet_id': '259c6de4-66bc-4486-baae-5f66b84da758', 'ip_address': '172.26.0.114', 'prefixlen': 24}], 'allowed_address_pairs': [], 'extra_dhcp_opts': [], 'security_groups': [], 'description': '', 'binding:vnic_type': 'normal', 'binding:profile': {}, 'binding:host_id': 'dv-neutron-851433-3-hyperv', 'binding:vif_type': 'ovs', 'binding:vif_details': {'connectivity': 'l2', 'port_filter': True, 'ovs_hybrid_plug': False, 'datapath_type': 'system', 'bridge_name': 'br-int', 'bound_drivers': {'0': 'openvswitch'}}, 'port_security_enabled': False, 'tags': [], 'created_at': '2022-07-29T08:22:52Z', 'updated_at': '2022-07-29T08:23:04Z', 'revision_number': 4, 'project_id': '', 'subnets': [{'id': '259c6de4-66bc-4486-baae-5f66b84da758', 'cidr': '172.26.0.0/24', 'gateway_ip': '172.26.0.1', 'dns_nameservers': [], 'ipv6_ra_mode': None, 'subnetpool_id': None}], 'extra_subnets': [], 'address_scopes': {4: None, 6: None}, 'mtu': 1500}, 'enable_snat': True, 'gw_port_host': 'dv-neutron-851433-3-hyperv', '_interfaces': [{'id': '5cbc8676-d75f-4127-9c86-1cddd2ec536a', 'name': '', 'network_id': 'cab54293-f303-4f40-8937-e9c706b94654', 'tenant_id': '8642915d3f614edeaf15329890e2ba29', 'mac_address': 'fa:16:3e:1d:0b:33', 'admin_state_up': True, 'status': 'DOWN', 'device_id': '9a943edb-435e-41fe-9fee-53f3c99fcd3e', 'device_owner': 'network:router_interface', 'standard_attr_id': 112, 'fixed_ips': [{'subnet_id': '753dd721-d329-453f-9d5e-31fd04dc5546', 'ip_address': '172.20.0.1', 'prefixlen': 28}], 'allowed_address_pairs': [], 'extra_dhcp_opts': [], 'security_groups': [], 'description': '', 'binding:vnic_type': 'normal', 'binding:profile': {}, 'binding:host_id': 'dv-neutron-851433-3-hyperv', 'binding:vif_type': 'ovs', 'binding:vif_details': {'connectivity': 'l2', 'port_filter': True, 'ovs_hybrid_plug': False, 'datapath_type': 'system', 'bridge_name': 'br-int', 'bound_drivers': {'0': 'openvswitch'}}, 'port_security_enabled': False, 'tags': [], 'created_at': '2022-07-29T08:22:59Z', 'updated_at': '2022-07-29T08:23:11Z', 'revision_number': 4, 'project_id': '8642915d3f614edeaf15329890e2ba29', 'subnets': [{'id': '753dd721-d329-453f-9d5e-31fd04dc5546', 'cidr': '172.20.0.0/28', 'gateway_ip': '172.20.0.1', 'dns_nameservers': [], 'ipv6_ra_mode': None, 'subnetpool_id': None}], 'extra_subnets': [], 'address_scopes': {4: None, 6: None}, 'mtu': 1500}]}] {{(pid=104671) sync_routers /opt/stack/neutron/neutron/api/rpc/handlers/l3_rpc.py:137}}
Jul 29 08:23:13.065039 dv-neutron-851433-3-hyperv neutron-server[104670]: DEBUG neutron_lib.callbacks.manager [None req-8351ed75-8e11-48f0-80c6-6114b28f26cc tempest-ServersTestJSON-2139663327 tempest-ServersTestJSON-2139663327-project] Publish callbacks [] for port (da1b7bba-ad17-4971-98c1-ca5e220acbf8), precommit_create {{(pid=104670) _notify_loop /usr/local/lib/python3.8/dist-packages/neutron_lib/callbacks/manager.py:176}}
Jul 29 08:23:13.070838 dv-neutron-851433-3-hyperv neutron-server[104670]: DEBUG neutron.pecan_wsgi.hooks.policy_enforcement [None req-09dc5026-fd96-44b0-b00c-4c3246f3a7cc tempest-RoutersAdminTest-554514224 tempest-RoutersAdminTest-554514224-project-admin] Attributes excluded by policy engine: ['standard_attr_id', 'network'] {{(pid=104670) _exclude_attributes_by_policy /opt/stack/neutron/neutron/pecan_wsgi/hooks/policy_enforcement.py:259}}
Jul 29 08:23:13.071211 dv-neutron-851433-3-hyperv neutron-server[104670]: DEBUG neutron_lib.callbacks.manager [None req-09dc5026-fd96-44b0-b00c-4c3246f3a7cc tempest-RoutersAdminTest-554514224 tempest-RoutersAdminTest-554514224-project-admin] Publish callbacks ['neutron.notifiers.nova.Notifier._send_nova_notification-504304'] for port (None), before_response {{(pid=104670) _notify_loop /usr/local/lib/python3.8/dist-packages/neutron_lib/callbacks/manager.py:176}}
Jul 29 08:23:13.084053 dv-neutron-851433-3-hyperv neutron-server[104670]: DEBUG neutron.db.db_base_plugin_common [None req-2cfbf3ea-36d7-4304-9fd0-e7f966d1e8b4 tempest-FloatingIPAdminTestJSON-1315258824 tempest-FloatingIPAdminTestJSON-1315258824-project] Allocated IP 172.20.0.1 (9cece81c-5225-4693-b12f-b4e36c872653/5d3923ca-b9d7-49fb-ad01-24bd2daed256/3a6e8a73-b807-448a-896c-e6d2e5ae86a8) {{(pid=104670) _store_ip_allocation /opt/stack/neutron/neutron/db/db_base_plugin_common.py:131}}
Jul 29 08:23:13.088924 dv-neutron-851433-3-hyperv neutron-server[104670]: DEBUG neutron_lib.callbacks.manager [None req-dd0626a2-f83f-4547-8da8-6b846de05cde tempest-ExternalNetworksTestJSON-375636049 tempest-ExternalNetworksTestJSON-375636049-project-admin] Publish callbacks ['neutron.plugins.ml2.plugin.Ml2Plugin._handle_segment_change-3577740'] for segment (f5bc14d3-e41f-49f8-804f-ca3664ea6c69), precommit_create {{(pid=104670) _notify_loop /usr/local/lib/python3.8/dist-packages/neutron_lib/callbacks/manager.py:176}}
Jul 29 08:23:13.088924 dv-neutron-851433-3-hyperv neutron-server[104670]: INFO neutron.db.segments_db [None req-dd0626a2-f83f-4547-8da8-6b846de05cde tempest-ExternalNetworksTestJSON-375636049 tempest-ExternalNetworksTestJSON-375636049-project-admin] Added segment f5bc14d3-e41f-49f8-804f-ca3664ea6c69 of type vlan for network 2b74b143-e66d-4c57-a9b2-7accc3cdc13b
Jul 29 08:23:13.108640 dv-neutron-851433-3-hyperv neutron-server[104669]: DEBUG neutron_lib.callbacks.manager [None req-195734f9-045d-429a-a74d-9c0bb35946b3 tempest-ServerActionsTestJSON-91443106 tempest-ServerActionsTestJSON-91443106-project] Publish callbacks ['neutron.notifiers.nova.Notifier._send_nova_notification-504304'] for floatingip (None), before_response {{(pid=104669) _notify_loop /usr/local/lib/python3.8/dist-packages/neutron_lib/callbacks/manager.py:176}}
Jul 29 08:23:13.110103 dv-neutron-851433-3-hyperv neutron-server[104669]: INFO neutron.wsgi [None req-195734f9-045d-429a-a74d-9c0bb35946b3 tempest-ServerActionsTestJSON-91443106 tempest-ServerActionsTestJSON-91443106-project] 10.222.0.48 "POST /v2.0/floatingips HTTP/1.1" status: 201 len: 692 time: 3.2214131
Jul 29 08:23:13.120859 dv-neutron-851433-3-hyperv neutron-server[104670]: DEBUG neutron_lib.callbacks.manager [None req-2b88f4d0-f883-4d11-851e-560e63eaffb2 tempest-FloatingIPNegativeTestJSON-534714964 tempest-FloatingIPNegativeTestJSON-534714964-project] Publish callbacks ['neutron.services.l3_router.l3_router_plugin.L3_HA_NAT_db_mixin._before_router_create_handler-1904149', 'neutron.services.l3_router.service_providers.driver_controller.DriverController._check_router_request-672'] for router (d9088e13-6a38-49e5-9310-fa9d39fd2843), before_create {{(pid=104670) _notify_loop /usr/local/lib/python3.8/dist-packages/neutron_lib/callbacks/manager.py:176}}
Jul 29 08:23:13.121986 dv-neutron-851433-3-hyperv neutron-server[104670]: DEBUG neutron_lib.callbacks.manager [None req-2b88f4d0-f883-4d11-851e-560e63eaffb2 tempest-FloatingIPNegativeTestJSON-534714964 tempest-FloatingIPNegativeTestJSON-534714964-project] Publish callbacks ['neutron.services.l3_router.l3_router_plugin.L3_HA_NAT_db_mixin._precommit_router_create-1932285', 'neutron.services.l3_router.l3_router_plugin.DVRResourceOperationHandler._set_distributed_flag-1741821', 'neutron.services.l3_router.l3_router_plugin.RouterAvailabilityZoneMixin._process_az_request-1596794', 'neutron.services.l3_router.service_providers.driver_controller.DriverController._set_router_provider-681'] for router (d9088e13-6a38-49e5-9310-fa9d39fd2843), precommit_create {{(pid=104670) _notify_loop /usr/local/lib/python3.8/dist-packages/neutron_lib/callbacks/manager.py:176}}
Jul 29 08:23:13.123044 dv-neutron-851433-3-hyperv neutron-server[104669]: DEBUG neutron.api.rpc.handlers.resources_rpc [None req-195734f9-045d-429a-a74d-9c0bb35946b3 tempest-ServerActionsTestJSON-91443106 tempest-ServerActionsTestJSON-91443106-project] Pushing event updated for resources: {'Port': ['ID=be7e2d39-fd83-442d-964d-d9dd959f350e,revision_number=2']} {{(pid=104669) push /opt/stack/neutron/neutron/api/rpc/handlers/resources_rpc.py:237}}
Jul 29 08:23:13.142686 dv-neutron-851433-3-hyperv neutron-server[104671]: DEBUG neutron.api.rpc.handlers.resources_rpc [None req-8adc5f39-5731-40fa-ae39-1e76cfea042e None None] Pushing event updated for resources: {'Port': ['ID=5cbc8676-d75f-4127-9c86-1cddd2ec536a,revision_number=5']} {{(pid=104671) push /opt/stack/neutron/neutron/api/rpc/handlers/resources_rpc.py:237}}
Jul 29 08:23:13.157217 dv-neutron-851433-3-hyperv neutron-server[104670]: INFO neutron.wsgi [None req-09dc5026-fd96-44b0-b00c-4c3246f3a7cc tempest-RoutersAdminTest-554514224 tempest-RoutersAdminTest-554514224-project-admin] 10.222.0.48 "POST /v2.0/ports HTTP/1.1" status: 201 len: 1024 time: 4.7635744
Jul 29 08:23:13.157760 dv-neutron-851433-3-hyperv neutron-server[104669]: DEBUG neutron.wsgi [-] (104669) accepted ('10.222.0.48', 45564) {{(pid=104669) server /usr/local/lib/python3.8/dist-packages/eventlet/wsgi.py:1004}}
Jul 29 08:23:13.161022 dv-neutron-851433-3-hyperv neutron-server[104671]: DEBUG neutron.plugins.ml2.plugin [None req-989226c9-de4e-4c10-b20e-ea3b6d4f636c None None] Current status of the port deae5190-6ca4-4fae-8825-45a099aa38ae is: ACTIVE; New status is: ACTIVE {{(pid=104671) _update_individual_port_db_status /opt/stack/neutron/neutron/plugins/ml2/plugin.py:2292}}
Jul 29 08:23:13.250125 dv-neutron-851433-3-hyperv neutron-server[104670]: DEBUG neutron_lib.callbacks.manager [None req-dd0626a2-f83f-4547-8da8-6b846de05cde tempest-ExternalNetworksTestJSON-375636049 tempest-ExternalNetworksTestJSON-375636049-project-admin] Publish callbacks ['neutron.services.auto_allocate.db._ensure_external_network_default_value_callback-8750468270457'] for network (2b74b143-e66d-4c57-a9b2-7accc3cdc13b), precommit_create {{(pid=104670) _notify_loop /usr/local/lib/python3.8/dist-packages/neutron_lib/callbacks/manager.py:176}}
Jul 29 08:23:13.262892 dv-neutron-851433-3-hyperv neutron-server[104670]: DEBUG dbcounter [-] [104670] Writing DB stats neutron:SELECT=80,neutron:UPDATE=8,neutron:INSERT=10,neutron:DELETE=2 {{(pid=104670) stat_writer /usr/local/lib/python3.8/dist-packages/dbcounter.py:114}}
Jul 29 08:23:13.263160 dv-neutron-851433-3-hyperv neutron-server[104671]: DEBUG neutron_lib.callbacks.manager [None req-d64a7966-3c0c-468b-ad0a-ad6a445da424 None None] Publish callbacks [] for port (0ae80b89-dce5-4f6f-9d34-826fd7a4794e), precommit_create {{(pid=104671) _notify_loop /usr/local/lib/python3.8/dist-packages/neutron_lib/callbacks/manager.py:176}}
Jul 29 08:23:13.269453 dv-neutron-851433-3-hyperv neutron-server[104669]: DEBUG neutron.pecan_wsgi.hooks.quota_enforcement [None req-1ae7d751-50b6-413c-ac7b-b29e920682a6 tempest-AllowedAddressPairIpV6TestJSON-1122494508 tempest-AllowedAddressPairIpV6TestJSON-1122494508-project] Made reservation on behalf of 62a946f634434799a344d180b55e9204 for: {'port': 1} {{(pid=104669) before /opt/stack/neutron/neutron/pecan_wsgi/hooks/quota_enforcement.py:53}}
Jul 29 08:23:13.285873 dv-neutron-851433-3-hyperv neutron-server[104671]: DEBUG neutron.api.rpc.handlers.dhcp_rpc [None req-4c1d749c-559f-494a-aa7d-44a791d02e5d None None] Create dhcp port {'port': {'name': '', 'admin_state_up': True, 'device_id': 'dhcpcab1f490-02c6-5125-9e34-15061aba0dcb-f25a5d71-62f5-42b5-8b4b-27411fdcbbe1', 'network_id': 'f25a5d71-62f5-42b5-8b4b-27411fdcbbe1', 'project_id': '6a7d2b9850644fee94aee8a385e5a18c', 'fixed_ips': [{'subnet_id': '97b4d40e-101c-4856-9fd3-05cf13be0e22'}]}} from dv-neutron-851433-3-hyperv. {{(pid=104671) create_dhcp_port /opt/stack/neutron/neutron/api/rpc/handlers/dhcp_rpc.py:268}}
Jul 29 08:23:13.286887 dv-neutron-851433-3-hyperv neutron-server[104671]: DEBUG neutron_lib.callbacks.manager [None req-4c1d749c-559f-494a-aa7d-44a791d02e5d None None] Publish callbacks ['neutron.plugins.ml2.plugin.SecurityGroupDbMixin._ensure_default_security_group_handler-3425731'] for port (None), before_create {{(pid=104671) _notify_loop /usr/local/lib/python3.8/dist-packages/neutron_lib/callbacks/manager.py:176}}
Jul 29 08:23:13.314269 dv-neutron-851433-3-hyperv neutron-server[104671]: DEBUG neutron_lib.callbacks.manager [None req-d64a7966-3c0c-468b-ad0a-ad6a445da424 None None] Publish callbacks ['neutron.plugins.ml2.plugin.SecurityGroupServerNotifierRpcMixin._notify_sg_on_port_change-3426830', 'neutron.plugins.ml2.ovo_rpc._ObjectChangeHandler.handle_event-329202', 'neutron.api.rpc.agentnotifiers.dhcp_rpc_agent_api.DhcpAgentNotifyAPI._native_event_send_dhcp_notification-1602986', 'neutron.db.l3_dvrscheduler_db._notify_l3_agent_new_port-8750468339523'] for port (0ae80b89-dce5-4f6f-9d34-826fd7a4794e), after_create {{(pid=104671) _notify_loop /usr/local/lib/python3.8/dist-packages/neutron_lib/callbacks/manager.py:176}}
Jul 29 08:23:13.314698 dv-neutron-851433-3-hyperv neutron-server[104670]: DEBUG neutron_lib.callbacks.manager [None req-8351ed75-8e11-48f0-80c6-6114b28f26cc tempest-ServersTestJSON-2139663327 tempest-ServersTestJSON-2139663327-project] Publish callbacks ['neutron.plugins.ml2.plugin.SecurityGroupServerNotifierRpcMixin._notify_sg_on_port_change-3426830', 'neutron.plugins.ml2.ovo_rpc._ObjectChangeHandler.handle_event-329202', 'neutron.api.rpc.agentnotifiers.dhcp_rpc_agent_api.DhcpAgentNotifyAPI._native_event_send_dhcp_notification-1602986', 'neutron.db.l3_dvrscheduler_db._notify_l3_agent_new_port-8750468339523', 'neutron.services.segments.plugin.NovaSegmentNotifier._notify_port_created_or_deleted-16520471'] for port (da1b7bba-ad17-4971-98c1-ca5e220acbf8), after_create {{(pid=104670) _notify_loop /usr/local/lib/python3.8/dist-packages/neutron_lib/callbacks/manager.py:176}}
Jul 29 08:23:13.316487 dv-neutron-851433-3-hyperv neutron-server[104670]: DEBUG dbcounter [-] [104670] Writing DB stats neutron:SELECT=84,neutron:INSERT=11,neutron:DELETE=2,neutron:UPDATE=3 {{(pid=104670) stat_writer /usr/local/lib/python3.8/dist-packages/dbcounter.py:114}}
Jul 29 08:23:13.403000 dv-neutron-851433-3-hyperv neutron-server[104671]: DEBUG dbcounter [-] [104671] Writing DB stats neutron:SELECT=94,neutron:INSERT=2,neutron:UPDATE=4 {{(pid=104671) stat_writer /usr/local/lib/python3.8/dist-packages/dbcounter.py:114}}
Jul 29 08:23:13.407287 dv-neutron-851433-3-hyperv neutron-server[104671]: DEBUG neutron.plugins.ml2.plugin [None req-8adc5f39-5731-40fa-ae39-1e76cfea042e None None] Current status of the port 805a601a-12ec-41f2-8195-6b771893068b is: ACTIVE; New status is: ACTIVE {{(pid=104671) _update_individual_port_db_status /opt/stack/neutron/neutron/plugins/ml2/plugin.py:2292}}
Jul 29 08:23:13.467029 dv-neutron-851433-3-hyperv neutron-server[104671]: DEBUG neutron.scheduler.dhcp_agent_scheduler [None req-d64a7966-3c0c-468b-ad0a-ad6a445da424 None None] Network e97c95ec-a913-4aa2-9e56-4c83db20141c is already hosted by enough agents. {{(pid=104671) _get_dhcp_agents_hosting_network /opt/stack/neutron/neutron/scheduler/dhcp_agent_scheduler.py:275}}
Jul 29 08:23:13.483622 dv-neutron-851433-3-hyperv neutron-server[104670]: DEBUG neutron_lib.callbacks.manager [None req-2b88f4d0-f883-4d11-851e-560e63eaffb2 tempest-FloatingIPNegativeTestJSON-534714964 tempest-FloatingIPNegativeTestJSON-534714964-project] Publish callbacks [] for router_controller (d9088e13-6a38-49e5-9310-fa9d39fd2843), precommit_add_association {{(pid=104670) _notify_loop /usr/local/lib/python3.8/dist-packages/neutron_lib/callbacks/manager.py:176}}
Jul 29 08:23:13.523363 dv-neutron-851433-3-hyperv neutron-server[104670]: DEBUG neutron.api.rpc.handlers.resources_rpc [None req-8351ed75-8e11-48f0-80c6-6114b28f26cc tempest-ServersTestJSON-2139663327 tempest-ServersTestJSON-2139663327-project] Pushing event updated for resources: {'Port': ['ID=da1b7bba-ad17-4971-98c1-ca5e220acbf8,revision_number=1']} {{(pid=104670) push /opt/stack/neutron/neutron/api/rpc/handlers/resources_rpc.py:237}}
Jul 29 08:23:13.530931 dv-neutron-851433-3-hyperv neutron-server[104669]: DEBUG dbcounter [-] [104669] Writing DB stats neutron:SELECT=95,neutron:DELETE=4,neutron:INSERT=1 {{(pid=104669) stat_writer /usr/local/lib/python3.8/dist-packages/dbcounter.py:114}}
Jul 29 08:23:13.534651 dv-neutron-851433-3-hyperv neutron-server[104670]: DEBUG neutron_lib.callbacks.manager [None req-2b88f4d0-f883-4d11-851e-560e63eaffb2 tempest-FloatingIPNegativeTestJSON-534714964 tempest-FloatingIPNegativeTestJSON-534714964-project] Publish callbacks ['neutron.services.l3_router.l3_router_plugin.L3_HA_NAT_db_mixin._after_router_create-1932235', 'neutron.services.l3_router.l3_router_plugin.DVRResourceOperationHandler._create_snat_interfaces_after_change-1741697'] for router (d9088e13-6a38-49e5-9310-fa9d39fd2843), after_create {{(pid=104670) _notify_loop /usr/local/lib/python3.8/dist-packages/neutron_lib/callbacks/manager.py:176}}
Jul 29 08:23:13.550531 dv-neutron-851433-3-hyperv neutron-server[104669]: DEBUG neutron.plugins.ml2.plugin [None req-07d6ff0e-9d71-436e-9b90-4f4ca822d555 tempest-RoutersAdminTest-554514224 tempest-RoutersAdminTest-554514224-project-admin] Deleting port 4178c663-eb0d-4daf-9186-fd0214c3667e {{(pid=104669) _pre_delete_port /opt/stack/neutron/neutron/plugins/ml2/plugin.py:2037}}
Jul 29 08:23:13.550922 dv-neutron-851433-3-hyperv neutron-server[104669]: DEBUG neutron_lib.callbacks.manager [None req-07d6ff0e-9d71-436e-9b90-4f4ca822d555 tempest-RoutersAdminTest-554514224 tempest-RoutersAdminTest-554514224-project-admin] Publish callbacks ['neutron.db.l3_db.L3_NAT_dbonly_mixin._prevent_l3_port_delete_callback-8750468715277'] for port (4178c663-eb0d-4daf-9186-fd0214c3667e), before_delete {{(pid=104669) _notify_loop /usr/local/lib/python3.8/dist-packages/neutron_lib/callbacks/manager.py:176}}
