Jul 29 08:10:36.525640 dv-neutron-851433-3-hyperv devstack@keystone.service[80538]: ERROR keystone.server.flask.application resp = meth(*args, **kwargs)
Jul 29 08:10:36.525640 dv-neutron-851433-3-hyperv devstack@keystone.service[80538]: ERROR keystone.server.flask.application
File "/opt/stack/keystone/keystone/api/roles.py", line 50, in get
Jul 29 08:10:36.525640 dv-neutron-851433-3-hyperv devstack@keystone.service[80538]: ERROR keystone.server.flask.application return self._get_role(role_id)
Jul 29 08:10:36.525640 dv-neutron-851433-3-hyperv devstack@keystone.service[80538]: ERROR keystone.server.flask.application
File "/opt/stack/keystone/keystone/api/roles.py", line 70, in _get_role
Jul 29 08:10:36.525640 dv-neutron-851433-3-hyperv devstack@keystone.service[80538]: ERROR keystone.server.flask.application ENFORCER.enforce_call(action='identity:get_role')
Jul 29 08:10:36.526519 dv-neutron-851433-3-hyperv devstack@keystone.service[80538]: ERROR keystone.server.flask.application
File "/opt/stack/keystone/keystone/common/rbac_enforcer/enforcer.py", line 402, in enforce_call
Jul 29 08:10:36.526519 dv-neutron-851433-3-hyperv devstack@keystone.service[80538]: ERROR keystone.server.flask.application policy_dict.update(cls._extract_member_target_data(
Jul 29 08:10:36.526519 dv-neutron-851433-3-hyperv devstack@keystone.service[80538]: ERROR keystone.server.flask.application
File "/opt/stack/keystone/keystone/common/rbac_enforcer/enforcer.py", line 234, in _extract_member_target_data
Jul 29 08:10:36.526519 dv-neutron-851433-3-hyperv devstack@keystone.service[80538]: ERROR keystone.server.flask.application member_name: func(flask.request.view_args[key])
Jul 29 08:10:36.526519 dv-neutron-851433-3-hyperv devstack@keystone.service[80538]: ERROR keystone.server.flask.application
File "/opt/stack/keystone/keystone/common/manager.py", line 115, in wrapped
Jul 29 08:10:36.526519 dv-neutron-851433-3-hyperv devstack@keystone.service[80538]: ERROR keystone.server.flask.application __ret_val = __f(*args, **kwargs)
Jul 29 08:10:36.526519 dv-neutron-851433-3-hyperv devstack@keystone.service[80538]: ERROR keystone.server.flask.application
File "/usr/local/lib/python3.8/dist-packages/decorator.py", line 232, in fun
Jul 29 08:10:36.526519 dv-neutron-851433-3-hyperv devstack@keystone.service[80538]: ERROR keystone.server.flask.application return caller(func, *(extras + args), **kw)
Jul 29 08:10:36.526519 dv-neutron-851433-3-hyperv devstack@keystone.service[80538]: ERROR keystone.server.flask.application
File "/usr/local/lib/python3.8/dist-packages/dogpile/cache/region.py", line 1577, in get_or_create_for_user_func
Jul 29 08:10:36.526519 dv-neutron-851433-3-hyperv devstack@keystone.service[80538]: ERROR keystone.server.flask.application return self.get_or_create(
Jul 29 08:10:36.526519 dv-neutron-851433-3-hyperv devstack@keystone.service[80538]: ERROR keystone.server.flask.application
File "/usr/local/lib/python3.8/dist-packages/dogpile/cache/region.py", line 1042, in get_or_create
Jul 29 08:10:36.526519 dv-neutron-851433-3-hyperv devstack@keystone.service[80538]: ERROR keystone.server.flask.application with Lock(
Jul 29 08:10:36.526519 dv-neutron-851433-3-hyperv devstack@keystone.service[80538]: ERROR keystone.server.flask.application
File "/usr/local/lib/python3.8/dist-packages/dogpile/lock.py", line 185, in __enter__
Jul 29 08:10:36.526519 dv-neutron-851433-3-hyperv devstack@keystone.service[80538]: ERROR keystone.server.flask.application return self._enter()
Jul 29 08:10:36.526519 dv-neutron-851433-3-hyperv devstack@keystone.service[80538]: ERROR keystone.server.flask.application
File "/usr/local/lib/python3.8/dist-packages/dogpile/lock.py", line 94, in _enter
Jul 29 08:10:36.526519 dv-neutron-851433-3-hyperv devstack@keystone.service[80538]: ERROR keystone.server.flask.application generated = self._enter_create(value, createdtime)
Jul 29 08:10:36.527390 dv-neutron-851433-3-hyperv devstack@keystone.service[80538]: ERROR keystone.server.flask.application
File "/usr/local/lib/python3.8/dist-packages/dogpile/lock.py", line 178, in _enter_create
Jul 29 08:10:36.527390 dv-neutron-851433-3-hyperv devstack@keystone.service[80538]: ERROR keystone.server.flask.application return self.creator()
Jul 29 08:10:36.527390 dv-neutron-851433-3-hyperv devstack@keystone.service[80538]: ERROR keystone.server.flask.application
File "/usr/local/lib/python3.8/dist-packages/dogpile/cache/region.py", line 995, in gen_value
Jul 29 08:10:36.527390 dv-neutron-851433-3-hyperv devstack@keystone.service[80538]: ERROR keystone.server.flask.application created_value = creator(
Jul 29 08:10:36.527390 dv-neutron-851433-3-hyperv devstack@keystone.service[80538]: ERROR keystone.server.flask.application
File "/opt/stack/keystone/keystone/assignment/core.py", line 1276, in get_role
Jul 29 08:10:36.527390 dv-neutron-851433-3-hyperv devstack@keystone.service[80538]: ERROR keystone.server.flask.application return self.driver.get_role(role_id)
Jul 29 08:10:36.527390 dv-neutron-851433-3-hyperv devstack@keystone.service[80538]: ERROR keystone.server.flask.application
File "/opt/stack/keystone/keystone/assignment/role_backends/sql.py", line 70, in get_role
Jul 29 08:10:36.527390 dv-neutron-851433-3-hyperv devstack@keystone.service[80538]: ERROR keystone.server.flask.application return self._get_role(session, role_id).to_dict()
Jul 29 08:10:36.527390 dv-neutron-851433-3-hyperv devstack@keystone.service[80538]: ERROR keystone.server.flask.application
File "/opt/stack/keystone/keystone/assignment/role_backends/sql.py", line 65, in _get_role
Jul 29 08:10:36.527390 dv-neutron-851433-3-hyperv devstack@keystone.service[80538]: ERROR keystone.server.flask.application raise exception.RoleNotFound(role_id=role_id)
Jul 29 08:10:36.527390 dv-neutron-851433-3-hyperv devstack@keystone.service[80538]: ERROR keystone.server.flask.application keystone.exception.RoleNotFound: Could not find role: member.
Jul 29 08:10:36.527390 dv-neutron-851433-3-hyperv devstack@keystone.service[80538]: ERROR keystone.server.flask.application
Jul 29 08:10:36.527390 dv-neutron-851433-3-hyperv devstack@keystone.service[80538]: [pid: 80538|app: 0|req: 202/399] 10.222.0.48 () {56 vars in 1099 bytes} [Fri Jul 29 08:10:36 2022] GET /identity/v3/roles/member => generated 84 bytes in 284 msecs (HTTP/1.1 404) 5 headers in 183 bytes (1 switches on core 0)
Jul 29 08:10:36.532902 dv-neutron-851433-3-hyperv devstack@keystone.service[80537]: DEBUG keystone.server.flask.request_processing.middleware.auth_context [None req-f1b82e49-49a4-4061-b6dc-5600931f8e96 None None] Authenticating user token {{(pid=80537) process_request /usr/local/lib/python3.8/dist-packages/keystonemiddleware/auth_token/__init__.py:407}}
Jul 29 08:10:36.547687 dv-neutron-851433-3-hyperv devstack@keystone.service[80538]: DEBUG keystone.server.flask.request_processing.middleware.auth_context [None req-d2f659e3-9afb-46f7-bc9f-1d07f7983cef None admin] Authenticating user token {{(pid=80538) process_request /usr/local/lib/python3.8/dist-packages/keystonemiddleware/auth_token/__init__.py:407}}
Jul 29 08:10:36.665277 dv-neutron-851433-3-hyperv devstack@keystone.service[80538]: DEBUG dbcounter [-] [80538] Writing DB stats keystone:SELECT=100 {{(pid=80538) stat_writer /usr/local/lib/python3.8/dist-packages/dbcounter.py:114}}
Jul 29 08:10:36.671710 dv-neutron-851433-3-hyperv devstack@keystone.service[80538]: DEBUG keystone.server.flask.request_processing.middleware.auth_context [None req-d2f659e3-9afb-46f7-bc9f-1d07f7983cef None admin] Validating token access rules against request {{(pid=80538) validate_allowed_request /usr/local/lib/python3.8/dist-packages/keystonemiddleware/auth_token/__init__.py:545}}
Jul 29 08:10:36.676427 dv-neutron-851433-3-hyperv devstack@keystone.service[80537]: DEBUG keystone.server.flask.request_processing.middleware.auth_context [None req-f1b82e49-49a4-4061-b6dc-5600931f8e96 None None] Validating token access rules against request {{(pid=80537) validate_allowed_request /usr/local/lib/python3.8/dist-packages/keystonemiddleware/auth_token/__init__.py:545}}
Jul 29 08:10:36.707222 dv-neutron-851433-3-hyperv devstack@keystone.service[80538]: DEBUG keystone.server.flask.request_processing.middleware.auth_context [None req-e70a7e4c-5f2f-4067-bed7-1516390cb369 None admin] RBAC: auth_context: {'token': , 'domain_id': None, 'trust_id': None, 'trustor_id': None, 'trustee_id': None, 'domain_name': None, 'group_ids': [], 'user_id': 'd3d5f0d366514fefaea7560e38e3821d', 'user_domain_id': 'default', 'system_scope': 'all', 'project_id': None, 'project_domain_id': None, 'roles': ['admin', 'member', 'reader'], 'is_admin_project': True, 'service_user_id': None, 'service_user_domain_id': None, 'service_project_id': None, 'service_project_domain_id': None, 'service_roles': []} {{(pid=80538) fill_context /opt/stack/keystone/keystone/server/flask/request_processing/middleware/auth_context.py:478}}
Jul 29 08:10:36.707881 dv-neutron-851433-3-hyperv devstack@keystone.service[80538]: DEBUG keystone.server.flask.request_processing.req_logging [None req-e70a7e4c-5f2f-4067-bed7-1516390cb369 None admin] REQUEST_METHOD: `GET` {{(pid=80538) log_request_info /opt/stack/keystone/keystone/server/flask/request_processing/req_logging.py:27}}
Jul 29 08:10:36.708170 dv-neutron-851433-3-hyperv devstack@keystone.service[80538]: DEBUG keystone.server.flask.request_processing.req_logging [None req-e70a7e4c-5f2f-4067-bed7-1516390cb369 None admin] SCRIPT_NAME: `/identity` {{(pid=80538) log_request_info /opt/stack/keystone/keystone/server/flask/request_processing/req_logging.py:28}}
Jul 29 08:10:36.708506 dv-neutron-851433-3-hyperv devstack@keystone.service[80538]: DEBUG keystone.server.flask.request_processing.req_logging [None req-e70a7e4c-5f2f-4067-bed7-1516390cb369 None admin] PATH_INFO: `/v3/roles/anotherrole` {{(pid=80538) log_request_info /opt/stack/keystone/keystone/server/flask/request_processing/req_logging.py:29}}
Jul 29 08:10:36.709134 dv-neutron-851433-3-hyperv devstack@keystone.service[80537]: DEBUG dbcounter [-] [80537] Writing DB stats keystone:SELECT=100 {{(pid=80537) stat_writer /usr/local/lib/python3.8/dist-packages/dbcounter.py:114}}
Jul 29 08:10:36.721791 dv-neutron-851433-3-hyperv devstack@keystone.service[80538]: DEBUG keystone.common.rbac_enforcer.enforcer [None req-e70a7e4c-5f2f-4067-bed7-1516390cb369 None admin] Extracting inferred target data resulted in "NOT FOUND (404)". {{(pid=80538) enforce_call /opt/stack/keystone/keystone/common/rbac_enforcer/enforcer.py:409}}
Jul 29 08:10:36.723615 dv-neutron-851433-3-hyperv devstack@keystone.service[80537]: DEBUG keystone.server.flask.request_processing.middleware.auth_context [None req-59ea8c09-3a3a-442b-a285-20f98f939539 None admin] RBAC: auth_context: {'token': , 'domain_id': None, 'trust_id': None, 'trustor_id': None, 'trustee_id': None, 'domain_name': None, 'group_ids': [], 'user_id': 'd3d5f0d366514fefaea7560e38e3821d', 'user_domain_id': 'default', 'system_scope': 'all', 'project_id': None, 'project_domain_id': None, 'roles': ['admin', 'member', 'reader'], 'is_admin_project': True, 'service_user_id': None, 'service_user_domain_id': None, 'service_project_id': None, 'service_project_domain_id': None, 'service_roles': []} {{(pid=80537) fill_context /opt/stack/keystone/keystone/server/flask/request_processing/middleware/auth_context.py:478}}
Jul 29 08:10:36.724491 dv-neutron-851433-3-hyperv devstack@keystone.service[80537]: DEBUG keystone.server.flask.request_processing.req_logging [None req-59ea8c09-3a3a-442b-a285-20f98f939539 None admin] REQUEST_METHOD: `GET` {{(pid=80537) log_request_info /opt/stack/keystone/keystone/server/flask/request_processing/req_logging.py:27}}
Jul 29 08:10:36.724966 dv-neutron-851433-3-hyperv devstack@keystone.service[80537]: DEBUG keystone.server.flask.request_processing.req_logging [None req-59ea8c09-3a3a-442b-a285-20f98f939539 None admin] SCRIPT_NAME: `/identity` {{(pid=80537) log_request_info /opt/stack/keystone/keystone/server/flask/request_processing/req_logging.py:28}}
Jul 29 08:10:36.725445 dv-neutron-851433-3-hyperv devstack@keystone.service[80537]: DEBUG keystone.server.flask.request_processing.req_logging [None req-59ea8c09-3a3a-442b-a285-20f98f939539 None admin] PATH_INFO: `/v3/roles` {{(pid=80537) log_request_info /opt/stack/keystone/keystone/server/flask/request_processing/req_logging.py:29}}
Jul 29 08:10:36.726368 dv-neutron-851433-3-hyperv devstack@keystone.service[80537]: DEBUG keystone.common.rbac_enforcer.enforcer [None req-59ea8c09-3a3a-442b-a285-20f98f939539 None admin] RBAC: Adding query filter params (name=member) {{(pid=80537) _extract_filter_values /opt/stack/keystone/keystone/common/rbac_enforcer/enforcer.py:167}}
Jul 29 08:10:36.726882 dv-neutron-851433-3-hyperv devstack@keystone.service[80537]: DEBUG keystone.common.rbac_enforcer.enforcer [None req-59ea8c09-3a3a-442b-a285-20f98f939539 None admin] RBAC: Authorizing `identity:list_roles()` {{(pid=80537) enforce_call /opt/stack/keystone/keystone/common/rbac_enforcer/enforcer.py:449}}
Jul 29 08:10:36.727284 dv-neutron-851433-3-hyperv devstack@keystone.service[80538]: ERROR keystone.server.flask.application [None req-e70a7e4c-5f2f-4067-bed7-1516390cb369 None admin] Could not find role: anotherrole.: keystone.exception.RoleNotFound: Could not find role: anotherrole.
Jul 29 08:10:36.727284 dv-neutron-851433-3-hyperv devstack@keystone.service[80538]: ERROR keystone.server.flask.application
Traceback (most recent call last):
Jul 29 08:10:36.727284 dv-neutron-851433-3-hyperv devstack@keystone.service[80538]: ERROR keystone.server.flask.application
File "/usr/local/lib/python3.8/dist-packages/flask/app.py", line 1517, in full_dispatch_request
Jul 29 08:10:36.727284 dv-neutron-851433-3-hyperv devstack@keystone.service[80538]: ERROR keystone.server.flask.application rv = self.dispatch_request()
Jul 29 08:10:36.727284 dv-neutron-851433-3-hyperv devstack@keystone.service[80538]: ERROR keystone.server.flask.application
File "/usr/local/lib/python3.8/dist-packages/flask/app.py", line 1503, in dispatch_request
Jul 29 08:10:36.727284 dv-neutron-851433-3-hyperv devstack@keystone.service[80538]: ERROR keystone.server.flask.application return self.ensure_sync(self.view_functions[rule.endpoint])(**req.view_args)
Jul 29 08:10:36.727284 dv-neutron-851433-3-hyperv devstack@keystone.service[80538]: ERROR keystone.server.flask.application
File "/usr/local/lib/python3.8/dist-packages/flask_restful/__init__.py", line 467, in wrapper
Jul 29 08:10:36.727284 dv-neutron-851433-3-hyperv devstack@keystone.service[80538]: ERROR keystone.server.flask.application resp = resource(*args, **kwargs)
Jul 29 08:10:36.727284 dv-neutron-851433-3-hyperv devstack@keystone.service[80538]: ERROR keystone.server.flask.application
File "/usr/local/lib/python3.8/dist-packages/flask/views.py", line 84, in view
Jul 29 08:10:36.727284 dv-neutron-851433-3-hyperv devstack@keystone.service[80538]: ERROR keystone.server.flask.application return current_app.ensure_sync(self.dispatch_request)(*args, **kwargs)
Jul 29 08:10:36.727284 dv-neutron-851433-3-hyperv devstack@keystone.service[80538]: ERROR keystone.server.flask.application
File "/usr/local/lib/python3.8/dist-packages/flask_restful/__init__.py", line 582, in dispatch_request
Jul 29 08:10:36.727284 dv-neutron-851433-3-hyperv devstack@keystone.service[80538]: ERROR keystone.server.flask.application resp = meth(*args, **kwargs)
Jul 29 08:10:36.727284 dv-neutron-851433-3-hyperv devstack@keystone.service[80538]: ERROR keystone.server.flask.application
File "/opt/stack/keystone/keystone/api/roles.py", line 50, in get
Jul 29 08:10:36.727284 dv-neutron-851433-3-hyperv devstack@keystone.service[80538]: ERROR keystone.server.flask.application return self._get_role(role_id)
Jul 29 08:10:36.727284 dv-neutron-851433-3-hyperv devstack@keystone.service[80538]: ERROR keystone.server.flask.application
File "/opt/stack/keystone/keystone/api/roles.py", line 70, in _get_role
Jul 29 08:10:36.727284 dv-neutron-851433-3-hyperv devstack@keystone.service[80538]: ERROR keystone.server.flask.application ENFORCER.enforce_call(action='identity:get_role')
Jul 29 08:10:36.728139 dv-neutron-851433-3-hyperv devstack@keystone.service[80538]: ERROR keystone.server.flask.application
File "/opt/stack/keystone/keystone/common/rbac_enforcer/enforcer.py", line 402, in enforce_call
Jul 29 08:10:36.728139 dv-neutron-851433-3-hyperv devstack@keystone.service[80538]: ERROR keystone.server.flask.application policy_dict.update(cls._extract_member_target_data(
Jul 29 08:10:36.728139 dv-neutron-851433-3-hyperv devstack@keystone.service[80538]: ERROR keystone.server.flask.application
File "/opt/stack/keystone/keystone/common/rbac_enforcer/enforcer.py", line 234, in _extract_member_target_data
Jul 29 08:10:36.728139 dv-neutron-851433-3-hyperv devstack@keystone.service[80538]: ERROR keystone.server.flask.application member_name: func(flask.request.view_args[key])
Jul 29 08:10:36.728139 dv-neutron-851433-3-hyperv devstack@keystone.service[80538]: ERROR keystone.server.flask.application
File "/opt/stack/keystone/keystone/common/manager.py", line 115, in wrapped
Jul 29 08:10:36.728139 dv-neutron-851433-3-hyperv devstack@keystone.service[80538]: ERROR keystone.server.flask.application __ret_val = __f(*args, **kwargs)
Jul 29 08:10:36.728139 dv-neutron-851433-3-hyperv devstack@keystone.service[80538]: ERROR keystone.server.flask.application
File "/usr/local/lib/python3.8/dist-packages/decorator.py", line 232, in fun
Jul 29 08:10:36.728139 dv-neutron-851433-3-hyperv devstack@keystone.service[80538]: ERROR keystone.server.flask.application return caller(func, *(extras + args), **kw)
Jul 29 08:10:36.728139 dv-neutron-851433-3-hyperv devstack@keystone.service[80538]: ERROR keystone.server.flask.application
File "/usr/local/lib/python3.8/dist-packages/dogpile/cache/region.py", line 1577, in get_or_create_for_user_func
Jul 29 08:10:36.728139 dv-neutron-851433-3-hyperv devstack@keystone.service[80538]: ERROR keystone.server.flask.application return self.get_or_create(
Jul 29 08:10:36.728139 dv-neutron-851433-3-hyperv devstack@keystone.service[80538]: ERROR keystone.server.flask.application
File "/usr/local/lib/python3.8/dist-packages/dogpile/cache/region.py", line 1042, in get_or_create
Jul 29 08:10:36.728139 dv-neutron-851433-3-hyperv devstack@keystone.service[80538]: ERROR keystone.server.flask.application with Lock(
Jul 29 08:10:36.728139 dv-neutron-851433-3-hyperv devstack@keystone.service[80538]: ERROR keystone.server.flask.application
File "/usr/local/lib/python3.8/dist-packages/dogpile/lock.py", line 185, in __enter__
Jul 29 08:10:36.728139 dv-neutron-851433-3-hyperv devstack@keystone.service[80538]: ERROR keystone.server.flask.application return self._enter()
Jul 29 08:10:36.728139 dv-neutron-851433-3-hyperv devstack@keystone.service[80538]: ERROR keystone.server.flask.application
File "/usr/local/lib/python3.8/dist-packages/dogpile/lock.py", line 94, in _enter
Jul 29 08:10:36.728139 dv-neutron-851433-3-hyperv devstack@keystone.service[80538]: ERROR keystone.server.flask.application generated = self._enter_create(value, createdtime)
Jul 29 08:10:36.730388 dv-neutron-851433-3-hyperv devstack@keystone.service[80538]: ERROR keystone.server.flask.application
File "/usr/local/lib/python3.8/dist-packages/dogpile/lock.py", line 178, in _enter_create
Jul 29 08:10:36.730388 dv-neutron-851433-3-hyperv devstack@keystone.service[80538]: ERROR keystone.server.flask.application return self.creator()
Jul 29 08:10:36.730388 dv-neutron-851433-3-hyperv devstack@keystone.service[80538]: ERROR keystone.server.flask.application
File "/usr/local/lib/python3.8/dist-packages/dogpile/cache/region.py", line 995, in gen_value
Jul 29 08:10:36.730388 dv-neutron-851433-3-hyperv devstack@keystone.service[80538]: ERROR keystone.server.flask.application created_value = creator(
Jul 29 08:10:36.730388 dv-neutron-851433-3-hyperv devstack@keystone.service[80538]: ERROR keystone.server.flask.application
File "/opt/stack/keystone/keystone/assignment/core.py", line 1276, in get_role
Jul 29 08:10:36.730388 dv-neutron-851433-3-hyperv devstack@keystone.service[80538]: ERROR keystone.server.flask.application return self.driver.get_role(role_id)
Jul 29 08:10:36.730388 dv-neutron-851433-3-hyperv devstack@keystone.service[80538]: ERROR keystone.server.flask.application
File "/opt/stack/keystone/keystone/assignment/role_backends/sql.py", line 70, in get_role
Jul 29 08:10:36.730388 dv-neutron-851433-3-hyperv devstack@keystone.service[80538]: ERROR keystone.server.flask.application return self._get_role(session, role_id).to_dict()
Jul 29 08:10:36.730388 dv-neutron-851433-3-hyperv devstack@keystone.service[80538]: ERROR keystone.server.flask.application
File "/opt/stack/keystone/keystone/assignment/role_backends/sql.py", line 65, in _get_role
Jul 29 08:10:36.730388 dv-neutron-851433-3-hyperv devstack@keystone.service[80538]: ERROR keystone.server.flask.application raise exception.RoleNotFound(role_id=role_id)
Jul 29 08:10:36.730388 dv-neutron-851433-3-hyperv devstack@keystone.service[80538]: ERROR keystone.server.flask.application keystone.exception.RoleNotFound: Could not find role: anotherrole.
Jul 29 08:10:36.730388 dv-neutron-851433-3-hyperv devstack@keystone.service[80538]: ERROR keystone.server.flask.application
Jul 29 08:10:36.730388 dv-neutron-851433-3-hyperv devstack@keystone.service[80538]: [pid: 80538|app: 0|req: 203/400] 10.222.0.48 () {56 vars in 1114 bytes} [Fri Jul 29 08:10:36 2022] GET /identity/v3/roles/anotherrole => generated 89 bytes in 181 msecs (HTTP/1.1 404) 5 headers in 183 bytes (1 switches on core 0)
Jul 29 08:10:36.732486 dv-neutron-851433-3-hyperv devstack@keystone.service[80537]: DEBUG keystone.common.rbac_enforcer.enforcer [None req-59ea8c09-3a3a-442b-a285-20f98f939539 None admin] RBAC: Authorization granted {{(pid=80537) enforce_call /opt/stack/keystone/keystone/common/rbac_enforcer/enforcer.py:457}}
Jul 29 08:10:36.736174 dv-neutron-851433-3-hyperv devstack@keystone.service[80538]: DEBUG keystone.server.flask.request_processing.middleware.auth_context [None req-e70a7e4c-5f2f-4067-bed7-1516390cb369 None admin] Authenticating user token {{(pid=80538) process_request /usr/local/lib/python3.8/dist-packages/keystonemiddleware/auth_token/__init__.py:407}}
Jul 29 08:10:36.753422 dv-neutron-851433-3-hyperv devstack@keystone.service[80537]: [pid: 80537|app: 0|req: 198/401] 10.222.0.48 () {56 vars in 1101 bytes} [Fri Jul 29 08:10:36 2022] GET /identity/v3/roles?name=member => generated 341 bytes in 216 msecs (HTTP/1.1 200) 5 headers in 177 bytes (1 switches on core 0)
Jul 29 08:10:36.755203 dv-neutron-851433-3-hyperv devstack@keystone.service[80537]: DEBUG keystone.server.flask.request_processing.middleware.auth_context [None req-59ea8c09-3a3a-442b-a285-20f98f939539 None admin] Authenticating user token {{(pid=80537) process_request /usr/local/lib/python3.8/dist-packages/keystonemiddleware/auth_token/__init__.py:407}}
Jul 29 08:10:36.848316 dv-neutron-851433-3-hyperv devstack@keystone.service[80538]: DEBUG keystone.server.flask.request_processing.middleware.auth_context [None req-e70a7e4c-5f2f-4067-bed7-1516390cb369 None admin] Validating token access rules against request {{(pid=80538) validate_allowed_request /usr/local/lib/python3.8/dist-packages/keystonemiddleware/auth_token/__init__.py:545}}
Jul 29 08:10:36.889255 dv-neutron-851433-3-hyperv devstack@keystone.service[80538]: DEBUG keystone.server.flask.request_processing.middleware.auth_context [None req-90f90bd5-0b99-4457-b36d-d904e75090ef None admin] RBAC: auth_context: {'token': , 'domain_id': None, 'trust_id': None, 'trustor_id': None, 'trustee_id': None, 'domain_name': None, 'group_ids': [], 'user_id': 'd3d5f0d366514fefaea7560e38e3821d', 'user_domain_id': 'default', 'system_scope': 'all', 'project_id': None, 'project_domain_id': None, 'roles': ['admin', 'member', 'reader'], 'is_admin_project': True, 'service_user_id': None, 'service_user_domain_id': None, 'service_project_id': None, 'service_project_domain_id': None, 'service_roles': []} {{(pid=80538) fill_context /opt/stack/keystone/keystone/server/flask/request_processing/middleware/auth_context.py:478}}
Jul 29 08:10:36.890212 dv-neutron-851433-3-hyperv devstack@keystone.service[80538]: DEBUG keystone.server.flask.request_processing.req_logging [None req-90f90bd5-0b99-4457-b36d-d904e75090ef None admin] REQUEST_METHOD: `GET` {{(pid=80538) log_request_info /opt/stack/keystone/keystone/server/flask/request_processing/req_logging.py:27}}
Jul 29 08:10:36.890507 dv-neutron-851433-3-hyperv devstack@keystone.service[80538]: DEBUG keystone.server.flask.request_processing.req_logging [None req-90f90bd5-0b99-4457-b36d-d904e75090ef None admin] SCRIPT_NAME: `/identity` {{(pid=80538) log_request_info /opt/stack/keystone/keystone/server/flask/request_processing/req_logging.py:28}}
Jul 29 08:10:36.891029 dv-neutron-851433-3-hyperv devstack@keystone.service[80538]: DEBUG keystone.server.flask.request_processing.req_logging [None req-90f90bd5-0b99-4457-b36d-d904e75090ef None admin] PATH_INFO: `/v3/roles` {{(pid=80538) log_request_info /opt/stack/keystone/keystone/server/flask/request_processing/req_logging.py:29}}
Jul 29 08:10:36.892199 dv-neutron-851433-3-hyperv devstack@keystone.service[80538]: DEBUG keystone.common.rbac_enforcer.enforcer [None req-90f90bd5-0b99-4457-b36d-d904e75090ef None admin] RBAC: Adding query filter params (name=anotherrole) {{(pid=80538) _extract_filter_values /opt/stack/keystone/keystone/common/rbac_enforcer/enforcer.py:167}}
Jul 29 08:10:36.892522 dv-neutron-851433-3-hyperv devstack@keystone.service[80538]: DEBUG keystone.common.rbac_enforcer.enforcer [None req-90f90bd5-0b99-4457-b36d-d904e75090ef None admin] RBAC: Authorizing `identity:list_roles()` {{(pid=80538) enforce_call /opt/stack/keystone/keystone/common/rbac_enforcer/enforcer.py:449}}
Jul 29 08:10:36.894984 dv-neutron-851433-3-hyperv devstack@keystone.service[80538]: DEBUG keystone.common.rbac_enforcer.enforcer [None req-90f90bd5-0b99-4457-b36d-d904e75090ef None admin] RBAC: Authorization granted {{(pid=80538) enforce_call /opt/stack/keystone/keystone/common/rbac_enforcer/enforcer.py:457}}
Jul 29 08:10:36.901276 dv-neutron-851433-3-hyperv devstack@keystone.service[80537]: DEBUG keystone.server.flask.request_processing.middleware.auth_context [None req-59ea8c09-3a3a-442b-a285-20f98f939539 None admin] Validating token access rules against request {{(pid=80537) validate_allowed_request /usr/local/lib/python3.8/dist-packages/keystonemiddleware/auth_token/__init__.py:545}}
Jul 29 08:10:36.910909 dv-neutron-851433-3-hyperv devstack@keystone.service[80538]: [pid: 80538|app: 0|req: 204/402] 10.222.0.48 () {56 vars in 1111 bytes} [Fri Jul 29 08:10:36 2022] GET /identity/v3/roles?name=anotherrole => generated 334 bytes in 177 msecs (HTTP/1.1 200) 5 headers in 177 bytes (2 switches on core 0)
Jul 29 08:10:36.912273 dv-neutron-851433-3-hyperv devstack@keystone.service[80538]: DEBUG keystone.server.flask.request_processing.req_logging [None req-54f13270-59d0-4d9c-b444-7f709c3a4e28 None None] REQUEST_METHOD: `GET` {{(pid=80538) log_request_info /opt/stack/keystone/keystone/server/flask/request_processing/req_logging.py:27}}
Jul 29 08:10:36.912561 dv-neutron-851433-3-hyperv devstack@keystone.service[80538]: DEBUG keystone.server.flask.request_processing.req_logging [None req-54f13270-59d0-4d9c-b444-7f709c3a4e28 None None] SCRIPT_NAME: `/identity` {{(pid=80538) log_request_info /opt/stack/keystone/keystone/server/flask/request_processing/req_logging.py:28}}
Jul 29 08:10:36.912836 dv-neutron-851433-3-hyperv devstack@keystone.service[80538]: DEBUG keystone.server.flask.request_processing.req_logging [None req-54f13270-59d0-4d9c-b444-7f709c3a4e28 None None] PATH_INFO: `/` {{(pid=80538) log_request_info /opt/stack/keystone/keystone/server/flask/request_processing/req_logging.py:29}}
Jul 29 08:10:36.914335 dv-neutron-851433-3-hyperv devstack@keystone.service[80538]: [pid: 80538|app: 0|req: 205/403] 10.222.0.48 () {54 vars in 926 bytes} [Fri Jul 29 08:10:36 2022] GET /identity => generated 270 bytes in 3 msecs (HTTP/1.1 300) 6 headers in 234 bytes (1 switches on core 0)
Jul 29 08:10:36.915034 dv-neutron-851433-3-hyperv devstack@keystone.service[80538]: DEBUG keystone.server.flask.request_processing.middleware.auth_context [None req-54f13270-59d0-4d9c-b444-7f709c3a4e28 None None] Authenticating user token {{(pid=80538) process_request /usr/local/lib/python3.8/dist-packages/keystonemiddleware/auth_token/__init__.py:407}}
Jul 29 08:10:36.937526 dv-neutron-851433-3-hyperv devstack@keystone.service[80538]: DEBUG dbcounter [-] [80538] Writing DB stats keystone:SELECT=100 {{(pid=80538) stat_writer /usr/local/lib/python3.8/dist-packages/dbcounter.py:114}}
Jul 29 08:10:36.947779 dv-neutron-851433-3-hyperv devstack@keystone.service[80537]: DEBUG keystone.server.flask.request_processing.middleware.auth_context [None req-72b76995-18f6-4e37-b460-b419abe87da0 None admin] RBAC: auth_context: {'token': , 'domain_id': None, 'trust_id': None, 'trustor_id': None, 'trustee_id': None, 'domain_name': None, 'group_ids': [], 'user_id': 'd3d5f0d366514fefaea7560e38e3821d', 'user_domain_id': 'default', 'system_scope': 'all', 'project_id': None, 'project_domain_id': None, 'roles': ['admin', 'member', 'reader'], 'is_admin_project': True, 'service_user_id': None, 'service_user_domain_id': None, 'service_project_id': None, 'service_project_domain_id': None, 'service_roles': []} {{(pid=80537) fill_context /opt/stack/keystone/keystone/server/flask/request_processing/middleware/auth_context.py:478}}
Jul 29 08:10:36.948719 dv-neutron-851433-3-hyperv devstack@keystone.service[80537]: DEBUG keystone.server.flask.request_processing.req_logging [None req-72b76995-18f6-4e37-b460-b419abe87da0 None admin] REQUEST_METHOD: `GET` {{(pid=80537) log_request_info /opt/stack/keystone/keystone/server/flask/request_processing/req_logging.py:27}}
Jul 29 08:10:36.949380 dv-neutron-851433-3-hyperv devstack@keystone.service[80537]: DEBUG keystone.server.flask.request_processing.req_logging [None req-72b76995-18f6-4e37-b460-b419abe87da0 None admin] SCRIPT_NAME: `/identity` {{(pid=80537) log_request_info /opt/stack/keystone/keystone/server/flask/request_processing/req_logging.py:28}}
Jul 29 08:10:36.949664 dv-neutron-851433-3-hyperv devstack@keystone.service[80537]: DEBUG keystone.server.flask.request_processing.req_logging [None req-72b76995-18f6-4e37-b460-b419abe87da0 None admin] PATH_INFO: `/v3/groups/70c4012898714b69b401d10da3a5f58e` {{(pid=80537) log_request_info /opt/stack/keystone/keystone/server/flask/request_processing/req_logging.py:29}}
Jul 29 08:10:36.951396 dv-neutron-851433-3-hyperv devstack@keystone.service[80537]: DEBUG keystone.common.rbac_enforcer.enforcer [None req-72b76995-18f6-4e37-b460-b419abe87da0 None admin] RBAC: Authorizing `identity:get_group(group_id=70c4012898714b69b401d10da3a5f58e)` {{(pid=80537) enforce_call /opt/stack/keystone/keystone/common/rbac_enforcer/enforcer.py:449}}
Jul 29 08:10:36.953567 dv-neutron-851433-3-hyperv devstack@keystone.service[80537]: DEBUG keystone.common.rbac_enforcer.enforcer [None req-72b76995-18f6-4e37-b460-b419abe87da0 None admin] RBAC: Authorization granted {{(pid=80537) enforce_call /opt/stack/keystone/keystone/common/rbac_enforcer/enforcer.py:457}}
Jul 29 08:10:36.956012 dv-neutron-851433-3-hyperv devstack@keystone.service[80537]: [pid: 80537|app: 0|req: 199/404] 10.222.0.48 () {56 vars in 1180 bytes} [Fri Jul 29 08:10:36 2022] GET /identity/v3/groups/70c4012898714b69b401d10da3a5f58e => generated 226 bytes in 201 msecs (HTTP/1.1 200) 5 headers in 177 bytes (1 switches on core 0)
Jul 29 08:10:36.957258 dv-neutron-851433-3-hyperv devstack@keystone.service[80537]: DEBUG keystone.server.flask.request_processing.req_logging [None req-d33d283a-a7d7-4815-a9be-ea1268abceef None None] REQUEST_METHOD: `POST` {{(pid=80537) log_request_info /opt/stack/keystone/keystone/server/flask/request_processing/req_logging.py:27}}
Jul 29 08:10:36.957545 dv-neutron-851433-3-hyperv devstack@keystone.service[80537]: DEBUG keystone.server.flask.request_processing.req_logging [None req-d33d283a-a7d7-4815-a9be-ea1268abceef None None] SCRIPT_NAME: `/identity` {{(pid=80537) log_request_info /opt/stack/keystone/keystone/server/flask/request_processing/req_logging.py:28}}
Jul 29 08:10:36.957849 dv-neutron-851433-3-hyperv devstack@keystone.service[80537]: DEBUG keystone.server.flask.request_processing.req_logging [None req-d33d283a-a7d7-4815-a9be-ea1268abceef None None] PATH_INFO: `/v3/auth/tokens` {{(pid=80537) log_request_info /opt/stack/keystone/keystone/server/flask/request_processing/req_logging.py:29}}
Jul 29 08:10:36.983723 dv-neutron-851433-3-hyperv devstack@keystone.service[80537]: DEBUG keystone.auth.core [None req-d33d283a-a7d7-4815-a9be-ea1268abceef None None] MFA Rules not processed for user `d3d5f0d366514fefaea7560e38e3821d`. Rule list: `[]` (Enabled: `True`). {{(pid=80537) check_auth_methods_against_rules /opt/stack/keystone/keystone/auth/core.py:438}}
Jul 29 08:10:36.985204 dv-neutron-851433-3-hyperv devstack@keystone.service[80537]: DEBUG keystone.common.fernet_utils [None req-d33d283a-a7d7-4815-a9be-ea1268abceef None None] Loaded 2 Fernet keys from /etc/keystone/fernet-keys/, but `[fernet_tokens] max_active_keys = 3`; perhaps there have not been enough key rotations to reach `max_active_keys` yet? {{(pid=80537) load_keys /opt/stack/keystone/keystone/common/fernet_utils.py:286}}
Jul 29 08:10:37.029653 dv-neutron-851433-3-hyperv devstack@keystone.service[80538]: DEBUG keystone.server.flask.request_processing.middleware.auth_context [None req-54f13270-59d0-4d9c-b444-7f709c3a4e28 None None] Validating token access rules against request {{(pid=80538) validate_allowed_request /usr/local/lib/python3.8/dist-packages/keystonemiddleware/auth_token/__init__.py:545}}
Jul 29 08:10:37.063050 dv-neutron-851433-3-hyperv devstack@keystone.service[80537]: DEBUG dbcounter [-] [80537] Writing DB stats keystone:SELECT=100 {{(pid=80537) stat_writer /usr/local/lib/python3.8/dist-packages/dbcounter.py:114}}
Jul 29 08:10:37.071110 dv-neutron-851433-3-hyperv devstack@keystone.service[80538]: DEBUG keystone.server.flask.request_processing.middleware.auth_context [None req-f78cd83d-53a6-4818-b135-be2a7c0f5fb4 None admin] RBAC: auth_context: {'token': , 'domain_id': None, 'trust_id': None, 'trustor_id': None, 'trustee_id': None, 'domain_name': None, 'group_ids': [], 'user_id': 'd3d5f0d366514fefaea7560e38e3821d', 'user_domain_id': 'default', 'system_scope': 'all', 'project_id': None, 'project_domain_id': None, 'roles': ['admin', 'member', 'reader'], 'is_admin_project': True, 'service_user_id': None, 'service_user_domain_id': None, 'service_project_id': None, 'service_project_domain_id': None, 'service_roles': []} {{(pid=80538) fill_context /opt/stack/keystone/keystone/server/flask/request_processing/middleware/auth_context.py:478}}
Jul 29 08:10:37.071916 dv-neutron-851433-3-hyperv devstack@keystone.service[80538]: DEBUG keystone.server.flask.request_processing.req_logging [None req-f78cd83d-53a6-4818-b135-be2a7c0f5fb4 None admin] REQUEST_METHOD: `GET` {{(pid=80538) log_request_info /opt/stack/keystone/keystone/server/flask/request_processing/req_logging.py:27}}
Jul 29 08:10:37.072339 dv-neutron-851433-3-hyperv devstack@keystone.service[80538]: DEBUG keystone.server.flask.request_processing.req_logging [None req-f78cd83d-53a6-4818-b135-be2a7c0f5fb4 None admin] SCRIPT_NAME: `/identity` {{(pid=80538) log_request_info /opt/stack/keystone/keystone/server/flask/request_processing/req_logging.py:28}}
Jul 29 08:10:37.072715 dv-neutron-851433-3-hyperv devstack@keystone.service[80538]: DEBUG keystone.server.flask.request_processing.req_logging [None req-f78cd83d-53a6-4818-b135-be2a7c0f5fb4 None admin] PATH_INFO: `/v3/groups/70c4012898714b69b401d10da3a5f58e` {{(pid=80538) log_request_info /opt/stack/keystone/keystone/server/flask/request_processing/req_logging.py:29}}
Jul 29 08:10:37.073924 dv-neutron-851433-3-hyperv devstack@keystone.service[80538]: DEBUG keystone.common.rbac_enforcer.enforcer [None req-f78cd83d-53a6-4818-b135-be2a7c0f5fb4 None admin] RBAC: Authorizing `identity:get_group(group_id=70c4012898714b69b401d10da3a5f58e)` {{(pid=80538) enforce_call /opt/stack/keystone/keystone/common/rbac_enforcer/enforcer.py:449}}
Jul 29 08:10:37.075402 dv-neutron-851433-3-hyperv devstack@keystone.service[80537]: [pid: 80537|app: 0|req: 200/405] 10.222.0.48 () {58 vars in 1023 bytes} [Fri Jul 29 08:10:36 2022] POST /identity/v3/auth/tokens => generated 799 bytes in 119 msecs (HTTP/1.1 201) 6 headers in 363 bytes (1 switches on core 0)
Jul 29 08:10:37.076263 dv-neutron-851433-3-hyperv devstack@keystone.service[80537]: DEBUG keystone.server.flask.request_processing.middleware.auth_context [None req-d33d283a-a7d7-4815-a9be-ea1268abceef None None] Authenticating user token {{(pid=80537) process_request /usr/local/lib/python3.8/dist-packages/keystonemiddleware/auth_token/__init__.py:407}}
Jul 29 08:10:37.080288 dv-neutron-851433-3-hyperv devstack@keystone.service[80538]: DEBUG keystone.common.rbac_enforcer.enforcer [None req-f78cd83d-53a6-4818-b135-be2a7c0f5fb4 None admin] RBAC: Authorization granted {{(pid=80538) enforce_call /opt/stack/keystone/keystone/common/rbac_enforcer/enforcer.py:457}}
Jul 29 08:10:37.083011 dv-neutron-851433-3-hyperv devstack@keystone.service[80538]: [pid: 80538|app: 0|req: 206/406] 10.222.0.48 () {56 vars in 1180 bytes} [Fri Jul 29 08:10:36 2022] GET /identity/v3/groups/70c4012898714b69b401d10da3a5f58e => generated 226 bytes in 168 msecs (HTTP/1.1 200) 5 headers in 177 bytes (1 switches on core 0)
Jul 29 08:10:37.089731 dv-neutron-851433-3-hyperv devstack@keystone.service[80538]: DEBUG keystone.server.flask.request_processing.middleware.auth_context [None req-f78cd83d-53a6-4818-b135-be2a7c0f5fb4 None admin] Authenticating user token {{(pid=80538) process_request /usr/local/lib/python3.8/dist-packages/keystonemiddleware/auth_token/__init__.py:407}}
Jul 29 08:10:37.195671 dv-neutron-851433-3-hyperv devstack@keystone.service[80538]: DEBUG dbcounter [-] [80538] Writing DB stats keystone:SELECT=100 {{(pid=80538) stat_writer /usr/local/lib/python3.8/dist-packages/dbcounter.py:114}}
Jul 29 08:10:37.216758 dv-neutron-851433-3-hyperv devstack@keystone.service[80538]: DEBUG keystone.server.flask.request_processing.middleware.auth_context [None req-f78cd83d-53a6-4818-b135-be2a7c0f5fb4 None admin] Validating token access rules against request {{(pid=80538) validate_allowed_request /usr/local/lib/python3.8/dist-packages/keystonemiddleware/auth_token/__init__.py:545}}
Jul 29 08:10:37.218146 dv-neutron-851433-3-hyperv devstack@keystone.service[80537]: DEBUG keystone.server.flask.request_processing.middleware.auth_context [None req-d33d283a-a7d7-4815-a9be-ea1268abceef None None] Validating token access rules against request {{(pid=80537) validate_allowed_request /usr/local/lib/python3.8/dist-packages/keystonemiddleware/auth_token/__init__.py:545}}
Jul 29 08:10:37.267509 dv-neutron-851433-3-hyperv devstack@keystone.service[80538]: DEBUG keystone.server.flask.request_processing.middleware.auth_context [None req-21de93da-d29b-4b06-8bd7-e967472b9444 None admin] RBAC: auth_context: {'token': , 'domain_id': None, 'trust_id': None, 'trustor_id': None, 'trustee_id': None, 'domain_name': None, 'group_ids': [], 'user_id': 'd3d5f0d366514fefaea7560e38e3821d', 'user_domain_id': 'default', 'system_scope': 'all', 'project_id': None, 'project_domain_id': None, 'roles': ['admin', 'member', 'reader'], 'is_admin_project': True, 'service_user_id': None, 'service_user_domain_id': None, 'service_project_id': None, 'service_project_domain_id': None, 'service_roles': []} {{(pid=80538) fill_context /opt/stack/keystone/keystone/server/flask/request_processing/middleware/auth_context.py:478}}
Jul 29 08:10:37.268816 dv-neutron-851433-3-hyperv devstack@keystone.service[80538]: DEBUG keystone.server.flask.request_processing.req_logging [None req-21de93da-d29b-4b06-8bd7-e967472b9444 None admin] REQUEST_METHOD: `GET` {{(pid=80538) log_request_info /opt/stack/keystone/keystone/server/flask/request_processing/req_logging.py:27}}
Jul 29 08:10:37.269098 dv-neutron-851433-3-hyperv devstack@keystone.service[80538]: DEBUG keystone.server.flask.request_processing.req_logging [None req-21de93da-d29b-4b06-8bd7-e967472b9444 None admin] SCRIPT_NAME: `/identity` {{(pid=80538) log_request_info /opt/stack/keystone/keystone/server/flask/request_processing/req_logging.py:28}}
Jul 29 08:10:37.269373 dv-neutron-851433-3-hyperv devstack@keystone.service[80538]: DEBUG keystone.server.flask.request_processing.req_logging [None req-21de93da-d29b-4b06-8bd7-e967472b9444 None admin] PATH_INFO: `/v3/projects/b9c626238c334f2492664b21ac726f6b` {{(pid=80538) log_request_info /opt/stack/keystone/keystone/server/flask/request_processing/req_logging.py:29}}
Jul 29 08:10:37.270540 dv-neutron-851433-3-hyperv devstack@keystone.service[80538]: DEBUG keystone.common.rbac_enforcer.enforcer [None req-21de93da-d29b-4b06-8bd7-e967472b9444 None admin] RBAC: Authorizing `identity:get_project(project_id=b9c626238c334f2492664b21ac726f6b)` {{(pid=80538) enforce_call /opt/stack/keystone/keystone/common/rbac_enforcer/enforcer.py:449}}
Jul 29 08:10:37.271987 dv-neutron-851433-3-hyperv devstack@keystone.service[80538]: DEBUG keystone.common.rbac_enforcer.enforcer [None req-21de93da-d29b-4b06-8bd7-e967472b9444 None admin] RBAC: Authorization granted {{(pid=80538) enforce_call /opt/stack/keystone/keystone/common/rbac_enforcer/enforcer.py:457}}
Jul 29 08:10:37.278381 dv-neutron-851433-3-hyperv devstack@keystone.service[80538]: [pid: 80538|app: 0|req: 207/407] 10.222.0.48 () {56 vars in 1186 bytes} [Fri Jul 29 08:10:37 2022] GET /identity/v3/projects/b9c626238c334f2492664b21ac726f6b => generated 302 bytes in 184 msecs (HTTP/1.1 200) 5 headers in 177 bytes (1 switches on core 0)
Jul 29 08:10:37.278825 dv-neutron-851433-3-hyperv devstack@keystone.service[80537]: DEBUG keystone.server.flask.request_processing.middleware.auth_context [None req-94575ac8-e08d-4ead-bf00-54b32fa62d3c None admin] RBAC: auth_context: {'token': , 'domain_id': None, 'trust_id': None, 'trustor_id': None, 'trustee_id': None, 'domain_name': None, 'group_ids': [], 'user_id': 'd3d5f0d366514fefaea7560e38e3821d', 'user_domain_id': 'default', 'system_scope': 'all', 'project_id': None, 'project_domain_id': None, 'roles': ['admin', 'member', 'reader'], 'is_admin_project': True, 'service_user_id': None, 'service_user_domain_id': None, 'service_project_id': None, 'service_project_domain_id': None, 'service_roles': []} {{(pid=80537) fill_context /opt/stack/keystone/keystone/server/flask/request_processing/middleware/auth_context.py:478}}
Jul 29 08:10:37.279211 dv-neutron-851433-3-hyperv devstack@keystone.service[80538]: DEBUG keystone.server.flask.request_processing.middleware.auth_context [None req-21de93da-d29b-4b06-8bd7-e967472b9444 None admin] Authenticating user token {{(pid=80538) process_request /usr/local/lib/python3.8/dist-packages/keystonemiddleware/auth_token/__init__.py:407}}
Jul 29 08:10:37.280026 dv-neutron-851433-3-hyperv devstack@keystone.service[80537]: DEBUG keystone.server.flask.request_processing.req_logging [None req-94575ac8-e08d-4ead-bf00-54b32fa62d3c None admin] REQUEST_METHOD: `GET` {{(pid=80537) log_request_info /opt/stack/keystone/keystone/server/flask/request_processing/req_logging.py:27}}
Jul 29 08:10:37.280524 dv-neutron-851433-3-hyperv devstack@keystone.service[80537]: DEBUG keystone.server.flask.request_processing.req_logging [None req-94575ac8-e08d-4ead-bf00-54b32fa62d3c None admin] SCRIPT_NAME: `/identity` {{(pid=80537) log_request_info /opt/stack/keystone/keystone/server/flask/request_processing/req_logging.py:28}}
Jul 29 08:10:37.281029 dv-neutron-851433-3-hyperv devstack@keystone.service[80537]: DEBUG keystone.server.flask.request_processing.req_logging [None req-94575ac8-e08d-4ead-bf00-54b32fa62d3c None admin] PATH_INFO: `/v3/projects/b9c626238c334f2492664b21ac726f6b` {{(pid=80537) log_request_info /opt/stack/keystone/keystone/server/flask/request_processing/req_logging.py:29}}
Jul 29 08:10:37.282691 dv-neutron-851433-3-hyperv devstack@keystone.service[80537]: DEBUG keystone.common.rbac_enforcer.enforcer [None req-94575ac8-e08d-4ead-bf00-54b32fa62d3c None admin] RBAC: Authorizing `identity:get_project(project_id=b9c626238c334f2492664b21ac726f6b)` {{(pid=80537) enforce_call /opt/stack/keystone/keystone/common/rbac_enforcer/enforcer.py:449}}
Jul 29 08:10:37.285435 dv-neutron-851433-3-hyperv devstack@keystone.service[80537]: DEBUG keystone.common.rbac_enforcer.enforcer [None req-94575ac8-e08d-4ead-bf00-54b32fa62d3c None admin] RBAC: Authorization granted {{(pid=80537) enforce_call /opt/stack/keystone/keystone/common/rbac_enforcer/enforcer.py:457}}
Jul 29 08:10:37.287706 dv-neutron-851433-3-hyperv devstack@keystone.service[80537]: [pid: 80537|app: 0|req: 201/408] 10.222.0.48 () {56 vars in 1186 bytes} [Fri Jul 29 08:10:37 2022] GET /identity/v3/projects/b9c626238c334f2492664b21ac726f6b => generated 302 bytes in 212 msecs (HTTP/1.1 200) 5 headers in 177 bytes (1 switches on core 0)
Jul 29 08:10:37.288778 dv-neutron-851433-3-hyperv devstack@keystone.service[80537]: DEBUG keystone.server.flask.request_processing.middleware.auth_context [None req-94575ac8-e08d-4ead-bf00-54b32fa62d3c None admin] Authenticating user token {{(pid=80537) process_request /usr/local/lib/python3.8/dist-packages/keystonemiddleware/auth_token/__init__.py:407}}
Jul 29 08:10:37.371653 dv-neutron-851433-3-hyperv devstack@keystone.service[80537]: DEBUG dbcounter [-] [80537] Writing DB stats keystone:SELECT=100 {{(pid=80537) stat_writer /usr/local/lib/python3.8/dist-packages/dbcounter.py:114}}
Jul 29 08:10:37.390320 dv-neutron-851433-3-hyperv devstack@keystone.service[80538]: DEBUG keystone.server.flask.request_processing.middleware.auth_context [None req-21de93da-d29b-4b06-8bd7-e967472b9444 None admin] Validating token access rules against request {{(pid=80538) validate_allowed_request /usr/local/lib/python3.8/dist-packages/keystonemiddleware/auth_token/__init__.py:545}}
Jul 29 08:10:37.419645 dv-neutron-851433-3-hyperv devstack@keystone.service[80537]: DEBUG keystone.server.flask.request_processing.middleware.auth_context [None req-94575ac8-e08d-4ead-bf00-54b32fa62d3c None admin] Validating token access rules against request {{(pid=80537) validate_allowed_request /usr/local/lib/python3.8/dist-packages/keystonemiddleware/auth_token/__init__.py:545}}
Jul 29 08:10:37.426300 dv-neutron-851433-3-hyperv devstack@keystone.service[80538]: DEBUG keystone.server.flask.request_processing.middleware.auth_context [None req-51247924-82fe-4af6-baa6-ea6031ed3f2b None admin] RBAC: auth_context: {'token': , 'domain_id': None, 'trust_id': None, 'trustor_id': None, 'trustee_id': None, 'domain_name': None, 'group_ids': [], 'user_id': 'd3d5f0d366514fefaea7560e38e3821d', 'user_domain_id': 'default', 'system_scope': 'all', 'project_id': None, 'project_domain_id': None, 'roles': ['admin', 'member', 'reader'], 'is_admin_project': True, 'service_user_id': None, 'service_user_domain_id': None, 'service_project_id': None, 'service_project_domain_id': None, 'service_roles': []} {{(pid=80538) fill_context /opt/stack/keystone/keystone/server/flask/request_processing/middleware/auth_context.py:478}}
Jul 29 08:10:37.427149 dv-neutron-851433-3-hyperv devstack@keystone.service[80538]: DEBUG keystone.server.flask.request_processing.req_logging [None req-51247924-82fe-4af6-baa6-ea6031ed3f2b None admin] REQUEST_METHOD: `GET` {{(pid=80538) log_request_info /opt/stack/keystone/keystone/server/flask/request_processing/req_logging.py:27}}
Jul 29 08:10:37.427613 dv-neutron-851433-3-hyperv devstack@keystone.service[80538]: DEBUG keystone.server.flask.request_processing.req_logging [None req-51247924-82fe-4af6-baa6-ea6031ed3f2b None admin] SCRIPT_NAME: `/identity` {{(pid=80538) log_request_info /opt/stack/keystone/keystone/server/flask/request_processing/req_logging.py:28}}
Jul 29 08:10:37.428044 dv-neutron-851433-3-hyperv devstack@keystone.service[80538]: DEBUG keystone.server.flask.request_processing.req_logging [None req-51247924-82fe-4af6-baa6-ea6031ed3f2b None admin] PATH_INFO: `/v3/roles/admin` {{(pid=80538) log_request_info /opt/stack/keystone/keystone/server/flask/request_processing/req_logging.py:29}}
Jul 29 08:10:37.438824 dv-neutron-851433-3-hyperv devstack@keystone.service[80538]: DEBUG keystone.common.rbac_enforcer.enforcer [None req-51247924-82fe-4af6-baa6-ea6031ed3f2b None admin] Extracting inferred target data resulted in "NOT FOUND (404)". {{(pid=80538) enforce_call /opt/stack/keystone/keystone/common/rbac_enforcer/enforcer.py:409}}
Jul 29 08:10:37.445009 dv-neutron-851433-3-hyperv devstack@keystone.service[80538]: ERROR keystone.server.flask.application [None req-51247924-82fe-4af6-baa6-ea6031ed3f2b None admin] Could not find role: admin.: keystone.exception.RoleNotFound: Could not find role: admin.
Jul 29 08:10:37.445009 dv-neutron-851433-3-hyperv devstack@keystone.service[80538]: ERROR keystone.server.flask.application
Traceback (most recent call last):
Jul 29 08:10:37.445009 dv-neutron-851433-3-hyperv devstack@keystone.service[80538]: ERROR keystone.server.flask.application
File "/usr/local/lib/python3.8/dist-packages/flask/app.py", line 1517, in full_dispatch_request
Jul 29 08:10:37.445009 dv-neutron-851433-3-hyperv devstack@keystone.service[80538]: ERROR keystone.server.flask.application rv = self.dispatch_request()
Jul 29 08:10:37.445009 dv-neutron-851433-3-hyperv devstack@keystone.service[80538]: ERROR keystone.server.flask.application
File "/usr/local/lib/python3.8/dist-packages/flask/app.py", line 1503, in dispatch_request
Jul 29 08:10:37.445009 dv-neutron-851433-3-hyperv devstack@keystone.service[80538]: ERROR keystone.server.flask.application return self.ensure_sync(self.view_functions[rule.endpoint])(**req.view_args)
