Jul 28 09:10:30.205611 dv-neutron-851357-1-hyperv devstack@keystone.service[80493]: ERROR keystone.server.flask.application
File "/usr/local/lib/python3.8/dist-packages/dogpile/cache/region.py", line 995, in gen_value
Jul 28 09:10:30.205611 dv-neutron-851357-1-hyperv devstack@keystone.service[80493]: ERROR keystone.server.flask.application created_value = creator(
Jul 28 09:10:30.205611 dv-neutron-851357-1-hyperv devstack@keystone.service[80493]: ERROR keystone.server.flask.application
File "/opt/stack/keystone/keystone/assignment/core.py", line 1276, in get_role
Jul 28 09:10:30.205611 dv-neutron-851357-1-hyperv devstack@keystone.service[80493]: ERROR keystone.server.flask.application return self.driver.get_role(role_id)
Jul 28 09:10:30.205611 dv-neutron-851357-1-hyperv devstack@keystone.service[80493]: ERROR keystone.server.flask.application
File "/opt/stack/keystone/keystone/assignment/role_backends/sql.py", line 70, in get_role
Jul 28 09:10:30.205611 dv-neutron-851357-1-hyperv devstack@keystone.service[80493]: ERROR keystone.server.flask.application return self._get_role(session, role_id).to_dict()
Jul 28 09:10:30.205611 dv-neutron-851357-1-hyperv devstack@keystone.service[80493]: ERROR keystone.server.flask.application
File "/opt/stack/keystone/keystone/assignment/role_backends/sql.py", line 65, in _get_role
Jul 28 09:10:30.205611 dv-neutron-851357-1-hyperv devstack@keystone.service[80493]: ERROR keystone.server.flask.application raise exception.RoleNotFound(role_id=role_id)
Jul 28 09:10:30.205611 dv-neutron-851357-1-hyperv devstack@keystone.service[80493]: ERROR keystone.server.flask.application keystone.exception.RoleNotFound: Could not find role: reader.
Jul 28 09:10:30.205611 dv-neutron-851357-1-hyperv devstack@keystone.service[80493]: ERROR keystone.server.flask.application
Jul 28 09:10:30.208598 dv-neutron-851357-1-hyperv devstack@keystone.service[80493]: [pid: 80493|app: 0|req: 139/282] 10.222.0.57 () {56 vars in 1099 bytes} [Thu Jul 28 09:10:30 2022] GET /identity/v3/roles/reader => generated 84 bytes in 201 msecs (HTTP/1.1 404) 5 headers in 183 bytes (2 switches on core 0)
Jul 28 09:10:30.214995 dv-neutron-851357-1-hyperv devstack@keystone.service[80493]: DEBUG keystone.server.flask.request_processing.req_logging [None req-e483994e-f6fd-4a96-9fa7-b8091b485fd1 None None] REQUEST_METHOD: `POST` {{(pid=80493) log_request_info /opt/stack/keystone/keystone/server/flask/request_processing/req_logging.py:27}}
Jul 28 09:10:30.215195 dv-neutron-851357-1-hyperv devstack@keystone.service[80493]: DEBUG keystone.server.flask.request_processing.req_logging [None req-e483994e-f6fd-4a96-9fa7-b8091b485fd1 None None] SCRIPT_NAME: `/identity` {{(pid=80493) log_request_info /opt/stack/keystone/keystone/server/flask/request_processing/req_logging.py:28}}
Jul 28 09:10:30.215417 dv-neutron-851357-1-hyperv devstack@keystone.service[80493]: DEBUG keystone.server.flask.request_processing.req_logging [None req-e483994e-f6fd-4a96-9fa7-b8091b485fd1 None None] PATH_INFO: `/v3/auth/tokens` {{(pid=80493) log_request_info /opt/stack/keystone/keystone/server/flask/request_processing/req_logging.py:29}}
Jul 28 09:10:30.224280 dv-neutron-851357-1-hyperv devstack@keystone.service[80492]: DEBUG keystone.server.flask.request_processing.middleware.auth_context [None req-65b943c7-d565-43ac-bef6-e6e382727560 None admin] RBAC: auth_context: {'token': , 'domain_id': None, 'trust_id': None, 'trustor_id': None, 'trustee_id': None, 'domain_name': None, 'group_ids': [], 'user_id': '0d9d23c1fd1a44a9b5cde209137ea912', 'user_domain_id': 'default', 'system_scope': 'all', 'project_id': None, 'project_domain_id': None, 'roles': ['admin', 'member', 'reader'], 'is_admin_project': True, 'service_user_id': None, 'service_user_domain_id': None, 'service_project_id': None, 'service_project_domain_id': None, 'service_roles': []} {{(pid=80492) fill_context /opt/stack/keystone/keystone/server/flask/request_processing/middleware/auth_context.py:478}}
Jul 28 09:10:30.225179 dv-neutron-851357-1-hyperv devstack@keystone.service[80492]: DEBUG keystone.server.flask.request_processing.req_logging [None req-65b943c7-d565-43ac-bef6-e6e382727560 None admin] REQUEST_METHOD: `GET` {{(pid=80492) log_request_info /opt/stack/keystone/keystone/server/flask/request_processing/req_logging.py:27}}
Jul 28 09:10:30.225717 dv-neutron-851357-1-hyperv devstack@keystone.service[80492]: DEBUG keystone.server.flask.request_processing.req_logging [None req-65b943c7-d565-43ac-bef6-e6e382727560 None admin] SCRIPT_NAME: `/identity` {{(pid=80492) log_request_info /opt/stack/keystone/keystone/server/flask/request_processing/req_logging.py:28}}
Jul 28 09:10:30.226262 dv-neutron-851357-1-hyperv devstack@keystone.service[80492]: DEBUG keystone.server.flask.request_processing.req_logging [None req-65b943c7-d565-43ac-bef6-e6e382727560 None admin] PATH_INFO: `/v3/role_assignments` {{(pid=80492) log_request_info /opt/stack/keystone/keystone/server/flask/request_processing/req_logging.py:29}}
Jul 28 09:10:30.227889 dv-neutron-851357-1-hyperv devstack@keystone.service[80492]: DEBUG keystone.common.rbac_enforcer.enforcer [None req-65b943c7-d565-43ac-bef6-e6e382727560 None admin] RBAC: Adding query filter params (role.id=161cb2ff3a274502b0e5fe81a199573b, user.id=28b160c2cf324835b78d0020279dfb5e, scope.system=all) {{(pid=80492) _extract_filter_values /opt/stack/keystone/keystone/common/rbac_enforcer/enforcer.py:167}}
Jul 28 09:10:30.228499 dv-neutron-851357-1-hyperv devstack@keystone.service[80492]: DEBUG keystone.common.rbac_enforcer.enforcer [None req-65b943c7-d565-43ac-bef6-e6e382727560 None admin] RBAC: Authorizing `identity:list_role_assignments()` {{(pid=80492) enforce_call /opt/stack/keystone/keystone/common/rbac_enforcer/enforcer.py:449}}
Jul 28 09:10:30.230188 dv-neutron-851357-1-hyperv devstack@keystone.service[80492]: DEBUG keystone.common.rbac_enforcer.enforcer [None req-65b943c7-d565-43ac-bef6-e6e382727560 None admin] RBAC: Authorization granted {{(pid=80492) enforce_call /opt/stack/keystone/keystone/common/rbac_enforcer/enforcer.py:457}}
Jul 28 09:10:30.236506 dv-neutron-851357-1-hyperv devstack@keystone.service[80492]: [pid: 80492|app: 0|req: 144/283] 10.222.0.57 () {56 vars in 1308 bytes} [Thu Jul 28 09:10:30 2022] GET /identity/v3/role_assignments?user.id=28b160c2cf324835b78d0020279dfb5e&scope.system=all&role.id=161cb2ff3a274502b0e5fe81a199573b => generated 226 bytes in 210 msecs (HTTP/1.1 200) 5 headers in 177 bytes (1 switches on core 0)
Jul 28 09:10:30.245500 dv-neutron-851357-1-hyperv devstack@keystone.service[80492]: DEBUG keystone.server.flask.request_processing.middleware.auth_context [None req-65b943c7-d565-43ac-bef6-e6e382727560 None admin] Authenticating user token {{(pid=80492) process_request /usr/local/lib/python3.8/dist-packages/keystonemiddleware/auth_token/__init__.py:407}}
Jul 28 09:10:30.245700 dv-neutron-851357-1-hyperv devstack@keystone.service[80493]: DEBUG keystone.auth.core [None req-e483994e-f6fd-4a96-9fa7-b8091b485fd1 None None] MFA Rules not processed for user `0d9d23c1fd1a44a9b5cde209137ea912`. Rule list: `[]` (Enabled: `True`). {{(pid=80493) check_auth_methods_against_rules /opt/stack/keystone/keystone/auth/core.py:438}}
Jul 28 09:10:30.245700 dv-neutron-851357-1-hyperv devstack@keystone.service[80493]: DEBUG keystone.common.fernet_utils [None req-e483994e-f6fd-4a96-9fa7-b8091b485fd1 None None] Loaded 2 Fernet keys from /etc/keystone/fernet-keys/, but `[fernet_tokens] max_active_keys = 3`; perhaps there have not been enough key rotations to reach `max_active_keys` yet? {{(pid=80493) load_keys /opt/stack/keystone/keystone/common/fernet_utils.py:286}}
Jul 28 09:10:30.290406 dv-neutron-851357-1-hyperv devstack@keystone.service[80492]: DEBUG dbcounter [-] [80492] Writing DB stats keystone:SELECT=100 {{(pid=80492) stat_writer /usr/local/lib/python3.8/dist-packages/dbcounter.py:114}}
Jul 28 09:10:30.339253 dv-neutron-851357-1-hyperv devstack@keystone.service[80493]: DEBUG dbcounter [-] [80493] Writing DB stats keystone:SELECT=100 {{(pid=80493) stat_writer /usr/local/lib/python3.8/dist-packages/dbcounter.py:114}}
Jul 28 09:10:30.361294 dv-neutron-851357-1-hyperv devstack@keystone.service[80493]: [pid: 80493|app: 0|req: 140/284] 10.222.0.57 () {58 vars in 1023 bytes} [Thu Jul 28 09:10:30 2022] POST /identity/v3/auth/tokens => generated 799 bytes in 146 msecs (HTTP/1.1 201) 6 headers in 363 bytes (1 switches on core 0)
Jul 28 09:10:30.421375 dv-neutron-851357-1-hyperv devstack@keystone.service[80493]: DEBUG keystone.server.flask.request_processing.middleware.auth_context [None req-e483994e-f6fd-4a96-9fa7-b8091b485fd1 None None] Authenticating user token {{(pid=80493) process_request /usr/local/lib/python3.8/dist-packages/keystonemiddleware/auth_token/__init__.py:407}}
Jul 28 09:10:30.437519 dv-neutron-851357-1-hyperv devstack@keystone.service[80492]: DEBUG keystone.server.flask.request_processing.middleware.auth_context [None req-65b943c7-d565-43ac-bef6-e6e382727560 None admin] Validating token access rules against request {{(pid=80492) validate_allowed_request /usr/local/lib/python3.8/dist-packages/keystonemiddleware/auth_token/__init__.py:545}}
Jul 28 09:10:30.493234 dv-neutron-851357-1-hyperv devstack@keystone.service[80492]: DEBUG keystone.server.flask.request_processing.middleware.auth_context [None req-74acdb91-49df-478f-a3e9-6681110c7d85 None admin] RBAC: auth_context: {'token': , 'domain_id': None, 'trust_id': None, 'trustor_id': None, 'trustee_id': None, 'domain_name': None, 'group_ids': [], 'user_id': '0d9d23c1fd1a44a9b5cde209137ea912', 'user_domain_id': 'default', 'system_scope': 'all', 'project_id': None, 'project_domain_id': None, 'roles': ['admin', 'member', 'reader'], 'is_admin_project': True, 'service_user_id': None, 'service_user_domain_id': None, 'service_project_id': None, 'service_project_domain_id': None, 'service_roles': []} {{(pid=80492) fill_context /opt/stack/keystone/keystone/server/flask/request_processing/middleware/auth_context.py:478}}
Jul 28 09:10:30.493869 dv-neutron-851357-1-hyperv devstack@keystone.service[80492]: DEBUG keystone.server.flask.request_processing.req_logging [None req-74acdb91-49df-478f-a3e9-6681110c7d85 None admin] REQUEST_METHOD: `GET` {{(pid=80492) log_request_info /opt/stack/keystone/keystone/server/flask/request_processing/req_logging.py:27}}
Jul 28 09:10:30.494152 dv-neutron-851357-1-hyperv devstack@keystone.service[80492]: DEBUG keystone.server.flask.request_processing.req_logging [None req-74acdb91-49df-478f-a3e9-6681110c7d85 None admin] SCRIPT_NAME: `/identity` {{(pid=80492) log_request_info /opt/stack/keystone/keystone/server/flask/request_processing/req_logging.py:28}}
Jul 28 09:10:30.494429 dv-neutron-851357-1-hyperv devstack@keystone.service[80492]: DEBUG keystone.server.flask.request_processing.req_logging [None req-74acdb91-49df-478f-a3e9-6681110c7d85 None admin] PATH_INFO: `/v3/roles` {{(pid=80492) log_request_info /opt/stack/keystone/keystone/server/flask/request_processing/req_logging.py:29}}
Jul 28 09:10:30.495164 dv-neutron-851357-1-hyperv devstack@keystone.service[80492]: DEBUG keystone.common.rbac_enforcer.enforcer [None req-74acdb91-49df-478f-a3e9-6681110c7d85 None admin] RBAC: Adding query filter params (name=reader) {{(pid=80492) _extract_filter_values /opt/stack/keystone/keystone/common/rbac_enforcer/enforcer.py:167}}
Jul 28 09:10:30.495569 dv-neutron-851357-1-hyperv devstack@keystone.service[80492]: DEBUG keystone.common.rbac_enforcer.enforcer [None req-74acdb91-49df-478f-a3e9-6681110c7d85 None admin] RBAC: Authorizing `identity:list_roles()` {{(pid=80492) enforce_call /opt/stack/keystone/keystone/common/rbac_enforcer/enforcer.py:449}}
Jul 28 09:10:30.501499 dv-neutron-851357-1-hyperv devstack@keystone.service[80492]: DEBUG keystone.common.rbac_enforcer.enforcer [None req-74acdb91-49df-478f-a3e9-6681110c7d85 None admin] RBAC: Authorization granted {{(pid=80492) enforce_call /opt/stack/keystone/keystone/common/rbac_enforcer/enforcer.py:457}}
Jul 28 09:10:30.507042 dv-neutron-851357-1-hyperv devstack@keystone.service[80492]: [pid: 80492|app: 0|req: 145/285] 10.222.0.57 () {56 vars in 1101 bytes} [Thu Jul 28 09:10:30 2022] GET /identity/v3/roles?name=reader => generated 341 bytes in 270 msecs (HTTP/1.1 200) 5 headers in 177 bytes (1 switches on core 0)
Jul 28 09:10:30.513751 dv-neutron-851357-1-hyperv devstack@keystone.service[80492]: DEBUG keystone.server.flask.request_processing.middleware.auth_context [None req-74acdb91-49df-478f-a3e9-6681110c7d85 None admin] Authenticating user token {{(pid=80492) process_request /usr/local/lib/python3.8/dist-packages/keystonemiddleware/auth_token/__init__.py:407}}
Jul 28 09:10:30.622314 dv-neutron-851357-1-hyperv devstack@keystone.service[80493]: DEBUG keystone.server.flask.request_processing.middleware.auth_context [None req-e483994e-f6fd-4a96-9fa7-b8091b485fd1 None None] Validating token access rules against request {{(pid=80493) validate_allowed_request /usr/local/lib/python3.8/dist-packages/keystonemiddleware/auth_token/__init__.py:545}}
Jul 28 09:10:30.698477 dv-neutron-851357-1-hyperv devstack@keystone.service[80492]: DEBUG dbcounter [-] [80492] Writing DB stats keystone:SELECT=100 {{(pid=80492) stat_writer /usr/local/lib/python3.8/dist-packages/dbcounter.py:114}}
Jul 28 09:10:30.710229 dv-neutron-851357-1-hyperv devstack@keystone.service[80493]: DEBUG keystone.server.flask.request_processing.middleware.auth_context [None req-1ef1f289-e9ee-4862-9db3-b9e705df2e24 None admin] RBAC: auth_context: {'token': , 'domain_id': None, 'trust_id': None, 'trustor_id': None, 'trustee_id': None, 'domain_name': None, 'group_ids': [], 'user_id': '0d9d23c1fd1a44a9b5cde209137ea912', 'user_domain_id': 'default', 'system_scope': 'all', 'project_id': None, 'project_domain_id': None, 'roles': ['admin', 'member', 'reader'], 'is_admin_project': True, 'service_user_id': None, 'service_user_domain_id': None, 'service_project_id': None, 'service_project_domain_id': None, 'service_roles': []} {{(pid=80493) fill_context /opt/stack/keystone/keystone/server/flask/request_processing/middleware/auth_context.py:478}}
Jul 28 09:10:30.710899 dv-neutron-851357-1-hyperv devstack@keystone.service[80493]: DEBUG keystone.server.flask.request_processing.req_logging [None req-1ef1f289-e9ee-4862-9db3-b9e705df2e24 None admin] REQUEST_METHOD: `GET` {{(pid=80493) log_request_info /opt/stack/keystone/keystone/server/flask/request_processing/req_logging.py:27}}
Jul 28 09:10:30.711703 dv-neutron-851357-1-hyperv devstack@keystone.service[80493]: DEBUG keystone.server.flask.request_processing.req_logging [None req-1ef1f289-e9ee-4862-9db3-b9e705df2e24 None admin] SCRIPT_NAME: `/identity` {{(pid=80493) log_request_info /opt/stack/keystone/keystone/server/flask/request_processing/req_logging.py:28}}
Jul 28 09:10:30.712648 dv-neutron-851357-1-hyperv devstack@keystone.service[80493]: DEBUG keystone.server.flask.request_processing.req_logging [None req-1ef1f289-e9ee-4862-9db3-b9e705df2e24 None admin] PATH_INFO: `/v3/roles/member` {{(pid=80493) log_request_info /opt/stack/keystone/keystone/server/flask/request_processing/req_logging.py:29}}
Jul 28 09:10:30.732439 dv-neutron-851357-1-hyperv devstack@keystone.service[80492]: DEBUG keystone.server.flask.request_processing.middleware.auth_context [None req-74acdb91-49df-478f-a3e9-6681110c7d85 None admin] Validating token access rules against request {{(pid=80492) validate_allowed_request /usr/local/lib/python3.8/dist-packages/keystonemiddleware/auth_token/__init__.py:545}}
Jul 28 09:10:30.746623 dv-neutron-851357-1-hyperv devstack@keystone.service[80493]: DEBUG keystone.common.rbac_enforcer.enforcer [None req-1ef1f289-e9ee-4862-9db3-b9e705df2e24 None admin] Extracting inferred target data resulted in "NOT FOUND (404)". {{(pid=80493) enforce_call /opt/stack/keystone/keystone/common/rbac_enforcer/enforcer.py:409}}
Jul 28 09:10:30.752055 dv-neutron-851357-1-hyperv devstack@keystone.service[80493]: ERROR keystone.server.flask.application [None req-1ef1f289-e9ee-4862-9db3-b9e705df2e24 None admin] Could not find role: member.: keystone.exception.RoleNotFound: Could not find role: member.
Jul 28 09:10:30.752055 dv-neutron-851357-1-hyperv devstack@keystone.service[80493]: ERROR keystone.server.flask.application
Traceback (most recent call last):
Jul 28 09:10:30.752055 dv-neutron-851357-1-hyperv devstack@keystone.service[80493]: ERROR keystone.server.flask.application
File "/usr/local/lib/python3.8/dist-packages/flask/app.py", line 1517, in full_dispatch_request
Jul 28 09:10:30.752055 dv-neutron-851357-1-hyperv devstack@keystone.service[80493]: ERROR keystone.server.flask.application rv = self.dispatch_request()
Jul 28 09:10:30.752055 dv-neutron-851357-1-hyperv devstack@keystone.service[80493]: ERROR keystone.server.flask.application
File "/usr/local/lib/python3.8/dist-packages/flask/app.py", line 1503, in dispatch_request
Jul 28 09:10:30.752055 dv-neutron-851357-1-hyperv devstack@keystone.service[80493]: ERROR keystone.server.flask.application return self.ensure_sync(self.view_functions[rule.endpoint])(**req.view_args)
Jul 28 09:10:30.752055 dv-neutron-851357-1-hyperv devstack@keystone.service[80493]: ERROR keystone.server.flask.application
File "/usr/local/lib/python3.8/dist-packages/flask_restful/__init__.py", line 467, in wrapper
Jul 28 09:10:30.752055 dv-neutron-851357-1-hyperv devstack@keystone.service[80493]: ERROR keystone.server.flask.application resp = resource(*args, **kwargs)
Jul 28 09:10:30.752055 dv-neutron-851357-1-hyperv devstack@keystone.service[80493]: ERROR keystone.server.flask.application
File "/usr/local/lib/python3.8/dist-packages/flask/views.py", line 84, in view
Jul 28 09:10:30.752055 dv-neutron-851357-1-hyperv devstack@keystone.service[80493]: ERROR keystone.server.flask.application return current_app.ensure_sync(self.dispatch_request)(*args, **kwargs)
Jul 28 09:10:30.752055 dv-neutron-851357-1-hyperv devstack@keystone.service[80493]: ERROR keystone.server.flask.application
File "/usr/local/lib/python3.8/dist-packages/flask_restful/__init__.py", line 582, in dispatch_request
Jul 28 09:10:30.752055 dv-neutron-851357-1-hyperv devstack@keystone.service[80493]: ERROR keystone.server.flask.application resp = meth(*args, **kwargs)
Jul 28 09:10:30.752055 dv-neutron-851357-1-hyperv devstack@keystone.service[80493]: ERROR keystone.server.flask.application
File "/opt/stack/keystone/keystone/api/roles.py", line 50, in get
Jul 28 09:10:30.752055 dv-neutron-851357-1-hyperv devstack@keystone.service[80493]: ERROR keystone.server.flask.application return self._get_role(role_id)
Jul 28 09:10:30.752055 dv-neutron-851357-1-hyperv devstack@keystone.service[80493]: ERROR keystone.server.flask.application
File "/opt/stack/keystone/keystone/api/roles.py", line 70, in _get_role
Jul 28 09:10:30.752055 dv-neutron-851357-1-hyperv devstack@keystone.service[80493]: ERROR keystone.server.flask.application ENFORCER.enforce_call(action='identity:get_role')
Jul 28 09:10:30.752972 dv-neutron-851357-1-hyperv devstack@keystone.service[80493]: ERROR keystone.server.flask.application
File "/opt/stack/keystone/keystone/common/rbac_enforcer/enforcer.py", line 402, in enforce_call
Jul 28 09:10:30.752972 dv-neutron-851357-1-hyperv devstack@keystone.service[80493]: ERROR keystone.server.flask.application policy_dict.update(cls._extract_member_target_data(
Jul 28 09:10:30.752972 dv-neutron-851357-1-hyperv devstack@keystone.service[80493]: ERROR keystone.server.flask.application
File "/opt/stack/keystone/keystone/common/rbac_enforcer/enforcer.py", line 234, in _extract_member_target_data
Jul 28 09:10:30.752972 dv-neutron-851357-1-hyperv devstack@keystone.service[80493]: ERROR keystone.server.flask.application member_name: func(flask.request.view_args[key])
Jul 28 09:10:30.752972 dv-neutron-851357-1-hyperv devstack@keystone.service[80493]: ERROR keystone.server.flask.application
File "/opt/stack/keystone/keystone/common/manager.py", line 115, in wrapped
Jul 28 09:10:30.752972 dv-neutron-851357-1-hyperv devstack@keystone.service[80493]: ERROR keystone.server.flask.application __ret_val = __f(*args, **kwargs)
Jul 28 09:10:30.752972 dv-neutron-851357-1-hyperv devstack@keystone.service[80493]: ERROR keystone.server.flask.application
File "/usr/local/lib/python3.8/dist-packages/decorator.py", line 232, in fun
Jul 28 09:10:30.752972 dv-neutron-851357-1-hyperv devstack@keystone.service[80493]: ERROR keystone.server.flask.application return caller(func, *(extras + args), **kw)
Jul 28 09:10:30.752972 dv-neutron-851357-1-hyperv devstack@keystone.service[80493]: ERROR keystone.server.flask.application
File "/usr/local/lib/python3.8/dist-packages/dogpile/cache/region.py", line 1577, in get_or_create_for_user_func
Jul 28 09:10:30.752972 dv-neutron-851357-1-hyperv devstack@keystone.service[80493]: ERROR keystone.server.flask.application return self.get_or_create(
Jul 28 09:10:30.752972 dv-neutron-851357-1-hyperv devstack@keystone.service[80493]: ERROR keystone.server.flask.application
File "/usr/local/lib/python3.8/dist-packages/dogpile/cache/region.py", line 1042, in get_or_create
Jul 28 09:10:30.752972 dv-neutron-851357-1-hyperv devstack@keystone.service[80493]: ERROR keystone.server.flask.application with Lock(
Jul 28 09:10:30.752972 dv-neutron-851357-1-hyperv devstack@keystone.service[80493]: ERROR keystone.server.flask.application
File "/usr/local/lib/python3.8/dist-packages/dogpile/lock.py", line 185, in __enter__
Jul 28 09:10:30.752972 dv-neutron-851357-1-hyperv devstack@keystone.service[80493]: ERROR keystone.server.flask.application return self._enter()
Jul 28 09:10:30.752972 dv-neutron-851357-1-hyperv devstack@keystone.service[80493]: ERROR keystone.server.flask.application
File "/usr/local/lib/python3.8/dist-packages/dogpile/lock.py", line 94, in _enter
Jul 28 09:10:30.752972 dv-neutron-851357-1-hyperv devstack@keystone.service[80493]: ERROR keystone.server.flask.application generated = self._enter_create(value, createdtime)
Jul 28 09:10:30.753792 dv-neutron-851357-1-hyperv devstack@keystone.service[80493]: ERROR keystone.server.flask.application
File "/usr/local/lib/python3.8/dist-packages/dogpile/lock.py", line 178, in _enter_create
Jul 28 09:10:30.753792 dv-neutron-851357-1-hyperv devstack@keystone.service[80493]: ERROR keystone.server.flask.application return self.creator()
Jul 28 09:10:30.753792 dv-neutron-851357-1-hyperv devstack@keystone.service[80493]: ERROR keystone.server.flask.application
File "/usr/local/lib/python3.8/dist-packages/dogpile/cache/region.py", line 995, in gen_value
Jul 28 09:10:30.753792 dv-neutron-851357-1-hyperv devstack@keystone.service[80493]: ERROR keystone.server.flask.application created_value = creator(
Jul 28 09:10:30.753792 dv-neutron-851357-1-hyperv devstack@keystone.service[80493]: ERROR keystone.server.flask.application
File "/opt/stack/keystone/keystone/assignment/core.py", line 1276, in get_role
Jul 28 09:10:30.753792 dv-neutron-851357-1-hyperv devstack@keystone.service[80493]: ERROR keystone.server.flask.application return self.driver.get_role(role_id)
Jul 28 09:10:30.753792 dv-neutron-851357-1-hyperv devstack@keystone.service[80493]: ERROR keystone.server.flask.application
File "/opt/stack/keystone/keystone/assignment/role_backends/sql.py", line 70, in get_role
Jul 28 09:10:30.753792 dv-neutron-851357-1-hyperv devstack@keystone.service[80493]: ERROR keystone.server.flask.application return self._get_role(session, role_id).to_dict()
Jul 28 09:10:30.753792 dv-neutron-851357-1-hyperv devstack@keystone.service[80493]: ERROR keystone.server.flask.application
File "/opt/stack/keystone/keystone/assignment/role_backends/sql.py", line 65, in _get_role
Jul 28 09:10:30.753792 dv-neutron-851357-1-hyperv devstack@keystone.service[80493]: ERROR keystone.server.flask.application raise exception.RoleNotFound(role_id=role_id)
Jul 28 09:10:30.753792 dv-neutron-851357-1-hyperv devstack@keystone.service[80493]: ERROR keystone.server.flask.application keystone.exception.RoleNotFound: Could not find role: member.
Jul 28 09:10:30.753792 dv-neutron-851357-1-hyperv devstack@keystone.service[80493]: ERROR keystone.server.flask.application
Jul 28 09:10:30.756447 dv-neutron-851357-1-hyperv devstack@keystone.service[80493]: [pid: 80493|app: 0|req: 141/286] 10.222.0.57 () {56 vars in 1099 bytes} [Thu Jul 28 09:10:30 2022] GET /identity/v3/roles/member => generated 84 bytes in 335 msecs (HTTP/1.1 404) 5 headers in 183 bytes (1 switches on core 0)
Jul 28 09:10:30.763196 dv-neutron-851357-1-hyperv devstack@keystone.service[80493]: DEBUG keystone.server.flask.request_processing.middleware.auth_context [None req-1ef1f289-e9ee-4862-9db3-b9e705df2e24 None admin] Authenticating user token {{(pid=80493) process_request /usr/local/lib/python3.8/dist-packages/keystonemiddleware/auth_token/__init__.py:407}}
Jul 28 09:10:30.791780 dv-neutron-851357-1-hyperv devstack@keystone.service[80492]: DEBUG keystone.server.flask.request_processing.middleware.auth_context [None req-d33c7b7e-0620-4fd4-99a2-957e52b76218 None admin] RBAC: auth_context: {'token': , 'domain_id': None, 'trust_id': None, 'trustor_id': None, 'trustee_id': None, 'domain_name': None, 'group_ids': [], 'user_id': '0d9d23c1fd1a44a9b5cde209137ea912', 'user_domain_id': 'default', 'system_scope': 'all', 'project_id': None, 'project_domain_id': None, 'roles': ['admin', 'member', 'reader'], 'is_admin_project': True, 'service_user_id': None, 'service_user_domain_id': None, 'service_project_id': None, 'service_project_domain_id': None, 'service_roles': []} {{(pid=80492) fill_context /opt/stack/keystone/keystone/server/flask/request_processing/middleware/auth_context.py:478}}
Jul 28 09:10:30.792451 dv-neutron-851357-1-hyperv devstack@keystone.service[80492]: DEBUG keystone.server.flask.request_processing.req_logging [None req-d33c7b7e-0620-4fd4-99a2-957e52b76218 None admin] REQUEST_METHOD: `GET` {{(pid=80492) log_request_info /opt/stack/keystone/keystone/server/flask/request_processing/req_logging.py:27}}
Jul 28 09:10:30.792734 dv-neutron-851357-1-hyperv devstack@keystone.service[80492]: DEBUG keystone.server.flask.request_processing.req_logging [None req-d33c7b7e-0620-4fd4-99a2-957e52b76218 None admin] SCRIPT_NAME: `/identity` {{(pid=80492) log_request_info /opt/stack/keystone/keystone/server/flask/request_processing/req_logging.py:28}}
Jul 28 09:10:30.793015 dv-neutron-851357-1-hyperv devstack@keystone.service[80492]: DEBUG keystone.server.flask.request_processing.req_logging [None req-d33c7b7e-0620-4fd4-99a2-957e52b76218 None admin] PATH_INFO: `/v3/users/f053140ff9f049079ddca03bf5ab3fe4` {{(pid=80492) log_request_info /opt/stack/keystone/keystone/server/flask/request_processing/req_logging.py:29}}
Jul 28 09:10:30.797545 dv-neutron-851357-1-hyperv devstack@keystone.service[80492]: DEBUG keystone.common.rbac_enforcer.enforcer [None req-d33c7b7e-0620-4fd4-99a2-957e52b76218 None admin] RBAC: Authorizing `identity:get_user(user_id=f053140ff9f049079ddca03bf5ab3fe4)` {{(pid=80492) enforce_call /opt/stack/keystone/keystone/common/rbac_enforcer/enforcer.py:449}}
Jul 28 09:10:30.798982 dv-neutron-851357-1-hyperv devstack@keystone.service[80492]: DEBUG keystone.common.rbac_enforcer.enforcer [None req-d33c7b7e-0620-4fd4-99a2-957e52b76218 None admin] RBAC: Authorization granted {{(pid=80492) enforce_call /opt/stack/keystone/keystone/common/rbac_enforcer/enforcer.py:457}}
Jul 28 09:10:30.800855 dv-neutron-851357-1-hyperv devstack@keystone.service[80492]: [pid: 80492|app: 0|req: 146/287] 10.222.0.57 () {56 vars in 1177 bytes} [Thu Jul 28 09:10:30 2022] GET /identity/v3/users/f053140ff9f049079ddca03bf5ab3fe4 => generated 297 bytes in 288 msecs (HTTP/1.1 200) 5 headers in 177 bytes (2 switches on core 0)
Jul 28 09:10:30.819050 dv-neutron-851357-1-hyperv devstack@keystone.service[80492]: DEBUG keystone.server.flask.request_processing.middleware.auth_context [None req-d33c7b7e-0620-4fd4-99a2-957e52b76218 None admin] Authenticating user token {{(pid=80492) process_request /usr/local/lib/python3.8/dist-packages/keystonemiddleware/auth_token/__init__.py:407}}
Jul 28 09:10:30.879040 dv-neutron-851357-1-hyperv devstack@keystone.service[80493]: DEBUG dbcounter [-] [80493] Writing DB stats keystone:SELECT=100 {{(pid=80493) stat_writer /usr/local/lib/python3.8/dist-packages/dbcounter.py:114}}
Jul 28 09:10:30.969691 dv-neutron-851357-1-hyperv devstack@keystone.service[80493]: DEBUG keystone.server.flask.request_processing.middleware.auth_context [None req-1ef1f289-e9ee-4862-9db3-b9e705df2e24 None admin] Validating token access rules against request {{(pid=80493) validate_allowed_request /usr/local/lib/python3.8/dist-packages/keystonemiddleware/auth_token/__init__.py:545}}
Jul 28 09:10:30.973578 dv-neutron-851357-1-hyperv devstack@keystone.service[80492]: DEBUG keystone.server.flask.request_processing.middleware.auth_context [None req-d33c7b7e-0620-4fd4-99a2-957e52b76218 None admin] Validating token access rules against request {{(pid=80492) validate_allowed_request /usr/local/lib/python3.8/dist-packages/keystonemiddleware/auth_token/__init__.py:545}}
Jul 28 09:10:31.042581 dv-neutron-851357-1-hyperv devstack@keystone.service[80493]: DEBUG keystone.server.flask.request_processing.middleware.auth_context [None req-e398b171-eba3-4eb4-b929-e07e9daa772e None admin] RBAC: auth_context: {'token': , 'domain_id': None, 'trust_id': None, 'trustor_id': None, 'trustee_id': None, 'domain_name': None, 'group_ids': [], 'user_id': '0d9d23c1fd1a44a9b5cde209137ea912', 'user_domain_id': 'default', 'system_scope': 'all', 'project_id': None, 'project_domain_id': None, 'roles': ['admin', 'member', 'reader'], 'is_admin_project': True, 'service_user_id': None, 'service_user_domain_id': None, 'service_project_id': None, 'service_project_domain_id': None, 'service_roles': []} {{(pid=80493) fill_context /opt/stack/keystone/keystone/server/flask/request_processing/middleware/auth_context.py:478}}
Jul 28 09:10:31.043568 dv-neutron-851357-1-hyperv devstack@keystone.service[80492]: DEBUG keystone.server.flask.request_processing.middleware.auth_context [None req-5e255ca1-adef-448f-a10b-6f161fb501e3 None admin] RBAC: auth_context: {'token': , 'domain_id': None, 'trust_id': None, 'trustor_id': None, 'trustee_id': None, 'domain_name': None, 'group_ids': [], 'user_id': '0d9d23c1fd1a44a9b5cde209137ea912', 'user_domain_id': 'default', 'system_scope': 'all', 'project_id': None, 'project_domain_id': None, 'roles': ['admin', 'member', 'reader'], 'is_admin_project': True, 'service_user_id': None, 'service_user_domain_id': None, 'service_project_id': None, 'service_project_domain_id': None, 'service_roles': []} {{(pid=80492) fill_context /opt/stack/keystone/keystone/server/flask/request_processing/middleware/auth_context.py:478}}
Jul 28 09:10:31.044451 dv-neutron-851357-1-hyperv devstack@keystone.service[80492]: DEBUG keystone.server.flask.request_processing.req_logging [None req-5e255ca1-adef-448f-a10b-6f161fb501e3 None admin] REQUEST_METHOD: `GET` {{(pid=80492) log_request_info /opt/stack/keystone/keystone/server/flask/request_processing/req_logging.py:27}}
Jul 28 09:10:31.045277 dv-neutron-851357-1-hyperv devstack@keystone.service[80493]: DEBUG keystone.server.flask.request_processing.req_logging [None req-e398b171-eba3-4eb4-b929-e07e9daa772e None admin] REQUEST_METHOD: `GET` {{(pid=80493) log_request_info /opt/stack/keystone/keystone/server/flask/request_processing/req_logging.py:27}}
Jul 28 09:10:31.045785 dv-neutron-851357-1-hyperv devstack@keystone.service[80493]: DEBUG keystone.server.flask.request_processing.req_logging [None req-e398b171-eba3-4eb4-b929-e07e9daa772e None admin] SCRIPT_NAME: `/identity` {{(pid=80493) log_request_info /opt/stack/keystone/keystone/server/flask/request_processing/req_logging.py:28}}
Jul 28 09:10:31.046282 dv-neutron-851357-1-hyperv devstack@keystone.service[80492]: DEBUG keystone.server.flask.request_processing.req_logging [None req-5e255ca1-adef-448f-a10b-6f161fb501e3 None admin] SCRIPT_NAME: `/identity` {{(pid=80492) log_request_info /opt/stack/keystone/keystone/server/flask/request_processing/req_logging.py:28}}
Jul 28 09:10:31.046757 dv-neutron-851357-1-hyperv devstack@keystone.service[80492]: DEBUG keystone.server.flask.request_processing.req_logging [None req-5e255ca1-adef-448f-a10b-6f161fb501e3 None admin] PATH_INFO: `/v3/projects/246563f6b1a64237b8275c221a84e897` {{(pid=80492) log_request_info /opt/stack/keystone/keystone/server/flask/request_processing/req_logging.py:29}}
Jul 28 09:10:31.047225 dv-neutron-851357-1-hyperv devstack@keystone.service[80493]: DEBUG keystone.server.flask.request_processing.req_logging [None req-e398b171-eba3-4eb4-b929-e07e9daa772e None admin] PATH_INFO: `/v3/roles` {{(pid=80493) log_request_info /opt/stack/keystone/keystone/server/flask/request_processing/req_logging.py:29}}
Jul 28 09:10:31.048722 dv-neutron-851357-1-hyperv devstack@keystone.service[80493]: DEBUG keystone.common.rbac_enforcer.enforcer [None req-e398b171-eba3-4eb4-b929-e07e9daa772e None admin] RBAC: Adding query filter params (name=member) {{(pid=80493) _extract_filter_values /opt/stack/keystone/keystone/common/rbac_enforcer/enforcer.py:167}}
Jul 28 09:10:31.049602 dv-neutron-851357-1-hyperv devstack@keystone.service[80492]: DEBUG keystone.common.rbac_enforcer.enforcer [None req-5e255ca1-adef-448f-a10b-6f161fb501e3 None admin] RBAC: Authorizing `identity:get_project(project_id=246563f6b1a64237b8275c221a84e897)` {{(pid=80492) enforce_call /opt/stack/keystone/keystone/common/rbac_enforcer/enforcer.py:449}}
Jul 28 09:10:31.050152 dv-neutron-851357-1-hyperv devstack@keystone.service[80493]: DEBUG keystone.common.rbac_enforcer.enforcer [None req-e398b171-eba3-4eb4-b929-e07e9daa772e None admin] RBAC: Authorizing `identity:list_roles()` {{(pid=80493) enforce_call /opt/stack/keystone/keystone/common/rbac_enforcer/enforcer.py:449}}
Jul 28 09:10:31.051747 dv-neutron-851357-1-hyperv devstack@keystone.service[80493]: DEBUG keystone.common.rbac_enforcer.enforcer [None req-e398b171-eba3-4eb4-b929-e07e9daa772e None admin] RBAC: Authorization granted {{(pid=80493) enforce_call /opt/stack/keystone/keystone/common/rbac_enforcer/enforcer.py:457}}
Jul 28 09:10:31.053420 dv-neutron-851357-1-hyperv devstack@keystone.service[80492]: DEBUG keystone.common.rbac_enforcer.enforcer [None req-5e255ca1-adef-448f-a10b-6f161fb501e3 None admin] RBAC: Authorization granted {{(pid=80492) enforce_call /opt/stack/keystone/keystone/common/rbac_enforcer/enforcer.py:457}}
Jul 28 09:10:31.058749 dv-neutron-851357-1-hyperv devstack@keystone.service[80492]: [pid: 80492|app: 0|req: 147/288] 10.222.0.57 () {56 vars in 1186 bytes} [Thu Jul 28 09:10:30 2022] GET /identity/v3/projects/246563f6b1a64237b8275c221a84e897 => generated 302 bytes in 239 msecs (HTTP/1.1 200) 5 headers in 177 bytes (2 switches on core 0)
Jul 28 09:10:31.062890 dv-neutron-851357-1-hyperv devstack@keystone.service[80492]: DEBUG keystone.server.flask.request_processing.middleware.auth_context [None req-5e255ca1-adef-448f-a10b-6f161fb501e3 None admin] Authenticating user token {{(pid=80492) process_request /usr/local/lib/python3.8/dist-packages/keystonemiddleware/auth_token/__init__.py:407}}
Jul 28 09:10:31.076483 dv-neutron-851357-1-hyperv devstack@keystone.service[80493]: [pid: 80493|app: 0|req: 142/289] 10.222.0.57 () {56 vars in 1101 bytes} [Thu Jul 28 09:10:30 2022] GET /identity/v3/roles?name=member => generated 341 bytes in 314 msecs (HTTP/1.1 200) 5 headers in 177 bytes (2 switches on core 0)
Jul 28 09:10:31.082144 dv-neutron-851357-1-hyperv devstack@keystone.service[80493]: DEBUG keystone.server.flask.request_processing.middleware.auth_context [None req-e398b171-eba3-4eb4-b929-e07e9daa772e None admin] Authenticating user token {{(pid=80493) process_request /usr/local/lib/python3.8/dist-packages/keystonemiddleware/auth_token/__init__.py:407}}
Jul 28 09:10:31.108850 dv-neutron-851357-1-hyperv devstack@keystone.service[80492]: DEBUG dbcounter [-] [80492] Writing DB stats keystone:SELECT=100 {{(pid=80492) stat_writer /usr/local/lib/python3.8/dist-packages/dbcounter.py:114}}
Jul 28 09:10:31.276920 dv-neutron-851357-1-hyperv devstack@keystone.service[80492]: DEBUG keystone.server.flask.request_processing.middleware.auth_context [None req-5e255ca1-adef-448f-a10b-6f161fb501e3 None admin] Validating token access rules against request {{(pid=80492) validate_allowed_request /usr/local/lib/python3.8/dist-packages/keystonemiddleware/auth_token/__init__.py:545}}
Jul 28 09:10:31.300865 dv-neutron-851357-1-hyperv devstack@keystone.service[80493]: DEBUG keystone.server.flask.request_processing.middleware.auth_context [None req-e398b171-eba3-4eb4-b929-e07e9daa772e None admin] Validating token access rules against request {{(pid=80493) validate_allowed_request /usr/local/lib/python3.8/dist-packages/keystonemiddleware/auth_token/__init__.py:545}}
Jul 28 09:10:31.317809 dv-neutron-851357-1-hyperv devstack@keystone.service[80493]: DEBUG dbcounter [-] [80493] Writing DB stats keystone:SELECT=100 {{(pid=80493) stat_writer /usr/local/lib/python3.8/dist-packages/dbcounter.py:114}}
Jul 28 09:10:31.345818 dv-neutron-851357-1-hyperv devstack@keystone.service[80492]: DEBUG keystone.server.flask.request_processing.middleware.auth_context [None req-d1ed8a1d-b8a8-4e7a-8788-4aaf094669b7 None admin] RBAC: auth_context: {'token': , 'domain_id': None, 'trust_id': None, 'trustor_id': None, 'trustee_id': None, 'domain_name': None, 'group_ids': [], 'user_id': '0d9d23c1fd1a44a9b5cde209137ea912', 'user_domain_id': 'default', 'system_scope': 'all', 'project_id': None, 'project_domain_id': None, 'roles': ['admin', 'member', 'reader'], 'is_admin_project': True, 'service_user_id': None, 'service_user_domain_id': None, 'service_project_id': None, 'service_project_domain_id': None, 'service_roles': []} {{(pid=80492) fill_context /opt/stack/keystone/keystone/server/flask/request_processing/middleware/auth_context.py:478}}
Jul 28 09:10:31.346510 dv-neutron-851357-1-hyperv devstack@keystone.service[80492]: DEBUG keystone.server.flask.request_processing.req_logging [None req-d1ed8a1d-b8a8-4e7a-8788-4aaf094669b7 None admin] REQUEST_METHOD: `PUT` {{(pid=80492) log_request_info /opt/stack/keystone/keystone/server/flask/request_processing/req_logging.py:27}}
Jul 28 09:10:31.346794 dv-neutron-851357-1-hyperv devstack@keystone.service[80492]: DEBUG keystone.server.flask.request_processing.req_logging [None req-d1ed8a1d-b8a8-4e7a-8788-4aaf094669b7 None admin] SCRIPT_NAME: `/identity` {{(pid=80492) log_request_info /opt/stack/keystone/keystone/server/flask/request_processing/req_logging.py:28}}
Jul 28 09:10:31.347076 dv-neutron-851357-1-hyperv devstack@keystone.service[80492]: DEBUG keystone.server.flask.request_processing.req_logging [None req-d1ed8a1d-b8a8-4e7a-8788-4aaf094669b7 None admin] PATH_INFO: `/v3/projects/246563f6b1a64237b8275c221a84e897/users/f053140ff9f049079ddca03bf5ab3fe4/roles/8e34e48c5955459d9fdf6f75c7d0e4ca` {{(pid=80492) log_request_info /opt/stack/keystone/keystone/server/flask/request_processing/req_logging.py:29}}
Jul 28 09:10:31.353150 dv-neutron-851357-1-hyperv devstack@keystone.service[80492]: DEBUG keystone.common.rbac_enforcer.enforcer [None req-d1ed8a1d-b8a8-4e7a-8788-4aaf094669b7 None admin] RBAC: Authorizing `identity:create_grant(project_id=246563f6b1a64237b8275c221a84e897, user_id=f053140ff9f049079ddca03bf5ab3fe4, role_id=8e34e48c5955459d9fdf6f75c7d0e4ca)` {{(pid=80492) enforce_call /opt/stack/keystone/keystone/common/rbac_enforcer/enforcer.py:449}}
Jul 28 09:10:31.354714 dv-neutron-851357-1-hyperv devstack@keystone.service[80492]: DEBUG keystone.common.rbac_enforcer.enforcer [None req-d1ed8a1d-b8a8-4e7a-8788-4aaf094669b7 None admin] RBAC: Authorization granted {{(pid=80492) enforce_call /opt/stack/keystone/keystone/common/rbac_enforcer/enforcer.py:457}}
Jul 28 09:10:31.361427 dv-neutron-851357-1-hyperv devstack@keystone.service[80493]: DEBUG keystone.server.flask.request_processing.middleware.auth_context [None req-3825242d-ca9c-418a-8294-24d3abba1c17 None admin] RBAC: auth_context: {'token': , 'domain_id': None, 'trust_id': None, 'trustor_id': None, 'trustee_id': None, 'domain_name': None, 'group_ids': [], 'user_id': '0d9d23c1fd1a44a9b5cde209137ea912', 'user_domain_id': 'default', 'system_scope': 'all', 'project_id': None, 'project_domain_id': None, 'roles': ['admin', 'member', 'reader'], 'is_admin_project': True, 'service_user_id': None, 'service_user_domain_id': None, 'service_project_id': None, 'service_project_domain_id': None, 'service_roles': []} {{(pid=80493) fill_context /opt/stack/keystone/keystone/server/flask/request_processing/middleware/auth_context.py:478}}
Jul 28 09:10:31.362674 dv-neutron-851357-1-hyperv devstack@keystone.service[80493]: DEBUG keystone.server.flask.request_processing.req_logging [None req-3825242d-ca9c-418a-8294-24d3abba1c17 None admin] REQUEST_METHOD: `GET` {{(pid=80493) log_request_info /opt/stack/keystone/keystone/server/flask/request_processing/req_logging.py:27}}
Jul 28 09:10:31.362959 dv-neutron-851357-1-hyperv devstack@keystone.service[80493]: DEBUG keystone.server.flask.request_processing.req_logging [None req-3825242d-ca9c-418a-8294-24d3abba1c17 None admin] SCRIPT_NAME: `/identity` {{(pid=80493) log_request_info /opt/stack/keystone/keystone/server/flask/request_processing/req_logging.py:28}}
Jul 28 09:10:31.363237 dv-neutron-851357-1-hyperv devstack@keystone.service[80493]: DEBUG keystone.server.flask.request_processing.req_logging [None req-3825242d-ca9c-418a-8294-24d3abba1c17 None admin] PATH_INFO: `/v3/users/497112fb8e4345c19a2304ca7bd8b436` {{(pid=80493) log_request_info /opt/stack/keystone/keystone/server/flask/request_processing/req_logging.py:29}}
Jul 28 09:10:31.366172 dv-neutron-851357-1-hyperv devstack@keystone.service[80493]: DEBUG keystone.common.rbac_enforcer.enforcer [None req-3825242d-ca9c-418a-8294-24d3abba1c17 None admin] RBAC: Authorizing `identity:get_user(user_id=497112fb8e4345c19a2304ca7bd8b436)` {{(pid=80493) enforce_call /opt/stack/keystone/keystone/common/rbac_enforcer/enforcer.py:449}}
Jul 28 09:10:31.368229 dv-neutron-851357-1-hyperv devstack@keystone.service[80493]: DEBUG keystone.common.rbac_enforcer.enforcer [None req-3825242d-ca9c-418a-8294-24d3abba1c17 None admin] RBAC: Authorization granted {{(pid=80493) enforce_call /opt/stack/keystone/keystone/common/rbac_enforcer/enforcer.py:457}}
Jul 28 09:10:31.370345 dv-neutron-851357-1-hyperv devstack@keystone.service[80493]: [pid: 80493|app: 0|req: 143/290] 10.222.0.57 () {56 vars in 1177 bytes} [Thu Jul 28 09:10:31 2022] GET /identity/v3/users/497112fb8e4345c19a2304ca7bd8b436 => generated 297 bytes in 289 msecs (HTTP/1.1 200) 5 headers in 177 bytes (1 switches on core 0)
Jul 28 09:10:31.380283 dv-neutron-851357-1-hyperv devstack@keystone.service[80493]: DEBUG keystone.server.flask.request_processing.middleware.auth_context [None req-3825242d-ca9c-418a-8294-24d3abba1c17 None admin] Authenticating user token {{(pid=80493) process_request /usr/local/lib/python3.8/dist-packages/keystonemiddleware/auth_token/__init__.py:407}}
Jul 28 09:10:31.386310 dv-neutron-851357-1-hyperv devstack@keystone.service[80492]: [pid: 80492|app: 0|req: 148/291] 10.222.0.57 () {58 vars in 1439 bytes} [Thu Jul 28 09:10:31 2022] PUT /identity/v3/projects/246563f6b1a64237b8275c221a84e897/users/f053140ff9f049079ddca03bf5ab3fe4/roles/8e34e48c5955459d9fdf6f75c7d0e4ca => generated 0 bytes in 324 msecs (HTTP/1.1 204) 3 headers in 132 bytes (0 switches on core 0)
Jul 28 09:10:31.544021 dv-neutron-851357-1-hyperv devstack@keystone.service[80493]: DEBUG keystone.server.flask.request_processing.middleware.auth_context [None req-3825242d-ca9c-418a-8294-24d3abba1c17 None admin] Validating token access rules against request {{(pid=80493) validate_allowed_request /usr/local/lib/python3.8/dist-packages/keystonemiddleware/auth_token/__init__.py:545}}
Jul 28 09:10:31.583100 dv-neutron-851357-1-hyperv devstack@keystone.service[80493]: DEBUG keystone.server.flask.request_processing.middleware.auth_context [None req-fcc81770-f6d9-49cc-8ab2-4636dd8f0052 None admin] RBAC: auth_context: {'token': , 'domain_id': None, 'trust_id': None, 'trustor_id': None, 'trustee_id': None, 'domain_name': None, 'group_ids': [], 'user_id': '0d9d23c1fd1a44a9b5cde209137ea912', 'user_domain_id': 'default', 'system_scope': 'all', 'project_id': None, 'project_domain_id': None, 'roles': ['admin', 'member', 'reader'], 'is_admin_project': True, 'service_user_id': None, 'service_user_domain_id': None, 'service_project_id': None, 'service_project_domain_id': None, 'service_roles': []} {{(pid=80493) fill_context /opt/stack/keystone/keystone/server/flask/request_processing/middleware/auth_context.py:478}}
Jul 28 09:10:31.583666 dv-neutron-851357-1-hyperv devstack@keystone.service[80493]: DEBUG keystone.server.flask.request_processing.req_logging [None req-fcc81770-f6d9-49cc-8ab2-4636dd8f0052 None admin] REQUEST_METHOD: `GET` {{(pid=80493) log_request_info /opt/stack/keystone/keystone/server/flask/request_processing/req_logging.py:27}}
Jul 28 09:10:31.583951 dv-neutron-851357-1-hyperv devstack@keystone.service[80493]: DEBUG keystone.server.flask.request_processing.req_logging [None req-fcc81770-f6d9-49cc-8ab2-4636dd8f0052 None admin] SCRIPT_NAME: `/identity` {{(pid=80493) log_request_info /opt/stack/keystone/keystone/server/flask/request_processing/req_logging.py:28}}
Jul 28 09:10:31.584229 dv-neutron-851357-1-hyperv devstack@keystone.service[80493]: DEBUG keystone.server.flask.request_processing.req_logging [None req-fcc81770-f6d9-49cc-8ab2-4636dd8f0052 None admin] PATH_INFO: `/v3/auth/tokens` {{(pid=80493) log_request_info /opt/stack/keystone/keystone/server/flask/request_processing/req_logging.py:29}}
Jul 28 09:10:31.658718 dv-neutron-851357-1-hyperv devstack@keystone.service[80493]: DEBUG dbcounter [-] [80493] Writing DB stats keystone:SELECT=100 {{(pid=80493) stat_writer /usr/local/lib/python3.8/dist-packages/dbcounter.py:114}}
Jul 28 09:10:31.684002 dv-neutron-851357-1-hyperv devstack@keystone.service[80493]: DEBUG keystone.common.rbac_enforcer.enforcer [None req-fcc81770-f6d9-49cc-8ab2-4636dd8f0052 None admin] RBAC: Authorizing `identity:validate_token()` {{(pid=80493) enforce_call /opt/stack/keystone/keystone/common/rbac_enforcer/enforcer.py:449}}
Jul 28 09:10:31.685539 dv-neutron-851357-1-hyperv devstack@keystone.service[80493]: DEBUG keystone.common.rbac_enforcer.enforcer [None req-fcc81770-f6d9-49cc-8ab2-4636dd8f0052 None admin] RBAC: Authorization granted {{(pid=80493) enforce_call /opt/stack/keystone/keystone/common/rbac_enforcer/enforcer.py:457}}
Jul 28 09:10:31.809447 dv-neutron-851357-1-hyperv devstack@keystone.service[80493]: [pid: 80493|app: 0|req: 144/292] 10.222.0.57 () {58 vars in 1282 bytes} [Thu Jul 28 09:10:31 2022] GET /identity/v3/auth/tokens => generated 799 bytes in 433 msecs (HTTP/1.1 200) 6 headers in 358 bytes (1 switches on core 0)
Jul 28 09:10:31.814726 dv-neutron-851357-1-hyperv devstack@keystone.service[80492]: DEBUG keystone.server.flask.request_processing.middleware.auth_context [None req-d1ed8a1d-b8a8-4e7a-8788-4aaf094669b7 None admin] Authenticating user token {{(pid=80492) process_request /usr/local/lib/python3.8/dist-packages/keystonemiddleware/auth_token/__init__.py:407}}
Jul 28 09:10:31.944844 dv-neutron-851357-1-hyperv devstack@keystone.service[80492]: DEBUG dbcounter [-] [80492] Writing DB stats keystone:SELECT=99,keystone:INSERT=1 {{(pid=80492) stat_writer /usr/local/lib/python3.8/dist-packages/dbcounter.py:114}}
Jul 28 09:10:31.968013 dv-neutron-851357-1-hyperv devstack@keystone.service[80492]: DEBUG keystone.server.flask.request_processing.middleware.auth_context [None req-d1ed8a1d-b8a8-4e7a-8788-4aaf094669b7 None admin] Validating token access rules against request {{(pid=80492) validate_allowed_request /usr/local/lib/python3.8/dist-packages/keystonemiddleware/auth_token/__init__.py:545}}
Jul 28 09:10:32.024114 dv-neutron-851357-1-hyperv devstack@keystone.service[80492]: DEBUG keystone.server.flask.request_processing.middleware.auth_context [None req-1fab9d3c-8375-4944-8426-f6dc71f6c47f None admin] RBAC: auth_context: {'token': , 'domain_id': None, 'trust_id': None, 'trustor_id': None, 'trustee_id': None, 'domain_name': None, 'group_ids': [], 'user_id': '0d9d23c1fd1a44a9b5cde209137ea912', 'user_domain_id': 'default', 'system_scope': 'all', 'project_id': None, 'project_domain_id': None, 'roles': ['admin', 'member', 'reader'], 'is_admin_project': True, 'service_user_id': None, 'service_user_domain_id': None, 'service_project_id': None, 'service_project_domain_id': None, 'service_roles': []} {{(pid=80492) fill_context /opt/stack/keystone/keystone/server/flask/request_processing/middleware/auth_context.py:478}}
Jul 28 09:10:32.026997 dv-neutron-851357-1-hyperv devstack@keystone.service[80492]: DEBUG keystone.server.flask.request_processing.req_logging [None req-1fab9d3c-8375-4944-8426-f6dc71f6c47f None admin] REQUEST_METHOD: `GET` {{(pid=80492) log_request_info /opt/stack/keystone/keystone/server/flask/request_processing/req_logging.py:27}}
Jul 28 09:10:32.026997 dv-neutron-851357-1-hyperv devstack@keystone.service[80492]: DEBUG keystone.server.flask.request_processing.req_logging [None req-1fab9d3c-8375-4944-8426-f6dc71f6c47f None admin] SCRIPT_NAME: `/identity` {{(pid=80492) log_request_info /opt/stack/keystone/keystone/server/flask/request_processing/req_logging.py:28}}
Jul 28 09:10:32.026997 dv-neutron-851357-1-hyperv devstack@keystone.service[80492]: DEBUG keystone.server.flask.request_processing.req_logging [None req-1fab9d3c-8375-4944-8426-f6dc71f6c47f None admin] PATH_INFO: `/v3/projects/246563f6b1a64237b8275c221a84e897` {{(pid=80492) log_request_info /opt/stack/keystone/keystone/server/flask/request_processing/req_logging.py:29}}
