Aug 01 09:06:26.771921 dv-neutron-850226-7-hyperv devstack@keystone.service[80489]: DEBUG keystone.server.flask.request_processing.req_logging [None req-c3d08de0-cbf8-46eb-b673-47d166d2bac7 None admin] REQUEST_METHOD: `GET` {{(pid=80489) log_request_info /opt/stack/keystone/keystone/server/flask/request_processing/req_logging.py:27}}
Aug 01 09:06:26.772408 dv-neutron-850226-7-hyperv devstack@keystone.service[80489]: DEBUG keystone.server.flask.request_processing.req_logging [None req-c3d08de0-cbf8-46eb-b673-47d166d2bac7 None admin] SCRIPT_NAME: `/identity` {{(pid=80489) log_request_info /opt/stack/keystone/keystone/server/flask/request_processing/req_logging.py:28}}
Aug 01 09:06:26.772624 dv-neutron-850226-7-hyperv devstack@keystone.service[80488]: [pid: 80488|app: 0|req: 111/222] 10.222.0.40 () {54 vars in 926 bytes} [Mon Aug 1 09:06:26 2022] GET /identity => generated 270 bytes in 3 msecs (HTTP/1.1 300) 6 headers in 234 bytes (1 switches on core 0)
Aug 01 09:06:26.773024 dv-neutron-850226-7-hyperv devstack@keystone.service[80489]: DEBUG keystone.server.flask.request_processing.req_logging [None req-c3d08de0-cbf8-46eb-b673-47d166d2bac7 None admin] PATH_INFO: `/v3/projects/dd41271dcd024633b3cdb71f1d030f8d` {{(pid=80489) log_request_info /opt/stack/keystone/keystone/server/flask/request_processing/req_logging.py:29}}
Aug 01 09:06:26.774604 dv-neutron-850226-7-hyperv devstack@keystone.service[80489]: DEBUG keystone.common.rbac_enforcer.enforcer [None req-c3d08de0-cbf8-46eb-b673-47d166d2bac7 None admin] RBAC: Authorizing `identity:get_project(project_id=dd41271dcd024633b3cdb71f1d030f8d)` {{(pid=80489) enforce_call /opt/stack/keystone/keystone/common/rbac_enforcer/enforcer.py:449}}
Aug 01 09:06:26.776305 dv-neutron-850226-7-hyperv devstack@keystone.service[80489]: DEBUG keystone.common.rbac_enforcer.enforcer [None req-c3d08de0-cbf8-46eb-b673-47d166d2bac7 None admin] RBAC: Authorization granted {{(pid=80489) enforce_call /opt/stack/keystone/keystone/common/rbac_enforcer/enforcer.py:457}}
Aug 01 09:06:26.777985 dv-neutron-850226-7-hyperv devstack@keystone.service[80488]: DEBUG keystone.server.flask.request_processing.middleware.auth_context [None req-c858925f-23b6-49e9-ab79-f02441c427b7 None None] Authenticating user token {{(pid=80488) process_request /usr/local/lib/python3.8/dist-packages/keystonemiddleware/auth_token/__init__.py:407}}
Aug 01 09:06:26.778783 dv-neutron-850226-7-hyperv devstack@keystone.service[80489]: [pid: 80489|app: 0|req: 112/223] 10.222.0.40 () {56 vars in 1186 bytes} [Mon Aug 1 09:06:26 2022] GET /identity/v3/projects/dd41271dcd024633b3cdb71f1d030f8d => generated 302 bytes in 261 msecs (HTTP/1.1 200) 5 headers in 177 bytes (1 switches on core 0)
Aug 01 09:06:26.780239 dv-neutron-850226-7-hyperv devstack@keystone.service[80489]: DEBUG keystone.server.flask.request_processing.req_logging [None req-c2e6aab2-cfc2-43af-a7bd-84d08ed723c8 None None] REQUEST_METHOD: `POST` {{(pid=80489) log_request_info /opt/stack/keystone/keystone/server/flask/request_processing/req_logging.py:27}}
Aug 01 09:06:26.780790 dv-neutron-850226-7-hyperv devstack@keystone.service[80489]: DEBUG keystone.server.flask.request_processing.req_logging [None req-c2e6aab2-cfc2-43af-a7bd-84d08ed723c8 None None] SCRIPT_NAME: `/identity` {{(pid=80489) log_request_info /opt/stack/keystone/keystone/server/flask/request_processing/req_logging.py:28}}
Aug 01 09:06:26.781361 dv-neutron-850226-7-hyperv devstack@keystone.service[80489]: DEBUG keystone.server.flask.request_processing.req_logging [None req-c2e6aab2-cfc2-43af-a7bd-84d08ed723c8 None None] PATH_INFO: `/v3/auth/tokens` {{(pid=80489) log_request_info /opt/stack/keystone/keystone/server/flask/request_processing/req_logging.py:29}}
Aug 01 09:06:26.807123 dv-neutron-850226-7-hyperv devstack@keystone.service[80489]: DEBUG keystone.auth.core [None req-c2e6aab2-cfc2-43af-a7bd-84d08ed723c8 None None] MFA Rules not processed for user `bd14b02b966344b997c9e02311e6372c`. Rule list: `[]` (Enabled: `True`). {{(pid=80489) check_auth_methods_against_rules /opt/stack/keystone/keystone/auth/core.py:438}}
Aug 01 09:06:26.808935 dv-neutron-850226-7-hyperv devstack@keystone.service[80489]: DEBUG keystone.common.fernet_utils [None req-c2e6aab2-cfc2-43af-a7bd-84d08ed723c8 None None] Loaded 2 Fernet keys from /etc/keystone/fernet-keys/, but `[fernet_tokens] max_active_keys = 3`; perhaps there have not been enough key rotations to reach `max_active_keys` yet? {{(pid=80489) load_keys /opt/stack/keystone/keystone/common/fernet_utils.py:286}}
Aug 01 09:06:26.838560 dv-neutron-850226-7-hyperv devstack@keystone.service[80488]: DEBUG dbcounter [-] [80488] Writing DB stats keystone:SELECT=100 {{(pid=80488) stat_writer /usr/local/lib/python3.8/dist-packages/dbcounter.py:114}}
Aug 01 09:06:26.890027 dv-neutron-850226-7-hyperv devstack@keystone.service[80489]: [pid: 80489|app: 0|req: 113/224] 10.222.0.40 () {58 vars in 1023 bytes} [Mon Aug 1 09:06:26 2022] POST /identity/v3/auth/tokens => generated 799 bytes in 110 msecs (HTTP/1.1 201) 6 headers in 363 bytes (1 switches on core 0)
Aug 01 09:06:26.891158 dv-neutron-850226-7-hyperv devstack@keystone.service[80489]: DEBUG keystone.server.flask.request_processing.middleware.auth_context [None req-c2e6aab2-cfc2-43af-a7bd-84d08ed723c8 None None] Authenticating user token {{(pid=80489) process_request /usr/local/lib/python3.8/dist-packages/keystonemiddleware/auth_token/__init__.py:407}}
Aug 01 09:06:26.898786 dv-neutron-850226-7-hyperv devstack@keystone.service[80488]: DEBUG keystone.server.flask.request_processing.middleware.auth_context [None req-c858925f-23b6-49e9-ab79-f02441c427b7 None None] Validating token access rules against request {{(pid=80488) validate_allowed_request /usr/local/lib/python3.8/dist-packages/keystonemiddleware/auth_token/__init__.py:545}}
Aug 01 09:06:26.935800 dv-neutron-850226-7-hyperv devstack@keystone.service[80488]: DEBUG keystone.server.flask.request_processing.middleware.auth_context [None req-351c46ee-f9b9-4f43-9c87-e467c43f85a9 None admin] RBAC: auth_context: {'token': , 'domain_id': None, 'trust_id': None, 'trustor_id': None, 'trustee_id': None, 'domain_name': None, 'group_ids': [], 'user_id': 'bd14b02b966344b997c9e02311e6372c', 'user_domain_id': 'default', 'system_scope': 'all', 'project_id': None, 'project_domain_id': None, 'roles': ['admin', 'member', 'reader'], 'is_admin_project': True, 'service_user_id': None, 'service_user_domain_id': None, 'service_project_id': None, 'service_project_domain_id': None, 'service_roles': []} {{(pid=80488) fill_context /opt/stack/keystone/keystone/server/flask/request_processing/middleware/auth_context.py:478}}
Aug 01 09:06:26.936516 dv-neutron-850226-7-hyperv devstack@keystone.service[80488]: DEBUG keystone.server.flask.request_processing.req_logging [None req-351c46ee-f9b9-4f43-9c87-e467c43f85a9 None admin] REQUEST_METHOD: `GET` {{(pid=80488) log_request_info /opt/stack/keystone/keystone/server/flask/request_processing/req_logging.py:27}}
Aug 01 09:06:26.936900 dv-neutron-850226-7-hyperv devstack@keystone.service[80488]: DEBUG keystone.server.flask.request_processing.req_logging [None req-351c46ee-f9b9-4f43-9c87-e467c43f85a9 None admin] SCRIPT_NAME: `/identity` {{(pid=80488) log_request_info /opt/stack/keystone/keystone/server/flask/request_processing/req_logging.py:28}}
Aug 01 09:06:26.937208 dv-neutron-850226-7-hyperv devstack@keystone.service[80488]: DEBUG keystone.server.flask.request_processing.req_logging [None req-351c46ee-f9b9-4f43-9c87-e467c43f85a9 None admin] PATH_INFO: `/v3/roles` {{(pid=80488) log_request_info /opt/stack/keystone/keystone/server/flask/request_processing/req_logging.py:29}}
Aug 01 09:06:26.937997 dv-neutron-850226-7-hyperv devstack@keystone.service[80488]: DEBUG keystone.common.rbac_enforcer.enforcer [None req-351c46ee-f9b9-4f43-9c87-e467c43f85a9 None admin] RBAC: Adding query filter params (name=admin) {{(pid=80488) _extract_filter_values /opt/stack/keystone/keystone/common/rbac_enforcer/enforcer.py:167}}
Aug 01 09:06:26.938311 dv-neutron-850226-7-hyperv devstack@keystone.service[80488]: DEBUG keystone.common.rbac_enforcer.enforcer [None req-351c46ee-f9b9-4f43-9c87-e467c43f85a9 None admin] RBAC: Authorizing `identity:list_roles()` {{(pid=80488) enforce_call /opt/stack/keystone/keystone/common/rbac_enforcer/enforcer.py:449}}
Aug 01 09:06:26.939689 dv-neutron-850226-7-hyperv devstack@keystone.service[80489]: DEBUG dbcounter [-] [80489] Writing DB stats keystone:SELECT=100 {{(pid=80489) stat_writer /usr/local/lib/python3.8/dist-packages/dbcounter.py:114}}
Aug 01 09:06:26.941087 dv-neutron-850226-7-hyperv devstack@keystone.service[80488]: DEBUG keystone.common.rbac_enforcer.enforcer [None req-351c46ee-f9b9-4f43-9c87-e467c43f85a9 None admin] RBAC: Authorization granted {{(pid=80488) enforce_call /opt/stack/keystone/keystone/common/rbac_enforcer/enforcer.py:457}}
Aug 01 09:06:26.951834 dv-neutron-850226-7-hyperv devstack@keystone.service[80488]: [pid: 80488|app: 0|req: 112/225] 10.222.0.40 () {56 vars in 1099 bytes} [Mon Aug 1 09:06:26 2022] GET /identity/v3/roles?name=admin => generated 339 bytes in 174 msecs (HTTP/1.1 200) 5 headers in 177 bytes (1 switches on core 0)
Aug 01 09:06:26.952791 dv-neutron-850226-7-hyperv devstack@keystone.service[80488]: DEBUG keystone.server.flask.request_processing.middleware.auth_context [None req-351c46ee-f9b9-4f43-9c87-e467c43f85a9 None admin] Authenticating user token {{(pid=80488) process_request /usr/local/lib/python3.8/dist-packages/keystonemiddleware/auth_token/__init__.py:407}}
Aug 01 09:06:27.016108 dv-neutron-850226-7-hyperv devstack@keystone.service[80489]: DEBUG keystone.server.flask.request_processing.middleware.auth_context [None req-c2e6aab2-cfc2-43af-a7bd-84d08ed723c8 None None] Validating token access rules against request {{(pid=80489) validate_allowed_request /usr/local/lib/python3.8/dist-packages/keystonemiddleware/auth_token/__init__.py:545}}
Aug 01 09:06:27.059305 dv-neutron-850226-7-hyperv devstack@keystone.service[80489]: DEBUG keystone.server.flask.request_processing.middleware.auth_context [None req-5443ae4c-fb2c-4730-9717-d44efb70b599 None admin] RBAC: auth_context: {'token': , 'domain_id': None, 'trust_id': None, 'trustor_id': None, 'trustee_id': None, 'domain_name': None, 'group_ids': [], 'user_id': 'bd14b02b966344b997c9e02311e6372c', 'user_domain_id': 'default', 'system_scope': 'all', 'project_id': None, 'project_domain_id': None, 'roles': ['admin', 'member', 'reader'], 'is_admin_project': True, 'service_user_id': None, 'service_user_domain_id': None, 'service_project_id': None, 'service_project_domain_id': None, 'service_roles': []} {{(pid=80489) fill_context /opt/stack/keystone/keystone/server/flask/request_processing/middleware/auth_context.py:478}}
Aug 01 09:06:27.060088 dv-neutron-850226-7-hyperv devstack@keystone.service[80489]: DEBUG keystone.server.flask.request_processing.req_logging [None req-5443ae4c-fb2c-4730-9717-d44efb70b599 None admin] REQUEST_METHOD: `GET` {{(pid=80489) log_request_info /opt/stack/keystone/keystone/server/flask/request_processing/req_logging.py:27}}
Aug 01 09:06:27.060468 dv-neutron-850226-7-hyperv devstack@keystone.service[80489]: DEBUG keystone.server.flask.request_processing.req_logging [None req-5443ae4c-fb2c-4730-9717-d44efb70b599 None admin] SCRIPT_NAME: `/identity` {{(pid=80489) log_request_info /opt/stack/keystone/keystone/server/flask/request_processing/req_logging.py:28}}
Aug 01 09:06:27.060832 dv-neutron-850226-7-hyperv devstack@keystone.service[80489]: DEBUG keystone.server.flask.request_processing.req_logging [None req-5443ae4c-fb2c-4730-9717-d44efb70b599 None admin] PATH_INFO: `/v3/role_assignments` {{(pid=80489) log_request_info /opt/stack/keystone/keystone/server/flask/request_processing/req_logging.py:29}}
Aug 01 09:06:27.061792 dv-neutron-850226-7-hyperv devstack@keystone.service[80489]: DEBUG keystone.common.rbac_enforcer.enforcer [None req-5443ae4c-fb2c-4730-9717-d44efb70b599 None admin] RBAC: Adding query filter params (role.id=e3646f8b66b34c4cb201171e568350b1, scope.project.id=dd41271dcd024633b3cdb71f1d030f8d, user.id=ad8ef05dd16945778fcff88d405d253d) {{(pid=80489) _extract_filter_values /opt/stack/keystone/keystone/common/rbac_enforcer/enforcer.py:167}}
Aug 01 09:06:27.062211 dv-neutron-850226-7-hyperv devstack@keystone.service[80489]: DEBUG keystone.common.rbac_enforcer.enforcer [None req-5443ae4c-fb2c-4730-9717-d44efb70b599 None admin] RBAC: Authorizing `identity:list_role_assignments()` {{(pid=80489) enforce_call /opt/stack/keystone/keystone/common/rbac_enforcer/enforcer.py:449}}
Aug 01 09:06:27.063758 dv-neutron-850226-7-hyperv devstack@keystone.service[80489]: DEBUG keystone.common.rbac_enforcer.enforcer [None req-5443ae4c-fb2c-4730-9717-d44efb70b599 None admin] RBAC: Authorization granted {{(pid=80489) enforce_call /opt/stack/keystone/keystone/common/rbac_enforcer/enforcer.py:457}}
Aug 01 09:06:27.064817 dv-neutron-850226-7-hyperv devstack@keystone.service[80488]: DEBUG keystone.server.flask.request_processing.middleware.auth_context [None req-351c46ee-f9b9-4f43-9c87-e467c43f85a9 None admin] Validating token access rules against request {{(pid=80488) validate_allowed_request /usr/local/lib/python3.8/dist-packages/keystonemiddleware/auth_token/__init__.py:545}}
Aug 01 09:06:27.070547 dv-neutron-850226-7-hyperv devstack@keystone.service[80489]: [pid: 80489|app: 0|req: 114/226] 10.222.0.40 () {56 vars in 1374 bytes} [Mon Aug 1 09:06:26 2022] GET /identity/v3/role_assignments?user.id=ad8ef05dd16945778fcff88d405d253d&scope.project.id=dd41271dcd024633b3cdb71f1d030f8d&role.id=e3646f8b66b34c4cb201171e568350b1 => generated 259 bytes in 180 msecs (HTTP/1.1 200) 5 headers in 177 bytes (1 switches on core 0)
Aug 01 09:06:27.071560 dv-neutron-850226-7-hyperv devstack@keystone.service[80489]: DEBUG keystone.server.flask.request_processing.middleware.auth_context [None req-5443ae4c-fb2c-4730-9717-d44efb70b599 None admin] Authenticating user token {{(pid=80489) process_request /usr/local/lib/python3.8/dist-packages/keystonemiddleware/auth_token/__init__.py:407}}
Aug 01 09:06:27.097867 dv-neutron-850226-7-hyperv devstack@keystone.service[80488]: DEBUG dbcounter [-] [80488] Writing DB stats keystone:SELECT=100 {{(pid=80488) stat_writer /usr/local/lib/python3.8/dist-packages/dbcounter.py:114}}
Aug 01 09:06:27.113626 dv-neutron-850226-7-hyperv devstack@keystone.service[80488]: DEBUG keystone.server.flask.request_processing.middleware.auth_context [None req-2b1e4edb-3f83-45d1-8e88-b35dc9803049 None admin] RBAC: auth_context: {'token': , 'domain_id': None, 'trust_id': None, 'trustor_id': None, 'trustee_id': None, 'domain_name': None, 'group_ids': [], 'user_id': 'bd14b02b966344b997c9e02311e6372c', 'user_domain_id': 'default', 'system_scope': 'all', 'project_id': None, 'project_domain_id': None, 'roles': ['admin', 'member', 'reader'], 'is_admin_project': True, 'service_user_id': None, 'service_user_domain_id': None, 'service_project_id': None, 'service_project_domain_id': None, 'service_roles': []} {{(pid=80488) fill_context /opt/stack/keystone/keystone/server/flask/request_processing/middleware/auth_context.py:478}}
Aug 01 09:06:27.114645 dv-neutron-850226-7-hyperv devstack@keystone.service[80488]: DEBUG keystone.server.flask.request_processing.req_logging [None req-2b1e4edb-3f83-45d1-8e88-b35dc9803049 None admin] REQUEST_METHOD: `GET` {{(pid=80488) log_request_info /opt/stack/keystone/keystone/server/flask/request_processing/req_logging.py:27}}
Aug 01 09:06:27.114926 dv-neutron-850226-7-hyperv devstack@keystone.service[80488]: DEBUG keystone.server.flask.request_processing.req_logging [None req-2b1e4edb-3f83-45d1-8e88-b35dc9803049 None admin] SCRIPT_NAME: `/identity` {{(pid=80488) log_request_info /opt/stack/keystone/keystone/server/flask/request_processing/req_logging.py:28}}
Aug 01 09:06:27.115202 dv-neutron-850226-7-hyperv devstack@keystone.service[80488]: DEBUG keystone.server.flask.request_processing.req_logging [None req-2b1e4edb-3f83-45d1-8e88-b35dc9803049 None admin] PATH_INFO: `/v3/roles/anotherrole` {{(pid=80488) log_request_info /opt/stack/keystone/keystone/server/flask/request_processing/req_logging.py:29}}
Aug 01 09:06:27.141762 dv-neutron-850226-7-hyperv devstack@keystone.service[80488]: DEBUG keystone.common.rbac_enforcer.enforcer [None req-2b1e4edb-3f83-45d1-8e88-b35dc9803049 None admin] Extracting inferred target data resulted in "NOT FOUND (404)". {{(pid=80488) enforce_call /opt/stack/keystone/keystone/common/rbac_enforcer/enforcer.py:409}}
Aug 01 09:06:27.150727 dv-neutron-850226-7-hyperv devstack@keystone.service[80488]: ERROR keystone.server.flask.application [None req-2b1e4edb-3f83-45d1-8e88-b35dc9803049 None admin] Could not find role: anotherrole.: keystone.exception.RoleNotFound: Could not find role: anotherrole.
Aug 01 09:06:27.150727 dv-neutron-850226-7-hyperv devstack@keystone.service[80488]: ERROR keystone.server.flask.application
Traceback (most recent call last):
Aug 01 09:06:27.150727 dv-neutron-850226-7-hyperv devstack@keystone.service[80488]: ERROR keystone.server.flask.application
File "/usr/local/lib/python3.8/dist-packages/flask/app.py", line 1517, in full_dispatch_request
Aug 01 09:06:27.150727 dv-neutron-850226-7-hyperv devstack@keystone.service[80488]: ERROR keystone.server.flask.application rv = self.dispatch_request()
Aug 01 09:06:27.150727 dv-neutron-850226-7-hyperv devstack@keystone.service[80488]: ERROR keystone.server.flask.application
File "/usr/local/lib/python3.8/dist-packages/flask/app.py", line 1503, in dispatch_request
Aug 01 09:06:27.150727 dv-neutron-850226-7-hyperv devstack@keystone.service[80488]: ERROR keystone.server.flask.application return self.ensure_sync(self.view_functions[rule.endpoint])(**req.view_args)
Aug 01 09:06:27.150727 dv-neutron-850226-7-hyperv devstack@keystone.service[80488]: ERROR keystone.server.flask.application
File "/usr/local/lib/python3.8/dist-packages/flask_restful/__init__.py", line 467, in wrapper
Aug 01 09:06:27.150727 dv-neutron-850226-7-hyperv devstack@keystone.service[80488]: ERROR keystone.server.flask.application resp = resource(*args, **kwargs)
Aug 01 09:06:27.150727 dv-neutron-850226-7-hyperv devstack@keystone.service[80488]: ERROR keystone.server.flask.application
File "/usr/local/lib/python3.8/dist-packages/flask/views.py", line 84, in view
Aug 01 09:06:27.150727 dv-neutron-850226-7-hyperv devstack@keystone.service[80488]: ERROR keystone.server.flask.application return current_app.ensure_sync(self.dispatch_request)(*args, **kwargs)
Aug 01 09:06:27.150727 dv-neutron-850226-7-hyperv devstack@keystone.service[80488]: ERROR keystone.server.flask.application
File "/usr/local/lib/python3.8/dist-packages/flask_restful/__init__.py", line 582, in dispatch_request
Aug 01 09:06:27.150727 dv-neutron-850226-7-hyperv devstack@keystone.service[80488]: ERROR keystone.server.flask.application resp = meth(*args, **kwargs)
Aug 01 09:06:27.150727 dv-neutron-850226-7-hyperv devstack@keystone.service[80488]: ERROR keystone.server.flask.application
File "/opt/stack/keystone/keystone/api/roles.py", line 50, in get
Aug 01 09:06:27.150727 dv-neutron-850226-7-hyperv devstack@keystone.service[80488]: ERROR keystone.server.flask.application return self._get_role(role_id)
Aug 01 09:06:27.150727 dv-neutron-850226-7-hyperv devstack@keystone.service[80488]: ERROR keystone.server.flask.application
File "/opt/stack/keystone/keystone/api/roles.py", line 70, in _get_role
Aug 01 09:06:27.150727 dv-neutron-850226-7-hyperv devstack@keystone.service[80488]: ERROR keystone.server.flask.application ENFORCER.enforce_call(action='identity:get_role')
Aug 01 09:06:27.151675 dv-neutron-850226-7-hyperv devstack@keystone.service[80488]: ERROR keystone.server.flask.application
File "/opt/stack/keystone/keystone/common/rbac_enforcer/enforcer.py", line 402, in enforce_call
Aug 01 09:06:27.151675 dv-neutron-850226-7-hyperv devstack@keystone.service[80488]: ERROR keystone.server.flask.application policy_dict.update(cls._extract_member_target_data(
Aug 01 09:06:27.151675 dv-neutron-850226-7-hyperv devstack@keystone.service[80488]: ERROR keystone.server.flask.application
File "/opt/stack/keystone/keystone/common/rbac_enforcer/enforcer.py", line 234, in _extract_member_target_data
Aug 01 09:06:27.151675 dv-neutron-850226-7-hyperv devstack@keystone.service[80488]: ERROR keystone.server.flask.application member_name: func(flask.request.view_args[key])
Aug 01 09:06:27.151675 dv-neutron-850226-7-hyperv devstack@keystone.service[80488]: ERROR keystone.server.flask.application
File "/opt/stack/keystone/keystone/common/manager.py", line 115, in wrapped
Aug 01 09:06:27.151675 dv-neutron-850226-7-hyperv devstack@keystone.service[80488]: ERROR keystone.server.flask.application __ret_val = __f(*args, **kwargs)
Aug 01 09:06:27.151675 dv-neutron-850226-7-hyperv devstack@keystone.service[80488]: ERROR keystone.server.flask.application
File "/usr/local/lib/python3.8/dist-packages/decorator.py", line 232, in fun
Aug 01 09:06:27.151675 dv-neutron-850226-7-hyperv devstack@keystone.service[80488]: ERROR keystone.server.flask.application return caller(func, *(extras + args), **kw)
Aug 01 09:06:27.151675 dv-neutron-850226-7-hyperv devstack@keystone.service[80488]: ERROR keystone.server.flask.application
File "/usr/local/lib/python3.8/dist-packages/dogpile/cache/region.py", line 1577, in get_or_create_for_user_func
Aug 01 09:06:27.151675 dv-neutron-850226-7-hyperv devstack@keystone.service[80488]: ERROR keystone.server.flask.application return self.get_or_create(
Aug 01 09:06:27.151675 dv-neutron-850226-7-hyperv devstack@keystone.service[80488]: ERROR keystone.server.flask.application
File "/usr/local/lib/python3.8/dist-packages/dogpile/cache/region.py", line 1042, in get_or_create
Aug 01 09:06:27.151675 dv-neutron-850226-7-hyperv devstack@keystone.service[80488]: ERROR keystone.server.flask.application with Lock(
Aug 01 09:06:27.151675 dv-neutron-850226-7-hyperv devstack@keystone.service[80488]: ERROR keystone.server.flask.application
File "/usr/local/lib/python3.8/dist-packages/dogpile/lock.py", line 185, in __enter__
Aug 01 09:06:27.151675 dv-neutron-850226-7-hyperv devstack@keystone.service[80488]: ERROR keystone.server.flask.application return self._enter()
Aug 01 09:06:27.151675 dv-neutron-850226-7-hyperv devstack@keystone.service[80488]: ERROR keystone.server.flask.application
File "/usr/local/lib/python3.8/dist-packages/dogpile/lock.py", line 94, in _enter
Aug 01 09:06:27.151675 dv-neutron-850226-7-hyperv devstack@keystone.service[80488]: ERROR keystone.server.flask.application generated = self._enter_create(value, createdtime)
Aug 01 09:06:27.152442 dv-neutron-850226-7-hyperv devstack@keystone.service[80488]: ERROR keystone.server.flask.application
File "/usr/local/lib/python3.8/dist-packages/dogpile/lock.py", line 178, in _enter_create
Aug 01 09:06:27.152442 dv-neutron-850226-7-hyperv devstack@keystone.service[80488]: ERROR keystone.server.flask.application return self.creator()
Aug 01 09:06:27.152442 dv-neutron-850226-7-hyperv devstack@keystone.service[80488]: ERROR keystone.server.flask.application
File "/usr/local/lib/python3.8/dist-packages/dogpile/cache/region.py", line 995, in gen_value
Aug 01 09:06:27.152442 dv-neutron-850226-7-hyperv devstack@keystone.service[80488]: ERROR keystone.server.flask.application created_value = creator(
Aug 01 09:06:27.152442 dv-neutron-850226-7-hyperv devstack@keystone.service[80488]: ERROR keystone.server.flask.application
File "/opt/stack/keystone/keystone/assignment/core.py", line 1276, in get_role
Aug 01 09:06:27.152442 dv-neutron-850226-7-hyperv devstack@keystone.service[80488]: ERROR keystone.server.flask.application return self.driver.get_role(role_id)
Aug 01 09:06:27.152442 dv-neutron-850226-7-hyperv devstack@keystone.service[80488]: ERROR keystone.server.flask.application
File "/opt/stack/keystone/keystone/assignment/role_backends/sql.py", line 70, in get_role
Aug 01 09:06:27.152442 dv-neutron-850226-7-hyperv devstack@keystone.service[80488]: ERROR keystone.server.flask.application return self._get_role(session, role_id).to_dict()
Aug 01 09:06:27.152442 dv-neutron-850226-7-hyperv devstack@keystone.service[80488]: ERROR keystone.server.flask.application
File "/opt/stack/keystone/keystone/assignment/role_backends/sql.py", line 65, in _get_role
Aug 01 09:06:27.152442 dv-neutron-850226-7-hyperv devstack@keystone.service[80488]: ERROR keystone.server.flask.application raise exception.RoleNotFound(role_id=role_id)
Aug 01 09:06:27.152442 dv-neutron-850226-7-hyperv devstack@keystone.service[80488]: ERROR keystone.server.flask.application keystone.exception.RoleNotFound: Could not find role: anotherrole.
Aug 01 09:06:27.152442 dv-neutron-850226-7-hyperv devstack@keystone.service[80488]: ERROR keystone.server.flask.application
Aug 01 09:06:27.152442 dv-neutron-850226-7-hyperv devstack@keystone.service[80488]: [pid: 80488|app: 0|req: 113/227] 10.222.0.40 () {56 vars in 1114 bytes} [Mon Aug 1 09:06:26 2022] GET /identity/v3/roles/anotherrole => generated 89 bytes in 200 msecs (HTTP/1.1 404) 5 headers in 183 bytes (1 switches on core 0)
Aug 01 09:06:27.161956 dv-neutron-850226-7-hyperv devstack@keystone.service[80488]: DEBUG keystone.server.flask.request_processing.middleware.auth_context [None req-2b1e4edb-3f83-45d1-8e88-b35dc9803049 None admin] Authenticating user token {{(pid=80488) process_request /usr/local/lib/python3.8/dist-packages/keystonemiddleware/auth_token/__init__.py:407}}
Aug 01 09:06:27.259203 dv-neutron-850226-7-hyperv devstack@keystone.service[80489]: DEBUG dbcounter [-] [80489] Writing DB stats keystone:SELECT=100 {{(pid=80489) stat_writer /usr/local/lib/python3.8/dist-packages/dbcounter.py:114}}
Aug 01 09:06:27.272496 dv-neutron-850226-7-hyperv devstack@keystone.service[80489]: DEBUG keystone.server.flask.request_processing.middleware.auth_context [None req-5443ae4c-fb2c-4730-9717-d44efb70b599 None admin] Validating token access rules against request {{(pid=80489) validate_allowed_request /usr/local/lib/python3.8/dist-packages/keystonemiddleware/auth_token/__init__.py:545}}
Aug 01 09:06:27.322270 dv-neutron-850226-7-hyperv devstack@keystone.service[80488]: DEBUG keystone.server.flask.request_processing.middleware.auth_context [None req-2b1e4edb-3f83-45d1-8e88-b35dc9803049 None admin] Validating token access rules against request {{(pid=80488) validate_allowed_request /usr/local/lib/python3.8/dist-packages/keystonemiddleware/auth_token/__init__.py:545}}
Aug 01 09:06:27.341892 dv-neutron-850226-7-hyperv devstack@keystone.service[80489]: DEBUG keystone.server.flask.request_processing.middleware.auth_context [None req-b6b76122-2d11-429a-9222-125f6ebc4ef3 None admin] RBAC: auth_context: {'token': , 'domain_id': None, 'trust_id': None, 'trustor_id': None, 'trustee_id': None, 'domain_name': None, 'group_ids': [], 'user_id': 'bd14b02b966344b997c9e02311e6372c', 'user_domain_id': 'default', 'system_scope': 'all', 'project_id': None, 'project_domain_id': None, 'roles': ['admin', 'member', 'reader'], 'is_admin_project': True, 'service_user_id': None, 'service_user_domain_id': None, 'service_project_id': None, 'service_project_domain_id': None, 'service_roles': []} {{(pid=80489) fill_context /opt/stack/keystone/keystone/server/flask/request_processing/middleware/auth_context.py:478}}
Aug 01 09:06:27.342553 dv-neutron-850226-7-hyperv devstack@keystone.service[80489]: DEBUG keystone.server.flask.request_processing.req_logging [None req-b6b76122-2d11-429a-9222-125f6ebc4ef3 None admin] REQUEST_METHOD: `GET` {{(pid=80489) log_request_info /opt/stack/keystone/keystone/server/flask/request_processing/req_logging.py:27}}
Aug 01 09:06:27.342831 dv-neutron-850226-7-hyperv devstack@keystone.service[80489]: DEBUG keystone.server.flask.request_processing.req_logging [None req-b6b76122-2d11-429a-9222-125f6ebc4ef3 None admin] SCRIPT_NAME: `/identity` {{(pid=80489) log_request_info /opt/stack/keystone/keystone/server/flask/request_processing/req_logging.py:28}}
Aug 01 09:06:27.343106 dv-neutron-850226-7-hyperv devstack@keystone.service[80489]: DEBUG keystone.server.flask.request_processing.req_logging [None req-b6b76122-2d11-429a-9222-125f6ebc4ef3 None admin] PATH_INFO: `/v3/users/a43a475fd27c46f9a32c4f652ef24107` {{(pid=80489) log_request_info /opt/stack/keystone/keystone/server/flask/request_processing/req_logging.py:29}}
Aug 01 09:06:27.344499 dv-neutron-850226-7-hyperv devstack@keystone.service[80489]: DEBUG keystone.common.rbac_enforcer.enforcer [None req-b6b76122-2d11-429a-9222-125f6ebc4ef3 None admin] RBAC: Authorizing `identity:get_user(user_id=a43a475fd27c46f9a32c4f652ef24107)` {{(pid=80489) enforce_call /opt/stack/keystone/keystone/common/rbac_enforcer/enforcer.py:449}}
Aug 01 09:06:27.346162 dv-neutron-850226-7-hyperv devstack@keystone.service[80489]: DEBUG keystone.common.rbac_enforcer.enforcer [None req-b6b76122-2d11-429a-9222-125f6ebc4ef3 None admin] RBAC: Authorization granted {{(pid=80489) enforce_call /opt/stack/keystone/keystone/common/rbac_enforcer/enforcer.py:457}}
Aug 01 09:06:27.347830 dv-neutron-850226-7-hyperv devstack@keystone.service[80489]: [pid: 80489|app: 0|req: 115/228] 10.222.0.40 () {56 vars in 1177 bytes} [Mon Aug 1 09:06:27 2022] GET /identity/v3/users/a43a475fd27c46f9a32c4f652ef24107 => generated 283 bytes in 277 msecs (HTTP/1.1 200) 5 headers in 177 bytes (1 switches on core 0)
Aug 01 09:06:27.353523 dv-neutron-850226-7-hyperv devstack@keystone.service[80489]: DEBUG keystone.server.flask.request_processing.middleware.auth_context [None req-b6b76122-2d11-429a-9222-125f6ebc4ef3 None admin] Authenticating user token {{(pid=80489) process_request /usr/local/lib/python3.8/dist-packages/keystonemiddleware/auth_token/__init__.py:407}}
Aug 01 09:06:27.365072 dv-neutron-850226-7-hyperv devstack@keystone.service[80488]: DEBUG keystone.server.flask.request_processing.middleware.auth_context [None req-b212bbb8-47d7-464b-a46e-723aafc23b64 None admin] RBAC: auth_context: {'token': , 'domain_id': None, 'trust_id': None, 'trustor_id': None, 'trustee_id': None, 'domain_name': None, 'group_ids': [], 'user_id': 'bd14b02b966344b997c9e02311e6372c', 'user_domain_id': 'default', 'system_scope': 'all', 'project_id': None, 'project_domain_id': None, 'roles': ['admin', 'member', 'reader'], 'is_admin_project': True, 'service_user_id': None, 'service_user_domain_id': None, 'service_project_id': None, 'service_project_domain_id': None, 'service_roles': []} {{(pid=80488) fill_context /opt/stack/keystone/keystone/server/flask/request_processing/middleware/auth_context.py:478}}
Aug 01 09:06:27.366414 dv-neutron-850226-7-hyperv devstack@keystone.service[80488]: DEBUG keystone.server.flask.request_processing.req_logging [None req-b212bbb8-47d7-464b-a46e-723aafc23b64 None admin] REQUEST_METHOD: `GET` {{(pid=80488) log_request_info /opt/stack/keystone/keystone/server/flask/request_processing/req_logging.py:27}}
Aug 01 09:06:27.366838 dv-neutron-850226-7-hyperv devstack@keystone.service[80488]: DEBUG keystone.server.flask.request_processing.req_logging [None req-b212bbb8-47d7-464b-a46e-723aafc23b64 None admin] SCRIPT_NAME: `/identity` {{(pid=80488) log_request_info /opt/stack/keystone/keystone/server/flask/request_processing/req_logging.py:28}}
Aug 01 09:06:27.367613 dv-neutron-850226-7-hyperv devstack@keystone.service[80488]: DEBUG keystone.server.flask.request_processing.req_logging [None req-b212bbb8-47d7-464b-a46e-723aafc23b64 None admin] PATH_INFO: `/v3/roles` {{(pid=80488) log_request_info /opt/stack/keystone/keystone/server/flask/request_processing/req_logging.py:29}}
Aug 01 09:06:27.368501 dv-neutron-850226-7-hyperv devstack@keystone.service[80488]: DEBUG keystone.common.rbac_enforcer.enforcer [None req-b212bbb8-47d7-464b-a46e-723aafc23b64 None admin] RBAC: Adding query filter params (name=anotherrole) {{(pid=80488) _extract_filter_values /opt/stack/keystone/keystone/common/rbac_enforcer/enforcer.py:167}}
Aug 01 09:06:27.369361 dv-neutron-850226-7-hyperv devstack@keystone.service[80488]: DEBUG keystone.common.rbac_enforcer.enforcer [None req-b212bbb8-47d7-464b-a46e-723aafc23b64 None admin] RBAC: Authorizing `identity:list_roles()` {{(pid=80488) enforce_call /opt/stack/keystone/keystone/common/rbac_enforcer/enforcer.py:449}}
Aug 01 09:06:27.370949 dv-neutron-850226-7-hyperv devstack@keystone.service[80488]: DEBUG keystone.common.rbac_enforcer.enforcer [None req-b212bbb8-47d7-464b-a46e-723aafc23b64 None admin] RBAC: Authorization granted {{(pid=80488) enforce_call /opt/stack/keystone/keystone/common/rbac_enforcer/enforcer.py:457}}
Aug 01 09:06:27.383210 dv-neutron-850226-7-hyperv devstack@keystone.service[80488]: [pid: 80488|app: 0|req: 114/229] 10.222.0.40 () {56 vars in 1111 bytes} [Mon Aug 1 09:06:27 2022] GET /identity/v3/roles?name=anotherrole => generated 334 bytes in 222 msecs (HTTP/1.1 200) 5 headers in 177 bytes (1 switches on core 0)
Aug 01 09:06:27.391001 dv-neutron-850226-7-hyperv devstack@keystone.service[80488]: DEBUG keystone.server.flask.request_processing.middleware.auth_context [None req-b212bbb8-47d7-464b-a46e-723aafc23b64 None admin] Authenticating user token {{(pid=80488) process_request /usr/local/lib/python3.8/dist-packages/keystonemiddleware/auth_token/__init__.py:407}}
Aug 01 09:06:27.450024 dv-neutron-850226-7-hyperv devstack@keystone.service[80488]: DEBUG dbcounter [-] [80488] Writing DB stats keystone:SELECT=100 {{(pid=80488) stat_writer /usr/local/lib/python3.8/dist-packages/dbcounter.py:114}}
Aug 01 09:06:27.525509 dv-neutron-850226-7-hyperv devstack@keystone.service[80489]: DEBUG keystone.server.flask.request_processing.middleware.auth_context [None req-b6b76122-2d11-429a-9222-125f6ebc4ef3 None admin] Validating token access rules against request {{(pid=80489) validate_allowed_request /usr/local/lib/python3.8/dist-packages/keystonemiddleware/auth_token/__init__.py:545}}
Aug 01 09:06:27.568910 dv-neutron-850226-7-hyperv devstack@keystone.service[80489]: DEBUG keystone.server.flask.request_processing.middleware.auth_context [None req-ad5c9f56-9c33-479d-8ae8-0f80789e1a24 None admin] RBAC: auth_context: {'token': , 'domain_id': None, 'trust_id': None, 'trustor_id': None, 'trustee_id': None, 'domain_name': None, 'group_ids': [], 'user_id': 'bd14b02b966344b997c9e02311e6372c', 'user_domain_id': 'default', 'system_scope': 'all', 'project_id': None, 'project_domain_id': None, 'roles': ['admin', 'member', 'reader'], 'is_admin_project': True, 'service_user_id': None, 'service_user_domain_id': None, 'service_project_id': None, 'service_project_domain_id': None, 'service_roles': []} {{(pid=80489) fill_context /opt/stack/keystone/keystone/server/flask/request_processing/middleware/auth_context.py:478}}
Aug 01 09:06:27.569675 dv-neutron-850226-7-hyperv devstack@keystone.service[80489]: DEBUG keystone.server.flask.request_processing.req_logging [None req-ad5c9f56-9c33-479d-8ae8-0f80789e1a24 None admin] REQUEST_METHOD: `GET` {{(pid=80489) log_request_info /opt/stack/keystone/keystone/server/flask/request_processing/req_logging.py:27}}
Aug 01 09:06:27.569964 dv-neutron-850226-7-hyperv devstack@keystone.service[80489]: DEBUG keystone.server.flask.request_processing.req_logging [None req-ad5c9f56-9c33-479d-8ae8-0f80789e1a24 None admin] SCRIPT_NAME: `/identity` {{(pid=80489) log_request_info /opt/stack/keystone/keystone/server/flask/request_processing/req_logging.py:28}}
Aug 01 09:06:27.570248 dv-neutron-850226-7-hyperv devstack@keystone.service[80489]: DEBUG keystone.server.flask.request_processing.req_logging [None req-ad5c9f56-9c33-479d-8ae8-0f80789e1a24 None admin] PATH_INFO: `/v3/projects/dd41271dcd024633b3cdb71f1d030f8d` {{(pid=80489) log_request_info /opt/stack/keystone/keystone/server/flask/request_processing/req_logging.py:29}}
Aug 01 09:06:27.577181 dv-neutron-850226-7-hyperv devstack@keystone.service[80489]: DEBUG keystone.common.rbac_enforcer.enforcer [None req-ad5c9f56-9c33-479d-8ae8-0f80789e1a24 None admin] RBAC: Authorizing `identity:get_project(project_id=dd41271dcd024633b3cdb71f1d030f8d)` {{(pid=80489) enforce_call /opt/stack/keystone/keystone/common/rbac_enforcer/enforcer.py:449}}
Aug 01 09:06:27.577181 dv-neutron-850226-7-hyperv devstack@keystone.service[80489]: DEBUG keystone.common.rbac_enforcer.enforcer [None req-ad5c9f56-9c33-479d-8ae8-0f80789e1a24 None admin] RBAC: Authorization granted {{(pid=80489) enforce_call /opt/stack/keystone/keystone/common/rbac_enforcer/enforcer.py:457}}
Aug 01 09:06:27.577181 dv-neutron-850226-7-hyperv devstack@keystone.service[80489]: [pid: 80489|app: 0|req: 116/230] 10.222.0.40 () {56 vars in 1186 bytes} [Mon Aug 1 09:06:27 2022] GET /identity/v3/projects/dd41271dcd024633b3cdb71f1d030f8d => generated 302 bytes in 223 msecs (HTTP/1.1 200) 5 headers in 177 bytes (2 switches on core 0)
Aug 01 09:06:27.582416 dv-neutron-850226-7-hyperv devstack@keystone.service[80489]: DEBUG keystone.server.flask.request_processing.middleware.auth_context [None req-ad5c9f56-9c33-479d-8ae8-0f80789e1a24 None admin] Authenticating user token {{(pid=80489) process_request /usr/local/lib/python3.8/dist-packages/keystonemiddleware/auth_token/__init__.py:407}}
Aug 01 09:06:27.632748 dv-neutron-850226-7-hyperv devstack@keystone.service[80488]: DEBUG keystone.server.flask.request_processing.middleware.auth_context [None req-b212bbb8-47d7-464b-a46e-723aafc23b64 None admin] Validating token access rules against request {{(pid=80488) validate_allowed_request /usr/local/lib/python3.8/dist-packages/keystonemiddleware/auth_token/__init__.py:545}}
Aug 01 09:06:27.638668 dv-neutron-850226-7-hyperv devstack@keystone.service[80489]: DEBUG dbcounter [-] [80489] Writing DB stats keystone:SELECT=100 {{(pid=80489) stat_writer /usr/local/lib/python3.8/dist-packages/dbcounter.py:114}}
Aug 01 09:06:27.669665 dv-neutron-850226-7-hyperv devstack@keystone.service[80488]: DEBUG keystone.server.flask.request_processing.middleware.auth_context [None req-7af2b04c-b856-4396-8b4c-2b20e3c35f4b None admin] RBAC: auth_context: {'token': , 'domain_id': None, 'trust_id': None, 'trustor_id': None, 'trustee_id': None, 'domain_name': None, 'group_ids': [], 'user_id': 'bd14b02b966344b997c9e02311e6372c', 'user_domain_id': 'default', 'system_scope': 'all', 'project_id': None, 'project_domain_id': None, 'roles': ['admin', 'member', 'reader'], 'is_admin_project': True, 'service_user_id': None, 'service_user_domain_id': None, 'service_project_id': None, 'service_project_domain_id': None, 'service_roles': []} {{(pid=80488) fill_context /opt/stack/keystone/keystone/server/flask/request_processing/middleware/auth_context.py:478}}
Aug 01 09:06:27.670321 dv-neutron-850226-7-hyperv devstack@keystone.service[80488]: DEBUG keystone.server.flask.request_processing.req_logging [None req-7af2b04c-b856-4396-8b4c-2b20e3c35f4b None admin] REQUEST_METHOD: `GET` {{(pid=80488) log_request_info /opt/stack/keystone/keystone/server/flask/request_processing/req_logging.py:27}}
Aug 01 09:06:27.670659 dv-neutron-850226-7-hyperv devstack@keystone.service[80488]: DEBUG keystone.server.flask.request_processing.req_logging [None req-7af2b04c-b856-4396-8b4c-2b20e3c35f4b None admin] SCRIPT_NAME: `/identity` {{(pid=80488) log_request_info /opt/stack/keystone/keystone/server/flask/request_processing/req_logging.py:28}}
Aug 01 09:06:27.670937 dv-neutron-850226-7-hyperv devstack@keystone.service[80488]: DEBUG keystone.server.flask.request_processing.req_logging [None req-7af2b04c-b856-4396-8b4c-2b20e3c35f4b None admin] PATH_INFO: `/v3/users/a43a475fd27c46f9a32c4f652ef24107` {{(pid=80488) log_request_info /opt/stack/keystone/keystone/server/flask/request_processing/req_logging.py:29}}
Aug 01 09:06:27.672131 dv-neutron-850226-7-hyperv devstack@keystone.service[80488]: DEBUG keystone.common.rbac_enforcer.enforcer [None req-7af2b04c-b856-4396-8b4c-2b20e3c35f4b None admin] RBAC: Authorizing `identity:get_user(user_id=a43a475fd27c46f9a32c4f652ef24107)` {{(pid=80488) enforce_call /opt/stack/keystone/keystone/common/rbac_enforcer/enforcer.py:449}}
Aug 01 09:06:27.673621 dv-neutron-850226-7-hyperv devstack@keystone.service[80488]: DEBUG keystone.common.rbac_enforcer.enforcer [None req-7af2b04c-b856-4396-8b4c-2b20e3c35f4b None admin] RBAC: Authorization granted {{(pid=80488) enforce_call /opt/stack/keystone/keystone/common/rbac_enforcer/enforcer.py:457}}
Aug 01 09:06:27.675556 dv-neutron-850226-7-hyperv devstack@keystone.service[80488]: [pid: 80488|app: 0|req: 115/231] 10.222.0.40 () {56 vars in 1177 bytes} [Mon Aug 1 09:06:27 2022] GET /identity/v3/users/a43a475fd27c46f9a32c4f652ef24107 => generated 283 bytes in 285 msecs (HTTP/1.1 200) 5 headers in 177 bytes (2 switches on core 0)
Aug 01 09:06:27.681174 dv-neutron-850226-7-hyperv devstack@keystone.service[80488]: DEBUG keystone.server.flask.request_processing.middleware.auth_context [None req-7af2b04c-b856-4396-8b4c-2b20e3c35f4b None admin] Authenticating user token {{(pid=80488) process_request /usr/local/lib/python3.8/dist-packages/keystonemiddleware/auth_token/__init__.py:407}}
Aug 01 09:06:27.766940 dv-neutron-850226-7-hyperv devstack@keystone.service[80489]: DEBUG keystone.server.flask.request_processing.middleware.auth_context [None req-ad5c9f56-9c33-479d-8ae8-0f80789e1a24 None admin] Validating token access rules against request {{(pid=80489) validate_allowed_request /usr/local/lib/python3.8/dist-packages/keystonemiddleware/auth_token/__init__.py:545}}
Aug 01 09:06:27.788312 dv-neutron-850226-7-hyperv devstack@keystone.service[80488]: DEBUG dbcounter [-] [80488] Writing DB stats keystone:SELECT=100 {{(pid=80488) stat_writer /usr/local/lib/python3.8/dist-packages/dbcounter.py:114}}
Aug 01 09:06:27.793490 dv-neutron-850226-7-hyperv devstack@keystone.service[80488]: DEBUG keystone.server.flask.request_processing.middleware.auth_context [None req-7af2b04c-b856-4396-8b4c-2b20e3c35f4b None admin] Validating token access rules against request {{(pid=80488) validate_allowed_request /usr/local/lib/python3.8/dist-packages/keystonemiddleware/auth_token/__init__.py:545}}
Aug 01 09:06:27.833071 dv-neutron-850226-7-hyperv devstack@keystone.service[80488]: DEBUG keystone.server.flask.request_processing.middleware.auth_context [None req-91fa1edc-d35f-406c-a1f0-5da277ef2b8b None admin] RBAC: auth_context: {'token': , 'domain_id': None, 'trust_id': None, 'trustor_id': None, 'trustee_id': None, 'domain_name': None, 'group_ids': [], 'user_id': 'bd14b02b966344b997c9e02311e6372c', 'user_domain_id': 'default', 'system_scope': 'all', 'project_id': None, 'project_domain_id': None, 'roles': ['admin', 'member', 'reader'], 'is_admin_project': True, 'service_user_id': None, 'service_user_domain_id': None, 'service_project_id': None, 'service_project_domain_id': None, 'service_roles': []} {{(pid=80488) fill_context /opt/stack/keystone/keystone/server/flask/request_processing/middleware/auth_context.py:478}}
Aug 01 09:06:27.834051 dv-neutron-850226-7-hyperv devstack@keystone.service[80488]: DEBUG keystone.server.flask.request_processing.req_logging [None req-91fa1edc-d35f-406c-a1f0-5da277ef2b8b None admin] REQUEST_METHOD: `GET` {{(pid=80488) log_request_info /opt/stack/keystone/keystone/server/flask/request_processing/req_logging.py:27}}
Aug 01 09:06:27.834522 dv-neutron-850226-7-hyperv devstack@keystone.service[80488]: DEBUG keystone.server.flask.request_processing.req_logging [None req-91fa1edc-d35f-406c-a1f0-5da277ef2b8b None admin] SCRIPT_NAME: `/identity` {{(pid=80488) log_request_info /opt/stack/keystone/keystone/server/flask/request_processing/req_logging.py:28}}
Aug 01 09:06:27.834944 dv-neutron-850226-7-hyperv devstack@keystone.service[80488]: DEBUG keystone.server.flask.request_processing.req_logging [None req-91fa1edc-d35f-406c-a1f0-5da277ef2b8b None admin] PATH_INFO: `/v3/projects/dd41271dcd024633b3cdb71f1d030f8d` {{(pid=80488) log_request_info /opt/stack/keystone/keystone/server/flask/request_processing/req_logging.py:29}}
Aug 01 09:06:27.837061 dv-neutron-850226-7-hyperv devstack@keystone.service[80488]: DEBUG keystone.common.rbac_enforcer.enforcer [None req-91fa1edc-d35f-406c-a1f0-5da277ef2b8b None admin] RBAC: Authorizing `identity:get_project(project_id=dd41271dcd024633b3cdb71f1d030f8d)` {{(pid=80488) enforce_call /opt/stack/keystone/keystone/common/rbac_enforcer/enforcer.py:449}}
Aug 01 09:06:27.838618 dv-neutron-850226-7-hyperv devstack@keystone.service[80489]: DEBUG keystone.server.flask.request_processing.middleware.auth_context [None req-b94675d9-06a2-4b9f-9723-1fd6d2aded0f None admin] RBAC: auth_context: {'token': , 'domain_id': None, 'trust_id': None, 'trustor_id': None, 'trustee_id': None, 'domain_name': None, 'group_ids': [], 'user_id': 'bd14b02b966344b997c9e02311e6372c', 'user_domain_id': 'default', 'system_scope': 'all', 'project_id': None, 'project_domain_id': None, 'roles': ['admin', 'member', 'reader'], 'is_admin_project': True, 'service_user_id': None, 'service_user_domain_id': None, 'service_project_id': None, 'service_project_domain_id': None, 'service_roles': []} {{(pid=80489) fill_context /opt/stack/keystone/keystone/server/flask/request_processing/middleware/auth_context.py:478}}
Aug 01 09:06:27.838777 dv-neutron-850226-7-hyperv devstack@keystone.service[80488]: DEBUG keystone.common.rbac_enforcer.enforcer [None req-91fa1edc-d35f-406c-a1f0-5da277ef2b8b None admin] RBAC: Authorization granted {{(pid=80488) enforce_call /opt/stack/keystone/keystone/common/rbac_enforcer/enforcer.py:457}}
Aug 01 09:06:27.839326 dv-neutron-850226-7-hyperv devstack@keystone.service[80489]: DEBUG keystone.server.flask.request_processing.req_logging [None req-b94675d9-06a2-4b9f-9723-1fd6d2aded0f None admin] REQUEST_METHOD: `PUT` {{(pid=80489) log_request_info /opt/stack/keystone/keystone/server/flask/request_processing/req_logging.py:27}}
Aug 01 09:06:27.839611 dv-neutron-850226-7-hyperv devstack@keystone.service[80489]: DEBUG keystone.server.flask.request_processing.req_logging [None req-b94675d9-06a2-4b9f-9723-1fd6d2aded0f None admin] SCRIPT_NAME: `/identity` {{(pid=80489) log_request_info /opt/stack/keystone/keystone/server/flask/request_processing/req_logging.py:28}}
Aug 01 09:06:27.839888 dv-neutron-850226-7-hyperv devstack@keystone.service[80489]: DEBUG keystone.server.flask.request_processing.req_logging [None req-b94675d9-06a2-4b9f-9723-1fd6d2aded0f None admin] PATH_INFO: `/v3/projects/dd41271dcd024633b3cdb71f1d030f8d/users/a43a475fd27c46f9a32c4f652ef24107/roles/4f32638f191f48b0b81e20e9a85138ba` {{(pid=80489) log_request_info /opt/stack/keystone/keystone/server/flask/request_processing/req_logging.py:29}}
Aug 01 09:06:27.840737 dv-neutron-850226-7-hyperv devstack@keystone.service[80488]: [pid: 80488|app: 0|req: 116/232] 10.222.0.40 () {56 vars in 1186 bytes} [Mon Aug 1 09:06:27 2022] GET /identity/v3/projects/dd41271dcd024633b3cdb71f1d030f8d => generated 302 bytes in 160 msecs (HTTP/1.1 200) 5 headers in 177 bytes (1 switches on core 0)
Aug 01 09:06:27.842441 dv-neutron-850226-7-hyperv devstack@keystone.service[80489]: DEBUG keystone.common.rbac_enforcer.enforcer [None req-b94675d9-06a2-4b9f-9723-1fd6d2aded0f None admin] RBAC: Authorizing `identity:create_grant(project_id=dd41271dcd024633b3cdb71f1d030f8d, user_id=a43a475fd27c46f9a32c4f652ef24107, role_id=4f32638f191f48b0b81e20e9a85138ba)` {{(pid=80489) enforce_call /opt/stack/keystone/keystone/common/rbac_enforcer/enforcer.py:449}}
Aug 01 09:06:27.843905 dv-neutron-850226-7-hyperv devstack@keystone.service[80489]: DEBUG keystone.common.rbac_enforcer.enforcer [None req-b94675d9-06a2-4b9f-9723-1fd6d2aded0f None admin] RBAC: Authorization granted {{(pid=80489) enforce_call /opt/stack/keystone/keystone/common/rbac_enforcer/enforcer.py:457}}
Aug 01 09:06:27.846774 dv-neutron-850226-7-hyperv devstack@keystone.service[80488]: DEBUG keystone.server.flask.request_processing.middleware.auth_context [None req-91fa1edc-d35f-406c-a1f0-5da277ef2b8b None admin] Authenticating user token {{(pid=80488) process_request /usr/local/lib/python3.8/dist-packages/keystonemiddleware/auth_token/__init__.py:407}}
Aug 01 09:06:27.880318 dv-neutron-850226-7-hyperv devstack@keystone.service[80489]: [pid: 80489|app: 0|req: 117/233] 10.222.0.40 () {58 vars in 1439 bytes} [Mon Aug 1 09:06:27 2022] PUT /identity/v3/projects/dd41271dcd024633b3cdb71f1d030f8d/users/a43a475fd27c46f9a32c4f652ef24107/roles/4f32638f191f48b0b81e20e9a85138ba => generated 0 bytes in 299 msecs (HTTP/1.1 204) 3 headers in 132 bytes (1 switches on core 0)
Aug 01 09:06:28.010486 dv-neutron-850226-7-hyperv devstack@keystone.service[80488]: DEBUG keystone.server.flask.request_processing.middleware.auth_context [None req-91fa1edc-d35f-406c-a1f0-5da277ef2b8b None admin] Validating token access rules against request {{(pid=80488) validate_allowed_request /usr/local/lib/python3.8/dist-packages/keystonemiddleware/auth_token/__init__.py:545}}
Aug 01 09:06:28.066350 dv-neutron-850226-7-hyperv devstack@keystone.service[80488]: DEBUG keystone.server.flask.request_processing.middleware.auth_context [None req-7c035466-8f00-45b9-a754-d93d13cb0b50 None admin] RBAC: auth_context: {'token': , 'domain_id': None, 'trust_id': None, 'trustor_id': None, 'trustee_id': None, 'domain_name': None, 'group_ids': [], 'user_id': 'bd14b02b966344b997c9e02311e6372c', 'user_domain_id': 'default', 'system_scope': 'all', 'project_id': None, 'project_domain_id': None, 'roles': ['admin', 'member', 'reader'], 'is_admin_project': True, 'service_user_id': None, 'service_user_domain_id': None, 'service_project_id': None, 'service_project_domain_id': None, 'service_roles': []} {{(pid=80488) fill_context /opt/stack/keystone/keystone/server/flask/request_processing/middleware/auth_context.py:478}}
Aug 01 09:06:28.067348 dv-neutron-850226-7-hyperv devstack@keystone.service[80488]: DEBUG keystone.server.flask.request_processing.req_logging [None req-7c035466-8f00-45b9-a754-d93d13cb0b50 None admin] REQUEST_METHOD: `PUT` {{(pid=80488) log_request_info /opt/stack/keystone/keystone/server/flask/request_processing/req_logging.py:27}}
