Jul 21 09:43:30.367047 dv-neutron-850223-2-hyperv devstack@keystone.service[80397]: DEBUG keystone.server.flask.request_processing.middleware.auth_context [None req-f129840a-d83d-4c0a-93ab-4754cb7080ac None admin] RBAC: auth_context: {'token': , 'domain_id': None, 'trust_id': None, 'trustor_id': None, 'trustee_id': None, 'domain_name': None, 'group_ids': [], 'user_id': '557b1d51fc6c4587ba4a9541b361944b', 'user_domain_id': 'default', 'system_scope': 'all', 'project_id': None, 'project_domain_id': None, 'roles': ['admin', 'member', 'reader'], 'is_admin_project': True, 'service_user_id': None, 'service_user_domain_id': None, 'service_project_id': None, 'service_project_domain_id': None, 'service_roles': []} {{(pid=80397) fill_context /opt/stack/keystone/keystone/server/flask/request_processing/middleware/auth_context.py:478}}
Jul 21 09:43:30.367877 dv-neutron-850223-2-hyperv devstack@keystone.service[80397]: DEBUG keystone.server.flask.request_processing.req_logging [None req-f129840a-d83d-4c0a-93ab-4754cb7080ac None admin] REQUEST_METHOD: `GET` {{(pid=80397) log_request_info /opt/stack/keystone/keystone/server/flask/request_processing/req_logging.py:27}}
Jul 21 09:43:30.368168 dv-neutron-850223-2-hyperv devstack@keystone.service[80397]: DEBUG keystone.server.flask.request_processing.req_logging [None req-f129840a-d83d-4c0a-93ab-4754cb7080ac None admin] SCRIPT_NAME: `/identity` {{(pid=80397) log_request_info /opt/stack/keystone/keystone/server/flask/request_processing/req_logging.py:28}}
Jul 21 09:43:30.368448 dv-neutron-850223-2-hyperv devstack@keystone.service[80397]: DEBUG keystone.server.flask.request_processing.req_logging [None req-f129840a-d83d-4c0a-93ab-4754cb7080ac None admin] PATH_INFO: `/v3/roles/anotherrole` {{(pid=80397) log_request_info /opt/stack/keystone/keystone/server/flask/request_processing/req_logging.py:29}}
Jul 21 09:43:30.388924 dv-neutron-850223-2-hyperv devstack@keystone.service[80397]: DEBUG keystone.common.rbac_enforcer.enforcer [None req-f129840a-d83d-4c0a-93ab-4754cb7080ac None admin] Extracting inferred target data resulted in "NOT FOUND (404)". {{(pid=80397) enforce_call /opt/stack/keystone/keystone/common/rbac_enforcer/enforcer.py:409}}
Jul 21 09:43:30.399343 dv-neutron-850223-2-hyperv devstack@keystone.service[80397]: ERROR keystone.server.flask.application [None req-f129840a-d83d-4c0a-93ab-4754cb7080ac None admin] Could not find role: anotherrole.: keystone.exception.RoleNotFound: Could not find role: anotherrole.
Jul 21 09:43:30.399343 dv-neutron-850223-2-hyperv devstack@keystone.service[80397]: ERROR keystone.server.flask.application
Traceback (most recent call last):
Jul 21 09:43:30.399343 dv-neutron-850223-2-hyperv devstack@keystone.service[80397]: ERROR keystone.server.flask.application
File "/usr/local/lib/python3.8/dist-packages/flask/app.py", line 1523, in full_dispatch_request
Jul 21 09:43:30.399343 dv-neutron-850223-2-hyperv devstack@keystone.service[80397]: ERROR keystone.server.flask.application rv = self.dispatch_request()
Jul 21 09:43:30.399343 dv-neutron-850223-2-hyperv devstack@keystone.service[80397]: ERROR keystone.server.flask.application
File "/usr/local/lib/python3.8/dist-packages/flask/app.py", line 1509, in dispatch_request
Jul 21 09:43:30.399343 dv-neutron-850223-2-hyperv devstack@keystone.service[80397]: ERROR keystone.server.flask.application return self.ensure_sync(self.view_functions[rule.endpoint])(**req.view_args)
Jul 21 09:43:30.399343 dv-neutron-850223-2-hyperv devstack@keystone.service[80397]: ERROR keystone.server.flask.application
File "/usr/local/lib/python3.8/dist-packages/flask_restful/__init__.py", line 467, in wrapper
Jul 21 09:43:30.399343 dv-neutron-850223-2-hyperv devstack@keystone.service[80397]: ERROR keystone.server.flask.application resp = resource(*args, **kwargs)
Jul 21 09:43:30.399343 dv-neutron-850223-2-hyperv devstack@keystone.service[80397]: ERROR keystone.server.flask.application
File "/usr/local/lib/python3.8/dist-packages/flask/views.py", line 84, in view
Jul 21 09:43:30.399343 dv-neutron-850223-2-hyperv devstack@keystone.service[80397]: ERROR keystone.server.flask.application return current_app.ensure_sync(self.dispatch_request)(*args, **kwargs)
Jul 21 09:43:30.399343 dv-neutron-850223-2-hyperv devstack@keystone.service[80397]: ERROR keystone.server.flask.application
File "/usr/local/lib/python3.8/dist-packages/flask_restful/__init__.py", line 582, in dispatch_request
Jul 21 09:43:30.399343 dv-neutron-850223-2-hyperv devstack@keystone.service[80397]: ERROR keystone.server.flask.application resp = meth(*args, **kwargs)
Jul 21 09:43:30.399343 dv-neutron-850223-2-hyperv devstack@keystone.service[80397]: ERROR keystone.server.flask.application
File "/opt/stack/keystone/keystone/api/roles.py", line 50, in get
Jul 21 09:43:30.399343 dv-neutron-850223-2-hyperv devstack@keystone.service[80397]: ERROR keystone.server.flask.application return self._get_role(role_id)
Jul 21 09:43:30.399343 dv-neutron-850223-2-hyperv devstack@keystone.service[80397]: ERROR keystone.server.flask.application
File "/opt/stack/keystone/keystone/api/roles.py", line 70, in _get_role
Jul 21 09:43:30.399343 dv-neutron-850223-2-hyperv devstack@keystone.service[80397]: ERROR keystone.server.flask.application ENFORCER.enforce_call(action='identity:get_role')
Jul 21 09:43:30.400201 dv-neutron-850223-2-hyperv devstack@keystone.service[80397]: ERROR keystone.server.flask.application
File "/opt/stack/keystone/keystone/common/rbac_enforcer/enforcer.py", line 402, in enforce_call
Jul 21 09:43:30.400201 dv-neutron-850223-2-hyperv devstack@keystone.service[80397]: ERROR keystone.server.flask.application policy_dict.update(cls._extract_member_target_data(
Jul 21 09:43:30.400201 dv-neutron-850223-2-hyperv devstack@keystone.service[80397]: ERROR keystone.server.flask.application
File "/opt/stack/keystone/keystone/common/rbac_enforcer/enforcer.py", line 234, in _extract_member_target_data
Jul 21 09:43:30.400201 dv-neutron-850223-2-hyperv devstack@keystone.service[80397]: ERROR keystone.server.flask.application member_name: func(flask.request.view_args[key])
Jul 21 09:43:30.400201 dv-neutron-850223-2-hyperv devstack@keystone.service[80397]: ERROR keystone.server.flask.application
File "/opt/stack/keystone/keystone/common/manager.py", line 115, in wrapped
Jul 21 09:43:30.400201 dv-neutron-850223-2-hyperv devstack@keystone.service[80397]: ERROR keystone.server.flask.application __ret_val = __f(*args, **kwargs)
Jul 21 09:43:30.400201 dv-neutron-850223-2-hyperv devstack@keystone.service[80397]: ERROR keystone.server.flask.application
File "/usr/local/lib/python3.8/dist-packages/decorator.py", line 232, in fun
Jul 21 09:43:30.400201 dv-neutron-850223-2-hyperv devstack@keystone.service[80397]: ERROR keystone.server.flask.application return caller(func, *(extras + args), **kw)
Jul 21 09:43:30.400201 dv-neutron-850223-2-hyperv devstack@keystone.service[80397]: ERROR keystone.server.flask.application
File "/usr/local/lib/python3.8/dist-packages/dogpile/cache/region.py", line 1577, in get_or_create_for_user_func
Jul 21 09:43:30.400201 dv-neutron-850223-2-hyperv devstack@keystone.service[80397]: ERROR keystone.server.flask.application return self.get_or_create(
Jul 21 09:43:30.400201 dv-neutron-850223-2-hyperv devstack@keystone.service[80397]: ERROR keystone.server.flask.application
File "/usr/local/lib/python3.8/dist-packages/dogpile/cache/region.py", line 1042, in get_or_create
Jul 21 09:43:30.400201 dv-neutron-850223-2-hyperv devstack@keystone.service[80397]: ERROR keystone.server.flask.application with Lock(
Jul 21 09:43:30.400201 dv-neutron-850223-2-hyperv devstack@keystone.service[80397]: ERROR keystone.server.flask.application
File "/usr/local/lib/python3.8/dist-packages/dogpile/lock.py", line 185, in __enter__
Jul 21 09:43:30.400201 dv-neutron-850223-2-hyperv devstack@keystone.service[80397]: ERROR keystone.server.flask.application return self._enter()
Jul 21 09:43:30.400201 dv-neutron-850223-2-hyperv devstack@keystone.service[80397]: ERROR keystone.server.flask.application
File "/usr/local/lib/python3.8/dist-packages/dogpile/lock.py", line 94, in _enter
Jul 21 09:43:30.400201 dv-neutron-850223-2-hyperv devstack@keystone.service[80397]: ERROR keystone.server.flask.application generated = self._enter_create(value, createdtime)
Jul 21 09:43:30.401066 dv-neutron-850223-2-hyperv devstack@keystone.service[80397]: ERROR keystone.server.flask.application
File "/usr/local/lib/python3.8/dist-packages/dogpile/lock.py", line 178, in _enter_create
Jul 21 09:43:30.401066 dv-neutron-850223-2-hyperv devstack@keystone.service[80397]: ERROR keystone.server.flask.application return self.creator()
Jul 21 09:43:30.401066 dv-neutron-850223-2-hyperv devstack@keystone.service[80397]: ERROR keystone.server.flask.application
File "/usr/local/lib/python3.8/dist-packages/dogpile/cache/region.py", line 995, in gen_value
Jul 21 09:43:30.401066 dv-neutron-850223-2-hyperv devstack@keystone.service[80397]: ERROR keystone.server.flask.application created_value = creator(
Jul 21 09:43:30.401066 dv-neutron-850223-2-hyperv devstack@keystone.service[80397]: ERROR keystone.server.flask.application
File "/opt/stack/keystone/keystone/assignment/core.py", line 1276, in get_role
Jul 21 09:43:30.401066 dv-neutron-850223-2-hyperv devstack@keystone.service[80397]: ERROR keystone.server.flask.application return self.driver.get_role(role_id)
Jul 21 09:43:30.401066 dv-neutron-850223-2-hyperv devstack@keystone.service[80397]: ERROR keystone.server.flask.application
File "/opt/stack/keystone/keystone/assignment/role_backends/sql.py", line 70, in get_role
Jul 21 09:43:30.401066 dv-neutron-850223-2-hyperv devstack@keystone.service[80397]: ERROR keystone.server.flask.application return self._get_role(session, role_id).to_dict()
Jul 21 09:43:30.401066 dv-neutron-850223-2-hyperv devstack@keystone.service[80397]: ERROR keystone.server.flask.application
File "/opt/stack/keystone/keystone/assignment/role_backends/sql.py", line 65, in _get_role
Jul 21 09:43:30.401066 dv-neutron-850223-2-hyperv devstack@keystone.service[80397]: ERROR keystone.server.flask.application raise exception.RoleNotFound(role_id=role_id)
Jul 21 09:43:30.401066 dv-neutron-850223-2-hyperv devstack@keystone.service[80397]: ERROR keystone.server.flask.application keystone.exception.RoleNotFound: Could not find role: anotherrole.
Jul 21 09:43:30.401066 dv-neutron-850223-2-hyperv devstack@keystone.service[80397]: ERROR keystone.server.flask.application
Jul 21 09:43:30.415247 dv-neutron-850223-2-hyperv devstack@keystone.service[80397]: [pid: 80397|app: 0|req: 196/387] 10.222.0.33 () {56 vars in 1114 bytes} [Thu Jul 21 09:43:30 2022] GET /identity/v3/roles/anotherrole => generated 89 bytes in 206 msecs (HTTP/1.1 404) 5 headers in 183 bytes (2 switches on core 0)
Jul 21 09:43:30.421400 dv-neutron-850223-2-hyperv devstack@keystone.service[80397]: DEBUG keystone.server.flask.request_processing.middleware.auth_context [None req-f129840a-d83d-4c0a-93ab-4754cb7080ac None admin] Authenticating user token {{(pid=80397) process_request /usr/local/lib/python3.8/dist-packages/keystonemiddleware/auth_token/__init__.py:407}}
Jul 21 09:43:30.433634 dv-neutron-850223-2-hyperv devstack@keystone.service[80396]: DEBUG keystone.server.flask.request_processing.middleware.auth_context [None req-5c453b9f-d848-428f-a944-d066e3caa9d0 None admin] RBAC: auth_context: {'token': , 'domain_id': None, 'trust_id': None, 'trustor_id': None, 'trustee_id': None, 'domain_name': None, 'group_ids': [], 'user_id': '557b1d51fc6c4587ba4a9541b361944b', 'user_domain_id': 'default', 'system_scope': 'all', 'project_id': None, 'project_domain_id': None, 'roles': ['admin', 'member', 'reader'], 'is_admin_project': True, 'service_user_id': None, 'service_user_domain_id': None, 'service_project_id': None, 'service_project_domain_id': None, 'service_roles': []} {{(pid=80396) fill_context /opt/stack/keystone/keystone/server/flask/request_processing/middleware/auth_context.py:478}}
Jul 21 09:43:30.434595 dv-neutron-850223-2-hyperv devstack@keystone.service[80396]: DEBUG keystone.server.flask.request_processing.req_logging [None req-5c453b9f-d848-428f-a944-d066e3caa9d0 None admin] REQUEST_METHOD: `GET` {{(pid=80396) log_request_info /opt/stack/keystone/keystone/server/flask/request_processing/req_logging.py:27}}
Jul 21 09:43:30.434881 dv-neutron-850223-2-hyperv devstack@keystone.service[80396]: DEBUG keystone.server.flask.request_processing.req_logging [None req-5c453b9f-d848-428f-a944-d066e3caa9d0 None admin] SCRIPT_NAME: `/identity` {{(pid=80396) log_request_info /opt/stack/keystone/keystone/server/flask/request_processing/req_logging.py:28}}
Jul 21 09:43:30.435155 dv-neutron-850223-2-hyperv devstack@keystone.service[80396]: DEBUG keystone.server.flask.request_processing.req_logging [None req-5c453b9f-d848-428f-a944-d066e3caa9d0 None admin] PATH_INFO: `/v3/groups/d01ab61cfd2645ee85cdd0eae8c64c8e` {{(pid=80396) log_request_info /opt/stack/keystone/keystone/server/flask/request_processing/req_logging.py:29}}
Jul 21 09:43:30.441231 dv-neutron-850223-2-hyperv devstack@keystone.service[80396]: DEBUG keystone.common.rbac_enforcer.enforcer [None req-5c453b9f-d848-428f-a944-d066e3caa9d0 None admin] RBAC: Authorizing `identity:get_group(group_id=d01ab61cfd2645ee85cdd0eae8c64c8e)` {{(pid=80396) enforce_call /opt/stack/keystone/keystone/common/rbac_enforcer/enforcer.py:449}}
Jul 21 09:43:30.441231 dv-neutron-850223-2-hyperv devstack@keystone.service[80396]: DEBUG keystone.common.rbac_enforcer.enforcer [None req-5c453b9f-d848-428f-a944-d066e3caa9d0 None admin] RBAC: Authorization granted {{(pid=80396) enforce_call /opt/stack/keystone/keystone/common/rbac_enforcer/enforcer.py:457}}
Jul 21 09:43:30.441231 dv-neutron-850223-2-hyperv devstack@keystone.service[80396]: [pid: 80396|app: 0|req: 192/388] 10.222.0.33 () {56 vars in 1180 bytes} [Thu Jul 21 09:43:30 2022] GET /identity/v3/groups/d01ab61cfd2645ee85cdd0eae8c64c8e => generated 226 bytes in 342 msecs (HTTP/1.1 200) 5 headers in 177 bytes (2 switches on core 0)
Jul 21 09:43:30.447443 dv-neutron-850223-2-hyperv devstack@keystone.service[80396]: DEBUG keystone.server.flask.request_processing.middleware.auth_context [None req-5c453b9f-d848-428f-a944-d066e3caa9d0 None admin] Authenticating user token {{(pid=80396) process_request /usr/local/lib/python3.8/dist-packages/keystonemiddleware/auth_token/__init__.py:407}}
Jul 21 09:43:30.462383 dv-neutron-850223-2-hyperv devstack@keystone.service[80397]: DEBUG dbcounter [-] [80397] Writing DB stats keystone:SELECT=100 {{(pid=80397) stat_writer /usr/local/lib/python3.8/dist-packages/dbcounter.py:114}}
Jul 21 09:43:30.555605 dv-neutron-850223-2-hyperv devstack@keystone.service[80397]: DEBUG keystone.server.flask.request_processing.middleware.auth_context [None req-f129840a-d83d-4c0a-93ab-4754cb7080ac None admin] Validating token access rules against request {{(pid=80397) validate_allowed_request /usr/local/lib/python3.8/dist-packages/keystonemiddleware/auth_token/__init__.py:545}}
Jul 21 09:43:30.578135 dv-neutron-850223-2-hyperv devstack@keystone.service[80396]: DEBUG keystone.server.flask.request_processing.middleware.auth_context [None req-5c453b9f-d848-428f-a944-d066e3caa9d0 None admin] Validating token access rules against request {{(pid=80396) validate_allowed_request /usr/local/lib/python3.8/dist-packages/keystonemiddleware/auth_token/__init__.py:545}}
Jul 21 09:43:30.579572 dv-neutron-850223-2-hyperv devstack@keystone.service[80396]: DEBUG dbcounter [-] [80396] Writing DB stats keystone:SELECT=100 {{(pid=80396) stat_writer /usr/local/lib/python3.8/dist-packages/dbcounter.py:114}}
Jul 21 09:43:30.596650 dv-neutron-850223-2-hyperv devstack@keystone.service[80397]: DEBUG keystone.server.flask.request_processing.middleware.auth_context [None req-abe4c1bc-72ac-467c-8bbe-8b6d0cd7d397 None admin] RBAC: auth_context: {'token': , 'domain_id': None, 'trust_id': None, 'trustor_id': None, 'trustee_id': None, 'domain_name': None, 'group_ids': [], 'user_id': '557b1d51fc6c4587ba4a9541b361944b', 'user_domain_id': 'default', 'system_scope': 'all', 'project_id': None, 'project_domain_id': None, 'roles': ['admin', 'member', 'reader'], 'is_admin_project': True, 'service_user_id': None, 'service_user_domain_id': None, 'service_project_id': None, 'service_project_domain_id': None, 'service_roles': []} {{(pid=80397) fill_context /opt/stack/keystone/keystone/server/flask/request_processing/middleware/auth_context.py:478}}
Jul 21 09:43:30.598094 dv-neutron-850223-2-hyperv devstack@keystone.service[80397]: DEBUG keystone.server.flask.request_processing.req_logging [None req-abe4c1bc-72ac-467c-8bbe-8b6d0cd7d397 None admin] REQUEST_METHOD: `GET` {{(pid=80397) log_request_info /opt/stack/keystone/keystone/server/flask/request_processing/req_logging.py:27}}
Jul 21 09:43:30.598725 dv-neutron-850223-2-hyperv devstack@keystone.service[80397]: DEBUG keystone.server.flask.request_processing.req_logging [None req-abe4c1bc-72ac-467c-8bbe-8b6d0cd7d397 None admin] SCRIPT_NAME: `/identity` {{(pid=80397) log_request_info /opt/stack/keystone/keystone/server/flask/request_processing/req_logging.py:28}}
Jul 21 09:43:30.599235 dv-neutron-850223-2-hyperv devstack@keystone.service[80397]: DEBUG keystone.server.flask.request_processing.req_logging [None req-abe4c1bc-72ac-467c-8bbe-8b6d0cd7d397 None admin] PATH_INFO: `/v3/roles` {{(pid=80397) log_request_info /opt/stack/keystone/keystone/server/flask/request_processing/req_logging.py:29}}
Jul 21 09:43:30.600231 dv-neutron-850223-2-hyperv devstack@keystone.service[80397]: DEBUG keystone.common.rbac_enforcer.enforcer [None req-abe4c1bc-72ac-467c-8bbe-8b6d0cd7d397 None admin] RBAC: Adding query filter params (name=anotherrole) {{(pid=80397) _extract_filter_values /opt/stack/keystone/keystone/common/rbac_enforcer/enforcer.py:167}}
Jul 21 09:43:30.600754 dv-neutron-850223-2-hyperv devstack@keystone.service[80397]: DEBUG keystone.common.rbac_enforcer.enforcer [None req-abe4c1bc-72ac-467c-8bbe-8b6d0cd7d397 None admin] RBAC: Authorizing `identity:list_roles()` {{(pid=80397) enforce_call /opt/stack/keystone/keystone/common/rbac_enforcer/enforcer.py:449}}
Jul 21 09:43:30.603069 dv-neutron-850223-2-hyperv devstack@keystone.service[80397]: DEBUG keystone.common.rbac_enforcer.enforcer [None req-abe4c1bc-72ac-467c-8bbe-8b6d0cd7d397 None admin] RBAC: Authorization granted {{(pid=80397) enforce_call /opt/stack/keystone/keystone/common/rbac_enforcer/enforcer.py:457}}
Jul 21 09:43:30.612955 dv-neutron-850223-2-hyperv devstack@keystone.service[80397]: [pid: 80397|app: 0|req: 197/389] 10.222.0.33 () {56 vars in 1111 bytes} [Thu Jul 21 09:43:30 2022] GET /identity/v3/roles?name=anotherrole => generated 334 bytes in 192 msecs (HTTP/1.1 200) 5 headers in 177 bytes (1 switches on core 0)
Jul 21 09:43:30.619173 dv-neutron-850223-2-hyperv devstack@keystone.service[80397]: DEBUG keystone.server.flask.request_processing.middleware.auth_context [None req-abe4c1bc-72ac-467c-8bbe-8b6d0cd7d397 None admin] Authenticating user token {{(pid=80397) process_request /usr/local/lib/python3.8/dist-packages/keystonemiddleware/auth_token/__init__.py:407}}
Jul 21 09:43:30.620856 dv-neutron-850223-2-hyperv devstack@keystone.service[80396]: DEBUG keystone.server.flask.request_processing.middleware.auth_context [None req-f3b6ea01-fbc6-4c59-9a3d-debba69516e0 None admin] RBAC: auth_context: {'token': , 'domain_id': None, 'trust_id': None, 'trustor_id': None, 'trustee_id': None, 'domain_name': None, 'group_ids': [], 'user_id': '557b1d51fc6c4587ba4a9541b361944b', 'user_domain_id': 'default', 'system_scope': 'all', 'project_id': None, 'project_domain_id': None, 'roles': ['admin', 'member', 'reader'], 'is_admin_project': True, 'service_user_id': None, 'service_user_domain_id': None, 'service_project_id': None, 'service_project_domain_id': None, 'service_roles': []} {{(pid=80396) fill_context /opt/stack/keystone/keystone/server/flask/request_processing/middleware/auth_context.py:478}}
Jul 21 09:43:30.621757 dv-neutron-850223-2-hyperv devstack@keystone.service[80396]: DEBUG keystone.server.flask.request_processing.req_logging [None req-f3b6ea01-fbc6-4c59-9a3d-debba69516e0 None admin] REQUEST_METHOD: `GET` {{(pid=80396) log_request_info /opt/stack/keystone/keystone/server/flask/request_processing/req_logging.py:27}}
Jul 21 09:43:30.622041 dv-neutron-850223-2-hyperv devstack@keystone.service[80396]: DEBUG keystone.server.flask.request_processing.req_logging [None req-f3b6ea01-fbc6-4c59-9a3d-debba69516e0 None admin] SCRIPT_NAME: `/identity` {{(pid=80396) log_request_info /opt/stack/keystone/keystone/server/flask/request_processing/req_logging.py:28}}
Jul 21 09:43:30.622318 dv-neutron-850223-2-hyperv devstack@keystone.service[80396]: DEBUG keystone.server.flask.request_processing.req_logging [None req-f3b6ea01-fbc6-4c59-9a3d-debba69516e0 None admin] PATH_INFO: `/v3/projects/0d6cf6abaf74477594268f619be283ba` {{(pid=80396) log_request_info /opt/stack/keystone/keystone/server/flask/request_processing/req_logging.py:29}}
Jul 21 09:43:30.623529 dv-neutron-850223-2-hyperv devstack@keystone.service[80396]: DEBUG keystone.common.rbac_enforcer.enforcer [None req-f3b6ea01-fbc6-4c59-9a3d-debba69516e0 None admin] RBAC: Authorizing `identity:get_project(project_id=0d6cf6abaf74477594268f619be283ba)` {{(pid=80396) enforce_call /opt/stack/keystone/keystone/common/rbac_enforcer/enforcer.py:449}}
Jul 21 09:43:30.625058 dv-neutron-850223-2-hyperv devstack@keystone.service[80396]: DEBUG keystone.common.rbac_enforcer.enforcer [None req-f3b6ea01-fbc6-4c59-9a3d-debba69516e0 None admin] RBAC: Authorization granted {{(pid=80396) enforce_call /opt/stack/keystone/keystone/common/rbac_enforcer/enforcer.py:457}}
Jul 21 09:43:30.626859 dv-neutron-850223-2-hyperv devstack@keystone.service[80396]: [pid: 80396|app: 0|req: 193/390] 10.222.0.33 () {56 vars in 1186 bytes} [Thu Jul 21 09:43:30 2022] GET /identity/v3/projects/0d6cf6abaf74477594268f619be283ba => generated 298 bytes in 180 msecs (HTTP/1.1 200) 5 headers in 177 bytes (2 switches on core 0)
Jul 21 09:43:30.632245 dv-neutron-850223-2-hyperv devstack@keystone.service[80396]: DEBUG keystone.server.flask.request_processing.middleware.auth_context [None req-f3b6ea01-fbc6-4c59-9a3d-debba69516e0 None admin] Authenticating user token {{(pid=80396) process_request /usr/local/lib/python3.8/dist-packages/keystonemiddleware/auth_token/__init__.py:407}}
Jul 21 09:43:30.711955 dv-neutron-850223-2-hyperv devstack@keystone.service[80397]: DEBUG dbcounter [-] [80397] Writing DB stats keystone:SELECT=100 {{(pid=80397) stat_writer /usr/local/lib/python3.8/dist-packages/dbcounter.py:114}}
Jul 21 09:43:30.734668 dv-neutron-850223-2-hyperv devstack@keystone.service[80397]: DEBUG keystone.server.flask.request_processing.middleware.auth_context [None req-abe4c1bc-72ac-467c-8bbe-8b6d0cd7d397 None admin] Validating token access rules against request {{(pid=80397) validate_allowed_request /usr/local/lib/python3.8/dist-packages/keystonemiddleware/auth_token/__init__.py:545}}
Jul 21 09:43:30.737139 dv-neutron-850223-2-hyperv devstack@keystone.service[80396]: DEBUG keystone.server.flask.request_processing.middleware.auth_context [None req-f3b6ea01-fbc6-4c59-9a3d-debba69516e0 None admin] Validating token access rules against request {{(pid=80396) validate_allowed_request /usr/local/lib/python3.8/dist-packages/keystonemiddleware/auth_token/__init__.py:545}}
Jul 21 09:43:30.771506 dv-neutron-850223-2-hyperv devstack@keystone.service[80397]: DEBUG keystone.server.flask.request_processing.middleware.auth_context [None req-580bc7c0-026d-4997-85a0-1838f72829e0 None admin] RBAC: auth_context: {'token': , 'domain_id': None, 'trust_id': None, 'trustor_id': None, 'trustee_id': None, 'domain_name': None, 'group_ids': [], 'user_id': '557b1d51fc6c4587ba4a9541b361944b', 'user_domain_id': 'default', 'system_scope': 'all', 'project_id': None, 'project_domain_id': None, 'roles': ['admin', 'member', 'reader'], 'is_admin_project': True, 'service_user_id': None, 'service_user_domain_id': None, 'service_project_id': None, 'service_project_domain_id': None, 'service_roles': []} {{(pid=80397) fill_context /opt/stack/keystone/keystone/server/flask/request_processing/middleware/auth_context.py:478}}
Jul 21 09:43:30.772865 dv-neutron-850223-2-hyperv devstack@keystone.service[80397]: DEBUG keystone.server.flask.request_processing.req_logging [None req-580bc7c0-026d-4997-85a0-1838f72829e0 None admin] REQUEST_METHOD: `GET` {{(pid=80397) log_request_info /opt/stack/keystone/keystone/server/flask/request_processing/req_logging.py:27}}
Jul 21 09:43:30.772972 dv-neutron-850223-2-hyperv devstack@keystone.service[80396]: DEBUG keystone.server.flask.request_processing.middleware.auth_context [None req-cb498ac2-5688-4d78-8feb-aa855ae9373a None admin] RBAC: auth_context: {'token': , 'domain_id': None, 'trust_id': None, 'trustor_id': None, 'trustee_id': None, 'domain_name': None, 'group_ids': [], 'user_id': '557b1d51fc6c4587ba4a9541b361944b', 'user_domain_id': 'default', 'system_scope': 'all', 'project_id': None, 'project_domain_id': None, 'roles': ['admin', 'member', 'reader'], 'is_admin_project': True, 'service_user_id': None, 'service_user_domain_id': None, 'service_project_id': None, 'service_project_domain_id': None, 'service_roles': []} {{(pid=80396) fill_context /opt/stack/keystone/keystone/server/flask/request_processing/middleware/auth_context.py:478}}
Jul 21 09:43:30.774066 dv-neutron-850223-2-hyperv devstack@keystone.service[80397]: DEBUG keystone.server.flask.request_processing.req_logging [None req-580bc7c0-026d-4997-85a0-1838f72829e0 None admin] SCRIPT_NAME: `/identity` {{(pid=80397) log_request_info /opt/stack/keystone/keystone/server/flask/request_processing/req_logging.py:28}}
Jul 21 09:43:30.774351 dv-neutron-850223-2-hyperv devstack@keystone.service[80396]: DEBUG keystone.server.flask.request_processing.req_logging [None req-cb498ac2-5688-4d78-8feb-aa855ae9373a None admin] REQUEST_METHOD: `PUT` {{(pid=80396) log_request_info /opt/stack/keystone/keystone/server/flask/request_processing/req_logging.py:27}}
Jul 21 09:43:30.774630 dv-neutron-850223-2-hyperv devstack@keystone.service[80396]: DEBUG keystone.server.flask.request_processing.req_logging [None req-cb498ac2-5688-4d78-8feb-aa855ae9373a None admin] SCRIPT_NAME: `/identity` {{(pid=80396) log_request_info /opt/stack/keystone/keystone/server/flask/request_processing/req_logging.py:28}}
Jul 21 09:43:30.774903 dv-neutron-850223-2-hyperv devstack@keystone.service[80396]: DEBUG keystone.server.flask.request_processing.req_logging [None req-cb498ac2-5688-4d78-8feb-aa855ae9373a None admin] PATH_INFO: `/v3/projects/0d6cf6abaf74477594268f619be283ba/groups/d01ab61cfd2645ee85cdd0eae8c64c8e/roles/adde54fa104740c4be99ca43743341ad` {{(pid=80396) log_request_info /opt/stack/keystone/keystone/server/flask/request_processing/req_logging.py:29}}
Jul 21 09:43:30.775194 dv-neutron-850223-2-hyperv devstack@keystone.service[80397]: DEBUG keystone.server.flask.request_processing.req_logging [None req-580bc7c0-026d-4997-85a0-1838f72829e0 None admin] PATH_INFO: `/v3/groups/d01ab61cfd2645ee85cdd0eae8c64c8e` {{(pid=80397) log_request_info /opt/stack/keystone/keystone/server/flask/request_processing/req_logging.py:29}}
Jul 21 09:43:30.776790 dv-neutron-850223-2-hyperv devstack@keystone.service[80397]: DEBUG keystone.common.rbac_enforcer.enforcer [None req-580bc7c0-026d-4997-85a0-1838f72829e0 None admin] RBAC: Authorizing `identity:get_group(group_id=d01ab61cfd2645ee85cdd0eae8c64c8e)` {{(pid=80397) enforce_call /opt/stack/keystone/keystone/common/rbac_enforcer/enforcer.py:449}}
Jul 21 09:43:30.776984 dv-neutron-850223-2-hyperv devstack@keystone.service[80396]: DEBUG keystone.common.rbac_enforcer.enforcer [None req-cb498ac2-5688-4d78-8feb-aa855ae9373a None admin] RBAC: Authorizing `identity:create_grant(project_id=0d6cf6abaf74477594268f619be283ba, group_id=d01ab61cfd2645ee85cdd0eae8c64c8e, role_id=adde54fa104740c4be99ca43743341ad)` {{(pid=80396) enforce_call /opt/stack/keystone/keystone/common/rbac_enforcer/enforcer.py:449}}
Jul 21 09:43:30.778457 dv-neutron-850223-2-hyperv devstack@keystone.service[80396]: DEBUG keystone.common.rbac_enforcer.enforcer [None req-cb498ac2-5688-4d78-8feb-aa855ae9373a None admin] RBAC: Authorization granted {{(pid=80396) enforce_call /opt/stack/keystone/keystone/common/rbac_enforcer/enforcer.py:457}}
Jul 21 09:43:30.779453 dv-neutron-850223-2-hyperv devstack@keystone.service[80397]: DEBUG keystone.common.rbac_enforcer.enforcer [None req-580bc7c0-026d-4997-85a0-1838f72829e0 None admin] RBAC: Authorization granted {{(pid=80397) enforce_call /opt/stack/keystone/keystone/common/rbac_enforcer/enforcer.py:457}}
Jul 21 09:43:30.781687 dv-neutron-850223-2-hyperv devstack@keystone.service[80397]: [pid: 80397|app: 0|req: 198/391] 10.222.0.33 () {56 vars in 1180 bytes} [Thu Jul 21 09:43:30 2022] GET /identity/v3/groups/d01ab61cfd2645ee85cdd0eae8c64c8e => generated 226 bytes in 163 msecs (HTTP/1.1 200) 5 headers in 177 bytes (1 switches on core 0)
Jul 21 09:43:30.788492 dv-neutron-850223-2-hyperv devstack@keystone.service[80397]: DEBUG keystone.server.flask.request_processing.middleware.auth_context [None req-580bc7c0-026d-4997-85a0-1838f72829e0 None admin] Authenticating user token {{(pid=80397) process_request /usr/local/lib/python3.8/dist-packages/keystonemiddleware/auth_token/__init__.py:407}}
Jul 21 09:43:30.806683 dv-neutron-850223-2-hyperv devstack@keystone.service[80396]: [pid: 80396|app: 0|req: 194/392] 10.222.0.33 () {58 vars in 1442 bytes} [Thu Jul 21 09:43:30 2022] PUT /identity/v3/projects/0d6cf6abaf74477594268f619be283ba/groups/d01ab61cfd2645ee85cdd0eae8c64c8e/roles/adde54fa104740c4be99ca43743341ad => generated 0 bytes in 175 msecs (HTTP/1.1 204) 3 headers in 132 bytes (1 switches on core 0)
Jul 21 09:43:30.905127 dv-neutron-850223-2-hyperv devstack@keystone.service[80397]: DEBUG keystone.server.flask.request_processing.middleware.auth_context [None req-580bc7c0-026d-4997-85a0-1838f72829e0 None admin] Validating token access rules against request {{(pid=80397) validate_allowed_request /usr/local/lib/python3.8/dist-packages/keystonemiddleware/auth_token/__init__.py:545}}
Jul 21 09:43:30.944251 dv-neutron-850223-2-hyperv devstack@keystone.service[80397]: DEBUG keystone.server.flask.request_processing.middleware.auth_context [None req-281cd43f-c8d7-4276-9714-659d642d7629 None admin] RBAC: auth_context: {'token': , 'domain_id': None, 'trust_id': None, 'trustor_id': None, 'trustee_id': None, 'domain_name': None, 'group_ids': [], 'user_id': '557b1d51fc6c4587ba4a9541b361944b', 'user_domain_id': 'default', 'system_scope': 'all', 'project_id': None, 'project_domain_id': None, 'roles': ['admin', 'member', 'reader'], 'is_admin_project': True, 'service_user_id': None, 'service_user_domain_id': None, 'service_project_id': None, 'service_project_domain_id': None, 'service_roles': []} {{(pid=80397) fill_context /opt/stack/keystone/keystone/server/flask/request_processing/middleware/auth_context.py:478}}
Jul 21 09:43:30.945583 dv-neutron-850223-2-hyperv devstack@keystone.service[80397]: DEBUG keystone.server.flask.request_processing.req_logging [None req-281cd43f-c8d7-4276-9714-659d642d7629 None admin] REQUEST_METHOD: `GET` {{(pid=80397) log_request_info /opt/stack/keystone/keystone/server/flask/request_processing/req_logging.py:27}}
Jul 21 09:43:30.946076 dv-neutron-850223-2-hyperv devstack@keystone.service[80397]: DEBUG keystone.server.flask.request_processing.req_logging [None req-281cd43f-c8d7-4276-9714-659d642d7629 None admin] SCRIPT_NAME: `/identity` {{(pid=80397) log_request_info /opt/stack/keystone/keystone/server/flask/request_processing/req_logging.py:28}}
Jul 21 09:43:30.946557 dv-neutron-850223-2-hyperv devstack@keystone.service[80397]: DEBUG keystone.server.flask.request_processing.req_logging [None req-281cd43f-c8d7-4276-9714-659d642d7629 None admin] PATH_INFO: `/v3/projects/0d6cf6abaf74477594268f619be283ba` {{(pid=80397) log_request_info /opt/stack/keystone/keystone/server/flask/request_processing/req_logging.py:29}}
Jul 21 09:43:30.948044 dv-neutron-850223-2-hyperv devstack@keystone.service[80397]: DEBUG keystone.common.rbac_enforcer.enforcer [None req-281cd43f-c8d7-4276-9714-659d642d7629 None admin] RBAC: Authorizing `identity:get_project(project_id=0d6cf6abaf74477594268f619be283ba)` {{(pid=80397) enforce_call /opt/stack/keystone/keystone/common/rbac_enforcer/enforcer.py:449}}
Jul 21 09:43:30.949857 dv-neutron-850223-2-hyperv devstack@keystone.service[80397]: DEBUG keystone.common.rbac_enforcer.enforcer [None req-281cd43f-c8d7-4276-9714-659d642d7629 None admin] RBAC: Authorization granted {{(pid=80397) enforce_call /opt/stack/keystone/keystone/common/rbac_enforcer/enforcer.py:457}}
Jul 21 09:43:30.952290 dv-neutron-850223-2-hyperv devstack@keystone.service[80397]: [pid: 80397|app: 0|req: 199/393] 10.222.0.33 () {56 vars in 1186 bytes} [Thu Jul 21 09:43:30 2022] GET /identity/v3/projects/0d6cf6abaf74477594268f619be283ba => generated 298 bytes in 164 msecs (HTTP/1.1 200) 5 headers in 177 bytes (2 switches on core 0)
Jul 21 09:43:30.958377 dv-neutron-850223-2-hyperv devstack@keystone.service[80396]: DEBUG keystone.server.flask.request_processing.middleware.auth_context [None req-cb498ac2-5688-4d78-8feb-aa855ae9373a None admin] Authenticating user token {{(pid=80396) process_request /usr/local/lib/python3.8/dist-packages/keystonemiddleware/auth_token/__init__.py:407}}
Jul 21 09:43:31.007067 dv-neutron-850223-2-hyperv devstack@keystone.service[80396]: DEBUG dbcounter [-] [80396] Writing DB stats keystone:SELECT=99,keystone:INSERT=1 {{(pid=80396) stat_writer /usr/local/lib/python3.8/dist-packages/dbcounter.py:114}}
Jul 21 09:43:31.090731 dv-neutron-850223-2-hyperv devstack@keystone.service[80396]: DEBUG keystone.server.flask.request_processing.middleware.auth_context [None req-cb498ac2-5688-4d78-8feb-aa855ae9373a None admin] Validating token access rules against request {{(pid=80396) validate_allowed_request /usr/local/lib/python3.8/dist-packages/keystonemiddleware/auth_token/__init__.py:545}}
Jul 21 09:43:31.138728 dv-neutron-850223-2-hyperv devstack@keystone.service[80396]: DEBUG keystone.server.flask.request_processing.middleware.auth_context [None req-fc905aae-d6d3-4ac6-9d6a-9b736a4cec48 None admin] RBAC: auth_context: {'token': , 'domain_id': None, 'trust_id': None, 'trustor_id': None, 'trustee_id': None, 'domain_name': None, 'group_ids': [], 'user_id': '557b1d51fc6c4587ba4a9541b361944b', 'user_domain_id': 'default', 'system_scope': 'all', 'project_id': None, 'project_domain_id': None, 'roles': ['admin', 'member', 'reader'], 'is_admin_project': True, 'service_user_id': None, 'service_user_domain_id': None, 'service_project_id': None, 'service_project_domain_id': None, 'service_roles': []} {{(pid=80396) fill_context /opt/stack/keystone/keystone/server/flask/request_processing/middleware/auth_context.py:478}}
Jul 21 09:43:31.139992 dv-neutron-850223-2-hyperv devstack@keystone.service[80396]: DEBUG keystone.server.flask.request_processing.req_logging [None req-fc905aae-d6d3-4ac6-9d6a-9b736a4cec48 None admin] REQUEST_METHOD: `PUT` {{(pid=80396) log_request_info /opt/stack/keystone/keystone/server/flask/request_processing/req_logging.py:27}}
Jul 21 09:43:31.140513 dv-neutron-850223-2-hyperv devstack@keystone.service[80396]: DEBUG keystone.server.flask.request_processing.req_logging [None req-fc905aae-d6d3-4ac6-9d6a-9b736a4cec48 None admin] SCRIPT_NAME: `/identity` {{(pid=80396) log_request_info /opt/stack/keystone/keystone/server/flask/request_processing/req_logging.py:28}}
Jul 21 09:43:31.141004 dv-neutron-850223-2-hyperv devstack@keystone.service[80396]: DEBUG keystone.server.flask.request_processing.req_logging [None req-fc905aae-d6d3-4ac6-9d6a-9b736a4cec48 None admin] PATH_INFO: `/v3/projects/0d6cf6abaf74477594268f619be283ba/groups/d01ab61cfd2645ee85cdd0eae8c64c8e/roles/8ea007860c7944298d066f535cf6d5fb` {{(pid=80396) log_request_info /opt/stack/keystone/keystone/server/flask/request_processing/req_logging.py:29}}
Jul 21 09:43:31.143665 dv-neutron-850223-2-hyperv devstack@keystone.service[80396]: DEBUG keystone.common.rbac_enforcer.enforcer [None req-fc905aae-d6d3-4ac6-9d6a-9b736a4cec48 None admin] RBAC: Authorizing `identity:create_grant(project_id=0d6cf6abaf74477594268f619be283ba, group_id=d01ab61cfd2645ee85cdd0eae8c64c8e, role_id=8ea007860c7944298d066f535cf6d5fb)` {{(pid=80396) enforce_call /opt/stack/keystone/keystone/common/rbac_enforcer/enforcer.py:449}}
Jul 21 09:43:31.145515 dv-neutron-850223-2-hyperv devstack@keystone.service[80396]: DEBUG keystone.common.rbac_enforcer.enforcer [None req-fc905aae-d6d3-4ac6-9d6a-9b736a4cec48 None admin] RBAC: Authorization granted {{(pid=80396) enforce_call /opt/stack/keystone/keystone/common/rbac_enforcer/enforcer.py:457}}
Jul 21 09:43:31.172608 dv-neutron-850223-2-hyperv devstack@keystone.service[80396]: [pid: 80396|app: 0|req: 195/394] 10.222.0.33 () {58 vars in 1442 bytes} [Thu Jul 21 09:43:30 2022] PUT /identity/v3/projects/0d6cf6abaf74477594268f619be283ba/groups/d01ab61cfd2645ee85cdd0eae8c64c8e/roles/8ea007860c7944298d066f535cf6d5fb => generated 0 bytes in 215 msecs (HTTP/1.1 204) 3 headers in 132 bytes (0 switches on core 0)
Jul 21 09:43:32.057566 dv-neutron-850223-2-hyperv devstack@keystone.service[80397]: DEBUG keystone.server.flask.request_processing.req_logging [None req-c795d349-3c63-4290-8a54-61e340fa5606 None None] REQUEST_METHOD: `GET` {{(pid=80397) log_request_info /opt/stack/keystone/keystone/server/flask/request_processing/req_logging.py:27}}
Jul 21 09:43:32.058111 dv-neutron-850223-2-hyperv devstack@keystone.service[80397]: DEBUG keystone.server.flask.request_processing.req_logging [None req-c795d349-3c63-4290-8a54-61e340fa5606 None None] SCRIPT_NAME: `/identity` {{(pid=80397) log_request_info /opt/stack/keystone/keystone/server/flask/request_processing/req_logging.py:28}}
Jul 21 09:43:32.058111 dv-neutron-850223-2-hyperv devstack@keystone.service[80397]: DEBUG keystone.server.flask.request_processing.req_logging [None req-c795d349-3c63-4290-8a54-61e340fa5606 None None] PATH_INFO: `/` {{(pid=80397) log_request_info /opt/stack/keystone/keystone/server/flask/request_processing/req_logging.py:29}}
Jul 21 09:43:32.059917 dv-neutron-850223-2-hyperv devstack@keystone.service[80397]: [pid: 80397|app: 0|req: 200/395] 10.222.0.33 () {54 vars in 926 bytes} [Thu Jul 21 09:43:32 2022] GET /identity => generated 270 bytes in 3 msecs (HTTP/1.1 300) 6 headers in 234 bytes (1 switches on core 0)
Jul 21 09:43:32.066603 dv-neutron-850223-2-hyperv devstack@keystone.service[80396]: DEBUG keystone.server.flask.request_processing.req_logging [None req-99c5d82e-5ae9-4a41-a241-f7375795e9b4 None None] REQUEST_METHOD: `POST` {{(pid=80396) log_request_info /opt/stack/keystone/keystone/server/flask/request_processing/req_logging.py:27}}
Jul 21 09:43:32.066889 dv-neutron-850223-2-hyperv devstack@keystone.service[80396]: DEBUG keystone.server.flask.request_processing.req_logging [None req-99c5d82e-5ae9-4a41-a241-f7375795e9b4 None None] SCRIPT_NAME: `/identity` {{(pid=80396) log_request_info /opt/stack/keystone/keystone/server/flask/request_processing/req_logging.py:28}}
Jul 21 09:43:32.067163 dv-neutron-850223-2-hyperv devstack@keystone.service[80396]: DEBUG keystone.server.flask.request_processing.req_logging [None req-99c5d82e-5ae9-4a41-a241-f7375795e9b4 None None] PATH_INFO: `/v3/auth/tokens` {{(pid=80396) log_request_info /opt/stack/keystone/keystone/server/flask/request_processing/req_logging.py:29}}
Jul 21 09:43:32.085259 dv-neutron-850223-2-hyperv devstack@keystone.service[80396]: DEBUG keystone.auth.core [None req-99c5d82e-5ae9-4a41-a241-f7375795e9b4 None None] MFA Rules not processed for user `557b1d51fc6c4587ba4a9541b361944b`. Rule list: `[]` (Enabled: `True`). {{(pid=80396) check_auth_methods_against_rules /opt/stack/keystone/keystone/auth/core.py:438}}
Jul 21 09:43:32.087045 dv-neutron-850223-2-hyperv devstack@keystone.service[80396]: DEBUG keystone.common.fernet_utils [None req-99c5d82e-5ae9-4a41-a241-f7375795e9b4 None None] Loaded 2 Fernet keys from /etc/keystone/fernet-keys/, but `[fernet_tokens] max_active_keys = 3`; perhaps there have not been enough key rotations to reach `max_active_keys` yet? {{(pid=80396) load_keys /opt/stack/keystone/keystone/common/fernet_utils.py:286}}
Jul 21 09:43:32.095776 dv-neutron-850223-2-hyperv devstack@keystone.service[80397]: DEBUG keystone.server.flask.request_processing.req_logging [None req-6e0d3ba5-6b8e-47d7-9f0f-fa9e355b5352 None None] REQUEST_METHOD: `GET` {{(pid=80397) log_request_info /opt/stack/keystone/keystone/server/flask/request_processing/req_logging.py:27}}
Jul 21 09:43:32.096384 dv-neutron-850223-2-hyperv devstack@keystone.service[80397]: DEBUG keystone.server.flask.request_processing.req_logging [None req-6e0d3ba5-6b8e-47d7-9f0f-fa9e355b5352 None None] SCRIPT_NAME: `/identity` {{(pid=80397) log_request_info /opt/stack/keystone/keystone/server/flask/request_processing/req_logging.py:28}}
Jul 21 09:43:32.096905 dv-neutron-850223-2-hyperv devstack@keystone.service[80397]: DEBUG keystone.server.flask.request_processing.req_logging [None req-6e0d3ba5-6b8e-47d7-9f0f-fa9e355b5352 None None] PATH_INFO: `/` {{(pid=80397) log_request_info /opt/stack/keystone/keystone/server/flask/request_processing/req_logging.py:29}}
Jul 21 09:43:32.099563 dv-neutron-850223-2-hyperv devstack@keystone.service[80397]: [pid: 80397|app: 0|req: 201/396] 10.222.0.33 () {54 vars in 926 bytes} [Thu Jul 21 09:43:32 2022] GET /identity => generated 270 bytes in 5 msecs (HTTP/1.1 300) 6 headers in 234 bytes (1 switches on core 0)
Jul 21 09:43:32.104699 dv-neutron-850223-2-hyperv devstack@keystone.service[80397]: DEBUG keystone.server.flask.request_processing.req_logging [None req-cf55a28d-e9b4-43d1-908c-efda29ace2db None None] REQUEST_METHOD: `POST` {{(pid=80397) log_request_info /opt/stack/keystone/keystone/server/flask/request_processing/req_logging.py:27}}
Jul 21 09:43:32.105231 dv-neutron-850223-2-hyperv devstack@keystone.service[80397]: DEBUG keystone.server.flask.request_processing.req_logging [None req-cf55a28d-e9b4-43d1-908c-efda29ace2db None None] SCRIPT_NAME: `/identity` {{(pid=80397) log_request_info /opt/stack/keystone/keystone/server/flask/request_processing/req_logging.py:28}}
Jul 21 09:43:32.106168 dv-neutron-850223-2-hyperv devstack@keystone.service[80397]: DEBUG keystone.server.flask.request_processing.req_logging [None req-cf55a28d-e9b4-43d1-908c-efda29ace2db None None] PATH_INFO: `/v3/auth/tokens` {{(pid=80397) log_request_info /opt/stack/keystone/keystone/server/flask/request_processing/req_logging.py:29}}
Jul 21 09:43:32.141140 dv-neutron-850223-2-hyperv devstack@keystone.service[80397]: DEBUG keystone.auth.core [None req-cf55a28d-e9b4-43d1-908c-efda29ace2db None None] MFA Rules not processed for user `557b1d51fc6c4587ba4a9541b361944b`. Rule list: `[]` (Enabled: `True`). {{(pid=80397) check_auth_methods_against_rules /opt/stack/keystone/keystone/auth/core.py:438}}
Jul 21 09:43:32.144260 dv-neutron-850223-2-hyperv devstack@keystone.service[80397]: DEBUG keystone.common.fernet_utils [None req-cf55a28d-e9b4-43d1-908c-efda29ace2db None None] Loaded 2 Fernet keys from /etc/keystone/fernet-keys/, but `[fernet_tokens] max_active_keys = 3`; perhaps there have not been enough key rotations to reach `max_active_keys` yet? {{(pid=80397) load_keys /opt/stack/keystone/keystone/common/fernet_utils.py:286}}
Jul 21 09:43:32.171510 dv-neutron-850223-2-hyperv devstack@keystone.service[80397]: DEBUG dbcounter [-] [80397] Writing DB stats keystone:SELECT=100 {{(pid=80397) stat_writer /usr/local/lib/python3.8/dist-packages/dbcounter.py:114}}
Jul 21 09:43:32.219641 dv-neutron-850223-2-hyperv devstack@keystone.service[80396]: [pid: 80396|app: 0|req: 196/397] 10.222.0.33 () {58 vars in 1023 bytes} [Thu Jul 21 09:43:32 2022] POST /identity/v3/auth/tokens => generated 799 bytes in 154 msecs (HTTP/1.1 201) 6 headers in 363 bytes (2 switches on core 0)
Jul 21 09:43:32.258972 dv-neutron-850223-2-hyperv devstack@keystone.service[80396]: DEBUG keystone.server.flask.request_processing.middleware.auth_context [None req-99c5d82e-5ae9-4a41-a241-f7375795e9b4 None None] Authenticating user token {{(pid=80396) process_request /usr/local/lib/python3.8/dist-packages/keystonemiddleware/auth_token/__init__.py:407}}
Jul 21 09:43:32.276104 dv-neutron-850223-2-hyperv devstack@keystone.service[80397]: [pid: 80397|app: 0|req: 202/398] 10.222.0.33 () {58 vars in 1023 bytes} [Thu Jul 21 09:43:32 2022] POST /identity/v3/auth/tokens => generated 799 bytes in 172 msecs (HTTP/1.1 201) 6 headers in 363 bytes (1 switches on core 0)
Jul 21 09:43:32.279396 dv-neutron-850223-2-hyperv devstack@keystone.service[80397]: DEBUG keystone.server.flask.request_processing.req_logging [None req-7dda5171-a8a3-461b-bd41-7bca81b87fad None None] REQUEST_METHOD: `GET` {{(pid=80397) log_request_info /opt/stack/keystone/keystone/server/flask/request_processing/req_logging.py:27}}
Jul 21 09:43:32.279693 dv-neutron-850223-2-hyperv devstack@keystone.service[80397]: DEBUG keystone.server.flask.request_processing.req_logging [None req-7dda5171-a8a3-461b-bd41-7bca81b87fad None None] SCRIPT_NAME: `/identity` {{(pid=80397) log_request_info /opt/stack/keystone/keystone/server/flask/request_processing/req_logging.py:28}}
Jul 21 09:43:32.279975 dv-neutron-850223-2-hyperv devstack@keystone.service[80397]: DEBUG keystone.server.flask.request_processing.req_logging [None req-7dda5171-a8a3-461b-bd41-7bca81b87fad None None] PATH_INFO: `/` {{(pid=80397) log_request_info /opt/stack/keystone/keystone/server/flask/request_processing/req_logging.py:29}}
Jul 21 09:43:32.282113 dv-neutron-850223-2-hyperv devstack@keystone.service[80397]: [pid: 80397|app: 0|req: 203/399] 10.222.0.33 () {54 vars in 926 bytes} [Thu Jul 21 09:43:32 2022] GET /identity => generated 270 bytes in 3 msecs (HTTP/1.1 300) 6 headers in 234 bytes (1 switches on core 0)
Jul 21 09:43:32.291642 dv-neutron-850223-2-hyperv devstack@keystone.service[80397]: DEBUG keystone.server.flask.request_processing.req_logging [None req-c386c570-78c6-4ee2-968b-75efe24dda71 None None] REQUEST_METHOD: `POST` {{(pid=80397) log_request_info /opt/stack/keystone/keystone/server/flask/request_processing/req_logging.py:27}}
Jul 21 09:43:32.291924 dv-neutron-850223-2-hyperv devstack@keystone.service[80397]: DEBUG keystone.server.flask.request_processing.req_logging [None req-c386c570-78c6-4ee2-968b-75efe24dda71 None None] SCRIPT_NAME: `/identity` {{(pid=80397) log_request_info /opt/stack/keystone/keystone/server/flask/request_processing/req_logging.py:28}}
Jul 21 09:43:32.292206 dv-neutron-850223-2-hyperv devstack@keystone.service[80397]: DEBUG keystone.server.flask.request_processing.req_logging [None req-c386c570-78c6-4ee2-968b-75efe24dda71 None None] PATH_INFO: `/v3/auth/tokens` {{(pid=80397) log_request_info /opt/stack/keystone/keystone/server/flask/request_processing/req_logging.py:29}}
Jul 21 09:43:32.300731 dv-neutron-850223-2-hyperv devstack@keystone.service[80396]: DEBUG dbcounter [-] [80396] Writing DB stats keystone:SELECT=99,keystone:INSERT=1 {{(pid=80396) stat_writer /usr/local/lib/python3.8/dist-packages/dbcounter.py:114}}
Jul 21 09:43:32.320014 dv-neutron-850223-2-hyperv devstack@keystone.service[80397]: DEBUG keystone.auth.core [None req-c386c570-78c6-4ee2-968b-75efe24dda71 None None] MFA Rules not processed for user `557b1d51fc6c4587ba4a9541b361944b`. Rule list: `[]` (Enabled: `True`). {{(pid=80397) check_auth_methods_against_rules /opt/stack/keystone/keystone/auth/core.py:438}}
Jul 21 09:43:32.321688 dv-neutron-850223-2-hyperv devstack@keystone.service[80397]: DEBUG keystone.common.fernet_utils [None req-c386c570-78c6-4ee2-968b-75efe24dda71 None None] Loaded 2 Fernet keys from /etc/keystone/fernet-keys/, but `[fernet_tokens] max_active_keys = 3`; perhaps there have not been enough key rotations to reach `max_active_keys` yet? {{(pid=80397) load_keys /opt/stack/keystone/keystone/common/fernet_utils.py:286}}
Jul 21 09:43:32.401870 dv-neutron-850223-2-hyperv devstack@keystone.service[80396]: DEBUG keystone.server.flask.request_processing.middleware.auth_context [None req-99c5d82e-5ae9-4a41-a241-f7375795e9b4 None None] Validating token access rules against request {{(pid=80396) validate_allowed_request /usr/local/lib/python3.8/dist-packages/keystonemiddleware/auth_token/__init__.py:545}}
Jul 21 09:43:32.416807 dv-neutron-850223-2-hyperv devstack@keystone.service[80397]: [pid: 80397|app: 0|req: 204/400] 10.222.0.33 () {58 vars in 1023 bytes} [Thu Jul 21 09:43:32 2022] POST /identity/v3/auth/tokens => generated 799 bytes in 121 msecs (HTTP/1.1 201) 6 headers in 363 bytes (2 switches on core 0)
Jul 21 09:43:32.417791 dv-neutron-850223-2-hyperv devstack@keystone.service[80397]: DEBUG keystone.server.flask.request_processing.middleware.auth_context [None req-c386c570-78c6-4ee2-968b-75efe24dda71 None None] Authenticating user token {{(pid=80397) process_request /usr/local/lib/python3.8/dist-packages/keystonemiddleware/auth_token/__init__.py:407}}
Jul 21 09:43:32.464830 dv-neutron-850223-2-hyperv devstack@keystone.service[80396]: DEBUG keystone.server.flask.request_processing.middleware.auth_context [None req-3702479c-3ccd-4a21-8852-9d2bbd745469 None admin] RBAC: auth_context: {'token': , 'domain_id': None, 'trust_id': None, 'trustor_id': None, 'trustee_id': None, 'domain_name': None, 'group_ids': [], 'user_id': '557b1d51fc6c4587ba4a9541b361944b', 'user_domain_id': 'default', 'system_scope': 'all', 'project_id': None, 'project_domain_id': None, 'roles': ['admin', 'member', 'reader'], 'is_admin_project': True, 'service_user_id': None, 'service_user_domain_id': None, 'service_project_id': None, 'service_project_domain_id': None, 'service_roles': []} {{(pid=80396) fill_context /opt/stack/keystone/keystone/server/flask/request_processing/middleware/auth_context.py:478}}
