Jul 18 14:22:49.209774 dv-neutron-850223-1-hyperv devstack@keystone.service[80368]: DEBUG keystone.auth.core [None req-e322fa34-8858-4f70-942a-24e156d09680 None None] MFA Rules not processed for user `1c549970361b4c4182d6a3fbff59328c`. Rule list: `[]` (Enabled: `True`). {{(pid=80368) check_auth_methods_against_rules /opt/stack/keystone/keystone/auth/core.py:438}}
Jul 18 14:22:49.211745 dv-neutron-850223-1-hyperv devstack@keystone.service[80368]: DEBUG keystone.common.fernet_utils [None req-e322fa34-8858-4f70-942a-24e156d09680 None None] Loaded 2 Fernet keys from /etc/keystone/fernet-keys/, but `[fernet_tokens] max_active_keys = 3`; perhaps there have not been enough key rotations to reach `max_active_keys` yet? {{(pid=80368) load_keys /opt/stack/keystone/keystone/common/fernet_utils.py:286}}
Jul 18 14:22:49.216809 dv-neutron-850223-1-hyperv devstack@keystone.service[80367]: [pid: 80367|app: 0|req: 105/211] 10.222.0.95 () {58 vars in 1023 bytes} [Mon Jul 18 14:22:49 2022] POST /identity/v3/auth/tokens => generated 799 bytes in 159 msecs (HTTP/1.1 201) 6 headers in 363 bytes (1 switches on core 0)
Jul 18 14:22:49.247879 dv-neutron-850223-1-hyperv devstack@keystone.service[80367]: DEBUG keystone.server.flask.request_processing.middleware.auth_context [None req-c0dbb913-3823-442f-8337-313f3db68b04 None None] Authenticating user token {{(pid=80367) process_request /usr/local/lib/python3.8/dist-packages/keystonemiddleware/auth_token/__init__.py:407}}
Jul 18 14:22:49.331331 dv-neutron-850223-1-hyperv devstack@keystone.service[80368]: [pid: 80368|app: 0|req: 107/212] 10.222.0.95 () {58 vars in 1023 bytes} [Mon Jul 18 14:22:49 2022] POST /identity/v3/auth/tokens => generated 799 bytes in 147 msecs (HTTP/1.1 201) 6 headers in 363 bytes (2 switches on core 0)
Jul 18 14:22:49.359988 dv-neutron-850223-1-hyperv devstack@keystone.service[80368]: DEBUG keystone.server.flask.request_processing.middleware.auth_context [None req-e322fa34-8858-4f70-942a-24e156d09680 None None] Authenticating user token {{(pid=80368) process_request /usr/local/lib/python3.8/dist-packages/keystonemiddleware/auth_token/__init__.py:407}}
Jul 18 14:22:49.369915 dv-neutron-850223-1-hyperv devstack@keystone.service[80367]: DEBUG keystone.server.flask.request_processing.middleware.auth_context [None req-c0dbb913-3823-442f-8337-313f3db68b04 None None] Validating token access rules against request {{(pid=80367) validate_allowed_request /usr/local/lib/python3.8/dist-packages/keystonemiddleware/auth_token/__init__.py:545}}
Jul 18 14:22:49.420853 dv-neutron-850223-1-hyperv devstack@keystone.service[80367]: DEBUG keystone.server.flask.request_processing.middleware.auth_context [None req-289629a0-a2d9-4232-96cb-dda0426302bd None admin] RBAC: auth_context: {'token': , 'domain_id': None, 'trust_id': None, 'trustor_id': None, 'trustee_id': None, 'domain_name': None, 'group_ids': [], 'user_id': '1c549970361b4c4182d6a3fbff59328c', 'user_domain_id': 'default', 'system_scope': 'all', 'project_id': None, 'project_domain_id': None, 'roles': ['admin', 'member', 'reader'], 'is_admin_project': True, 'service_user_id': None, 'service_user_domain_id': None, 'service_project_id': None, 'service_project_domain_id': None, 'service_roles': []} {{(pid=80367) fill_context /opt/stack/keystone/keystone/server/flask/request_processing/middleware/auth_context.py:478}}
Jul 18 14:22:49.421695 dv-neutron-850223-1-hyperv devstack@keystone.service[80367]: DEBUG keystone.server.flask.request_processing.req_logging [None req-289629a0-a2d9-4232-96cb-dda0426302bd None admin] REQUEST_METHOD: `GET` {{(pid=80367) log_request_info /opt/stack/keystone/keystone/server/flask/request_processing/req_logging.py:27}}
Jul 18 14:22:49.421983 dv-neutron-850223-1-hyperv devstack@keystone.service[80367]: DEBUG keystone.server.flask.request_processing.req_logging [None req-289629a0-a2d9-4232-96cb-dda0426302bd None admin] SCRIPT_NAME: `/identity` {{(pid=80367) log_request_info /opt/stack/keystone/keystone/server/flask/request_processing/req_logging.py:28}}
Jul 18 14:22:49.422264 dv-neutron-850223-1-hyperv devstack@keystone.service[80367]: DEBUG keystone.server.flask.request_processing.req_logging [None req-289629a0-a2d9-4232-96cb-dda0426302bd None admin] PATH_INFO: `/v3/roles/member` {{(pid=80367) log_request_info /opt/stack/keystone/keystone/server/flask/request_processing/req_logging.py:29}}
Jul 18 14:22:49.437581 dv-neutron-850223-1-hyperv devstack@keystone.service[80367]: DEBUG keystone.common.rbac_enforcer.enforcer [None req-289629a0-a2d9-4232-96cb-dda0426302bd None admin] Extracting inferred target data resulted in "NOT FOUND (404)". {{(pid=80367) enforce_call /opt/stack/keystone/keystone/common/rbac_enforcer/enforcer.py:409}}
Jul 18 14:22:49.448605 dv-neutron-850223-1-hyperv devstack@keystone.service[80367]: ERROR keystone.server.flask.application [None req-289629a0-a2d9-4232-96cb-dda0426302bd None admin] Could not find role: member.: keystone.exception.RoleNotFound: Could not find role: member.
Jul 18 14:22:49.448605 dv-neutron-850223-1-hyperv devstack@keystone.service[80367]: ERROR keystone.server.flask.application
Traceback (most recent call last):
Jul 18 14:22:49.448605 dv-neutron-850223-1-hyperv devstack@keystone.service[80367]: ERROR keystone.server.flask.application
File "/usr/local/lib/python3.8/dist-packages/flask/app.py", line 1523, in full_dispatch_request
Jul 18 14:22:49.448605 dv-neutron-850223-1-hyperv devstack@keystone.service[80367]: ERROR keystone.server.flask.application rv = self.dispatch_request()
Jul 18 14:22:49.448605 dv-neutron-850223-1-hyperv devstack@keystone.service[80367]: ERROR keystone.server.flask.application
File "/usr/local/lib/python3.8/dist-packages/flask/app.py", line 1509, in dispatch_request
Jul 18 14:22:49.448605 dv-neutron-850223-1-hyperv devstack@keystone.service[80367]: ERROR keystone.server.flask.application return self.ensure_sync(self.view_functions[rule.endpoint])(**req.view_args)
Jul 18 14:22:49.448605 dv-neutron-850223-1-hyperv devstack@keystone.service[80367]: ERROR keystone.server.flask.application
File "/usr/local/lib/python3.8/dist-packages/flask_restful/__init__.py", line 467, in wrapper
Jul 18 14:22:49.448605 dv-neutron-850223-1-hyperv devstack@keystone.service[80367]: ERROR keystone.server.flask.application resp = resource(*args, **kwargs)
Jul 18 14:22:49.448605 dv-neutron-850223-1-hyperv devstack@keystone.service[80367]: ERROR keystone.server.flask.application
File "/usr/local/lib/python3.8/dist-packages/flask/views.py", line 84, in view
Jul 18 14:22:49.448605 dv-neutron-850223-1-hyperv devstack@keystone.service[80367]: ERROR keystone.server.flask.application return current_app.ensure_sync(self.dispatch_request)(*args, **kwargs)
Jul 18 14:22:49.448605 dv-neutron-850223-1-hyperv devstack@keystone.service[80367]: ERROR keystone.server.flask.application
File "/usr/local/lib/python3.8/dist-packages/flask_restful/__init__.py", line 582, in dispatch_request
Jul 18 14:22:49.448605 dv-neutron-850223-1-hyperv devstack@keystone.service[80367]: ERROR keystone.server.flask.application resp = meth(*args, **kwargs)
Jul 18 14:22:49.448605 dv-neutron-850223-1-hyperv devstack@keystone.service[80367]: ERROR keystone.server.flask.application
File "/opt/stack/keystone/keystone/api/roles.py", line 50, in get
Jul 18 14:22:49.448605 dv-neutron-850223-1-hyperv devstack@keystone.service[80367]: ERROR keystone.server.flask.application return self._get_role(role_id)
Jul 18 14:22:49.448605 dv-neutron-850223-1-hyperv devstack@keystone.service[80367]: ERROR keystone.server.flask.application
File "/opt/stack/keystone/keystone/api/roles.py", line 70, in _get_role
Jul 18 14:22:49.448605 dv-neutron-850223-1-hyperv devstack@keystone.service[80367]: ERROR keystone.server.flask.application ENFORCER.enforce_call(action='identity:get_role')
Jul 18 14:22:49.449566 dv-neutron-850223-1-hyperv devstack@keystone.service[80367]: ERROR keystone.server.flask.application
File "/opt/stack/keystone/keystone/common/rbac_enforcer/enforcer.py", line 402, in enforce_call
Jul 18 14:22:49.449566 dv-neutron-850223-1-hyperv devstack@keystone.service[80367]: ERROR keystone.server.flask.application policy_dict.update(cls._extract_member_target_data(
Jul 18 14:22:49.449566 dv-neutron-850223-1-hyperv devstack@keystone.service[80367]: ERROR keystone.server.flask.application
File "/opt/stack/keystone/keystone/common/rbac_enforcer/enforcer.py", line 234, in _extract_member_target_data
Jul 18 14:22:49.449566 dv-neutron-850223-1-hyperv devstack@keystone.service[80367]: ERROR keystone.server.flask.application member_name: func(flask.request.view_args[key])
Jul 18 14:22:49.449566 dv-neutron-850223-1-hyperv devstack@keystone.service[80367]: ERROR keystone.server.flask.application
File "/opt/stack/keystone/keystone/common/manager.py", line 115, in wrapped
Jul 18 14:22:49.449566 dv-neutron-850223-1-hyperv devstack@keystone.service[80367]: ERROR keystone.server.flask.application __ret_val = __f(*args, **kwargs)
Jul 18 14:22:49.449566 dv-neutron-850223-1-hyperv devstack@keystone.service[80367]: ERROR keystone.server.flask.application
File "/usr/local/lib/python3.8/dist-packages/decorator.py", line 232, in fun
Jul 18 14:22:49.449566 dv-neutron-850223-1-hyperv devstack@keystone.service[80367]: ERROR keystone.server.flask.application return caller(func, *(extras + args), **kw)
Jul 18 14:22:49.449566 dv-neutron-850223-1-hyperv devstack@keystone.service[80367]: ERROR keystone.server.flask.application
File "/usr/local/lib/python3.8/dist-packages/dogpile/cache/region.py", line 1577, in get_or_create_for_user_func
Jul 18 14:22:49.449566 dv-neutron-850223-1-hyperv devstack@keystone.service[80367]: ERROR keystone.server.flask.application return self.get_or_create(
Jul 18 14:22:49.449566 dv-neutron-850223-1-hyperv devstack@keystone.service[80367]: ERROR keystone.server.flask.application
File "/usr/local/lib/python3.8/dist-packages/dogpile/cache/region.py", line 1042, in get_or_create
Jul 18 14:22:49.449566 dv-neutron-850223-1-hyperv devstack@keystone.service[80367]: ERROR keystone.server.flask.application with Lock(
Jul 18 14:22:49.449566 dv-neutron-850223-1-hyperv devstack@keystone.service[80367]: ERROR keystone.server.flask.application
File "/usr/local/lib/python3.8/dist-packages/dogpile/lock.py", line 185, in __enter__
Jul 18 14:22:49.449566 dv-neutron-850223-1-hyperv devstack@keystone.service[80367]: ERROR keystone.server.flask.application return self._enter()
Jul 18 14:22:49.449566 dv-neutron-850223-1-hyperv devstack@keystone.service[80367]: ERROR keystone.server.flask.application
File "/usr/local/lib/python3.8/dist-packages/dogpile/lock.py", line 94, in _enter
Jul 18 14:22:49.449566 dv-neutron-850223-1-hyperv devstack@keystone.service[80367]: ERROR keystone.server.flask.application generated = self._enter_create(value, createdtime)
Jul 18 14:22:49.450340 dv-neutron-850223-1-hyperv devstack@keystone.service[80367]: ERROR keystone.server.flask.application
File "/usr/local/lib/python3.8/dist-packages/dogpile/lock.py", line 178, in _enter_create
Jul 18 14:22:49.450340 dv-neutron-850223-1-hyperv devstack@keystone.service[80367]: ERROR keystone.server.flask.application return self.creator()
Jul 18 14:22:49.450340 dv-neutron-850223-1-hyperv devstack@keystone.service[80367]: ERROR keystone.server.flask.application
File "/usr/local/lib/python3.8/dist-packages/dogpile/cache/region.py", line 995, in gen_value
Jul 18 14:22:49.450340 dv-neutron-850223-1-hyperv devstack@keystone.service[80367]: ERROR keystone.server.flask.application created_value = creator(
Jul 18 14:22:49.450340 dv-neutron-850223-1-hyperv devstack@keystone.service[80367]: ERROR keystone.server.flask.application
File "/opt/stack/keystone/keystone/assignment/core.py", line 1276, in get_role
Jul 18 14:22:49.450340 dv-neutron-850223-1-hyperv devstack@keystone.service[80367]: ERROR keystone.server.flask.application return self.driver.get_role(role_id)
Jul 18 14:22:49.450340 dv-neutron-850223-1-hyperv devstack@keystone.service[80367]: ERROR keystone.server.flask.application
File "/opt/stack/keystone/keystone/assignment/role_backends/sql.py", line 70, in get_role
Jul 18 14:22:49.450340 dv-neutron-850223-1-hyperv devstack@keystone.service[80367]: ERROR keystone.server.flask.application return self._get_role(session, role_id).to_dict()
Jul 18 14:22:49.450340 dv-neutron-850223-1-hyperv devstack@keystone.service[80367]: ERROR keystone.server.flask.application
File "/opt/stack/keystone/keystone/assignment/role_backends/sql.py", line 65, in _get_role
Jul 18 14:22:49.450340 dv-neutron-850223-1-hyperv devstack@keystone.service[80367]: ERROR keystone.server.flask.application raise exception.RoleNotFound(role_id=role_id)
Jul 18 14:22:49.450340 dv-neutron-850223-1-hyperv devstack@keystone.service[80367]: ERROR keystone.server.flask.application keystone.exception.RoleNotFound: Could not find role: member.
Jul 18 14:22:49.450340 dv-neutron-850223-1-hyperv devstack@keystone.service[80367]: ERROR keystone.server.flask.application
Jul 18 14:22:49.450340 dv-neutron-850223-1-hyperv devstack@keystone.service[80367]: [pid: 80367|app: 0|req: 106/213] 10.222.0.95 () {56 vars in 1099 bytes} [Mon Jul 18 14:22:49 2022] GET /identity/v3/roles/member => generated 84 bytes in 203 msecs (HTTP/1.1 404) 5 headers in 183 bytes (2 switches on core 0)
Jul 18 14:22:49.458002 dv-neutron-850223-1-hyperv devstack@keystone.service[80367]: DEBUG keystone.server.flask.request_processing.middleware.auth_context [None req-289629a0-a2d9-4232-96cb-dda0426302bd None admin] Authenticating user token {{(pid=80367) process_request /usr/local/lib/python3.8/dist-packages/keystonemiddleware/auth_token/__init__.py:407}}
Jul 18 14:22:49.475934 dv-neutron-850223-1-hyperv devstack@keystone.service[80368]: DEBUG dbcounter [-] [80368] Writing DB stats keystone:SELECT=100 {{(pid=80368) stat_writer /usr/local/lib/python3.8/dist-packages/dbcounter.py:114}}
Jul 18 14:22:49.489831 dv-neutron-850223-1-hyperv devstack@keystone.service[80368]: DEBUG keystone.server.flask.request_processing.middleware.auth_context [None req-e322fa34-8858-4f70-942a-24e156d09680 None None] Validating token access rules against request {{(pid=80368) validate_allowed_request /usr/local/lib/python3.8/dist-packages/keystonemiddleware/auth_token/__init__.py:545}}
Jul 18 14:22:49.527147 dv-neutron-850223-1-hyperv devstack@keystone.service[80367]: DEBUG dbcounter [-] [80367] Writing DB stats keystone:SELECT=100 {{(pid=80367) stat_writer /usr/local/lib/python3.8/dist-packages/dbcounter.py:114}}
Jul 18 14:22:49.529734 dv-neutron-850223-1-hyperv devstack@keystone.service[80368]: DEBUG keystone.server.flask.request_processing.middleware.auth_context [None req-ed231fef-470e-403a-8c1d-e8833864516f None admin] RBAC: auth_context: {'token': , 'domain_id': None, 'trust_id': None, 'trustor_id': None, 'trustee_id': None, 'domain_name': None, 'group_ids': [], 'user_id': '1c549970361b4c4182d6a3fbff59328c', 'user_domain_id': 'default', 'system_scope': 'all', 'project_id': None, 'project_domain_id': None, 'roles': ['admin', 'member', 'reader'], 'is_admin_project': True, 'service_user_id': None, 'service_user_domain_id': None, 'service_project_id': None, 'service_project_domain_id': None, 'service_roles': []} {{(pid=80368) fill_context /opt/stack/keystone/keystone/server/flask/request_processing/middleware/auth_context.py:478}}
Jul 18 14:22:49.530598 dv-neutron-850223-1-hyperv devstack@keystone.service[80368]: DEBUG keystone.server.flask.request_processing.req_logging [None req-ed231fef-470e-403a-8c1d-e8833864516f None admin] REQUEST_METHOD: `GET` {{(pid=80368) log_request_info /opt/stack/keystone/keystone/server/flask/request_processing/req_logging.py:27}}
Jul 18 14:22:49.530875 dv-neutron-850223-1-hyperv devstack@keystone.service[80368]: DEBUG keystone.server.flask.request_processing.req_logging [None req-ed231fef-470e-403a-8c1d-e8833864516f None admin] SCRIPT_NAME: `/identity` {{(pid=80368) log_request_info /opt/stack/keystone/keystone/server/flask/request_processing/req_logging.py:28}}
Jul 18 14:22:49.531150 dv-neutron-850223-1-hyperv devstack@keystone.service[80368]: DEBUG keystone.server.flask.request_processing.req_logging [None req-ed231fef-470e-403a-8c1d-e8833864516f None admin] PATH_INFO: `/v3/domains/default` {{(pid=80368) log_request_info /opt/stack/keystone/keystone/server/flask/request_processing/req_logging.py:29}}
Jul 18 14:22:49.533340 dv-neutron-850223-1-hyperv devstack@keystone.service[80368]: DEBUG keystone.common.rbac_enforcer.enforcer [None req-ed231fef-470e-403a-8c1d-e8833864516f None admin] RBAC: Authorizing `identity:get_domain(domain_id=default)` {{(pid=80368) enforce_call /opt/stack/keystone/keystone/common/rbac_enforcer/enforcer.py:449}}
Jul 18 14:22:49.534961 dv-neutron-850223-1-hyperv devstack@keystone.service[80368]: DEBUG keystone.common.rbac_enforcer.enforcer [None req-ed231fef-470e-403a-8c1d-e8833864516f None admin] RBAC: Authorization granted {{(pid=80368) enforce_call /opt/stack/keystone/keystone/common/rbac_enforcer/enforcer.py:457}}
Jul 18 14:22:49.538734 dv-neutron-850223-1-hyperv devstack@keystone.service[80368]: [pid: 80368|app: 0|req: 108/214] 10.222.0.95 () {56 vars in 1108 bytes} [Mon Jul 18 14:22:49 2022] GET /identity/v3/domains/default => generated 199 bytes in 179 msecs (HTTP/1.1 200) 5 headers in 177 bytes (1 switches on core 0)
Jul 18 14:22:49.544416 dv-neutron-850223-1-hyperv devstack@keystone.service[80368]: DEBUG keystone.server.flask.request_processing.middleware.auth_context [None req-ed231fef-470e-403a-8c1d-e8833864516f None admin] Authenticating user token {{(pid=80368) process_request /usr/local/lib/python3.8/dist-packages/keystonemiddleware/auth_token/__init__.py:407}}
Jul 18 14:22:49.576848 dv-neutron-850223-1-hyperv devstack@keystone.service[80367]: DEBUG keystone.server.flask.request_processing.middleware.auth_context [None req-289629a0-a2d9-4232-96cb-dda0426302bd None admin] Validating token access rules against request {{(pid=80367) validate_allowed_request /usr/local/lib/python3.8/dist-packages/keystonemiddleware/auth_token/__init__.py:545}}
Jul 18 14:22:49.614803 dv-neutron-850223-1-hyperv devstack@keystone.service[80367]: DEBUG keystone.server.flask.request_processing.middleware.auth_context [None req-3954d950-9d7e-4419-a13e-eb5b105da2ee None admin] RBAC: auth_context: {'token': , 'domain_id': None, 'trust_id': None, 'trustor_id': None, 'trustee_id': None, 'domain_name': None, 'group_ids': [], 'user_id': '1c549970361b4c4182d6a3fbff59328c', 'user_domain_id': 'default', 'system_scope': 'all', 'project_id': None, 'project_domain_id': None, 'roles': ['admin', 'member', 'reader'], 'is_admin_project': True, 'service_user_id': None, 'service_user_domain_id': None, 'service_project_id': None, 'service_project_domain_id': None, 'service_roles': []} {{(pid=80367) fill_context /opt/stack/keystone/keystone/server/flask/request_processing/middleware/auth_context.py:478}}
Jul 18 14:22:49.615496 dv-neutron-850223-1-hyperv devstack@keystone.service[80367]: DEBUG keystone.server.flask.request_processing.req_logging [None req-3954d950-9d7e-4419-a13e-eb5b105da2ee None admin] REQUEST_METHOD: `GET` {{(pid=80367) log_request_info /opt/stack/keystone/keystone/server/flask/request_processing/req_logging.py:27}}
Jul 18 14:22:49.615781 dv-neutron-850223-1-hyperv devstack@keystone.service[80367]: DEBUG keystone.server.flask.request_processing.req_logging [None req-3954d950-9d7e-4419-a13e-eb5b105da2ee None admin] SCRIPT_NAME: `/identity` {{(pid=80367) log_request_info /opt/stack/keystone/keystone/server/flask/request_processing/req_logging.py:28}}
Jul 18 14:22:49.616067 dv-neutron-850223-1-hyperv devstack@keystone.service[80367]: DEBUG keystone.server.flask.request_processing.req_logging [None req-3954d950-9d7e-4419-a13e-eb5b105da2ee None admin] PATH_INFO: `/v3/roles` {{(pid=80367) log_request_info /opt/stack/keystone/keystone/server/flask/request_processing/req_logging.py:29}}
Jul 18 14:22:49.616966 dv-neutron-850223-1-hyperv devstack@keystone.service[80367]: DEBUG keystone.common.rbac_enforcer.enforcer [None req-3954d950-9d7e-4419-a13e-eb5b105da2ee None admin] RBAC: Adding query filter params (name=member) {{(pid=80367) _extract_filter_values /opt/stack/keystone/keystone/common/rbac_enforcer/enforcer.py:167}}
Jul 18 14:22:49.617374 dv-neutron-850223-1-hyperv devstack@keystone.service[80367]: DEBUG keystone.common.rbac_enforcer.enforcer [None req-3954d950-9d7e-4419-a13e-eb5b105da2ee None admin] RBAC: Authorizing `identity:list_roles()` {{(pid=80367) enforce_call /opt/stack/keystone/keystone/common/rbac_enforcer/enforcer.py:449}}
Jul 18 14:22:49.618791 dv-neutron-850223-1-hyperv devstack@keystone.service[80367]: DEBUG keystone.common.rbac_enforcer.enforcer [None req-3954d950-9d7e-4419-a13e-eb5b105da2ee None admin] RBAC: Authorization granted {{(pid=80367) enforce_call /opt/stack/keystone/keystone/common/rbac_enforcer/enforcer.py:457}}
Jul 18 14:22:49.628309 dv-neutron-850223-1-hyperv devstack@keystone.service[80367]: [pid: 80367|app: 0|req: 107/215] 10.222.0.95 () {56 vars in 1101 bytes} [Mon Jul 18 14:22:49 2022] GET /identity/v3/roles?name=member => generated 341 bytes in 171 msecs (HTTP/1.1 200) 5 headers in 177 bytes (1 switches on core 0)
Jul 18 14:22:49.634081 dv-neutron-850223-1-hyperv devstack@keystone.service[80367]: DEBUG keystone.server.flask.request_processing.middleware.auth_context [None req-3954d950-9d7e-4419-a13e-eb5b105da2ee None admin] Authenticating user token {{(pid=80367) process_request /usr/local/lib/python3.8/dist-packages/keystonemiddleware/auth_token/__init__.py:407}}
Jul 18 14:22:49.654235 dv-neutron-850223-1-hyperv devstack@keystone.service[80368]: DEBUG keystone.server.flask.request_processing.middleware.auth_context [None req-ed231fef-470e-403a-8c1d-e8833864516f None admin] Validating token access rules against request {{(pid=80368) validate_allowed_request /usr/local/lib/python3.8/dist-packages/keystonemiddleware/auth_token/__init__.py:545}}
Jul 18 14:22:49.692778 dv-neutron-850223-1-hyperv devstack@keystone.service[80368]: DEBUG keystone.server.flask.request_processing.middleware.auth_context [None req-3001d7f6-e4bc-4053-ad5f-6a1c16db394d None admin] RBAC: auth_context: {'token': , 'domain_id': None, 'trust_id': None, 'trustor_id': None, 'trustee_id': None, 'domain_name': None, 'group_ids': [], 'user_id': '1c549970361b4c4182d6a3fbff59328c', 'user_domain_id': 'default', 'system_scope': 'all', 'project_id': None, 'project_domain_id': None, 'roles': ['admin', 'member', 'reader'], 'is_admin_project': True, 'service_user_id': None, 'service_user_domain_id': None, 'service_project_id': None, 'service_project_domain_id': None, 'service_roles': []} {{(pid=80368) fill_context /opt/stack/keystone/keystone/server/flask/request_processing/middleware/auth_context.py:478}}
Jul 18 14:22:49.693479 dv-neutron-850223-1-hyperv devstack@keystone.service[80368]: DEBUG keystone.server.flask.request_processing.req_logging [None req-3001d7f6-e4bc-4053-ad5f-6a1c16db394d None admin] REQUEST_METHOD: `POST` {{(pid=80368) log_request_info /opt/stack/keystone/keystone/server/flask/request_processing/req_logging.py:27}}
Jul 18 14:22:49.693767 dv-neutron-850223-1-hyperv devstack@keystone.service[80368]: DEBUG keystone.server.flask.request_processing.req_logging [None req-3001d7f6-e4bc-4053-ad5f-6a1c16db394d None admin] SCRIPT_NAME: `/identity` {{(pid=80368) log_request_info /opt/stack/keystone/keystone/server/flask/request_processing/req_logging.py:28}}
Jul 18 14:22:49.694033 dv-neutron-850223-1-hyperv devstack@keystone.service[80368]: DEBUG keystone.server.flask.request_processing.req_logging [None req-3001d7f6-e4bc-4053-ad5f-6a1c16db394d None admin] PATH_INFO: `/v3/users` {{(pid=80368) log_request_info /opt/stack/keystone/keystone/server/flask/request_processing/req_logging.py:29}}
Jul 18 14:22:49.694767 dv-neutron-850223-1-hyperv devstack@keystone.service[80368]: DEBUG keystone.common.rbac_enforcer.enforcer [None req-3001d7f6-e4bc-4053-ad5f-6a1c16db394d None admin] RBAC: Authorizing `identity:create_user()` {{(pid=80368) enforce_call /opt/stack/keystone/keystone/common/rbac_enforcer/enforcer.py:449}}
Jul 18 14:22:49.696888 dv-neutron-850223-1-hyperv devstack@keystone.service[80368]: DEBUG keystone.common.rbac_enforcer.enforcer [None req-3001d7f6-e4bc-4053-ad5f-6a1c16db394d None admin] RBAC: Authorization granted {{(pid=80368) enforce_call /opt/stack/keystone/keystone/common/rbac_enforcer/enforcer.py:457}}
Jul 18 14:22:49.723402 dv-neutron-850223-1-hyperv devstack@keystone.service[80368]: [pid: 80368|app: 0|req: 109/216] 10.222.0.95 () {60 vars in 1132 bytes} [Mon Jul 18 14:22:49 2022] POST /identity/v3/users => generated 297 bytes in 179 msecs (HTTP/1.1 201) 5 headers in 182 bytes (2 switches on core 0)
Jul 18 14:22:49.753936 dv-neutron-850223-1-hyperv devstack@keystone.service[80367]: DEBUG keystone.server.flask.request_processing.middleware.auth_context [None req-3954d950-9d7e-4419-a13e-eb5b105da2ee None admin] Validating token access rules against request {{(pid=80367) validate_allowed_request /usr/local/lib/python3.8/dist-packages/keystonemiddleware/auth_token/__init__.py:545}}
Jul 18 14:22:49.773952 dv-neutron-850223-1-hyperv devstack@keystone.service[80367]: DEBUG dbcounter [-] [80367] Writing DB stats keystone:SELECT=100 {{(pid=80367) stat_writer /usr/local/lib/python3.8/dist-packages/dbcounter.py:114}}
Jul 18 14:22:49.794753 dv-neutron-850223-1-hyperv devstack@keystone.service[80367]: DEBUG keystone.server.flask.request_processing.middleware.auth_context [None req-c1daabe2-7b6b-49e5-ba81-d228486cba01 None admin] RBAC: auth_context: {'token': , 'domain_id': None, 'trust_id': None, 'trustor_id': None, 'trustee_id': None, 'domain_name': None, 'group_ids': [], 'user_id': '1c549970361b4c4182d6a3fbff59328c', 'user_domain_id': 'default', 'system_scope': 'all', 'project_id': None, 'project_domain_id': None, 'roles': ['admin', 'member', 'reader'], 'is_admin_project': True, 'service_user_id': None, 'service_user_domain_id': None, 'service_project_id': None, 'service_project_domain_id': None, 'service_roles': []} {{(pid=80367) fill_context /opt/stack/keystone/keystone/server/flask/request_processing/middleware/auth_context.py:478}}
Jul 18 14:22:49.795629 dv-neutron-850223-1-hyperv devstack@keystone.service[80367]: DEBUG keystone.server.flask.request_processing.req_logging [None req-c1daabe2-7b6b-49e5-ba81-d228486cba01 None admin] REQUEST_METHOD: `GET` {{(pid=80367) log_request_info /opt/stack/keystone/keystone/server/flask/request_processing/req_logging.py:27}}
Jul 18 14:22:49.795973 dv-neutron-850223-1-hyperv devstack@keystone.service[80367]: DEBUG keystone.server.flask.request_processing.req_logging [None req-c1daabe2-7b6b-49e5-ba81-d228486cba01 None admin] SCRIPT_NAME: `/identity` {{(pid=80367) log_request_info /opt/stack/keystone/keystone/server/flask/request_processing/req_logging.py:28}}
Jul 18 14:22:49.796289 dv-neutron-850223-1-hyperv devstack@keystone.service[80367]: DEBUG keystone.server.flask.request_processing.req_logging [None req-c1daabe2-7b6b-49e5-ba81-d228486cba01 None admin] PATH_INFO: `/v3/users/5f956eba2eff46429f4a8c3bc87eb336` {{(pid=80367) log_request_info /opt/stack/keystone/keystone/server/flask/request_processing/req_logging.py:29}}
Jul 18 14:22:49.813380 dv-neutron-850223-1-hyperv devstack@keystone.service[80367]: DEBUG keystone.common.rbac_enforcer.enforcer [None req-c1daabe2-7b6b-49e5-ba81-d228486cba01 None admin] RBAC: Authorizing `identity:get_user(user_id=5f956eba2eff46429f4a8c3bc87eb336)` {{(pid=80367) enforce_call /opt/stack/keystone/keystone/common/rbac_enforcer/enforcer.py:449}}
Jul 18 14:22:49.815218 dv-neutron-850223-1-hyperv devstack@keystone.service[80367]: DEBUG keystone.common.rbac_enforcer.enforcer [None req-c1daabe2-7b6b-49e5-ba81-d228486cba01 None admin] RBAC: Authorization granted {{(pid=80367) enforce_call /opt/stack/keystone/keystone/common/rbac_enforcer/enforcer.py:457}}
Jul 18 14:22:49.817640 dv-neutron-850223-1-hyperv devstack@keystone.service[80367]: [pid: 80367|app: 0|req: 108/217] 10.222.0.95 () {56 vars in 1177 bytes} [Mon Jul 18 14:22:49 2022] GET /identity/v3/users/5f956eba2eff46429f4a8c3bc87eb336 => generated 297 bytes in 184 msecs (HTTP/1.1 200) 5 headers in 177 bytes (2 switches on core 0)
Jul 18 14:22:49.823877 dv-neutron-850223-1-hyperv devstack@keystone.service[80368]: DEBUG keystone.server.flask.request_processing.middleware.auth_context [None req-3001d7f6-e4bc-4053-ad5f-6a1c16db394d None admin] Authenticating user token {{(pid=80368) process_request /usr/local/lib/python3.8/dist-packages/keystonemiddleware/auth_token/__init__.py:407}}
Jul 18 14:22:49.841672 dv-neutron-850223-1-hyperv devstack@keystone.service[80368]: DEBUG dbcounter [-] [80368] Writing DB stats keystone:SELECT=97,keystone:INSERT=3 {{(pid=80368) stat_writer /usr/local/lib/python3.8/dist-packages/dbcounter.py:114}}
Jul 18 14:22:49.955788 dv-neutron-850223-1-hyperv devstack@keystone.service[80368]: DEBUG keystone.server.flask.request_processing.middleware.auth_context [None req-3001d7f6-e4bc-4053-ad5f-6a1c16db394d None admin] Validating token access rules against request {{(pid=80368) validate_allowed_request /usr/local/lib/python3.8/dist-packages/keystonemiddleware/auth_token/__init__.py:545}}
Jul 18 14:22:50.000034 dv-neutron-850223-1-hyperv devstack@keystone.service[80368]: DEBUG keystone.server.flask.request_processing.middleware.auth_context [None req-35e6c41c-562c-4de2-a31b-5f2eac6be597 None admin] RBAC: auth_context: {'token': , 'domain_id': None, 'trust_id': None, 'trustor_id': None, 'trustee_id': None, 'domain_name': None, 'group_ids': [], 'user_id': '1c549970361b4c4182d6a3fbff59328c', 'user_domain_id': 'default', 'system_scope': 'all', 'project_id': None, 'project_domain_id': None, 'roles': ['admin', 'member', 'reader'], 'is_admin_project': True, 'service_user_id': None, 'service_user_domain_id': None, 'service_project_id': None, 'service_project_domain_id': None, 'service_roles': []} {{(pid=80368) fill_context /opt/stack/keystone/keystone/server/flask/request_processing/middleware/auth_context.py:478}}
Jul 18 14:22:50.000750 dv-neutron-850223-1-hyperv devstack@keystone.service[80368]: DEBUG keystone.server.flask.request_processing.req_logging [None req-35e6c41c-562c-4de2-a31b-5f2eac6be597 None admin] REQUEST_METHOD: `GET` {{(pid=80368) log_request_info /opt/stack/keystone/keystone/server/flask/request_processing/req_logging.py:27}}
Jul 18 14:22:50.001037 dv-neutron-850223-1-hyperv devstack@keystone.service[80368]: DEBUG keystone.server.flask.request_processing.req_logging [None req-35e6c41c-562c-4de2-a31b-5f2eac6be597 None admin] SCRIPT_NAME: `/identity` {{(pid=80368) log_request_info /opt/stack/keystone/keystone/server/flask/request_processing/req_logging.py:28}}
Jul 18 14:22:50.001313 dv-neutron-850223-1-hyperv devstack@keystone.service[80368]: DEBUG keystone.server.flask.request_processing.req_logging [None req-35e6c41c-562c-4de2-a31b-5f2eac6be597 None admin] PATH_INFO: `/v3/auth/tokens` {{(pid=80368) log_request_info /opt/stack/keystone/keystone/server/flask/request_processing/req_logging.py:29}}
Jul 18 14:22:50.081769 dv-neutron-850223-1-hyperv devstack@keystone.service[80368]: DEBUG keystone.common.rbac_enforcer.enforcer [None req-35e6c41c-562c-4de2-a31b-5f2eac6be597 None admin] RBAC: Authorizing `identity:validate_token()` {{(pid=80368) enforce_call /opt/stack/keystone/keystone/common/rbac_enforcer/enforcer.py:449}}
Jul 18 14:22:50.083175 dv-neutron-850223-1-hyperv devstack@keystone.service[80368]: DEBUG keystone.common.rbac_enforcer.enforcer [None req-35e6c41c-562c-4de2-a31b-5f2eac6be597 None admin] RBAC: Authorization granted {{(pid=80368) enforce_call /opt/stack/keystone/keystone/common/rbac_enforcer/enforcer.py:457}}
Jul 18 14:22:50.100640 dv-neutron-850223-1-hyperv devstack@keystone.service[80368]: DEBUG dbcounter [-] [80368] Writing DB stats keystone:SELECT=100 {{(pid=80368) stat_writer /usr/local/lib/python3.8/dist-packages/dbcounter.py:114}}
Jul 18 14:22:50.194431 dv-neutron-850223-1-hyperv devstack@keystone.service[80368]: [pid: 80368|app: 0|req: 110/218] 10.222.0.95 () {58 vars in 1282 bytes} [Mon Jul 18 14:22:49 2022] GET /identity/v3/auth/tokens => generated 799 bytes in 371 msecs (HTTP/1.1 200) 6 headers in 358 bytes (1 switches on core 0)
Jul 18 14:22:50.200854 dv-neutron-850223-1-hyperv devstack@keystone.service[80367]: DEBUG keystone.server.flask.request_processing.middleware.auth_context [None req-c1daabe2-7b6b-49e5-ba81-d228486cba01 None admin] Authenticating user token {{(pid=80367) process_request /usr/local/lib/python3.8/dist-packages/keystonemiddleware/auth_token/__init__.py:407}}
Jul 18 14:22:50.360305 dv-neutron-850223-1-hyperv devstack@keystone.service[80367]: DEBUG keystone.server.flask.request_processing.middleware.auth_context [None req-c1daabe2-7b6b-49e5-ba81-d228486cba01 None admin] Validating token access rules against request {{(pid=80367) validate_allowed_request /usr/local/lib/python3.8/dist-packages/keystonemiddleware/auth_token/__init__.py:545}}
Jul 18 14:22:50.411198 dv-neutron-850223-1-hyperv devstack@keystone.service[80367]: DEBUG keystone.server.flask.request_processing.middleware.auth_context [None req-0e2550f3-ea81-437c-afaf-ac3d3227bca3 None admin] RBAC: auth_context: {'token': , 'domain_id': None, 'trust_id': None, 'trustor_id': None, 'trustee_id': None, 'domain_name': None, 'group_ids': [], 'user_id': '1c549970361b4c4182d6a3fbff59328c', 'user_domain_id': 'default', 'system_scope': 'all', 'project_id': None, 'project_domain_id': None, 'roles': ['admin', 'member', 'reader'], 'is_admin_project': True, 'service_user_id': None, 'service_user_domain_id': None, 'service_project_id': None, 'service_project_domain_id': None, 'service_roles': []} {{(pid=80367) fill_context /opt/stack/keystone/keystone/server/flask/request_processing/middleware/auth_context.py:478}}
Jul 18 14:22:50.412090 dv-neutron-850223-1-hyperv devstack@keystone.service[80367]: DEBUG keystone.server.flask.request_processing.req_logging [None req-0e2550f3-ea81-437c-afaf-ac3d3227bca3 None admin] REQUEST_METHOD: `GET` {{(pid=80367) log_request_info /opt/stack/keystone/keystone/server/flask/request_processing/req_logging.py:27}}
Jul 18 14:22:50.412407 dv-neutron-850223-1-hyperv devstack@keystone.service[80367]: DEBUG keystone.server.flask.request_processing.req_logging [None req-0e2550f3-ea81-437c-afaf-ac3d3227bca3 None admin] SCRIPT_NAME: `/identity` {{(pid=80367) log_request_info /opt/stack/keystone/keystone/server/flask/request_processing/req_logging.py:28}}
Jul 18 14:22:50.412684 dv-neutron-850223-1-hyperv devstack@keystone.service[80367]: DEBUG keystone.server.flask.request_processing.req_logging [None req-0e2550f3-ea81-437c-afaf-ac3d3227bca3 None admin] PATH_INFO: `/v3/projects/e89470b19a3348d28050c412c5d12f17` {{(pid=80367) log_request_info /opt/stack/keystone/keystone/server/flask/request_processing/req_logging.py:29}}
Jul 18 14:22:50.413917 dv-neutron-850223-1-hyperv devstack@keystone.service[80367]: DEBUG keystone.common.rbac_enforcer.enforcer [None req-0e2550f3-ea81-437c-afaf-ac3d3227bca3 None admin] RBAC: Authorizing `identity:get_project(project_id=e89470b19a3348d28050c412c5d12f17)` {{(pid=80367) enforce_call /opt/stack/keystone/keystone/common/rbac_enforcer/enforcer.py:449}}
Jul 18 14:22:50.416345 dv-neutron-850223-1-hyperv devstack@keystone.service[80367]: DEBUG keystone.common.rbac_enforcer.enforcer [None req-0e2550f3-ea81-437c-afaf-ac3d3227bca3 None admin] RBAC: Authorization granted {{(pid=80367) enforce_call /opt/stack/keystone/keystone/common/rbac_enforcer/enforcer.py:457}}
Jul 18 14:22:50.419761 dv-neutron-850223-1-hyperv devstack@keystone.service[80367]: [pid: 80367|app: 0|req: 109/219] 10.222.0.95 () {56 vars in 1186 bytes} [Mon Jul 18 14:22:50 2022] GET /identity/v3/projects/e89470b19a3348d28050c412c5d12f17 => generated 302 bytes in 220 msecs (HTTP/1.1 200) 5 headers in 177 bytes (2 switches on core 0)
Jul 18 14:22:50.427070 dv-neutron-850223-1-hyperv devstack@keystone.service[80368]: DEBUG keystone.server.flask.request_processing.middleware.auth_context [None req-35e6c41c-562c-4de2-a31b-5f2eac6be597 None admin] Authenticating user token {{(pid=80368) process_request /usr/local/lib/python3.8/dist-packages/keystonemiddleware/auth_token/__init__.py:407}}
Jul 18 14:22:50.577113 dv-neutron-850223-1-hyperv devstack@keystone.service[80368]: DEBUG keystone.server.flask.request_processing.middleware.auth_context [None req-35e6c41c-562c-4de2-a31b-5f2eac6be597 None admin] Validating token access rules against request {{(pid=80368) validate_allowed_request /usr/local/lib/python3.8/dist-packages/keystonemiddleware/auth_token/__init__.py:545}}
Jul 18 14:22:50.594668 dv-neutron-850223-1-hyperv devstack@keystone.service[80368]: DEBUG dbcounter [-] [80368] Writing DB stats keystone:SELECT=100 {{(pid=80368) stat_writer /usr/local/lib/python3.8/dist-packages/dbcounter.py:114}}
Jul 18 14:22:50.624972 dv-neutron-850223-1-hyperv devstack@keystone.service[80367]: DEBUG keystone.server.flask.request_processing.req_logging [None req-9588cf09-8017-4e46-bcef-5719a7689797 None None] REQUEST_METHOD: `GET` {{(pid=80367) log_request_info /opt/stack/keystone/keystone/server/flask/request_processing/req_logging.py:27}}
Jul 18 14:22:50.625608 dv-neutron-850223-1-hyperv devstack@keystone.service[80367]: DEBUG keystone.server.flask.request_processing.req_logging [None req-9588cf09-8017-4e46-bcef-5719a7689797 None None] SCRIPT_NAME: `/identity` {{(pid=80367) log_request_info /opt/stack/keystone/keystone/server/flask/request_processing/req_logging.py:28}}
Jul 18 14:22:50.626082 dv-neutron-850223-1-hyperv devstack@keystone.service[80367]: DEBUG keystone.server.flask.request_processing.req_logging [None req-9588cf09-8017-4e46-bcef-5719a7689797 None None] PATH_INFO: `/` {{(pid=80367) log_request_info /opt/stack/keystone/keystone/server/flask/request_processing/req_logging.py:29}}
Jul 18 14:22:50.626337 dv-neutron-850223-1-hyperv devstack@keystone.service[80368]: DEBUG keystone.server.flask.request_processing.middleware.auth_context [None req-db7abcf6-e65a-4109-8af5-ca8ff74cba73 None admin] RBAC: auth_context: {'token': , 'domain_id': None, 'trust_id': None, 'trustor_id': None, 'trustee_id': None, 'domain_name': None, 'group_ids': [], 'user_id': '1c549970361b4c4182d6a3fbff59328c', 'user_domain_id': 'default', 'system_scope': 'all', 'project_id': None, 'project_domain_id': None, 'roles': ['admin', 'member', 'reader'], 'is_admin_project': True, 'service_user_id': None, 'service_user_domain_id': None, 'service_project_id': None, 'service_project_domain_id': None, 'service_roles': []} {{(pid=80368) fill_context /opt/stack/keystone/keystone/server/flask/request_processing/middleware/auth_context.py:478}}
Jul 18 14:22:50.627058 dv-neutron-850223-1-hyperv devstack@keystone.service[80368]: DEBUG keystone.server.flask.request_processing.req_logging [None req-db7abcf6-e65a-4109-8af5-ca8ff74cba73 None admin] REQUEST_METHOD: `GET` {{(pid=80368) log_request_info /opt/stack/keystone/keystone/server/flask/request_processing/req_logging.py:27}}
Jul 18 14:22:50.627340 dv-neutron-850223-1-hyperv devstack@keystone.service[80368]: DEBUG keystone.server.flask.request_processing.req_logging [None req-db7abcf6-e65a-4109-8af5-ca8ff74cba73 None admin] SCRIPT_NAME: `/identity` {{(pid=80368) log_request_info /opt/stack/keystone/keystone/server/flask/request_processing/req_logging.py:28}}
Jul 18 14:22:50.627616 dv-neutron-850223-1-hyperv devstack@keystone.service[80368]: DEBUG keystone.server.flask.request_processing.req_logging [None req-db7abcf6-e65a-4109-8af5-ca8ff74cba73 None admin] PATH_INFO: `/v3/role_assignments` {{(pid=80368) log_request_info /opt/stack/keystone/keystone/server/flask/request_processing/req_logging.py:29}}
Jul 18 14:22:50.628514 dv-neutron-850223-1-hyperv devstack@keystone.service[80368]: DEBUG keystone.common.rbac_enforcer.enforcer [None req-db7abcf6-e65a-4109-8af5-ca8ff74cba73 None admin] RBAC: Adding query filter params (role.id=c63cf9753a7c48758b1764138129de6a, scope.project.id=e89470b19a3348d28050c412c5d12f17, user.id=5f956eba2eff46429f4a8c3bc87eb336) {{(pid=80368) _extract_filter_values /opt/stack/keystone/keystone/common/rbac_enforcer/enforcer.py:167}}
Jul 18 14:22:50.628912 dv-neutron-850223-1-hyperv devstack@keystone.service[80368]: DEBUG keystone.common.rbac_enforcer.enforcer [None req-db7abcf6-e65a-4109-8af5-ca8ff74cba73 None admin] RBAC: Authorizing `identity:list_role_assignments()` {{(pid=80368) enforce_call /opt/stack/keystone/keystone/common/rbac_enforcer/enforcer.py:449}}
Jul 18 14:22:50.629315 dv-neutron-850223-1-hyperv devstack@keystone.service[80367]: [pid: 80367|app: 0|req: 110/220] 10.222.0.95 () {54 vars in 926 bytes} [Mon Jul 18 14:22:50 2022] GET /identity => generated 270 bytes in 5 msecs (HTTP/1.1 300) 6 headers in 234 bytes (1 switches on core 0)
Jul 18 14:22:50.632139 dv-neutron-850223-1-hyperv devstack@keystone.service[80368]: DEBUG keystone.common.rbac_enforcer.enforcer [None req-db7abcf6-e65a-4109-8af5-ca8ff74cba73 None admin] RBAC: Authorization granted {{(pid=80368) enforce_call /opt/stack/keystone/keystone/common/rbac_enforcer/enforcer.py:457}}
Jul 18 14:22:50.639258 dv-neutron-850223-1-hyperv devstack@keystone.service[80367]: DEBUG keystone.server.flask.request_processing.req_logging [None req-874b7fd9-e17f-47bf-928a-4a02ce669127 None None] REQUEST_METHOD: `POST` {{(pid=80367) log_request_info /opt/stack/keystone/keystone/server/flask/request_processing/req_logging.py:27}}
Jul 18 14:22:50.639547 dv-neutron-850223-1-hyperv devstack@keystone.service[80367]: DEBUG keystone.server.flask.request_processing.req_logging [None req-874b7fd9-e17f-47bf-928a-4a02ce669127 None None] SCRIPT_NAME: `/identity` {{(pid=80367) log_request_info /opt/stack/keystone/keystone/server/flask/request_processing/req_logging.py:28}}
Jul 18 14:22:50.639828 dv-neutron-850223-1-hyperv devstack@keystone.service[80367]: DEBUG keystone.server.flask.request_processing.req_logging [None req-874b7fd9-e17f-47bf-928a-4a02ce669127 None None] PATH_INFO: `/v3/auth/tokens` {{(pid=80367) log_request_info /opt/stack/keystone/keystone/server/flask/request_processing/req_logging.py:29}}
Jul 18 14:22:50.643925 dv-neutron-850223-1-hyperv devstack@keystone.service[80368]: [pid: 80368|app: 0|req: 111/221] 10.222.0.95 () {56 vars in 1374 bytes} [Mon Jul 18 14:22:50 2022] GET /identity/v3/role_assignments?user.id=5f956eba2eff46429f4a8c3bc87eb336&scope.project.id=e89470b19a3348d28050c412c5d12f17&role.id=c63cf9753a7c48758b1764138129de6a => generated 259 bytes in 217 msecs (HTTP/1.1 200) 5 headers in 177 bytes (1 switches on core 0)
Jul 18 14:22:50.660458 dv-neutron-850223-1-hyperv devstack@keystone.service[80367]: DEBUG keystone.auth.core [None req-874b7fd9-e17f-47bf-928a-4a02ce669127 None None] MFA Rules not processed for user `1c549970361b4c4182d6a3fbff59328c`. Rule list: `[]` (Enabled: `True`). {{(pid=80367) check_auth_methods_against_rules /opt/stack/keystone/keystone/auth/core.py:438}}
Jul 18 14:22:50.662040 dv-neutron-850223-1-hyperv devstack@keystone.service[80367]: DEBUG keystone.common.fernet_utils [None req-874b7fd9-e17f-47bf-928a-4a02ce669127 None None] Loaded 2 Fernet keys from /etc/keystone/fernet-keys/, but `[fernet_tokens] max_active_keys = 3`; perhaps there have not been enough key rotations to reach `max_active_keys` yet? {{(pid=80367) load_keys /opt/stack/keystone/keystone/common/fernet_utils.py:286}}
Jul 18 14:22:50.715478 dv-neutron-850223-1-hyperv devstack@keystone.service[80367]: DEBUG dbcounter [-] [80367] Writing DB stats keystone:SELECT=100 {{(pid=80367) stat_writer /usr/local/lib/python3.8/dist-packages/dbcounter.py:114}}
Jul 18 14:22:50.757984 dv-neutron-850223-1-hyperv devstack@keystone.service[80367]: [pid: 80367|app: 0|req: 111/222] 10.222.0.95 () {58 vars in 1023 bytes} [Mon Jul 18 14:22:50 2022] POST /identity/v3/auth/tokens => generated 799 bytes in 120 msecs (HTTP/1.1 201) 6 headers in 363 bytes (2 switches on core 0)
Jul 18 14:22:50.797226 dv-neutron-850223-1-hyperv devstack@keystone.service[80368]: DEBUG keystone.server.flask.request_processing.middleware.auth_context [None req-db7abcf6-e65a-4109-8af5-ca8ff74cba73 None admin] Authenticating user token {{(pid=80368) process_request /usr/local/lib/python3.8/dist-packages/keystonemiddleware/auth_token/__init__.py:407}}
Jul 18 14:22:50.808891 dv-neutron-850223-1-hyperv devstack@keystone.service[80367]: DEBUG keystone.server.flask.request_processing.req_logging [None req-414b1a5d-fdd9-46d3-a087-bfc1d9782366 None None] REQUEST_METHOD: `GET` {{(pid=80367) log_request_info /opt/stack/keystone/keystone/server/flask/request_processing/req_logging.py:27}}
Jul 18 14:22:50.809254 dv-neutron-850223-1-hyperv devstack@keystone.service[80367]: DEBUG keystone.server.flask.request_processing.req_logging [None req-414b1a5d-fdd9-46d3-a087-bfc1d9782366 None None] SCRIPT_NAME: `/identity` {{(pid=80367) log_request_info /opt/stack/keystone/keystone/server/flask/request_processing/req_logging.py:28}}
Jul 18 14:22:50.809478 dv-neutron-850223-1-hyperv devstack@keystone.service[80367]: DEBUG keystone.server.flask.request_processing.req_logging [None req-414b1a5d-fdd9-46d3-a087-bfc1d9782366 None None] PATH_INFO: `/` {{(pid=80367) log_request_info /opt/stack/keystone/keystone/server/flask/request_processing/req_logging.py:29}}
Jul 18 14:22:50.811053 dv-neutron-850223-1-hyperv devstack@keystone.service[80367]: [pid: 80367|app: 0|req: 112/223] 10.222.0.95 () {54 vars in 926 bytes} [Mon Jul 18 14:22:50 2022] GET /identity => generated 270 bytes in 3 msecs (HTTP/1.1 300) 6 headers in 234 bytes (1 switches on core 0)
Jul 18 14:22:50.817740 dv-neutron-850223-1-hyperv devstack@keystone.service[80367]: DEBUG keystone.server.flask.request_processing.req_logging [None req-67ea6232-f7b0-4238-bd5a-c94e74423710 None None] REQUEST_METHOD: `POST` {{(pid=80367) log_request_info /opt/stack/keystone/keystone/server/flask/request_processing/req_logging.py:27}}
Jul 18 14:22:50.818757 dv-neutron-850223-1-hyperv devstack@keystone.service[80367]: DEBUG keystone.server.flask.request_processing.req_logging [None req-67ea6232-f7b0-4238-bd5a-c94e74423710 None None] SCRIPT_NAME: `/identity` {{(pid=80367) log_request_info /opt/stack/keystone/keystone/server/flask/request_processing/req_logging.py:28}}
Jul 18 14:22:50.819260 dv-neutron-850223-1-hyperv devstack@keystone.service[80367]: DEBUG keystone.server.flask.request_processing.req_logging [None req-67ea6232-f7b0-4238-bd5a-c94e74423710 None None] PATH_INFO: `/v3/auth/tokens` {{(pid=80367) log_request_info /opt/stack/keystone/keystone/server/flask/request_processing/req_logging.py:29}}
Jul 18 14:22:50.840587 dv-neutron-850223-1-hyperv devstack@keystone.service[80367]: DEBUG keystone.auth.core [None req-67ea6232-f7b0-4238-bd5a-c94e74423710 None None] MFA Rules not processed for user `1c549970361b4c4182d6a3fbff59328c`. Rule list: `[]` (Enabled: `True`). {{(pid=80367) check_auth_methods_against_rules /opt/stack/keystone/keystone/auth/core.py:438}}
Jul 18 14:22:50.842174 dv-neutron-850223-1-hyperv devstack@keystone.service[80367]: DEBUG keystone.common.fernet_utils [None req-67ea6232-f7b0-4238-bd5a-c94e74423710 None None] Loaded 2 Fernet keys from /etc/keystone/fernet-keys/, but `[fernet_tokens] max_active_keys = 3`; perhaps there have not been enough key rotations to reach `max_active_keys` yet? {{(pid=80367) load_keys /opt/stack/keystone/keystone/common/fernet_utils.py:286}}
Jul 18 14:22:50.941289 dv-neutron-850223-1-hyperv devstack@keystone.service[80367]: [pid: 80367|app: 0|req: 113/224] 10.222.0.95 () {58 vars in 1023 bytes} [Mon Jul 18 14:22:50 2022] POST /identity/v3/auth/tokens => generated 799 bytes in 125 msecs (HTTP/1.1 201) 6 headers in 363 bytes (2 switches on core 0)
Jul 18 14:22:50.988608 dv-neutron-850223-1-hyperv devstack@keystone.service[80368]: DEBUG keystone.server.flask.request_processing.middleware.auth_context [None req-db7abcf6-e65a-4109-8af5-ca8ff74cba73 None admin] Validating token access rules against request {{(pid=80368) validate_allowed_request /usr/local/lib/python3.8/dist-packages/keystonemiddleware/auth_token/__init__.py:545}}
Jul 18 14:22:51.010595 dv-neutron-850223-1-hyperv devstack@keystone.service[80367]: DEBUG keystone.server.flask.request_processing.middleware.auth_context [None req-67ea6232-f7b0-4238-bd5a-c94e74423710 None None] Authenticating user token {{(pid=80367) process_request /usr/local/lib/python3.8/dist-packages/keystonemiddleware/auth_token/__init__.py:407}}
Jul 18 14:22:51.060318 dv-neutron-850223-1-hyperv devstack@keystone.service[80368]: DEBUG keystone.server.flask.request_processing.middleware.auth_context [None req-4d68ee06-7038-4921-a587-1599038bbd30 None admin] RBAC: auth_context: {'token': , 'domain_id': None, 'trust_id': None, 'trustor_id': None, 'trustee_id': None, 'domain_name': None, 'group_ids': [], 'user_id': '1c549970361b4c4182d6a3fbff59328c', 'user_domain_id': 'default', 'system_scope': 'all', 'project_id': None, 'project_domain_id': None, 'roles': ['admin', 'member', 'reader'], 'is_admin_project': True, 'service_user_id': None, 'service_user_domain_id': None, 'service_project_id': None, 'service_project_domain_id': None, 'service_roles': []} {{(pid=80368) fill_context /opt/stack/keystone/keystone/server/flask/request_processing/middleware/auth_context.py:478}}
Jul 18 14:22:51.060682 dv-neutron-850223-1-hyperv devstack@keystone.service[80368]: DEBUG keystone.server.flask.request_processing.req_logging [None req-4d68ee06-7038-4921-a587-1599038bbd30 None admin] REQUEST_METHOD: `GET` {{(pid=80368) log_request_info /opt/stack/keystone/keystone/server/flask/request_processing/req_logging.py:27}}
