Jul 18 14:22:53.613840 dv-neutron-850223-1-hyperv devstack@keystone.service[80367]: DEBUG keystone.server.flask.request_processing.req_logging [None req-112818cc-d437-4791-8502-240303592230 None admin] REQUEST_METHOD: `GET` {{(pid=80367) log_request_info /opt/stack/keystone/keystone/server/flask/request_processing/req_logging.py:27}}
Jul 18 14:22:53.614124 dv-neutron-850223-1-hyperv devstack@keystone.service[80367]: DEBUG keystone.server.flask.request_processing.req_logging [None req-112818cc-d437-4791-8502-240303592230 None admin] SCRIPT_NAME: `/identity` {{(pid=80367) log_request_info /opt/stack/keystone/keystone/server/flask/request_processing/req_logging.py:28}}
Jul 18 14:22:53.614399 dv-neutron-850223-1-hyperv devstack@keystone.service[80367]: DEBUG keystone.server.flask.request_processing.req_logging [None req-112818cc-d437-4791-8502-240303592230 None admin] PATH_INFO: `/v3/users/65c8ebeb3843430f88ec17e7feb20c66` {{(pid=80367) log_request_info /opt/stack/keystone/keystone/server/flask/request_processing/req_logging.py:29}}
Jul 18 14:22:53.631469 dv-neutron-850223-1-hyperv devstack@keystone.service[80367]: DEBUG keystone.common.rbac_enforcer.enforcer [None req-112818cc-d437-4791-8502-240303592230 None admin] RBAC: Authorizing `identity:get_user(user_id=65c8ebeb3843430f88ec17e7feb20c66)` {{(pid=80367) enforce_call /opt/stack/keystone/keystone/common/rbac_enforcer/enforcer.py:449}}
Jul 18 14:22:53.633445 dv-neutron-850223-1-hyperv devstack@keystone.service[80367]: DEBUG keystone.common.rbac_enforcer.enforcer [None req-112818cc-d437-4791-8502-240303592230 None admin] RBAC: Authorization granted {{(pid=80367) enforce_call /opt/stack/keystone/keystone/common/rbac_enforcer/enforcer.py:457}}
Jul 18 14:22:53.635946 dv-neutron-850223-1-hyperv devstack@keystone.service[80367]: [pid: 80367|app: 0|req: 123/246] 10.222.0.95 () {56 vars in 1177 bytes} [Mon Jul 18 14:22:53 2022] GET /identity/v3/users/65c8ebeb3843430f88ec17e7feb20c66 => generated 297 bytes in 357 msecs (HTTP/1.1 200) 5 headers in 177 bytes (1 switches on core 0)
Jul 18 14:22:53.642215 dv-neutron-850223-1-hyperv devstack@keystone.service[80367]: DEBUG keystone.server.flask.request_processing.middleware.auth_context [None req-112818cc-d437-4791-8502-240303592230 None admin] Authenticating user token {{(pid=80367) process_request /usr/local/lib/python3.8/dist-packages/keystonemiddleware/auth_token/__init__.py:407}}
Jul 18 14:22:53.682945 dv-neutron-850223-1-hyperv devstack@keystone.service[80368]: DEBUG keystone.server.flask.request_processing.middleware.auth_context [None req-18e53545-d87b-43cf-9425-520db3f82bd7 None admin] Validating token access rules against request {{(pid=80368) validate_allowed_request /usr/local/lib/python3.8/dist-packages/keystonemiddleware/auth_token/__init__.py:545}}
Jul 18 14:22:53.735782 dv-neutron-850223-1-hyperv devstack@keystone.service[80367]: DEBUG dbcounter [-] [80367] Writing DB stats keystone:SELECT=100 {{(pid=80367) stat_writer /usr/local/lib/python3.8/dist-packages/dbcounter.py:114}}
Jul 18 14:22:53.749001 dv-neutron-850223-1-hyperv devstack@keystone.service[80368]: DEBUG keystone.server.flask.request_processing.middleware.auth_context [None req-81e5531c-b868-4760-9322-e170e97839ec None admin] RBAC: auth_context: {'token': , 'domain_id': None, 'trust_id': None, 'trustor_id': None, 'trustee_id': None, 'domain_name': None, 'group_ids': [], 'user_id': '1c549970361b4c4182d6a3fbff59328c', 'user_domain_id': 'default', 'system_scope': 'all', 'project_id': None, 'project_domain_id': None, 'roles': ['admin', 'member', 'reader'], 'is_admin_project': True, 'service_user_id': None, 'service_user_domain_id': None, 'service_project_id': None, 'service_project_domain_id': None, 'service_roles': []} {{(pid=80368) fill_context /opt/stack/keystone/keystone/server/flask/request_processing/middleware/auth_context.py:478}}
Jul 18 14:22:53.749885 dv-neutron-850223-1-hyperv devstack@keystone.service[80368]: DEBUG keystone.server.flask.request_processing.req_logging [None req-81e5531c-b868-4760-9322-e170e97839ec None admin] REQUEST_METHOD: `GET` {{(pid=80368) log_request_info /opt/stack/keystone/keystone/server/flask/request_processing/req_logging.py:27}}
Jul 18 14:22:53.750263 dv-neutron-850223-1-hyperv devstack@keystone.service[80368]: DEBUG keystone.server.flask.request_processing.req_logging [None req-81e5531c-b868-4760-9322-e170e97839ec None admin] SCRIPT_NAME: `/identity` {{(pid=80368) log_request_info /opt/stack/keystone/keystone/server/flask/request_processing/req_logging.py:28}}
Jul 18 14:22:53.750701 dv-neutron-850223-1-hyperv devstack@keystone.service[80368]: DEBUG keystone.server.flask.request_processing.req_logging [None req-81e5531c-b868-4760-9322-e170e97839ec None admin] PATH_INFO: `/v3/roles` {{(pid=80368) log_request_info /opt/stack/keystone/keystone/server/flask/request_processing/req_logging.py:29}}
Jul 18 14:22:53.751886 dv-neutron-850223-1-hyperv devstack@keystone.service[80368]: DEBUG keystone.common.rbac_enforcer.enforcer [None req-81e5531c-b868-4760-9322-e170e97839ec None admin] RBAC: Adding query filter params (name=member) {{(pid=80368) _extract_filter_values /opt/stack/keystone/keystone/common/rbac_enforcer/enforcer.py:167}}
Jul 18 14:22:53.752387 dv-neutron-850223-1-hyperv devstack@keystone.service[80368]: DEBUG keystone.common.rbac_enforcer.enforcer [None req-81e5531c-b868-4760-9322-e170e97839ec None admin] RBAC: Authorizing `identity:list_roles()` {{(pid=80368) enforce_call /opt/stack/keystone/keystone/common/rbac_enforcer/enforcer.py:449}}
Jul 18 14:22:53.753971 dv-neutron-850223-1-hyperv devstack@keystone.service[80368]: DEBUG keystone.common.rbac_enforcer.enforcer [None req-81e5531c-b868-4760-9322-e170e97839ec None admin] RBAC: Authorization granted {{(pid=80368) enforce_call /opt/stack/keystone/keystone/common/rbac_enforcer/enforcer.py:457}}
Jul 18 14:22:53.766298 dv-neutron-850223-1-hyperv devstack@keystone.service[80368]: [pid: 80368|app: 0|req: 124/247] 10.222.0.95 () {56 vars in 1101 bytes} [Mon Jul 18 14:22:53 2022] GET /identity/v3/roles?name=member => generated 341 bytes in 220 msecs (HTTP/1.1 200) 5 headers in 177 bytes (1 switches on core 0)
Jul 18 14:22:53.772648 dv-neutron-850223-1-hyperv devstack@keystone.service[80368]: DEBUG keystone.server.flask.request_processing.middleware.auth_context [None req-81e5531c-b868-4760-9322-e170e97839ec None admin] Authenticating user token {{(pid=80368) process_request /usr/local/lib/python3.8/dist-packages/keystonemiddleware/auth_token/__init__.py:407}}
Jul 18 14:22:53.791397 dv-neutron-850223-1-hyperv devstack@keystone.service[80367]: DEBUG keystone.server.flask.request_processing.middleware.auth_context [None req-112818cc-d437-4791-8502-240303592230 None admin] Validating token access rules against request {{(pid=80367) validate_allowed_request /usr/local/lib/python3.8/dist-packages/keystonemiddleware/auth_token/__init__.py:545}}
Jul 18 14:22:53.843423 dv-neutron-850223-1-hyperv devstack@keystone.service[80367]: DEBUG keystone.server.flask.request_processing.middleware.auth_context [None req-30b09340-bf5d-476e-b28a-fb8a5695bb4f None admin] RBAC: auth_context: {'token': , 'domain_id': None, 'trust_id': None, 'trustor_id': None, 'trustee_id': None, 'domain_name': None, 'group_ids': [], 'user_id': '1c549970361b4c4182d6a3fbff59328c', 'user_domain_id': 'default', 'system_scope': 'all', 'project_id': None, 'project_domain_id': None, 'roles': ['admin', 'member', 'reader'], 'is_admin_project': True, 'service_user_id': None, 'service_user_domain_id': None, 'service_project_id': None, 'service_project_domain_id': None, 'service_roles': []} {{(pid=80367) fill_context /opt/stack/keystone/keystone/server/flask/request_processing/middleware/auth_context.py:478}}
Jul 18 14:22:53.844815 dv-neutron-850223-1-hyperv devstack@keystone.service[80367]: DEBUG keystone.server.flask.request_processing.req_logging [None req-30b09340-bf5d-476e-b28a-fb8a5695bb4f None admin] REQUEST_METHOD: `GET` {{(pid=80367) log_request_info /opt/stack/keystone/keystone/server/flask/request_processing/req_logging.py:27}}
Jul 18 14:22:53.845539 dv-neutron-850223-1-hyperv devstack@keystone.service[80367]: DEBUG keystone.server.flask.request_processing.req_logging [None req-30b09340-bf5d-476e-b28a-fb8a5695bb4f None admin] SCRIPT_NAME: `/identity` {{(pid=80367) log_request_info /opt/stack/keystone/keystone/server/flask/request_processing/req_logging.py:28}}
Jul 18 14:22:53.846721 dv-neutron-850223-1-hyperv devstack@keystone.service[80367]: DEBUG keystone.server.flask.request_processing.req_logging [None req-30b09340-bf5d-476e-b28a-fb8a5695bb4f None admin] PATH_INFO: `/v3/auth/tokens` {{(pid=80367) log_request_info /opt/stack/keystone/keystone/server/flask/request_processing/req_logging.py:29}}
Jul 18 14:22:53.889500 dv-neutron-850223-1-hyperv devstack@keystone.service[80368]: DEBUG dbcounter [-] [80368] Writing DB stats keystone:SELECT=100 {{(pid=80368) stat_writer /usr/local/lib/python3.8/dist-packages/dbcounter.py:114}}
Jul 18 14:22:53.933541 dv-neutron-850223-1-hyperv devstack@keystone.service[80368]: DEBUG keystone.server.flask.request_processing.middleware.auth_context [None req-81e5531c-b868-4760-9322-e170e97839ec None admin] Validating token access rules against request {{(pid=80368) validate_allowed_request /usr/local/lib/python3.8/dist-packages/keystonemiddleware/auth_token/__init__.py:545}}
Jul 18 14:22:53.944608 dv-neutron-850223-1-hyperv devstack@keystone.service[80367]: DEBUG keystone.common.rbac_enforcer.enforcer [None req-30b09340-bf5d-476e-b28a-fb8a5695bb4f None admin] RBAC: Authorizing `identity:validate_token()` {{(pid=80367) enforce_call /opt/stack/keystone/keystone/common/rbac_enforcer/enforcer.py:449}}
Jul 18 14:22:53.946348 dv-neutron-850223-1-hyperv devstack@keystone.service[80367]: DEBUG keystone.common.rbac_enforcer.enforcer [None req-30b09340-bf5d-476e-b28a-fb8a5695bb4f None admin] RBAC: Authorization granted {{(pid=80367) enforce_call /opt/stack/keystone/keystone/common/rbac_enforcer/enforcer.py:457}}
Jul 18 14:22:53.994134 dv-neutron-850223-1-hyperv devstack@keystone.service[80368]: DEBUG keystone.server.flask.request_processing.middleware.auth_context [None req-c30e0b7c-1594-4b77-bec0-bc58147cd23d None admin] RBAC: auth_context: {'token': , 'domain_id': None, 'trust_id': None, 'trustor_id': None, 'trustee_id': None, 'domain_name': None, 'group_ids': [], 'user_id': '1c549970361b4c4182d6a3fbff59328c', 'user_domain_id': 'default', 'system_scope': 'all', 'project_id': None, 'project_domain_id': None, 'roles': ['admin', 'member', 'reader'], 'is_admin_project': True, 'service_user_id': None, 'service_user_domain_id': None, 'service_project_id': None, 'service_project_domain_id': None, 'service_roles': []} {{(pid=80368) fill_context /opt/stack/keystone/keystone/server/flask/request_processing/middleware/auth_context.py:478}}
Jul 18 14:22:53.996243 dv-neutron-850223-1-hyperv devstack@keystone.service[80368]: DEBUG keystone.server.flask.request_processing.req_logging [None req-c30e0b7c-1594-4b77-bec0-bc58147cd23d None admin] REQUEST_METHOD: `GET` {{(pid=80368) log_request_info /opt/stack/keystone/keystone/server/flask/request_processing/req_logging.py:27}}
Jul 18 14:22:53.997353 dv-neutron-850223-1-hyperv devstack@keystone.service[80368]: DEBUG keystone.server.flask.request_processing.req_logging [None req-c30e0b7c-1594-4b77-bec0-bc58147cd23d None admin] SCRIPT_NAME: `/identity` {{(pid=80368) log_request_info /opt/stack/keystone/keystone/server/flask/request_processing/req_logging.py:28}}
Jul 18 14:22:53.999622 dv-neutron-850223-1-hyperv devstack@keystone.service[80368]: DEBUG keystone.server.flask.request_processing.req_logging [None req-c30e0b7c-1594-4b77-bec0-bc58147cd23d None admin] PATH_INFO: `/v3/users/5f956eba2eff46429f4a8c3bc87eb336` {{(pid=80368) log_request_info /opt/stack/keystone/keystone/server/flask/request_processing/req_logging.py:29}}
Jul 18 14:22:54.008732 dv-neutron-850223-1-hyperv devstack@keystone.service[80368]: DEBUG keystone.common.rbac_enforcer.enforcer [None req-c30e0b7c-1594-4b77-bec0-bc58147cd23d None admin] RBAC: Authorizing `identity:get_user(user_id=5f956eba2eff46429f4a8c3bc87eb336)` {{(pid=80368) enforce_call /opt/stack/keystone/keystone/common/rbac_enforcer/enforcer.py:449}}
Jul 18 14:22:54.010238 dv-neutron-850223-1-hyperv devstack@keystone.service[80368]: DEBUG keystone.common.rbac_enforcer.enforcer [None req-c30e0b7c-1594-4b77-bec0-bc58147cd23d None admin] RBAC: Authorization granted {{(pid=80368) enforce_call /opt/stack/keystone/keystone/common/rbac_enforcer/enforcer.py:457}}
Jul 18 14:22:54.012877 dv-neutron-850223-1-hyperv devstack@keystone.service[80368]: [pid: 80368|app: 0|req: 125/248] 10.222.0.95 () {56 vars in 1177 bytes} [Mon Jul 18 14:22:53 2022] GET /identity/v3/users/5f956eba2eff46429f4a8c3bc87eb336 => generated 297 bytes in 241 msecs (HTTP/1.1 200) 5 headers in 177 bytes (2 switches on core 0)
Jul 18 14:22:54.019361 dv-neutron-850223-1-hyperv devstack@keystone.service[80368]: DEBUG keystone.server.flask.request_processing.middleware.auth_context [None req-c30e0b7c-1594-4b77-bec0-bc58147cd23d None admin] Authenticating user token {{(pid=80368) process_request /usr/local/lib/python3.8/dist-packages/keystonemiddleware/auth_token/__init__.py:407}}
Jul 18 14:22:54.046897 dv-neutron-850223-1-hyperv devstack@keystone.service[80367]: DEBUG dbcounter [-] [80367] Writing DB stats keystone:SELECT=100 {{(pid=80367) stat_writer /usr/local/lib/python3.8/dist-packages/dbcounter.py:114}}
Jul 18 14:22:54.093612 dv-neutron-850223-1-hyperv devstack@keystone.service[80367]: [pid: 80367|app: 0|req: 124/249] 10.222.0.95 () {58 vars in 1282 bytes} [Mon Jul 18 14:22:53 2022] GET /identity/v3/auth/tokens => generated 799 bytes in 453 msecs (HTTP/1.1 200) 6 headers in 358 bytes (1 switches on core 0)
Jul 18 14:22:54.102859 dv-neutron-850223-1-hyperv devstack@keystone.service[80367]: DEBUG keystone.server.flask.request_processing.middleware.auth_context [None req-30b09340-bf5d-476e-b28a-fb8a5695bb4f None admin] Authenticating user token {{(pid=80367) process_request /usr/local/lib/python3.8/dist-packages/keystonemiddleware/auth_token/__init__.py:407}}
Jul 18 14:22:54.198238 dv-neutron-850223-1-hyperv devstack@keystone.service[80368]: DEBUG keystone.server.flask.request_processing.middleware.auth_context [None req-c30e0b7c-1594-4b77-bec0-bc58147cd23d None admin] Validating token access rules against request {{(pid=80368) validate_allowed_request /usr/local/lib/python3.8/dist-packages/keystonemiddleware/auth_token/__init__.py:545}}
Jul 18 14:22:54.279593 dv-neutron-850223-1-hyperv devstack@keystone.service[80368]: DEBUG keystone.server.flask.request_processing.middleware.auth_context [None req-ddf18b4c-e266-4b83-91ce-2034473e5839 None admin] RBAC: auth_context: {'token': , 'domain_id': None, 'trust_id': None, 'trustor_id': None, 'trustee_id': None, 'domain_name': None, 'group_ids': [], 'user_id': '1c549970361b4c4182d6a3fbff59328c', 'user_domain_id': 'default', 'system_scope': 'all', 'project_id': None, 'project_domain_id': None, 'roles': ['admin', 'member', 'reader'], 'is_admin_project': True, 'service_user_id': None, 'service_user_domain_id': None, 'service_project_id': None, 'service_project_domain_id': None, 'service_roles': []} {{(pid=80368) fill_context /opt/stack/keystone/keystone/server/flask/request_processing/middleware/auth_context.py:478}}
Jul 18 14:22:54.280425 dv-neutron-850223-1-hyperv devstack@keystone.service[80368]: DEBUG keystone.server.flask.request_processing.req_logging [None req-ddf18b4c-e266-4b83-91ce-2034473e5839 None admin] REQUEST_METHOD: `GET` {{(pid=80368) log_request_info /opt/stack/keystone/keystone/server/flask/request_processing/req_logging.py:27}}
Jul 18 14:22:54.280703 dv-neutron-850223-1-hyperv devstack@keystone.service[80368]: DEBUG keystone.server.flask.request_processing.req_logging [None req-ddf18b4c-e266-4b83-91ce-2034473e5839 None admin] SCRIPT_NAME: `/identity` {{(pid=80368) log_request_info /opt/stack/keystone/keystone/server/flask/request_processing/req_logging.py:28}}
Jul 18 14:22:54.280973 dv-neutron-850223-1-hyperv devstack@keystone.service[80368]: DEBUG keystone.server.flask.request_processing.req_logging [None req-ddf18b4c-e266-4b83-91ce-2034473e5839 None admin] PATH_INFO: `/v3/projects/e89470b19a3348d28050c412c5d12f17` {{(pid=80368) log_request_info /opt/stack/keystone/keystone/server/flask/request_processing/req_logging.py:29}}
Jul 18 14:22:54.282827 dv-neutron-850223-1-hyperv devstack@keystone.service[80368]: DEBUG keystone.common.rbac_enforcer.enforcer [None req-ddf18b4c-e266-4b83-91ce-2034473e5839 None admin] RBAC: Authorizing `identity:get_project(project_id=e89470b19a3348d28050c412c5d12f17)` {{(pid=80368) enforce_call /opt/stack/keystone/keystone/common/rbac_enforcer/enforcer.py:449}}
Jul 18 14:22:54.284334 dv-neutron-850223-1-hyperv devstack@keystone.service[80368]: DEBUG keystone.common.rbac_enforcer.enforcer [None req-ddf18b4c-e266-4b83-91ce-2034473e5839 None admin] RBAC: Authorization granted {{(pid=80368) enforce_call /opt/stack/keystone/keystone/common/rbac_enforcer/enforcer.py:457}}
Jul 18 14:22:54.288049 dv-neutron-850223-1-hyperv devstack@keystone.service[80368]: [pid: 80368|app: 0|req: 126/250] 10.222.0.95 () {56 vars in 1186 bytes} [Mon Jul 18 14:22:54 2022] GET /identity/v3/projects/e89470b19a3348d28050c412c5d12f17 => generated 302 bytes in 269 msecs (HTTP/1.1 200) 5 headers in 177 bytes (1 switches on core 0)
Jul 18 14:22:54.293563 dv-neutron-850223-1-hyperv devstack@keystone.service[80368]: DEBUG keystone.server.flask.request_processing.middleware.auth_context [None req-ddf18b4c-e266-4b83-91ce-2034473e5839 None admin] Authenticating user token {{(pid=80368) process_request /usr/local/lib/python3.8/dist-packages/keystonemiddleware/auth_token/__init__.py:407}}
Jul 18 14:22:54.315333 dv-neutron-850223-1-hyperv devstack@keystone.service[80368]: DEBUG dbcounter [-] [80368] Writing DB stats keystone:SELECT=100 {{(pid=80368) stat_writer /usr/local/lib/python3.8/dist-packages/dbcounter.py:114}}
Jul 18 14:22:54.345259 dv-neutron-850223-1-hyperv devstack@keystone.service[80367]: DEBUG keystone.server.flask.request_processing.middleware.auth_context [None req-30b09340-bf5d-476e-b28a-fb8a5695bb4f None admin] Validating token access rules against request {{(pid=80367) validate_allowed_request /usr/local/lib/python3.8/dist-packages/keystonemiddleware/auth_token/__init__.py:545}}
Jul 18 14:22:54.441924 dv-neutron-850223-1-hyperv devstack@keystone.service[80367]: DEBUG keystone.server.flask.request_processing.middleware.auth_context [None req-e0036bc0-149a-461c-8fb0-bbb1dd15d6a9 None admin] RBAC: auth_context: {'token': , 'domain_id': None, 'trust_id': None, 'trustor_id': None, 'trustee_id': None, 'domain_name': None, 'group_ids': [], 'user_id': '1c549970361b4c4182d6a3fbff59328c', 'user_domain_id': 'default', 'system_scope': 'all', 'project_id': None, 'project_domain_id': None, 'roles': ['admin', 'member', 'reader'], 'is_admin_project': True, 'service_user_id': None, 'service_user_domain_id': None, 'service_project_id': None, 'service_project_domain_id': None, 'service_roles': []} {{(pid=80367) fill_context /opt/stack/keystone/keystone/server/flask/request_processing/middleware/auth_context.py:478}}
Jul 18 14:22:54.443265 dv-neutron-850223-1-hyperv devstack@keystone.service[80367]: DEBUG keystone.server.flask.request_processing.req_logging [None req-e0036bc0-149a-461c-8fb0-bbb1dd15d6a9 None admin] REQUEST_METHOD: `GET` {{(pid=80367) log_request_info /opt/stack/keystone/keystone/server/flask/request_processing/req_logging.py:27}}
Jul 18 14:22:54.443749 dv-neutron-850223-1-hyperv devstack@keystone.service[80367]: DEBUG keystone.server.flask.request_processing.req_logging [None req-e0036bc0-149a-461c-8fb0-bbb1dd15d6a9 None admin] SCRIPT_NAME: `/identity` {{(pid=80367) log_request_info /opt/stack/keystone/keystone/server/flask/request_processing/req_logging.py:28}}
Jul 18 14:22:54.444290 dv-neutron-850223-1-hyperv devstack@keystone.service[80367]: DEBUG keystone.server.flask.request_processing.req_logging [None req-e0036bc0-149a-461c-8fb0-bbb1dd15d6a9 None admin] PATH_INFO: `/v3/projects/e89470b19a3348d28050c412c5d12f17` {{(pid=80367) log_request_info /opt/stack/keystone/keystone/server/flask/request_processing/req_logging.py:29}}
Jul 18 14:22:54.445741 dv-neutron-850223-1-hyperv devstack@keystone.service[80367]: DEBUG keystone.common.rbac_enforcer.enforcer [None req-e0036bc0-149a-461c-8fb0-bbb1dd15d6a9 None admin] RBAC: Authorizing `identity:get_project(project_id=e89470b19a3348d28050c412c5d12f17)` {{(pid=80367) enforce_call /opt/stack/keystone/keystone/common/rbac_enforcer/enforcer.py:449}}
Jul 18 14:22:54.447482 dv-neutron-850223-1-hyperv devstack@keystone.service[80367]: DEBUG keystone.common.rbac_enforcer.enforcer [None req-e0036bc0-149a-461c-8fb0-bbb1dd15d6a9 None admin] RBAC: Authorization granted {{(pid=80367) enforce_call /opt/stack/keystone/keystone/common/rbac_enforcer/enforcer.py:457}}
Jul 18 14:22:54.456675 dv-neutron-850223-1-hyperv devstack@keystone.service[80367]: [pid: 80367|app: 0|req: 125/251] 10.222.0.95 () {56 vars in 1186 bytes} [Mon Jul 18 14:22:54 2022] GET /identity/v3/projects/e89470b19a3348d28050c412c5d12f17 => generated 302 bytes in 354 msecs (HTTP/1.1 200) 5 headers in 177 bytes (2 switches on core 0)
Jul 18 14:22:54.473601 dv-neutron-850223-1-hyperv devstack@keystone.service[80367]: DEBUG keystone.server.flask.request_processing.middleware.auth_context [None req-e0036bc0-149a-461c-8fb0-bbb1dd15d6a9 None admin] Authenticating user token {{(pid=80367) process_request /usr/local/lib/python3.8/dist-packages/keystonemiddleware/auth_token/__init__.py:407}}
Jul 18 14:22:54.512528 dv-neutron-850223-1-hyperv devstack@keystone.service[80368]: DEBUG keystone.server.flask.request_processing.middleware.auth_context [None req-ddf18b4c-e266-4b83-91ce-2034473e5839 None admin] Validating token access rules against request {{(pid=80368) validate_allowed_request /usr/local/lib/python3.8/dist-packages/keystonemiddleware/auth_token/__init__.py:545}}
Jul 18 14:22:54.553247 dv-neutron-850223-1-hyperv devstack@keystone.service[80367]: DEBUG dbcounter [-] [80367] Writing DB stats keystone:SELECT=100 {{(pid=80367) stat_writer /usr/local/lib/python3.8/dist-packages/dbcounter.py:114}}
Jul 18 14:22:54.593245 dv-neutron-850223-1-hyperv devstack@keystone.service[80368]: DEBUG keystone.server.flask.request_processing.middleware.auth_context [None req-b55026b4-b9c7-4086-a914-a4ef02fc22f6 None admin] RBAC: auth_context: {'token': , 'domain_id': None, 'trust_id': None, 'trustor_id': None, 'trustee_id': None, 'domain_name': None, 'group_ids': [], 'user_id': '1c549970361b4c4182d6a3fbff59328c', 'user_domain_id': 'default', 'system_scope': 'all', 'project_id': None, 'project_domain_id': None, 'roles': ['admin', 'member', 'reader'], 'is_admin_project': True, 'service_user_id': None, 'service_user_domain_id': None, 'service_project_id': None, 'service_project_domain_id': None, 'service_roles': []} {{(pid=80368) fill_context /opt/stack/keystone/keystone/server/flask/request_processing/middleware/auth_context.py:478}}
Jul 18 14:22:54.594171 dv-neutron-850223-1-hyperv devstack@keystone.service[80368]: DEBUG keystone.server.flask.request_processing.req_logging [None req-b55026b4-b9c7-4086-a914-a4ef02fc22f6 None admin] REQUEST_METHOD: `PUT` {{(pid=80368) log_request_info /opt/stack/keystone/keystone/server/flask/request_processing/req_logging.py:27}}
Jul 18 14:22:54.594443 dv-neutron-850223-1-hyperv devstack@keystone.service[80368]: DEBUG keystone.server.flask.request_processing.req_logging [None req-b55026b4-b9c7-4086-a914-a4ef02fc22f6 None admin] SCRIPT_NAME: `/identity` {{(pid=80368) log_request_info /opt/stack/keystone/keystone/server/flask/request_processing/req_logging.py:28}}
Jul 18 14:22:54.594714 dv-neutron-850223-1-hyperv devstack@keystone.service[80368]: DEBUG keystone.server.flask.request_processing.req_logging [None req-b55026b4-b9c7-4086-a914-a4ef02fc22f6 None admin] PATH_INFO: `/v3/projects/e89470b19a3348d28050c412c5d12f17/users/5f956eba2eff46429f4a8c3bc87eb336/roles/c63cf9753a7c48758b1764138129de6a` {{(pid=80368) log_request_info /opt/stack/keystone/keystone/server/flask/request_processing/req_logging.py:29}}
Jul 18 14:22:54.601425 dv-neutron-850223-1-hyperv devstack@keystone.service[80368]: DEBUG keystone.common.rbac_enforcer.enforcer [None req-b55026b4-b9c7-4086-a914-a4ef02fc22f6 None admin] RBAC: Authorizing `identity:create_grant(project_id=e89470b19a3348d28050c412c5d12f17, user_id=5f956eba2eff46429f4a8c3bc87eb336, role_id=c63cf9753a7c48758b1764138129de6a)` {{(pid=80368) enforce_call /opt/stack/keystone/keystone/common/rbac_enforcer/enforcer.py:449}}
Jul 18 14:22:54.603081 dv-neutron-850223-1-hyperv devstack@keystone.service[80368]: DEBUG keystone.common.rbac_enforcer.enforcer [None req-b55026b4-b9c7-4086-a914-a4ef02fc22f6 None admin] RBAC: Authorization granted {{(pid=80368) enforce_call /opt/stack/keystone/keystone/common/rbac_enforcer/enforcer.py:457}}
Jul 18 14:22:54.635710 dv-neutron-850223-1-hyperv devstack@keystone.service[80368]: [pid: 80368|app: 0|req: 127/252] 10.222.0.95 () {58 vars in 1439 bytes} [Mon Jul 18 14:22:54 2022] PUT /identity/v3/projects/e89470b19a3348d28050c412c5d12f17/users/5f956eba2eff46429f4a8c3bc87eb336/roles/c63cf9753a7c48758b1764138129de6a => generated 0 bytes in 342 msecs (HTTP/1.1 204) 3 headers in 132 bytes (0 switches on core 0)
Jul 18 14:22:54.672534 dv-neutron-850223-1-hyperv devstack@keystone.service[80367]: DEBUG keystone.server.flask.request_processing.middleware.auth_context [None req-e0036bc0-149a-461c-8fb0-bbb1dd15d6a9 None admin] Validating token access rules against request {{(pid=80367) validate_allowed_request /usr/local/lib/python3.8/dist-packages/keystonemiddleware/auth_token/__init__.py:545}}
Jul 18 14:22:54.718037 dv-neutron-850223-1-hyperv devstack@keystone.service[80367]: DEBUG keystone.server.flask.request_processing.middleware.auth_context [None req-ef469bde-efbb-4694-939f-8c3834b0f06d None admin] RBAC: auth_context: {'token': , 'domain_id': None, 'trust_id': None, 'trustor_id': None, 'trustee_id': None, 'domain_name': None, 'group_ids': [], 'user_id': '1c549970361b4c4182d6a3fbff59328c', 'user_domain_id': 'default', 'system_scope': 'all', 'project_id': None, 'project_domain_id': None, 'roles': ['admin', 'member', 'reader'], 'is_admin_project': True, 'service_user_id': None, 'service_user_domain_id': None, 'service_project_id': None, 'service_project_domain_id': None, 'service_roles': []} {{(pid=80367) fill_context /opt/stack/keystone/keystone/server/flask/request_processing/middleware/auth_context.py:478}}
Jul 18 14:22:54.718720 dv-neutron-850223-1-hyperv devstack@keystone.service[80367]: DEBUG keystone.server.flask.request_processing.req_logging [None req-ef469bde-efbb-4694-939f-8c3834b0f06d None admin] REQUEST_METHOD: `GET` {{(pid=80367) log_request_info /opt/stack/keystone/keystone/server/flask/request_processing/req_logging.py:27}}
Jul 18 14:22:54.719011 dv-neutron-850223-1-hyperv devstack@keystone.service[80367]: DEBUG keystone.server.flask.request_processing.req_logging [None req-ef469bde-efbb-4694-939f-8c3834b0f06d None admin] SCRIPT_NAME: `/identity` {{(pid=80367) log_request_info /opt/stack/keystone/keystone/server/flask/request_processing/req_logging.py:28}}
Jul 18 14:22:54.719615 dv-neutron-850223-1-hyperv devstack@keystone.service[80367]: DEBUG keystone.server.flask.request_processing.req_logging [None req-ef469bde-efbb-4694-939f-8c3834b0f06d None admin] PATH_INFO: `/v3/role_assignments` {{(pid=80367) log_request_info /opt/stack/keystone/keystone/server/flask/request_processing/req_logging.py:29}}
Jul 18 14:22:54.720539 dv-neutron-850223-1-hyperv devstack@keystone.service[80367]: DEBUG keystone.common.rbac_enforcer.enforcer [None req-ef469bde-efbb-4694-939f-8c3834b0f06d None admin] RBAC: Adding query filter params (role.id=5198cfca1c4f41dca4976f498651cc98, scope.project.id=e89470b19a3348d28050c412c5d12f17, user.id=65c8ebeb3843430f88ec17e7feb20c66) {{(pid=80367) _extract_filter_values /opt/stack/keystone/keystone/common/rbac_enforcer/enforcer.py:167}}
Jul 18 14:22:54.720857 dv-neutron-850223-1-hyperv devstack@keystone.service[80367]: DEBUG keystone.common.rbac_enforcer.enforcer [None req-ef469bde-efbb-4694-939f-8c3834b0f06d None admin] RBAC: Authorizing `identity:list_role_assignments()` {{(pid=80367) enforce_call /opt/stack/keystone/keystone/common/rbac_enforcer/enforcer.py:449}}
Jul 18 14:22:54.722375 dv-neutron-850223-1-hyperv devstack@keystone.service[80367]: DEBUG keystone.common.rbac_enforcer.enforcer [None req-ef469bde-efbb-4694-939f-8c3834b0f06d None admin] RBAC: Authorization granted {{(pid=80367) enforce_call /opt/stack/keystone/keystone/common/rbac_enforcer/enforcer.py:457}}
Jul 18 14:22:54.731188 dv-neutron-850223-1-hyperv devstack@keystone.service[80367]: [pid: 80367|app: 0|req: 126/253] 10.222.0.95 () {56 vars in 1374 bytes} [Mon Jul 18 14:22:54 2022] GET /identity/v3/role_assignments?user.id=65c8ebeb3843430f88ec17e7feb20c66&scope.project.id=e89470b19a3348d28050c412c5d12f17&role.id=5198cfca1c4f41dca4976f498651cc98 => generated 259 bytes in 258 msecs (HTTP/1.1 200) 5 headers in 177 bytes (2 switches on core 0)
Jul 18 14:22:55.048508 dv-neutron-850223-1-hyperv devstack@keystone.service[80368]: DEBUG keystone.server.flask.request_processing.req_logging [None req-b69e6776-89b7-44bd-9f29-f67434ef25d1 None None] REQUEST_METHOD: `GET` {{(pid=80368) log_request_info /opt/stack/keystone/keystone/server/flask/request_processing/req_logging.py:27}}
Jul 18 14:22:55.048919 dv-neutron-850223-1-hyperv devstack@keystone.service[80368]: DEBUG keystone.server.flask.request_processing.req_logging [None req-b69e6776-89b7-44bd-9f29-f67434ef25d1 None None] SCRIPT_NAME: `/identity` {{(pid=80368) log_request_info /opt/stack/keystone/keystone/server/flask/request_processing/req_logging.py:28}}
Jul 18 14:22:55.049093 dv-neutron-850223-1-hyperv devstack@keystone.service[80368]: DEBUG keystone.server.flask.request_processing.req_logging [None req-b69e6776-89b7-44bd-9f29-f67434ef25d1 None None] PATH_INFO: `/` {{(pid=80368) log_request_info /opt/stack/keystone/keystone/server/flask/request_processing/req_logging.py:29}}
Jul 18 14:22:55.050978 dv-neutron-850223-1-hyperv devstack@keystone.service[80368]: [pid: 80368|app: 0|req: 128/254] 10.222.0.95 () {54 vars in 926 bytes} [Mon Jul 18 14:22:55 2022] GET /identity => generated 270 bytes in 4 msecs (HTTP/1.1 300) 6 headers in 234 bytes (1 switches on core 0)
Jul 18 14:22:55.053739 dv-neutron-850223-1-hyperv devstack@keystone.service[80367]: DEBUG keystone.server.flask.request_processing.req_logging [None req-9a0f2035-5981-45bd-8baf-9561ea2ad29e None None] REQUEST_METHOD: `GET` {{(pid=80367) log_request_info /opt/stack/keystone/keystone/server/flask/request_processing/req_logging.py:27}}
Jul 18 14:22:55.054030 dv-neutron-850223-1-hyperv devstack@keystone.service[80367]: DEBUG keystone.server.flask.request_processing.req_logging [None req-9a0f2035-5981-45bd-8baf-9561ea2ad29e None None] SCRIPT_NAME: `/identity` {{(pid=80367) log_request_info /opt/stack/keystone/keystone/server/flask/request_processing/req_logging.py:28}}
Jul 18 14:22:55.054310 dv-neutron-850223-1-hyperv devstack@keystone.service[80367]: DEBUG keystone.server.flask.request_processing.req_logging [None req-9a0f2035-5981-45bd-8baf-9561ea2ad29e None None] PATH_INFO: `/` {{(pid=80367) log_request_info /opt/stack/keystone/keystone/server/flask/request_processing/req_logging.py:29}}
Jul 18 14:22:55.055854 dv-neutron-850223-1-hyperv devstack@keystone.service[80367]: [pid: 80367|app: 0|req: 127/255] 10.222.0.95 () {54 vars in 926 bytes} [Mon Jul 18 14:22:55 2022] GET /identity => generated 270 bytes in 3 msecs (HTTP/1.1 300) 6 headers in 234 bytes (1 switches on core 0)
Jul 18 14:22:55.062372 dv-neutron-850223-1-hyperv devstack@keystone.service[80368]: DEBUG keystone.server.flask.request_processing.req_logging [None req-0c44e7eb-fd2e-4966-a862-fcd6122a6cc3 None None] REQUEST_METHOD: `POST` {{(pid=80368) log_request_info /opt/stack/keystone/keystone/server/flask/request_processing/req_logging.py:27}}
Jul 18 14:22:55.062669 dv-neutron-850223-1-hyperv devstack@keystone.service[80368]: DEBUG keystone.server.flask.request_processing.req_logging [None req-0c44e7eb-fd2e-4966-a862-fcd6122a6cc3 None None] SCRIPT_NAME: `/identity` {{(pid=80368) log_request_info /opt/stack/keystone/keystone/server/flask/request_processing/req_logging.py:28}}
Jul 18 14:22:55.062922 dv-neutron-850223-1-hyperv devstack@keystone.service[80368]: DEBUG keystone.server.flask.request_processing.req_logging [None req-0c44e7eb-fd2e-4966-a862-fcd6122a6cc3 None None] PATH_INFO: `/v3/auth/tokens` {{(pid=80368) log_request_info /opt/stack/keystone/keystone/server/flask/request_processing/req_logging.py:29}}
Jul 18 14:22:55.069831 dv-neutron-850223-1-hyperv devstack@keystone.service[80367]: DEBUG keystone.server.flask.request_processing.req_logging [None req-6914c0c8-8389-4098-92af-f407d33c21a1 None None] REQUEST_METHOD: `POST` {{(pid=80367) log_request_info /opt/stack/keystone/keystone/server/flask/request_processing/req_logging.py:27}}
Jul 18 14:22:55.070153 dv-neutron-850223-1-hyperv devstack@keystone.service[80367]: DEBUG keystone.server.flask.request_processing.req_logging [None req-6914c0c8-8389-4098-92af-f407d33c21a1 None None] SCRIPT_NAME: `/identity` {{(pid=80367) log_request_info /opt/stack/keystone/keystone/server/flask/request_processing/req_logging.py:28}}
Jul 18 14:22:55.070385 dv-neutron-850223-1-hyperv devstack@keystone.service[80367]: DEBUG keystone.server.flask.request_processing.req_logging [None req-6914c0c8-8389-4098-92af-f407d33c21a1 None None] PATH_INFO: `/v3/auth/tokens` {{(pid=80367) log_request_info /opt/stack/keystone/keystone/server/flask/request_processing/req_logging.py:29}}
Jul 18 14:22:55.095461 dv-neutron-850223-1-hyperv devstack@keystone.service[80368]: DEBUG keystone.auth.core [None req-0c44e7eb-fd2e-4966-a862-fcd6122a6cc3 None None] MFA Rules not processed for user `1c549970361b4c4182d6a3fbff59328c`. Rule list: `[]` (Enabled: `True`). {{(pid=80368) check_auth_methods_against_rules /opt/stack/keystone/keystone/auth/core.py:438}}
Jul 18 14:22:55.097638 dv-neutron-850223-1-hyperv devstack@keystone.service[80368]: DEBUG keystone.common.fernet_utils [None req-0c44e7eb-fd2e-4966-a862-fcd6122a6cc3 None None] Loaded 2 Fernet keys from /etc/keystone/fernet-keys/, but `[fernet_tokens] max_active_keys = 3`; perhaps there have not been enough key rotations to reach `max_active_keys` yet? {{(pid=80368) load_keys /opt/stack/keystone/keystone/common/fernet_utils.py:286}}
Jul 18 14:22:55.107797 dv-neutron-850223-1-hyperv devstack@keystone.service[80367]: DEBUG keystone.auth.core [None req-6914c0c8-8389-4098-92af-f407d33c21a1 None None] MFA Rules not processed for user `1c549970361b4c4182d6a3fbff59328c`. Rule list: `[]` (Enabled: `True`). {{(pid=80367) check_auth_methods_against_rules /opt/stack/keystone/keystone/auth/core.py:438}}
Jul 18 14:22:55.109033 dv-neutron-850223-1-hyperv devstack@keystone.service[80367]: DEBUG keystone.common.fernet_utils [None req-6914c0c8-8389-4098-92af-f407d33c21a1 None None] Loaded 2 Fernet keys from /etc/keystone/fernet-keys/, but `[fernet_tokens] max_active_keys = 3`; perhaps there have not been enough key rotations to reach `max_active_keys` yet? {{(pid=80367) load_keys /opt/stack/keystone/keystone/common/fernet_utils.py:286}}
Jul 18 14:22:55.223529 dv-neutron-850223-1-hyperv devstack@keystone.service[80368]: DEBUG dbcounter [-] [80368] Writing DB stats keystone:SELECT=99,keystone:INSERT=1 {{(pid=80368) stat_writer /usr/local/lib/python3.8/dist-packages/dbcounter.py:114}}
Jul 18 14:22:55.228293 dv-neutron-850223-1-hyperv devstack@keystone.service[80368]: [pid: 80368|app: 0|req: 129/256] 10.222.0.95 () {58 vars in 1023 bytes} [Mon Jul 18 14:22:55 2022] POST /identity/v3/auth/tokens => generated 799 bytes in 167 msecs (HTTP/1.1 201) 6 headers in 363 bytes (2 switches on core 0)
Jul 18 14:22:55.229028 dv-neutron-850223-1-hyperv devstack@keystone.service[80367]: [pid: 80367|app: 0|req: 128/257] 10.222.0.95 () {58 vars in 1023 bytes} [Mon Jul 18 14:22:55 2022] POST /identity/v3/auth/tokens => generated 799 bytes in 160 msecs (HTTP/1.1 201) 6 headers in 363 bytes (1 switches on core 0)
Jul 18 14:22:55.260164 dv-neutron-850223-1-hyperv devstack@keystone.service[80368]: DEBUG keystone.server.flask.request_processing.middleware.auth_context [None req-0c44e7eb-fd2e-4966-a862-fcd6122a6cc3 None None] Authenticating user token {{(pid=80368) process_request /usr/local/lib/python3.8/dist-packages/keystonemiddleware/auth_token/__init__.py:407}}
Jul 18 14:22:55.284776 dv-neutron-850223-1-hyperv devstack@keystone.service[80367]: DEBUG keystone.server.flask.request_processing.middleware.auth_context [None req-6914c0c8-8389-4098-92af-f407d33c21a1 None None] Authenticating user token {{(pid=80367) process_request /usr/local/lib/python3.8/dist-packages/keystonemiddleware/auth_token/__init__.py:407}}
Jul 18 14:22:55.352959 dv-neutron-850223-1-hyperv devstack@keystone.service[80367]: DEBUG dbcounter [-] [80367] Writing DB stats keystone:SELECT=100 {{(pid=80367) stat_writer /usr/local/lib/python3.8/dist-packages/dbcounter.py:114}}
Jul 18 14:22:55.467689 dv-neutron-850223-1-hyperv devstack@keystone.service[80368]: DEBUG keystone.server.flask.request_processing.middleware.auth_context [None req-0c44e7eb-fd2e-4966-a862-fcd6122a6cc3 None None] Validating token access rules against request {{(pid=80368) validate_allowed_request /usr/local/lib/python3.8/dist-packages/keystonemiddleware/auth_token/__init__.py:545}}
Jul 18 14:22:55.543940 dv-neutron-850223-1-hyperv devstack@keystone.service[80368]: DEBUG keystone.server.flask.request_processing.middleware.auth_context [None req-70571601-5b87-4023-bff1-8e3b036625cc None admin] RBAC: auth_context: {'token': , 'domain_id': None, 'trust_id': None, 'trustor_id': None, 'trustee_id': None, 'domain_name': None, 'group_ids': [], 'user_id': '1c549970361b4c4182d6a3fbff59328c', 'user_domain_id': 'default', 'system_scope': 'all', 'project_id': None, 'project_domain_id': None, 'roles': ['admin', 'member', 'reader'], 'is_admin_project': True, 'service_user_id': None, 'service_user_domain_id': None, 'service_project_id': None, 'service_project_domain_id': None, 'service_roles': []} {{(pid=80368) fill_context /opt/stack/keystone/keystone/server/flask/request_processing/middleware/auth_context.py:478}}
Jul 18 14:22:55.545054 dv-neutron-850223-1-hyperv devstack@keystone.service[80368]: DEBUG keystone.server.flask.request_processing.req_logging [None req-70571601-5b87-4023-bff1-8e3b036625cc None admin] REQUEST_METHOD: `GET` {{(pid=80368) log_request_info /opt/stack/keystone/keystone/server/flask/request_processing/req_logging.py:27}}
Jul 18 14:22:55.545499 dv-neutron-850223-1-hyperv devstack@keystone.service[80368]: DEBUG keystone.server.flask.request_processing.req_logging [None req-70571601-5b87-4023-bff1-8e3b036625cc None admin] SCRIPT_NAME: `/identity` {{(pid=80368) log_request_info /opt/stack/keystone/keystone/server/flask/request_processing/req_logging.py:28}}
Jul 18 14:22:55.546608 dv-neutron-850223-1-hyperv devstack@keystone.service[80368]: DEBUG keystone.server.flask.request_processing.req_logging [None req-70571601-5b87-4023-bff1-8e3b036625cc None admin] PATH_INFO: `/v3/roles/admin` {{(pid=80368) log_request_info /opt/stack/keystone/keystone/server/flask/request_processing/req_logging.py:29}}
Jul 18 14:22:55.568224 dv-neutron-850223-1-hyperv devstack@keystone.service[80368]: DEBUG keystone.common.rbac_enforcer.enforcer [None req-70571601-5b87-4023-bff1-8e3b036625cc None admin] Extracting inferred target data resulted in "NOT FOUND (404)". {{(pid=80368) enforce_call /opt/stack/keystone/keystone/common/rbac_enforcer/enforcer.py:409}}
Jul 18 14:22:55.577432 dv-neutron-850223-1-hyperv devstack@keystone.service[80368]: ERROR keystone.server.flask.application [None req-70571601-5b87-4023-bff1-8e3b036625cc None admin] Could not find role: admin.: keystone.exception.RoleNotFound: Could not find role: admin.
Jul 18 14:22:55.577432 dv-neutron-850223-1-hyperv devstack@keystone.service[80368]: ERROR keystone.server.flask.application
Traceback (most recent call last):
Jul 18 14:22:55.577432 dv-neutron-850223-1-hyperv devstack@keystone.service[80368]: ERROR keystone.server.flask.application
File "/usr/local/lib/python3.8/dist-packages/flask/app.py", line 1523, in full_dispatch_request
Jul 18 14:22:55.577432 dv-neutron-850223-1-hyperv devstack@keystone.service[80368]: ERROR keystone.server.flask.application rv = self.dispatch_request()
Jul 18 14:22:55.577432 dv-neutron-850223-1-hyperv devstack@keystone.service[80368]: ERROR keystone.server.flask.application
File "/usr/local/lib/python3.8/dist-packages/flask/app.py", line 1509, in dispatch_request
Jul 18 14:22:55.577432 dv-neutron-850223-1-hyperv devstack@keystone.service[80368]: ERROR keystone.server.flask.application return self.ensure_sync(self.view_functions[rule.endpoint])(**req.view_args)
Jul 18 14:22:55.577432 dv-neutron-850223-1-hyperv devstack@keystone.service[80368]: ERROR keystone.server.flask.application
File "/usr/local/lib/python3.8/dist-packages/flask_restful/__init__.py", line 467, in wrapper
Jul 18 14:22:55.577432 dv-neutron-850223-1-hyperv devstack@keystone.service[80368]: ERROR keystone.server.flask.application resp = resource(*args, **kwargs)
Jul 18 14:22:55.577432 dv-neutron-850223-1-hyperv devstack@keystone.service[80368]: ERROR keystone.server.flask.application
File "/usr/local/lib/python3.8/dist-packages/flask/views.py", line 84, in view
Jul 18 14:22:55.577432 dv-neutron-850223-1-hyperv devstack@keystone.service[80368]: ERROR keystone.server.flask.application return current_app.ensure_sync(self.dispatch_request)(*args, **kwargs)
Jul 18 14:22:55.577432 dv-neutron-850223-1-hyperv devstack@keystone.service[80368]: ERROR keystone.server.flask.application
File "/usr/local/lib/python3.8/dist-packages/flask_restful/__init__.py", line 582, in dispatch_request
Jul 18 14:22:55.577432 dv-neutron-850223-1-hyperv devstack@keystone.service[80368]: ERROR keystone.server.flask.application resp = meth(*args, **kwargs)
Jul 18 14:22:55.577432 dv-neutron-850223-1-hyperv devstack@keystone.service[80368]: ERROR keystone.server.flask.application
File "/opt/stack/keystone/keystone/api/roles.py", line 50, in get
Jul 18 14:22:55.577432 dv-neutron-850223-1-hyperv devstack@keystone.service[80368]: ERROR keystone.server.flask.application return self._get_role(role_id)
Jul 18 14:22:55.577432 dv-neutron-850223-1-hyperv devstack@keystone.service[80368]: ERROR keystone.server.flask.application
File "/opt/stack/keystone/keystone/api/roles.py", line 70, in _get_role
Jul 18 14:22:55.577432 dv-neutron-850223-1-hyperv devstack@keystone.service[80368]: ERROR keystone.server.flask.application ENFORCER.enforce_call(action='identity:get_role')
Jul 18 14:22:55.578547 dv-neutron-850223-1-hyperv devstack@keystone.service[80368]: ERROR keystone.server.flask.application
File "/opt/stack/keystone/keystone/common/rbac_enforcer/enforcer.py", line 402, in enforce_call
Jul 18 14:22:55.578547 dv-neutron-850223-1-hyperv devstack@keystone.service[80368]: ERROR keystone.server.flask.application policy_dict.update(cls._extract_member_target_data(
Jul 18 14:22:55.578547 dv-neutron-850223-1-hyperv devstack@keystone.service[80368]: ERROR keystone.server.flask.application
File "/opt/stack/keystone/keystone/common/rbac_enforcer/enforcer.py", line 234, in _extract_member_target_data
Jul 18 14:22:55.578547 dv-neutron-850223-1-hyperv devstack@keystone.service[80368]: ERROR keystone.server.flask.application member_name: func(flask.request.view_args[key])
Jul 18 14:22:55.578547 dv-neutron-850223-1-hyperv devstack@keystone.service[80368]: ERROR keystone.server.flask.application
File "/opt/stack/keystone/keystone/common/manager.py", line 115, in wrapped
Jul 18 14:22:55.578547 dv-neutron-850223-1-hyperv devstack@keystone.service[80368]: ERROR keystone.server.flask.application __ret_val = __f(*args, **kwargs)
Jul 18 14:22:55.578547 dv-neutron-850223-1-hyperv devstack@keystone.service[80368]: ERROR keystone.server.flask.application
File "/usr/local/lib/python3.8/dist-packages/decorator.py", line 232, in fun
Jul 18 14:22:55.578547 dv-neutron-850223-1-hyperv devstack@keystone.service[80368]: ERROR keystone.server.flask.application return caller(func, *(extras + args), **kw)
Jul 18 14:22:55.578547 dv-neutron-850223-1-hyperv devstack@keystone.service[80368]: ERROR keystone.server.flask.application
File "/usr/local/lib/python3.8/dist-packages/dogpile/cache/region.py", line 1577, in get_or_create_for_user_func
Jul 18 14:22:55.578547 dv-neutron-850223-1-hyperv devstack@keystone.service[80368]: ERROR keystone.server.flask.application return self.get_or_create(
Jul 18 14:22:55.578547 dv-neutron-850223-1-hyperv devstack@keystone.service[80368]: ERROR keystone.server.flask.application
File "/usr/local/lib/python3.8/dist-packages/dogpile/cache/region.py", line 1042, in get_or_create
Jul 18 14:22:55.578547 dv-neutron-850223-1-hyperv devstack@keystone.service[80368]: ERROR keystone.server.flask.application with Lock(
Jul 18 14:22:55.578547 dv-neutron-850223-1-hyperv devstack@keystone.service[80368]: ERROR keystone.server.flask.application
File "/usr/local/lib/python3.8/dist-packages/dogpile/lock.py", line 185, in __enter__
Jul 18 14:22:55.578547 dv-neutron-850223-1-hyperv devstack@keystone.service[80368]: ERROR keystone.server.flask.application return self._enter()
Jul 18 14:22:55.578547 dv-neutron-850223-1-hyperv devstack@keystone.service[80368]: ERROR keystone.server.flask.application
File "/usr/local/lib/python3.8/dist-packages/dogpile/lock.py", line 94, in _enter
Jul 18 14:22:55.578547 dv-neutron-850223-1-hyperv devstack@keystone.service[80368]: ERROR keystone.server.flask.application generated = self._enter_create(value, createdtime)
Jul 18 14:22:55.579559 dv-neutron-850223-1-hyperv devstack@keystone.service[80368]: ERROR keystone.server.flask.application
File "/usr/local/lib/python3.8/dist-packages/dogpile/lock.py", line 178, in _enter_create
Jul 18 14:22:55.579559 dv-neutron-850223-1-hyperv devstack@keystone.service[80368]: ERROR keystone.server.flask.application return self.creator()
Jul 18 14:22:55.579559 dv-neutron-850223-1-hyperv devstack@keystone.service[80368]: ERROR keystone.server.flask.application
File "/usr/local/lib/python3.8/dist-packages/dogpile/cache/region.py", line 995, in gen_value
Jul 18 14:22:55.579559 dv-neutron-850223-1-hyperv devstack@keystone.service[80368]: ERROR keystone.server.flask.application created_value = creator(
Jul 18 14:22:55.579559 dv-neutron-850223-1-hyperv devstack@keystone.service[80368]: ERROR keystone.server.flask.application
File "/opt/stack/keystone/keystone/assignment/core.py", line 1276, in get_role
Jul 18 14:22:55.579559 dv-neutron-850223-1-hyperv devstack@keystone.service[80368]: ERROR keystone.server.flask.application return self.driver.get_role(role_id)
Jul 18 14:22:55.579559 dv-neutron-850223-1-hyperv devstack@keystone.service[80368]: ERROR keystone.server.flask.application
File "/opt/stack/keystone/keystone/assignment/role_backends/sql.py", line 70, in get_role
Jul 18 14:22:55.579559 dv-neutron-850223-1-hyperv devstack@keystone.service[80368]: ERROR keystone.server.flask.application return self._get_role(session, role_id).to_dict()
Jul 18 14:22:55.579559 dv-neutron-850223-1-hyperv devstack@keystone.service[80368]: ERROR keystone.server.flask.application
File "/opt/stack/keystone/keystone/assignment/role_backends/sql.py", line 65, in _get_role
Jul 18 14:22:55.579559 dv-neutron-850223-1-hyperv devstack@keystone.service[80368]: ERROR keystone.server.flask.application raise exception.RoleNotFound(role_id=role_id)
Jul 18 14:22:55.579559 dv-neutron-850223-1-hyperv devstack@keystone.service[80368]: ERROR keystone.server.flask.application keystone.exception.RoleNotFound: Could not find role: admin.
Jul 18 14:22:55.579559 dv-neutron-850223-1-hyperv devstack@keystone.service[80368]: ERROR keystone.server.flask.application
Jul 18 14:22:55.582046 dv-neutron-850223-1-hyperv devstack@keystone.service[80368]: [pid: 80368|app: 0|req: 130/258] 10.222.0.95 () {56 vars in 1096 bytes} [Mon Jul 18 14:22:55 2022] GET /identity/v3/roles/admin => generated 83 bytes in 323 msecs (HTTP/1.1 404) 5 headers in 183 bytes (2 switches on core 0)
Jul 18 14:22:55.593735 dv-neutron-850223-1-hyperv devstack@keystone.service[80368]: DEBUG keystone.server.flask.request_processing.middleware.auth_context [None req-70571601-5b87-4023-bff1-8e3b036625cc None admin] Authenticating user token {{(pid=80368) process_request /usr/local/lib/python3.8/dist-packages/keystonemiddleware/auth_token/__init__.py:407}}
Jul 18 14:22:55.598350 dv-neutron-850223-1-hyperv devstack@keystone.service[80367]: DEBUG keystone.server.flask.request_processing.middleware.auth_context [None req-6914c0c8-8389-4098-92af-f407d33c21a1 None None] Validating token access rules against request {{(pid=80367) validate_allowed_request /usr/local/lib/python3.8/dist-packages/keystonemiddleware/auth_token/__init__.py:545}}
Jul 18 14:22:55.708570 dv-neutron-850223-1-hyperv devstack@keystone.service[80368]: DEBUG dbcounter [-] [80368] Writing DB stats keystone:SELECT=100 {{(pid=80368) stat_writer /usr/local/lib/python3.8/dist-packages/dbcounter.py:114}}
