Jul 18 15:05:37.310330 dv-neutron-850147-2-hyperv devstack@c-api.service[112223]: DEBUG cinder.api.extensions [-] Ext description: Enable snapshot manager actions. {{(pid=112223) _check_extension /opt/stack/cinder/cinder/api/extensions.py:181}}
Jul 18 15:05:37.310330 dv-neutron-850147-2-hyperv devstack@c-api.service[112223]: DEBUG cinder.api.extensions [-] Ext updated: 2013-07-16T00:00:00+00:00 {{(pid=112223) _check_extension /opt/stack/cinder/cinder/api/extensions.py:183}}
Jul 18 15:05:37.310330 dv-neutron-850147-2-hyperv devstack@c-api.service[112223]: DEBUG cinder.api.extensions [-] Loaded extension: os-snapshot-actions {{(pid=112223) register /opt/stack/cinder/cinder/api/extensions.py:140}}
Jul 18 15:05:37.310330 dv-neutron-850147-2-hyperv devstack@c-api.service[112223]: DEBUG cinder.api.extensions [-] Loading extension cinder.api.contrib.extended_services.Extended_services {{(pid=112223) load_extension /opt/stack/cinder/cinder/api/extensions.py:199}}
Jul 18 15:05:37.310767 dv-neutron-850147-2-hyperv devstack@c-api.service[112222]: DEBUG cinder.api.extensions [-] Ext name: VolumeHostAttribute {{(pid=112222) _check_extension /opt/stack/cinder/cinder/api/extensions.py:179}}
Jul 18 15:05:37.310965 dv-neutron-850147-2-hyperv devstack@c-api.service[112223]: DEBUG cinder.api.extensions [-] Calling extension factory cinder.api.contrib.extended_services.Extended_services {{(pid=112223) load_extension /opt/stack/cinder/cinder/api/extensions.py:205}}
Jul 18 15:05:37.311051 dv-neutron-850147-2-hyperv devstack@c-api.service[112222]: DEBUG cinder.api.extensions [-] Ext alias: os-vol-host-attr {{(pid=112222) _check_extension /opt/stack/cinder/cinder/api/extensions.py:180}}
Jul 18 15:05:37.311132 dv-neutron-850147-2-hyperv devstack@c-api.service[112223]: DEBUG cinder.api.extensions [-] Ext name: ExtendedServices {{(pid=112223) _check_extension /opt/stack/cinder/cinder/api/extensions.py:179}}
Jul 18 15:05:37.311215 dv-neutron-850147-2-hyperv devstack@c-api.service[112222]: DEBUG cinder.api.extensions [-] Ext description: Expose host as an attribute of a volume. {{(pid=112222) _check_extension /opt/stack/cinder/cinder/api/extensions.py:181}}
Jul 18 15:05:37.311306 dv-neutron-850147-2-hyperv devstack@c-api.service[112223]: DEBUG cinder.api.extensions [-] Ext alias: os-extended-services {{(pid=112223) _check_extension /opt/stack/cinder/cinder/api/extensions.py:180}}
Jul 18 15:05:37.311390 dv-neutron-850147-2-hyperv devstack@c-api.service[112222]: DEBUG cinder.api.extensions [-] Ext updated: 2011-11-03T00:00:00+00:00 {{(pid=112222) _check_extension /opt/stack/cinder/cinder/api/extensions.py:183}}
Jul 18 15:05:37.311472 dv-neutron-850147-2-hyperv devstack@c-api.service[112223]: DEBUG cinder.api.extensions [-] Ext description: Extended services support. {{(pid=112223) _check_extension /opt/stack/cinder/cinder/api/extensions.py:181}}
Jul 18 15:05:37.311554 dv-neutron-850147-2-hyperv devstack@c-api.service[112222]: DEBUG cinder.api.extensions [-] Loaded extension: os-vol-host-attr {{(pid=112222) register /opt/stack/cinder/cinder/api/extensions.py:140}}
Jul 18 15:05:37.311635 dv-neutron-850147-2-hyperv devstack@c-api.service[112223]: DEBUG cinder.api.extensions [-] Ext updated: 2014-01-10T00:00:00-00:00 {{(pid=112223) _check_extension /opt/stack/cinder/cinder/api/extensions.py:183}}
Jul 18 15:05:37.311717 dv-neutron-850147-2-hyperv devstack@c-api.service[112222]: DEBUG cinder.api.extensions [-] Loading extension cinder.api.contrib.scheduler_stats.Scheduler_stats {{(pid=112222) load_extension /opt/stack/cinder/cinder/api/extensions.py:199}}
Jul 18 15:05:37.311799 dv-neutron-850147-2-hyperv devstack@c-api.service[112223]: DEBUG cinder.api.extensions [-] Loaded extension: os-extended-services {{(pid=112223) register /opt/stack/cinder/cinder/api/extensions.py:140}}
Jul 18 15:05:37.311880 dv-neutron-850147-2-hyperv devstack@c-api.service[112222]: DEBUG cinder.api.extensions [-] Calling extension factory cinder.api.contrib.scheduler_stats.Scheduler_stats {{(pid=112222) load_extension /opt/stack/cinder/cinder/api/extensions.py:205}}
Jul 18 15:05:37.311963 dv-neutron-850147-2-hyperv devstack@c-api.service[112223]: DEBUG cinder.api.extensions [-] Loading extension cinder.api.contrib.capabilities.Capabilities {{(pid=112223) load_extension /opt/stack/cinder/cinder/api/extensions.py:199}}
Jul 18 15:05:37.312054 dv-neutron-850147-2-hyperv devstack@c-api.service[112222]: DEBUG cinder.api.extensions [-] Ext name: Scheduler_stats {{(pid=112222) _check_extension /opt/stack/cinder/cinder/api/extensions.py:179}}
Jul 18 15:05:37.312138 dv-neutron-850147-2-hyperv devstack@c-api.service[112223]: DEBUG cinder.api.extensions [-] Calling extension factory cinder.api.contrib.capabilities.Capabilities {{(pid=112223) load_extension /opt/stack/cinder/cinder/api/extensions.py:205}}
Jul 18 15:05:37.312219 dv-neutron-850147-2-hyperv devstack@c-api.service[112222]: DEBUG cinder.api.extensions [-] Ext alias: scheduler-stats {{(pid=112222) _check_extension /opt/stack/cinder/cinder/api/extensions.py:180}}
Jul 18 15:05:37.312301 dv-neutron-850147-2-hyperv devstack@c-api.service[112223]: DEBUG cinder.api.extensions [-] Ext name: Capabilities {{(pid=112223) _check_extension /opt/stack/cinder/cinder/api/extensions.py:179}}
Jul 18 15:05:37.312383 dv-neutron-850147-2-hyperv devstack@c-api.service[112222]: DEBUG cinder.api.extensions [-] Ext description: Scheduler stats support. {{(pid=112222) _check_extension /opt/stack/cinder/cinder/api/extensions.py:181}}
Jul 18 15:05:37.312464 dv-neutron-850147-2-hyperv devstack@c-api.service[112223]: DEBUG cinder.api.extensions [-] Ext alias: capabilities {{(pid=112223) _check_extension /opt/stack/cinder/cinder/api/extensions.py:180}}
Jul 18 15:05:37.312546 dv-neutron-850147-2-hyperv devstack@c-api.service[112222]: DEBUG cinder.api.extensions [-] Ext updated: 2014-09-07T00:00:00+00:00 {{(pid=112222) _check_extension /opt/stack/cinder/cinder/api/extensions.py:183}}
Jul 18 15:05:37.312627 dv-neutron-850147-2-hyperv devstack@c-api.service[112223]: DEBUG cinder.api.extensions [-] Ext description: Capabilities support. {{(pid=112223) _check_extension /opt/stack/cinder/cinder/api/extensions.py:181}}
Jul 18 15:05:37.312709 dv-neutron-850147-2-hyperv devstack@c-api.service[112222]: DEBUG cinder.api.extensions [-] Loaded extension: scheduler-stats {{(pid=112222) register /opt/stack/cinder/cinder/api/extensions.py:140}}
Jul 18 15:05:37.312798 dv-neutron-850147-2-hyperv devstack@c-api.service[112223]: DEBUG cinder.api.extensions [-] Ext updated: 2015-08-31T00:00:00+00:00 {{(pid=112223) _check_extension /opt/stack/cinder/cinder/api/extensions.py:183}}
Jul 18 15:05:37.312798 dv-neutron-850147-2-hyperv devstack@c-api.service[112223]: DEBUG cinder.api.extensions [-] Loaded extension: capabilities {{(pid=112223) register /opt/stack/cinder/cinder/api/extensions.py:140}}
Jul 18 15:05:37.312798 dv-neutron-850147-2-hyperv devstack@c-api.service[112223]: DEBUG cinder.api.extensions [-] Loading extension cinder.api.contrib.extended_snapshot_attributes.Extended_snapshot_attributes {{(pid=112223) load_extension /opt/stack/cinder/cinder/api/extensions.py:199}}
Jul 18 15:05:37.312798 dv-neutron-850147-2-hyperv devstack@c-api.service[112223]: DEBUG cinder.api.extensions [-] Calling extension factory cinder.api.contrib.extended_snapshot_attributes.Extended_snapshot_attributes {{(pid=112223) load_extension /opt/stack/cinder/cinder/api/extensions.py:205}}
Jul 18 15:05:37.312798 dv-neutron-850147-2-hyperv devstack@c-api.service[112223]: DEBUG cinder.api.extensions [-] Ext name: ExtendedSnapshotAttributes {{(pid=112223) _check_extension /opt/stack/cinder/cinder/api/extensions.py:179}}
Jul 18 15:05:37.312798 dv-neutron-850147-2-hyperv devstack@c-api.service[112223]: DEBUG cinder.api.extensions [-] Ext alias: os-extended-snapshot-attributes {{(pid=112223) _check_extension /opt/stack/cinder/cinder/api/extensions.py:180}}
Jul 18 15:05:37.312798 dv-neutron-850147-2-hyperv devstack@c-api.service[112223]: DEBUG cinder.api.extensions [-] Ext description: Extended SnapshotAttributes support. {{(pid=112223) _check_extension /opt/stack/cinder/cinder/api/extensions.py:181}}
Jul 18 15:05:37.312798 dv-neutron-850147-2-hyperv devstack@c-api.service[112223]: DEBUG cinder.api.extensions [-] Ext updated: 2012-06-19T00:00:00+00:00 {{(pid=112223) _check_extension /opt/stack/cinder/cinder/api/extensions.py:183}}
Jul 18 15:05:37.312798 dv-neutron-850147-2-hyperv devstack@c-api.service[112223]: DEBUG cinder.api.extensions [-] Loaded extension: os-extended-snapshot-attributes {{(pid=112223) register /opt/stack/cinder/cinder/api/extensions.py:140}}
Jul 18 15:05:37.313430 dv-neutron-850147-2-hyperv devstack@c-api.service[112223]: DEBUG cinder.api.extensions [-] Loading extension cinder.api.contrib.snapshot_unmanage.Snapshot_unmanage {{(pid=112223) load_extension /opt/stack/cinder/cinder/api/extensions.py:199}}
Jul 18 15:05:37.313430 dv-neutron-850147-2-hyperv devstack@c-api.service[112223]: DEBUG cinder.api.extensions [-] Calling extension factory cinder.api.contrib.snapshot_unmanage.Snapshot_unmanage {{(pid=112223) load_extension /opt/stack/cinder/cinder/api/extensions.py:205}}
Jul 18 15:05:37.313430 dv-neutron-850147-2-hyperv devstack@c-api.service[112223]: DEBUG cinder.api.extensions [-] Ext name: SnapshotUnmanage {{(pid=112223) _check_extension /opt/stack/cinder/cinder/api/extensions.py:179}}
Jul 18 15:05:37.313430 dv-neutron-850147-2-hyperv devstack@c-api.service[112223]: DEBUG cinder.api.extensions [-] Ext alias: os-snapshot-unmanage {{(pid=112223) _check_extension /opt/stack/cinder/cinder/api/extensions.py:180}}
Jul 18 15:05:37.313430 dv-neutron-850147-2-hyperv devstack@c-api.service[112223]: DEBUG cinder.api.extensions [-] Ext description: Enable volume unmanage operation. {{(pid=112223) _check_extension /opt/stack/cinder/cinder/api/extensions.py:181}}
Jul 18 15:05:37.313430 dv-neutron-850147-2-hyperv devstack@c-api.service[112223]: DEBUG cinder.api.extensions [-] Ext updated: 2014-12-31T00:00:00+00:00 {{(pid=112223) _check_extension /opt/stack/cinder/cinder/api/extensions.py:183}}
Jul 18 15:05:37.313430 dv-neutron-850147-2-hyperv devstack@c-api.service[112223]: DEBUG cinder.api.extensions [-] Loaded extension: os-snapshot-unmanage {{(pid=112223) register /opt/stack/cinder/cinder/api/extensions.py:140}}
Jul 18 15:05:37.313430 dv-neutron-850147-2-hyperv devstack@c-api.service[112223]: DEBUG cinder.api.extensions [-] Loading extension cinder.api.contrib.volume_type_access.Volume_type_access {{(pid=112223) load_extension /opt/stack/cinder/cinder/api/extensions.py:199}}
Jul 18 15:05:37.313979 dv-neutron-850147-2-hyperv devstack@c-api.service[112223]: DEBUG cinder.api.extensions [-] Calling extension factory cinder.api.contrib.volume_type_access.Volume_type_access {{(pid=112223) load_extension /opt/stack/cinder/cinder/api/extensions.py:205}}
Jul 18 15:05:37.313979 dv-neutron-850147-2-hyperv devstack@c-api.service[112223]: DEBUG cinder.api.extensions [-] Ext name: VolumeTypeAccess {{(pid=112223) _check_extension /opt/stack/cinder/cinder/api/extensions.py:179}}
Jul 18 15:05:37.313979 dv-neutron-850147-2-hyperv devstack@c-api.service[112223]: DEBUG cinder.api.extensions [-] Ext alias: os-volume-type-access {{(pid=112223) _check_extension /opt/stack/cinder/cinder/api/extensions.py:180}}
Jul 18 15:05:37.313979 dv-neutron-850147-2-hyperv devstack@c-api.service[112223]: DEBUG cinder.api.extensions [-] Ext description: Volume type access support. {{(pid=112223) _check_extension /opt/stack/cinder/cinder/api/extensions.py:181}}
Jul 18 15:05:37.313979 dv-neutron-850147-2-hyperv devstack@c-api.service[112223]: DEBUG cinder.api.extensions [-] Ext updated: 2014-06-26T00:00:00Z {{(pid=112223) _check_extension /opt/stack/cinder/cinder/api/extensions.py:183}}
Jul 18 15:05:37.313979 dv-neutron-850147-2-hyperv devstack@c-api.service[112223]: DEBUG cinder.api.extensions [-] Loaded extension: os-volume-type-access {{(pid=112223) register /opt/stack/cinder/cinder/api/extensions.py:140}}
Jul 18 15:05:37.313979 dv-neutron-850147-2-hyperv devstack@c-api.service[112223]: DEBUG cinder.api.extensions [-] Loading extension cinder.api.contrib.snapshot_manage.Snapshot_manage {{(pid=112223) load_extension /opt/stack/cinder/cinder/api/extensions.py:199}}
Jul 18 15:05:37.313979 dv-neutron-850147-2-hyperv devstack@c-api.service[112223]: DEBUG cinder.api.extensions [-] Calling extension factory cinder.api.contrib.snapshot_manage.Snapshot_manage {{(pid=112223) load_extension /opt/stack/cinder/cinder/api/extensions.py:205}}
Jul 18 15:05:37.313979 dv-neutron-850147-2-hyperv devstack@c-api.service[112223]: DEBUG cinder.api.extensions [-] Ext name: SnapshotManage {{(pid=112223) _check_extension /opt/stack/cinder/cinder/api/extensions.py:179}}
Jul 18 15:05:37.314812 dv-neutron-850147-2-hyperv devstack@c-api.service[112223]: DEBUG cinder.api.extensions [-] Ext alias: os-snapshot-manage {{(pid=112223) _check_extension /opt/stack/cinder/cinder/api/extensions.py:180}}
Jul 18 15:05:37.314812 dv-neutron-850147-2-hyperv devstack@c-api.service[112223]: DEBUG cinder.api.extensions [-] Ext description: Allows existing backend storage to be 'managed' by Cinder. {{(pid=112223) _check_extension /opt/stack/cinder/cinder/api/extensions.py:181}}
Jul 18 15:05:37.314812 dv-neutron-850147-2-hyperv devstack@c-api.service[112223]: DEBUG cinder.api.extensions [-] Ext updated: 2014-12-31T00:00:00+00:00 {{(pid=112223) _check_extension /opt/stack/cinder/cinder/api/extensions.py:183}}
Jul 18 15:05:37.314812 dv-neutron-850147-2-hyperv devstack@c-api.service[112223]: DEBUG cinder.api.extensions [-] Loaded extension: os-snapshot-manage {{(pid=112223) register /opt/stack/cinder/cinder/api/extensions.py:140}}
Jul 18 15:05:37.314812 dv-neutron-850147-2-hyperv devstack@c-api.service[112223]: DEBUG cinder.api.extensions [-] Loading extension cinder.api.contrib.used_limits.Used_limits {{(pid=112223) load_extension /opt/stack/cinder/cinder/api/extensions.py:199}}
Jul 18 15:05:37.314812 dv-neutron-850147-2-hyperv devstack@c-api.service[112223]: DEBUG cinder.api.extensions [-] Calling extension factory cinder.api.contrib.used_limits.Used_limits {{(pid=112223) load_extension /opt/stack/cinder/cinder/api/extensions.py:205}}
Jul 18 15:05:37.314812 dv-neutron-850147-2-hyperv devstack@c-api.service[112223]: DEBUG cinder.api.extensions [-] Ext name: UsedLimits {{(pid=112223) _check_extension /opt/stack/cinder/cinder/api/extensions.py:179}}
Jul 18 15:05:37.315308 dv-neutron-850147-2-hyperv devstack@c-api.service[112223]: DEBUG cinder.api.extensions [-] Ext alias: os-used-limits {{(pid=112223) _check_extension /opt/stack/cinder/cinder/api/extensions.py:180}}
Jul 18 15:05:37.315521 dv-neutron-850147-2-hyperv devstack@c-api.service[112223]: DEBUG cinder.api.extensions [-] Ext description: Provide data on limited resources that are being used. {{(pid=112223) _check_extension /opt/stack/cinder/cinder/api/extensions.py:181}}
Jul 18 15:05:37.315752 dv-neutron-850147-2-hyperv devstack@c-api.service[112223]: DEBUG cinder.api.extensions [-] Ext updated: 2013-10-03T00:00:00+00:00 {{(pid=112223) _check_extension /opt/stack/cinder/cinder/api/extensions.py:183}}
Jul 18 15:05:37.315983 dv-neutron-850147-2-hyperv devstack@c-api.service[112223]: DEBUG cinder.api.extensions [-] Loaded extension: os-used-limits {{(pid=112223) register /opt/stack/cinder/cinder/api/extensions.py:140}}
Jul 18 15:05:37.316231 dv-neutron-850147-2-hyperv devstack@c-api.service[112223]: DEBUG cinder.api.extensions [-] Loading extension cinder.api.contrib.availability_zones.Availability_zones {{(pid=112223) load_extension /opt/stack/cinder/cinder/api/extensions.py:199}}
Jul 18 15:05:37.316471 dv-neutron-850147-2-hyperv devstack@c-api.service[112223]: DEBUG cinder.api.extensions [-] Calling extension factory cinder.api.contrib.availability_zones.Availability_zones {{(pid=112223) load_extension /opt/stack/cinder/cinder/api/extensions.py:205}}
Jul 18 15:05:37.316705 dv-neutron-850147-2-hyperv devstack@c-api.service[112223]: DEBUG cinder.api.extensions [-] Ext name: AvailabilityZones {{(pid=112223) _check_extension /opt/stack/cinder/cinder/api/extensions.py:179}}
Jul 18 15:05:37.317150 dv-neutron-850147-2-hyperv devstack@c-api.service[112223]: DEBUG cinder.api.extensions [-] Ext alias: os-availability-zone {{(pid=112223) _check_extension /opt/stack/cinder/cinder/api/extensions.py:180}}
Jul 18 15:05:37.317150 dv-neutron-850147-2-hyperv devstack@c-api.service[112223]: DEBUG cinder.api.extensions [-] Ext description: Describe Availability Zones. {{(pid=112223) _check_extension /opt/stack/cinder/cinder/api/extensions.py:181}}
Jul 18 15:05:37.317328 dv-neutron-850147-2-hyperv devstack@c-api.service[112223]: DEBUG cinder.api.extensions [-] Ext updated: 2013-06-27T00:00:00+00:00 {{(pid=112223) _check_extension /opt/stack/cinder/cinder/api/extensions.py:183}}
Jul 18 15:05:37.319149 dv-neutron-850147-2-hyperv devstack@c-api.service[112223]: DEBUG cinder.api.extensions [-] Loaded extension: os-availability-zone {{(pid=112223) register /opt/stack/cinder/cinder/api/extensions.py:140}}
Jul 18 15:05:37.319149 dv-neutron-850147-2-hyperv devstack@c-api.service[112223]: DEBUG cinder.api.extensions [-] Loading extension cinder.api.contrib.cgsnapshots.Cgsnapshots {{(pid=112223) load_extension /opt/stack/cinder/cinder/api/extensions.py:199}}
Jul 18 15:05:37.319149 dv-neutron-850147-2-hyperv devstack@c-api.service[112223]: DEBUG cinder.api.extensions [-] Calling extension factory cinder.api.contrib.cgsnapshots.Cgsnapshots {{(pid=112223) load_extension /opt/stack/cinder/cinder/api/extensions.py:205}}
Jul 18 15:05:37.319149 dv-neutron-850147-2-hyperv devstack@c-api.service[112223]: DEBUG cinder.api.extensions [-] Ext name: Cgsnapshots {{(pid=112223) _check_extension /opt/stack/cinder/cinder/api/extensions.py:179}}
Jul 18 15:05:37.319149 dv-neutron-850147-2-hyperv devstack@c-api.service[112223]: DEBUG cinder.api.extensions [-] Ext alias: cgsnapshots {{(pid=112223) _check_extension /opt/stack/cinder/cinder/api/extensions.py:180}}
Jul 18 15:05:37.319149 dv-neutron-850147-2-hyperv devstack@c-api.service[112223]: DEBUG cinder.api.extensions [-] Ext description: cgsnapshots support. {{(pid=112223) _check_extension /opt/stack/cinder/cinder/api/extensions.py:181}}
Jul 18 15:05:37.320240 dv-neutron-850147-2-hyperv devstack@c-api.service[112223]: DEBUG cinder.api.extensions [-] Ext updated: 2014-08-18T00:00:00+00:00 {{(pid=112223) _check_extension /opt/stack/cinder/cinder/api/extensions.py:183}}
Jul 18 15:05:37.320240 dv-neutron-850147-2-hyperv devstack@c-api.service[112223]: DEBUG cinder.api.extensions [-] Loaded extension: cgsnapshots {{(pid=112223) register /opt/stack/cinder/cinder/api/extensions.py:140}}
Jul 18 15:05:37.320240 dv-neutron-850147-2-hyperv devstack@c-api.service[112223]: DEBUG cinder.api.extensions [-] Loading extension cinder.api.contrib.backups.Backups {{(pid=112223) load_extension /opt/stack/cinder/cinder/api/extensions.py:199}}
Jul 18 15:05:37.320240 dv-neutron-850147-2-hyperv devstack@c-api.service[112223]: DEBUG cinder.api.extensions [-] Calling extension factory cinder.api.contrib.backups.Backups {{(pid=112223) load_extension /opt/stack/cinder/cinder/api/extensions.py:205}}
Jul 18 15:05:37.320525 dv-neutron-850147-2-hyperv devstack@c-api.service[112223]: DEBUG cinder.api.extensions [-] Ext name: Backups {{(pid=112223) _check_extension /opt/stack/cinder/cinder/api/extensions.py:179}}
Jul 18 15:05:37.320769 dv-neutron-850147-2-hyperv devstack@c-api.service[112223]: DEBUG cinder.api.extensions [-] Ext alias: backups {{(pid=112223) _check_extension /opt/stack/cinder/cinder/api/extensions.py:180}}
Jul 18 15:05:37.321005 dv-neutron-850147-2-hyperv devstack@c-api.service[112223]: DEBUG cinder.api.extensions [-] Ext description: Backups support. {{(pid=112223) _check_extension /opt/stack/cinder/cinder/api/extensions.py:181}}
Jul 18 15:05:37.321238 dv-neutron-850147-2-hyperv devstack@c-api.service[112223]: DEBUG cinder.api.extensions [-] Ext updated: 2012-12-12T00:00:00+00:00 {{(pid=112223) _check_extension /opt/stack/cinder/cinder/api/extensions.py:183}}
Jul 18 15:05:37.321470 dv-neutron-850147-2-hyperv devstack@c-api.service[112223]: DEBUG cinder.api.extensions [-] Loaded extension: backups {{(pid=112223) register /opt/stack/cinder/cinder/api/extensions.py:140}}
Jul 18 15:05:37.321718 dv-neutron-850147-2-hyperv devstack@c-api.service[112223]: DEBUG cinder.api.extensions [-] Loading extension cinder.api.contrib.consistencygroups.Consistencygroups {{(pid=112223) load_extension /opt/stack/cinder/cinder/api/extensions.py:199}}
Jul 18 15:05:37.321957 dv-neutron-850147-2-hyperv devstack@c-api.service[112223]: DEBUG cinder.api.extensions [-] Calling extension factory cinder.api.contrib.consistencygroups.Consistencygroups {{(pid=112223) load_extension /opt/stack/cinder/cinder/api/extensions.py:205}}
Jul 18 15:05:37.322231 dv-neutron-850147-2-hyperv devstack@c-api.service[112223]: DEBUG cinder.api.extensions [-] Ext name: Consistencygroups {{(pid=112223) _check_extension /opt/stack/cinder/cinder/api/extensions.py:179}}
Jul 18 15:05:37.322464 dv-neutron-850147-2-hyperv devstack@c-api.service[112223]: DEBUG cinder.api.extensions [-] Ext alias: consistencygroups {{(pid=112223) _check_extension /opt/stack/cinder/cinder/api/extensions.py:180}}
Jul 18 15:05:37.322703 dv-neutron-850147-2-hyperv devstack@c-api.service[112223]: DEBUG cinder.api.extensions [-] Ext description: consistency groups support. {{(pid=112223) _check_extension /opt/stack/cinder/cinder/api/extensions.py:181}}
Jul 18 15:05:37.322936 dv-neutron-850147-2-hyperv devstack@c-api.service[112223]: DEBUG cinder.api.extensions [-] Ext updated: 2014-08-18T00:00:00+00:00 {{(pid=112223) _check_extension /opt/stack/cinder/cinder/api/extensions.py:183}}
Jul 18 15:05:37.323168 dv-neutron-850147-2-hyperv devstack@c-api.service[112223]: DEBUG cinder.api.extensions [-] Loaded extension: consistencygroups {{(pid=112223) register /opt/stack/cinder/cinder/api/extensions.py:140}}
Jul 18 15:05:37.323414 dv-neutron-850147-2-hyperv devstack@c-api.service[112223]: DEBUG cinder.api.extensions [-] Loading extension cinder.api.contrib.volume_host_attribute.Volume_host_attribute {{(pid=112223) load_extension /opt/stack/cinder/cinder/api/extensions.py:199}}
Jul 18 15:05:37.323657 dv-neutron-850147-2-hyperv devstack@c-api.service[112223]: DEBUG cinder.api.extensions [-] Calling extension factory cinder.api.contrib.volume_host_attribute.Volume_host_attribute {{(pid=112223) load_extension /opt/stack/cinder/cinder/api/extensions.py:205}}
Jul 18 15:05:37.323891 dv-neutron-850147-2-hyperv devstack@c-api.service[112223]: DEBUG cinder.api.extensions [-] Ext name: VolumeHostAttribute {{(pid=112223) _check_extension /opt/stack/cinder/cinder/api/extensions.py:179}}
Jul 18 15:05:37.324121 dv-neutron-850147-2-hyperv devstack@c-api.service[112223]: DEBUG cinder.api.extensions [-] Ext alias: os-vol-host-attr {{(pid=112223) _check_extension /opt/stack/cinder/cinder/api/extensions.py:180}}
Jul 18 15:05:37.324454 dv-neutron-850147-2-hyperv devstack@c-api.service[112223]: DEBUG cinder.api.extensions [-] Ext description: Expose host as an attribute of a volume. {{(pid=112223) _check_extension /opt/stack/cinder/cinder/api/extensions.py:181}}
Jul 18 15:05:37.324558 dv-neutron-850147-2-hyperv devstack@c-api.service[112223]: DEBUG cinder.api.extensions [-] Ext updated: 2011-11-03T00:00:00+00:00 {{(pid=112223) _check_extension /opt/stack/cinder/cinder/api/extensions.py:183}}
Jul 18 15:05:37.324800 dv-neutron-850147-2-hyperv devstack@c-api.service[112223]: DEBUG cinder.api.extensions [-] Loaded extension: os-vol-host-attr {{(pid=112223) register /opt/stack/cinder/cinder/api/extensions.py:140}}
Jul 18 15:05:37.325044 dv-neutron-850147-2-hyperv devstack@c-api.service[112223]: DEBUG cinder.api.extensions [-] Loading extension cinder.api.contrib.scheduler_stats.Scheduler_stats {{(pid=112223) load_extension /opt/stack/cinder/cinder/api/extensions.py:199}}
Jul 18 15:05:37.325293 dv-neutron-850147-2-hyperv devstack@c-api.service[112223]: DEBUG cinder.api.extensions [-] Calling extension factory cinder.api.contrib.scheduler_stats.Scheduler_stats {{(pid=112223) load_extension /opt/stack/cinder/cinder/api/extensions.py:205}}
Jul 18 15:05:37.325534 dv-neutron-850147-2-hyperv devstack@c-api.service[112223]: DEBUG cinder.api.extensions [-] Ext name: Scheduler_stats {{(pid=112223) _check_extension /opt/stack/cinder/cinder/api/extensions.py:179}}
Jul 18 15:05:37.325717 dv-neutron-850147-2-hyperv devstack@c-api.service[112223]: DEBUG cinder.api.extensions [-] Ext alias: scheduler-stats {{(pid=112223) _check_extension /opt/stack/cinder/cinder/api/extensions.py:180}}
Jul 18 15:05:37.325991 dv-neutron-850147-2-hyperv devstack@c-api.service[112223]: DEBUG cinder.api.extensions [-] Ext description: Scheduler stats support. {{(pid=112223) _check_extension /opt/stack/cinder/cinder/api/extensions.py:181}}
Jul 18 15:05:37.326240 dv-neutron-850147-2-hyperv devstack@c-api.service[112223]: DEBUG cinder.api.extensions [-] Ext updated: 2014-09-07T00:00:00+00:00 {{(pid=112223) _check_extension /opt/stack/cinder/cinder/api/extensions.py:183}}
Jul 18 15:05:37.326472 dv-neutron-850147-2-hyperv devstack@c-api.service[112223]: DEBUG cinder.api.extensions [-] Loaded extension: scheduler-stats {{(pid=112223) register /opt/stack/cinder/cinder/api/extensions.py:140}}
Jul 18 15:05:37.367430 dv-neutron-850147-2-hyperv devstack@c-api.service[112222]: INFO dbcounter [None req-08884061-dce7-42ef-898b-ecb2ea53b7f6 None None] Registered counter for database cinder
Jul 18 15:05:37.387566 dv-neutron-850147-2-hyperv devstack@c-api.service[112223]: INFO dbcounter [None req-4c49aaa2-c7fd-4935-8e77-c7c721870bdb None None] Registered counter for database cinder
Jul 18 15:05:37.392612 dv-neutron-850147-2-hyperv devstack@c-api.service[112222]: DEBUG oslo_db.sqlalchemy.engines [None req-08884061-dce7-42ef-898b-ecb2ea53b7f6 None None] MySQL server mode set to STRICT_TRANS_TABLES,STRICT_ALL_TABLES,NO_ZERO_IN_DATE,NO_ZERO_DATE,ERROR_FOR_DIVISION_BY_ZERO,TRADITIONAL,NO_ENGINE_SUBSTITUTION {{(pid=112222) _check_effective_sql_mode /usr/local/lib/python3.8/dist-packages/oslo_db/sqlalchemy/engines.py:314}}
Jul 18 15:05:37.403396 dv-neutron-850147-2-hyperv devstack@c-api.service[112222]: DEBUG dbcounter [-] [112222] Writer thread running {{(pid=112222) stat_writer /usr/local/lib/python3.8/dist-packages/dbcounter.py:99}}
Jul 18 15:05:37.408428 dv-neutron-850147-2-hyperv devstack@c-api.service[112223]: DEBUG oslo_db.sqlalchemy.engines [None req-4c49aaa2-c7fd-4935-8e77-c7c721870bdb None None] MySQL server mode set to STRICT_TRANS_TABLES,STRICT_ALL_TABLES,NO_ZERO_IN_DATE,NO_ZERO_DATE,ERROR_FOR_DIVISION_BY_ZERO,TRADITIONAL,NO_ENGINE_SUBSTITUTION {{(pid=112223) _check_effective_sql_mode /usr/local/lib/python3.8/dist-packages/oslo_db/sqlalchemy/engines.py:314}}
Jul 18 15:05:37.415177 dv-neutron-850147-2-hyperv devstack@c-api.service[112223]: DEBUG dbcounter [-] [112223] Writer thread running {{(pid=112223) stat_writer /usr/local/lib/python3.8/dist-packages/dbcounter.py:99}}
Jul 18 15:05:37.637067 dv-neutron-850147-2-hyperv devstack@c-api.service[112222]: INFO cinder.rpc [None req-08884061-dce7-42ef-898b-ecb2ea53b7f6 None None] Automatically selected cinder-scheduler objects version 1.39 as minimum service version.
Jul 18 15:05:37.641877 dv-neutron-850147-2-hyperv devstack@c-api.service[112222]: INFO cinder.rpc [None req-08884061-dce7-42ef-898b-ecb2ea53b7f6 None None] Automatically selected cinder-scheduler RPC version 3.12 as minimum service version.
Jul 18 15:05:37.645031 dv-neutron-850147-2-hyperv devstack@c-api.service[112223]: INFO cinder.rpc [None req-4c49aaa2-c7fd-4935-8e77-c7c721870bdb None None] Automatically selected cinder-scheduler objects version 1.39 as minimum service version.
Jul 18 15:05:37.646554 dv-neutron-850147-2-hyperv devstack@c-api.service[112222]: INFO cinder.rpc [None req-08884061-dce7-42ef-898b-ecb2ea53b7f6 None None] Automatically selected cinder-volume objects version 1.39 as minimum service version.
Jul 18 15:05:37.650298 dv-neutron-850147-2-hyperv devstack@c-api.service[112223]: INFO cinder.rpc [None req-4c49aaa2-c7fd-4935-8e77-c7c721870bdb None None] Automatically selected cinder-scheduler RPC version 3.12 as minimum service version.
Jul 18 15:05:37.651850 dv-neutron-850147-2-hyperv devstack@c-api.service[112222]: INFO cinder.rpc [None req-08884061-dce7-42ef-898b-ecb2ea53b7f6 None None] Automatically selected cinder-volume RPC version 3.18 as minimum service version.
Jul 18 15:05:37.652691 dv-neutron-850147-2-hyperv devstack@c-api.service[112222]: WARNING stevedore.named [None req-08884061-dce7-42ef-898b-ecb2ea53b7f6 None None] Could not load cinder.keymgr.conf_key_mgr.ConfKeyManager
Jul 18 15:05:37.653125 dv-neutron-850147-2-hyperv devstack@c-api.service[112222]: WARNING castellan.key_manager [None req-08884061-dce7-42ef-898b-ecb2ea53b7f6 None None] Deprecation Warning : cinder.keymgr.conf_key_mgr.ConfKeyManager is not a stevedore based driver, trying to load it as a class: stevedore.exception.NoMatches: No 'castellan.drivers' driver found, looking for 'cinder.keymgr.conf_key_mgr.ConfKeyManager'
Jul 18 15:05:37.654665 dv-neutron-850147-2-hyperv devstack@c-api.service[112223]: INFO cinder.rpc [None req-4c49aaa2-c7fd-4935-8e77-c7c721870bdb None None] Automatically selected cinder-volume objects version 1.39 as minimum service version.
Jul 18 15:05:37.658715 dv-neutron-850147-2-hyperv devstack@c-api.service[112223]: INFO cinder.rpc [None req-4c49aaa2-c7fd-4935-8e77-c7c721870bdb None None] Automatically selected cinder-volume RPC version 3.18 as minimum service version.
Jul 18 15:05:37.659540 dv-neutron-850147-2-hyperv devstack@c-api.service[112223]: WARNING stevedore.named [None req-4c49aaa2-c7fd-4935-8e77-c7c721870bdb None None] Could not load cinder.keymgr.conf_key_mgr.ConfKeyManager
Jul 18 15:05:37.659943 dv-neutron-850147-2-hyperv devstack@c-api.service[112223]: WARNING castellan.key_manager [None req-4c49aaa2-c7fd-4935-8e77-c7c721870bdb None None] Deprecation Warning : cinder.keymgr.conf_key_mgr.ConfKeyManager is not a stevedore based driver, trying to load it as a class: stevedore.exception.NoMatches: No 'castellan.drivers' driver found, looking for 'cinder.keymgr.conf_key_mgr.ConfKeyManager'
Jul 18 15:05:37.673661 dv-neutron-850147-2-hyperv devstack@c-api.service[112222]: WARNING cinder.keymgr.conf_key_mgr [None req-08884061-dce7-42ef-898b-ecb2ea53b7f6 None None] This key manager is insecure and is not recommended for production deployments: stevedore.exception.NoMatches: No 'castellan.drivers' driver found, looking for 'cinder.keymgr.conf_key_mgr.ConfKeyManager'
Jul 18 15:05:37.678179 dv-neutron-850147-2-hyperv devstack@c-api.service[112223]: WARNING cinder.keymgr.conf_key_mgr [None req-4c49aaa2-c7fd-4935-8e77-c7c721870bdb None None] This key manager is insecure and is not recommended for production deployments: stevedore.exception.NoMatches: No 'castellan.drivers' driver found, looking for 'cinder.keymgr.conf_key_mgr.ConfKeyManager'
Jul 18 15:05:37.681157 dv-neutron-850147-2-hyperv devstack@c-api.service[112222]: DEBUG oslo_db.sqlalchemy.engines [None req-08884061-dce7-42ef-898b-ecb2ea53b7f6 None None] MySQL server mode set to STRICT_TRANS_TABLES,STRICT_ALL_TABLES,NO_ZERO_IN_DATE,NO_ZERO_DATE,ERROR_FOR_DIVISION_BY_ZERO,TRADITIONAL,NO_ENGINE_SUBSTITUTION {{(pid=112222) _check_effective_sql_mode /usr/local/lib/python3.8/dist-packages/oslo_db/sqlalchemy/engines.py:314}}
Jul 18 15:05:37.685549 dv-neutron-850147-2-hyperv devstack@c-api.service[112223]: DEBUG oslo_db.sqlalchemy.engines [None req-4c49aaa2-c7fd-4935-8e77-c7c721870bdb None None] MySQL server mode set to STRICT_TRANS_TABLES,STRICT_ALL_TABLES,NO_ZERO_IN_DATE,NO_ZERO_DATE,ERROR_FOR_DIVISION_BY_ZERO,TRADITIONAL,NO_ENGINE_SUBSTITUTION {{(pid=112223) _check_effective_sql_mode /usr/local/lib/python3.8/dist-packages/oslo_db/sqlalchemy/engines.py:314}}
Jul 18 15:05:37.689121 dv-neutron-850147-2-hyperv devstack@c-api.service[112222]: INFO cinder.rpc [None req-08884061-dce7-42ef-898b-ecb2ea53b7f6 None None] Automatically selected cinder-backup objects version 1.39 as minimum service version.
Jul 18 15:05:37.690369 dv-neutron-850147-2-hyperv devstack@c-api.service[112223]: INFO cinder.rpc [None req-4c49aaa2-c7fd-4935-8e77-c7c721870bdb None None] Automatically selected cinder-backup objects version 1.39 as minimum service version.
Jul 18 15:05:37.694446 dv-neutron-850147-2-hyperv devstack@c-api.service[112222]: INFO cinder.rpc [None req-08884061-dce7-42ef-898b-ecb2ea53b7f6 None None] Automatically selected cinder-backup RPC version 2.3 as minimum service version.
Jul 18 15:05:37.695678 dv-neutron-850147-2-hyperv devstack@c-api.service[112222]: WARNING stevedore.named [None req-08884061-dce7-42ef-898b-ecb2ea53b7f6 None None] Could not load cinder.keymgr.conf_key_mgr.ConfKeyManager
Jul 18 15:05:37.696048 dv-neutron-850147-2-hyperv devstack@c-api.service[112222]: WARNING castellan.key_manager [None req-08884061-dce7-42ef-898b-ecb2ea53b7f6 None None] Deprecation Warning : cinder.keymgr.conf_key_mgr.ConfKeyManager is not a stevedore based driver, trying to load it as a class: stevedore.exception.NoMatches: No 'castellan.drivers' driver found, looking for 'cinder.keymgr.conf_key_mgr.ConfKeyManager'
Jul 18 15:05:37.696396 dv-neutron-850147-2-hyperv devstack@c-api.service[112223]: INFO cinder.rpc [None req-4c49aaa2-c7fd-4935-8e77-c7c721870bdb None None] Automatically selected cinder-backup RPC version 2.3 as minimum service version.
Jul 18 15:05:37.697901 dv-neutron-850147-2-hyperv devstack@c-api.service[112223]: WARNING stevedore.named [None req-4c49aaa2-c7fd-4935-8e77-c7c721870bdb None None] Could not load cinder.keymgr.conf_key_mgr.ConfKeyManager
Jul 18 15:05:37.697901 dv-neutron-850147-2-hyperv devstack@c-api.service[112223]: WARNING castellan.key_manager [None req-4c49aaa2-c7fd-4935-8e77-c7c721870bdb None None] Deprecation Warning : cinder.keymgr.conf_key_mgr.ConfKeyManager is not a stevedore based driver, trying to load it as a class: stevedore.exception.NoMatches: No 'castellan.drivers' driver found, looking for 'cinder.keymgr.conf_key_mgr.ConfKeyManager'
Jul 18 15:05:37.699374 dv-neutron-850147-2-hyperv devstack@c-api.service[112222]: WARNING stevedore.named [None req-08884061-dce7-42ef-898b-ecb2ea53b7f6 None None] Could not load cinder.keymgr.conf_key_mgr.ConfKeyManager
Jul 18 15:05:37.699748 dv-neutron-850147-2-hyperv devstack@c-api.service[112222]: WARNING castellan.key_manager [None req-08884061-dce7-42ef-898b-ecb2ea53b7f6 None None] Deprecation Warning : cinder.keymgr.conf_key_mgr.ConfKeyManager is not a stevedore based driver, trying to load it as a class: stevedore.exception.NoMatches: No 'castellan.drivers' driver found, looking for 'cinder.keymgr.conf_key_mgr.ConfKeyManager'
Jul 18 15:05:37.700001 dv-neutron-850147-2-hyperv devstack@c-api.service[112223]: WARNING stevedore.named [None req-4c49aaa2-c7fd-4935-8e77-c7c721870bdb None None] Could not load cinder.keymgr.conf_key_mgr.ConfKeyManager
Jul 18 15:05:37.700356 dv-neutron-850147-2-hyperv devstack@c-api.service[112223]: WARNING castellan.key_manager [None req-4c49aaa2-c7fd-4935-8e77-c7c721870bdb None None] Deprecation Warning : cinder.keymgr.conf_key_mgr.ConfKeyManager is not a stevedore based driver, trying to load it as a class: stevedore.exception.NoMatches: No 'castellan.drivers' driver found, looking for 'cinder.keymgr.conf_key_mgr.ConfKeyManager'
Jul 18 15:05:37.701375 dv-neutron-850147-2-hyperv devstack@c-api.service[112222]: WARNING stevedore.named [None req-08884061-dce7-42ef-898b-ecb2ea53b7f6 None None] Could not load cinder.keymgr.conf_key_mgr.ConfKeyManager
Jul 18 15:05:37.701941 dv-neutron-850147-2-hyperv devstack@c-api.service[112223]: WARNING stevedore.named [None req-4c49aaa2-c7fd-4935-8e77-c7c721870bdb None None] Could not load cinder.keymgr.conf_key_mgr.ConfKeyManager
Jul 18 15:05:37.702317 dv-neutron-850147-2-hyperv devstack@c-api.service[112223]: WARNING castellan.key_manager [None req-4c49aaa2-c7fd-4935-8e77-c7c721870bdb None None] Deprecation Warning : cinder.keymgr.conf_key_mgr.ConfKeyManager is not a stevedore based driver, trying to load it as a class: stevedore.exception.NoMatches: No 'castellan.drivers' driver found, looking for 'cinder.keymgr.conf_key_mgr.ConfKeyManager'
Jul 18 15:05:37.706463 dv-neutron-850147-2-hyperv devstack@c-api.service[112222]: WARNING castellan.key_manager [None req-08884061-dce7-42ef-898b-ecb2ea53b7f6 None None] Deprecation Warning : cinder.keymgr.conf_key_mgr.ConfKeyManager is not a stevedore based driver, trying to load it as a class: stevedore.exception.NoMatches: No 'castellan.drivers' driver found, looking for 'cinder.keymgr.conf_key_mgr.ConfKeyManager'
Jul 18 15:05:37.730542 dv-neutron-850147-2-hyperv devstack@c-api.service[112223]: WARNING stevedore.named [None req-4c49aaa2-c7fd-4935-8e77-c7c721870bdb None None] Could not load cinder.keymgr.conf_key_mgr.ConfKeyManager
Jul 18 15:05:37.731080 dv-neutron-850147-2-hyperv devstack@c-api.service[112223]: WARNING castellan.key_manager [None req-4c49aaa2-c7fd-4935-8e77-c7c721870bdb None None] Deprecation Warning : cinder.keymgr.conf_key_mgr.ConfKeyManager is not a stevedore based driver, trying to load it as a class: stevedore.exception.NoMatches: No 'castellan.drivers' driver found, looking for 'cinder.keymgr.conf_key_mgr.ConfKeyManager'
Jul 18 15:05:37.732082 dv-neutron-850147-2-hyperv devstack@c-api.service[112222]: WARNING stevedore.named [None req-08884061-dce7-42ef-898b-ecb2ea53b7f6 None None] Could not load cinder.keymgr.conf_key_mgr.ConfKeyManager
Jul 18 15:05:37.732082 dv-neutron-850147-2-hyperv devstack@c-api.service[112222]: WARNING castellan.key_manager [None req-08884061-dce7-42ef-898b-ecb2ea53b7f6 None None] Deprecation Warning : cinder.keymgr.conf_key_mgr.ConfKeyManager is not a stevedore based driver, trying to load it as a class: stevedore.exception.NoMatches: No 'castellan.drivers' driver found, looking for 'cinder.keymgr.conf_key_mgr.ConfKeyManager'
Jul 18 15:05:37.737033 dv-neutron-850147-2-hyperv devstack@c-api.service[112223]: WARNING stevedore.named [None req-4c49aaa2-c7fd-4935-8e77-c7c721870bdb None None] Could not load cinder.keymgr.conf_key_mgr.ConfKeyManager
Jul 18 15:05:37.737395 dv-neutron-850147-2-hyperv devstack@c-api.service[112223]: WARNING castellan.key_manager [None req-4c49aaa2-c7fd-4935-8e77-c7c721870bdb None None] Deprecation Warning : cinder.keymgr.conf_key_mgr.ConfKeyManager is not a stevedore based driver, trying to load it as a class: stevedore.exception.NoMatches: No 'castellan.drivers' driver found, looking for 'cinder.keymgr.conf_key_mgr.ConfKeyManager'
Jul 18 15:05:37.738024 dv-neutron-850147-2-hyperv devstack@c-api.service[112222]: WARNING stevedore.named [None req-08884061-dce7-42ef-898b-ecb2ea53b7f6 None None] Could not load cinder.keymgr.conf_key_mgr.ConfKeyManager
Jul 18 15:05:37.738456 dv-neutron-850147-2-hyperv devstack@c-api.service[112222]: WARNING castellan.key_manager [None req-08884061-dce7-42ef-898b-ecb2ea53b7f6 None None] Deprecation Warning : cinder.keymgr.conf_key_mgr.ConfKeyManager is not a stevedore based driver, trying to load it as a class: stevedore.exception.NoMatches: No 'castellan.drivers' driver found, looking for 'cinder.keymgr.conf_key_mgr.ConfKeyManager'
Jul 18 15:05:37.745066 dv-neutron-850147-2-hyperv devstack@c-api.service[112223]: WARNING stevedore.named [None req-4c49aaa2-c7fd-4935-8e77-c7c721870bdb None None] Could not load cinder.keymgr.conf_key_mgr.ConfKeyManager
Jul 18 15:05:37.745441 dv-neutron-850147-2-hyperv devstack@c-api.service[112223]: WARNING castellan.key_manager [None req-4c49aaa2-c7fd-4935-8e77-c7c721870bdb None None] Deprecation Warning : cinder.keymgr.conf_key_mgr.ConfKeyManager is not a stevedore based driver, trying to load it as a class: stevedore.exception.NoMatches: No 'castellan.drivers' driver found, looking for 'cinder.keymgr.conf_key_mgr.ConfKeyManager'
Jul 18 15:05:37.746695 dv-neutron-850147-2-hyperv devstack@c-api.service[112222]: WARNING stevedore.named [None req-08884061-dce7-42ef-898b-ecb2ea53b7f6 None None] Could not load cinder.keymgr.conf_key_mgr.ConfKeyManager
Jul 18 15:05:37.746915 dv-neutron-850147-2-hyperv devstack@c-api.service[112222]: WARNING castellan.key_manager [None req-08884061-dce7-42ef-898b-ecb2ea53b7f6 None None] Deprecation Warning : cinder.keymgr.conf_key_mgr.ConfKeyManager is not a stevedore based driver, trying to load it as a class: stevedore.exception.NoMatches: No 'castellan.drivers' driver found, looking for 'cinder.keymgr.conf_key_mgr.ConfKeyManager'
Jul 18 15:05:37.753686 dv-neutron-850147-2-hyperv devstack@c-api.service[112223]: WARNING stevedore.named [None req-4c49aaa2-c7fd-4935-8e77-c7c721870bdb None None] Could not load cinder.keymgr.conf_key_mgr.ConfKeyManager
Jul 18 15:05:37.754040 dv-neutron-850147-2-hyperv devstack@c-api.service[112223]: WARNING castellan.key_manager [None req-4c49aaa2-c7fd-4935-8e77-c7c721870bdb None None] Deprecation Warning : cinder.keymgr.conf_key_mgr.ConfKeyManager is not a stevedore based driver, trying to load it as a class: stevedore.exception.NoMatches: No 'castellan.drivers' driver found, looking for 'cinder.keymgr.conf_key_mgr.ConfKeyManager'
Jul 18 15:05:37.755256 dv-neutron-850147-2-hyperv devstack@c-api.service[112222]: WARNING stevedore.named [None req-08884061-dce7-42ef-898b-ecb2ea53b7f6 None None] Could not load cinder.keymgr.conf_key_mgr.ConfKeyManager
Jul 18 15:05:37.755641 dv-neutron-850147-2-hyperv devstack@c-api.service[112222]: WARNING castellan.key_manager [None req-08884061-dce7-42ef-898b-ecb2ea53b7f6 None None] Deprecation Warning : cinder.keymgr.conf_key_mgr.ConfKeyManager is not a stevedore based driver, trying to load it as a class: stevedore.exception.NoMatches: No 'castellan.drivers' driver found, looking for 'cinder.keymgr.conf_key_mgr.ConfKeyManager'
Jul 18 15:05:37.759805 dv-neutron-850147-2-hyperv devstack@c-api.service[112223]: WARNING stevedore.named [None req-4c49aaa2-c7fd-4935-8e77-c7c721870bdb None None] Could not load cinder.keymgr.conf_key_mgr.ConfKeyManager
Jul 18 15:05:37.760173 dv-neutron-850147-2-hyperv devstack@c-api.service[112223]: WARNING castellan.key_manager [None req-4c49aaa2-c7fd-4935-8e77-c7c721870bdb None None] Deprecation Warning : cinder.keymgr.conf_key_mgr.ConfKeyManager is not a stevedore based driver, trying to load it as a class: stevedore.exception.NoMatches: No 'castellan.drivers' driver found, looking for 'cinder.keymgr.conf_key_mgr.ConfKeyManager'
Jul 18 15:05:37.761398 dv-neutron-850147-2-hyperv devstack@c-api.service[112222]: WARNING stevedore.named [None req-08884061-dce7-42ef-898b-ecb2ea53b7f6 None None] Could not load cinder.keymgr.conf_key_mgr.ConfKeyManager
Jul 18 15:05:37.761770 dv-neutron-850147-2-hyperv devstack@c-api.service[112222]: WARNING castellan.key_manager [None req-08884061-dce7-42ef-898b-ecb2ea53b7f6 None None] Deprecation Warning : cinder.keymgr.conf_key_mgr.ConfKeyManager is not a stevedore based driver, trying to load it as a class: stevedore.exception.NoMatches: No 'castellan.drivers' driver found, looking for 'cinder.keymgr.conf_key_mgr.ConfKeyManager'
Jul 18 15:05:37.765369 dv-neutron-850147-2-hyperv devstack@c-api.service[112223]: WARNING stevedore.named [None req-4c49aaa2-c7fd-4935-8e77-c7c721870bdb None None] Could not load cinder.keymgr.conf_key_mgr.ConfKeyManager
Jul 18 15:05:37.765734 dv-neutron-850147-2-hyperv devstack@c-api.service[112223]: WARNING castellan.key_manager [None req-4c49aaa2-c7fd-4935-8e77-c7c721870bdb None None] Deprecation Warning : cinder.keymgr.conf_key_mgr.ConfKeyManager is not a stevedore based driver, trying to load it as a class: stevedore.exception.NoMatches: No 'castellan.drivers' driver found, looking for 'cinder.keymgr.conf_key_mgr.ConfKeyManager'
Jul 18 15:05:37.767069 dv-neutron-850147-2-hyperv devstack@c-api.service[112222]: WARNING stevedore.named [None req-08884061-dce7-42ef-898b-ecb2ea53b7f6 None None] Could not load cinder.keymgr.conf_key_mgr.ConfKeyManager
Jul 18 15:05:37.767440 dv-neutron-850147-2-hyperv devstack@c-api.service[112222]: WARNING castellan.key_manager [None req-08884061-dce7-42ef-898b-ecb2ea53b7f6 None None] Deprecation Warning : cinder.keymgr.conf_key_mgr.ConfKeyManager is not a stevedore based driver, trying to load it as a class: stevedore.exception.NoMatches: No 'castellan.drivers' driver found, looking for 'cinder.keymgr.conf_key_mgr.ConfKeyManager'
Jul 18 15:05:37.772545 dv-neutron-850147-2-hyperv devstack@c-api.service[112223]: WARNING stevedore.named [None req-4c49aaa2-c7fd-4935-8e77-c7c721870bdb None None] Could not load cinder.keymgr.conf_key_mgr.ConfKeyManager
Jul 18 15:05:37.773186 dv-neutron-850147-2-hyperv devstack@c-api.service[112223]: WARNING castellan.key_manager [None req-4c49aaa2-c7fd-4935-8e77-c7c721870bdb None None] Deprecation Warning : cinder.keymgr.conf_key_mgr.ConfKeyManager is not a stevedore based driver, trying to load it as a class: stevedore.exception.NoMatches: No 'castellan.drivers' driver found, looking for 'cinder.keymgr.conf_key_mgr.ConfKeyManager'
Jul 18 15:05:37.774263 dv-neutron-850147-2-hyperv devstack@c-api.service[112222]: WARNING stevedore.named [None req-08884061-dce7-42ef-898b-ecb2ea53b7f6 None None] Could not load cinder.keymgr.conf_key_mgr.ConfKeyManager
Jul 18 15:05:37.774816 dv-neutron-850147-2-hyperv devstack@c-api.service[112222]: WARNING castellan.key_manager [None req-08884061-dce7-42ef-898b-ecb2ea53b7f6 None None] Deprecation Warning : cinder.keymgr.conf_key_mgr.ConfKeyManager is not a stevedore based driver, trying to load it as a class: stevedore.exception.NoMatches: No 'castellan.drivers' driver found, looking for 'cinder.keymgr.conf_key_mgr.ConfKeyManager'
Jul 18 15:05:37.778361 dv-neutron-850147-2-hyperv devstack@c-api.service[112223]: WARNING stevedore.named [None req-4c49aaa2-c7fd-4935-8e77-c7c721870bdb None None] Could not load cinder.keymgr.conf_key_mgr.ConfKeyManager
Jul 18 15:05:37.778730 dv-neutron-850147-2-hyperv devstack@c-api.service[112223]: WARNING castellan.key_manager [None req-4c49aaa2-c7fd-4935-8e77-c7c721870bdb None None] Deprecation Warning : cinder.keymgr.conf_key_mgr.ConfKeyManager is not a stevedore based driver, trying to load it as a class: stevedore.exception.NoMatches: No 'castellan.drivers' driver found, looking for 'cinder.keymgr.conf_key_mgr.ConfKeyManager'
Jul 18 15:05:37.780037 dv-neutron-850147-2-hyperv devstack@c-api.service[112222]: WARNING stevedore.named [None req-08884061-dce7-42ef-898b-ecb2ea53b7f6 None None] Could not load cinder.keymgr.conf_key_mgr.ConfKeyManager
Jul 18 15:05:37.780425 dv-neutron-850147-2-hyperv devstack@c-api.service[112222]: WARNING castellan.key_manager [None req-08884061-dce7-42ef-898b-ecb2ea53b7f6 None None] Deprecation Warning : cinder.keymgr.conf_key_mgr.ConfKeyManager is not a stevedore based driver, trying to load it as a class: stevedore.exception.NoMatches: No 'castellan.drivers' driver found, looking for 'cinder.keymgr.conf_key_mgr.ConfKeyManager'
Jul 18 15:05:37.784132 dv-neutron-850147-2-hyperv devstack@c-api.service[112223]: WARNING stevedore.named [None req-4c49aaa2-c7fd-4935-8e77-c7c721870bdb None None] Could not load cinder.keymgr.conf_key_mgr.ConfKeyManager
Jul 18 15:05:37.784519 dv-neutron-850147-2-hyperv devstack@c-api.service[112223]: WARNING castellan.key_manager [None req-4c49aaa2-c7fd-4935-8e77-c7c721870bdb None None] Deprecation Warning : cinder.keymgr.conf_key_mgr.ConfKeyManager is not a stevedore based driver, trying to load it as a class: stevedore.exception.NoMatches: No 'castellan.drivers' driver found, looking for 'cinder.keymgr.conf_key_mgr.ConfKeyManager'
Jul 18 15:05:37.785987 dv-neutron-850147-2-hyperv devstack@c-api.service[112222]: WARNING stevedore.named [None req-08884061-dce7-42ef-898b-ecb2ea53b7f6 None None] Could not load cinder.keymgr.conf_key_mgr.ConfKeyManager
Jul 18 15:05:37.786396 dv-neutron-850147-2-hyperv devstack@c-api.service[112222]: WARNING castellan.key_manager [None req-08884061-dce7-42ef-898b-ecb2ea53b7f6 None None] Deprecation Warning : cinder.keymgr.conf_key_mgr.ConfKeyManager is not a stevedore based driver, trying to load it as a class: stevedore.exception.NoMatches: No 'castellan.drivers' driver found, looking for 'cinder.keymgr.conf_key_mgr.ConfKeyManager'
Jul 18 15:05:37.786502 dv-neutron-850147-2-hyperv devstack@c-api.service[112223]: WARNING stevedore.named [None req-4c49aaa2-c7fd-4935-8e77-c7c721870bdb None None] Could not load cinder.keymgr.conf_key_mgr.ConfKeyManager
Jul 18 15:05:37.786818 dv-neutron-850147-2-hyperv devstack@c-api.service[112223]: WARNING castellan.key_manager [None req-4c49aaa2-c7fd-4935-8e77-c7c721870bdb None None] Deprecation Warning : cinder.keymgr.conf_key_mgr.ConfKeyManager is not a stevedore based driver, trying to load it as a class: stevedore.exception.NoMatches: No 'castellan.drivers' driver found, looking for 'cinder.keymgr.conf_key_mgr.ConfKeyManager'
Jul 18 15:05:37.789334 dv-neutron-850147-2-hyperv devstack@c-api.service[112222]: WARNING stevedore.named [None req-08884061-dce7-42ef-898b-ecb2ea53b7f6 None None] Could not load cinder.keymgr.conf_key_mgr.ConfKeyManager
Jul 18 15:05:37.789706 dv-neutron-850147-2-hyperv devstack@c-api.service[112222]: WARNING castellan.key_manager [None req-08884061-dce7-42ef-898b-ecb2ea53b7f6 None None] Deprecation Warning : cinder.keymgr.conf_key_mgr.ConfKeyManager is not a stevedore based driver, trying to load it as a class: stevedore.exception.NoMatches: No 'castellan.drivers' driver found, looking for 'cinder.keymgr.conf_key_mgr.ConfKeyManager'
Jul 18 15:05:37.792317 dv-neutron-850147-2-hyperv devstack@c-api.service[112223]: WARNING stevedore.named [None req-4c49aaa2-c7fd-4935-8e77-c7c721870bdb None None] Could not load cinder.keymgr.conf_key_mgr.ConfKeyManager
