Jul 22 17:27:05.296779 dv-neutron-850039-2-hyperv neutron-server[89579]: DEBUG neutron_lib.callbacks.manager [None req-a9d458ce-e47e-46a0-832c-4992daf3d253 admin admin] Notify callbacks ['neutron.plugins.ml2.ovo_rpc._ObjectChangeHandler.handle_event-572067'] for security_group, after_create {{(pid=89579) _notify_loop /usr/local/lib/python3.8/dist-packages/neutron_lib/callbacks/manager.py:192}}
Jul 22 17:27:05.330385 dv-neutron-850039-2-hyperv neutron-server[89579]: DEBUG neutron_lib.callbacks.manager [None req-0d84f49a-4ba6-44dd-b2e6-de0c8e52a9ab tempest-BulkNetworkOpsIpV6Test-1638633513 tempest-BulkNetworkOpsIpV6Test-1638633513-project] Notify callbacks ['neutron.plugins.ml2.plugin.SecurityGroupDbMixin._ensure_default_security_group_handler-1460363'] for port, before_create {{(pid=89579) _notify_loop /usr/local/lib/python3.8/dist-packages/neutron_lib/callbacks/manager.py:192}}
Jul 22 17:27:05.351146 dv-neutron-850039-2-hyperv neutron-server[89582]: DEBUG neutron_lib.callbacks.manager [None req-ff7d36f5-28a3-4235-9e45-f3c58a7a7f11 None None] Notify callbacks ['neutron.plugins.ml2.plugin.SecurityGroupDbMixin._ensure_default_security_group_handler-1460363'] for port, before_update {{(pid=89582) _notify_loop /usr/local/lib/python3.8/dist-packages/neutron_lib/callbacks/manager.py:192}}
Jul 22 17:27:05.363363 dv-neutron-850039-2-hyperv neutron-server[89581]: DEBUG neutron.api.rpc.handlers.resources_rpc [None req-8dd41c5b-aa02-46f8-ae89-73c4ab06c99b None None] Pushing event updated for resources: {'Port': ['ID=43dd0d8e-8bba-49c1-9755-442c2cff54b3,revision_number=4']} {{(pid=89581) push /opt/stack/neutron/neutron/api/rpc/handlers/resources_rpc.py:237}}
Jul 22 17:27:05.419777 dv-neutron-850039-2-hyperv neutron-server[89580]: DEBUG neutron_lib.callbacks.manager [None req-e370adc1-9c26-4fac-a1e5-1d3582027e31 tempest-ExternalNetworksTestJSON-1352347566 tempest-ExternalNetworksTestJSON-1352347566-project-admin] Notify callbacks [] for port, precommit_update {{(pid=89580) _notify_loop /usr/local/lib/python3.8/dist-packages/neutron_lib/callbacks/manager.py:192}}
Jul 22 17:27:05.434265 dv-neutron-850039-2-hyperv neutron-server[89580]: INFO neutron.wsgi [None req-cbf11dd5-cc70-49f4-b9ad-016d831eb37b tempest-DHCPAgentSchedulersTestJSON-658425889 tempest-DHCPAgentSchedulersTestJSON-658425889-project-admin] 10.222.0.59 "DELETE /v2.0/agents/b660d97a-d804-47d1-a83c-940f1f0a311e/dhcp-networks/7e764703-e001-4fb7-a243-9c6b45af54e7 HTTP/1.1" status: 204 len: 168 time: 0.3271894
Jul 22 17:27:05.440042 dv-neutron-850039-2-hyperv neutron-server[89580]: DEBUG neutron.wsgi [-] (89580) accepted ('10.222.0.59', 43126) {{(pid=89580) server /usr/local/lib/python3.8/dist-packages/eventlet/wsgi.py:992}}
Jul 22 17:27:05.548332 dv-neutron-850039-2-hyperv neutron-server[89580]: DEBUG neutron_lib.callbacks.manager [None req-e370adc1-9c26-4fac-a1e5-1d3582027e31 tempest-ExternalNetworksTestJSON-1352347566 tempest-ExternalNetworksTestJSON-1352347566-project-admin] Notify callbacks ['neutron.plugins.ml2.plugin.SecurityGroupServerNotifierRpcMixin.notify_sg_on_port_change-1460300', 'neutron.plugins.ml2.ovo_rpc._ObjectChangeHandler.handle_event-129022', 'neutron.api.rpc.agentnotifiers.dhcp_rpc_agent_api.DhcpAgentNotifyAPI._native_event_send_dhcp_notification-732172', 'neutron.db.l3_db.L3RpcNotifierMixin._notify_gateway_port_ip_changed-8769896028025', 'neutron.db.l3_dvrscheduler_db._notify_l3_agent_port_update-8769895503297', 'neutron.db.l3_hascheduler_db._notify_l3_agent_ha_port_update-8769895503342', 'neutron.services.segments.plugin.NovaSegmentNotifier._notify_port_updated-16549795'] for port, after_update {{(pid=89580) _notify_loop /usr/local/lib/python3.8/dist-packages/neutron_lib/callbacks/manager.py:192}}
Jul 22 17:27:05.684341 dv-neutron-850039-2-hyperv neutron-server[89579]: DEBUG neutron.notifiers.nova [None req-0d84f49a-4ba6-44dd-b2e6-de0c8e52a9ab tempest-BulkNetworkOpsIpV6Test-1638633513 tempest-BulkNetworkOpsIpV6Test-1638633513-project] device_id is not set on port ffd44cd2-f1c5-4f41-b85a-f447e462c935 yet. {{(pid=89579) _can_notify /opt/stack/neutron/neutron/notifiers/nova.py:199}}
Jul 22 17:27:05.732823 dv-neutron-850039-2-hyperv neutron-server[89580]: DEBUG neutron_lib.callbacks.manager [None req-3082beaf-aca2-4169-9959-ad03a668094a tempest-BulkNetworkOpsTest-338142049 tempest-BulkNetworkOpsTest-338142049-project] Notify callbacks [] for security_group, precommit_create {{(pid=89580) _notify_loop /usr/local/lib/python3.8/dist-packages/neutron_lib/callbacks/manager.py:192}}
Jul 22 17:27:05.733776 dv-neutron-850039-2-hyperv neutron-server[89580]: DEBUG neutron.api.rpc.handlers.resources_rpc [None req-e370adc1-9c26-4fac-a1e5-1d3582027e31 tempest-ExternalNetworksTestJSON-1352347566 tempest-ExternalNetworksTestJSON-1352347566-project-admin] Pushing event updated for resources: {'Port': ['ID=84bb31ef-69a6-409c-af2f-b22827a50e56,revision_number=2']} {{(pid=89580) push /opt/stack/neutron/neutron/api/rpc/handlers/resources_rpc.py:237}}
Jul 22 17:27:05.761823 dv-neutron-850039-2-hyperv neutron-server[89580]: DEBUG neutron_lib.callbacks.manager [None req-e370adc1-9c26-4fac-a1e5-1d3582027e31 tempest-ExternalNetworksTestJSON-1352347566 tempest-ExternalNetworksTestJSON-1352347566-project-admin] Notify callbacks ['neutron.services.l3_router.l3_router_plugin.DVRResourceOperationHandler._create_dvr_floating_gw_port-575476'] for floatingip, after_update {{(pid=89580) _notify_loop /usr/local/lib/python3.8/dist-packages/neutron_lib/callbacks/manager.py:192}}
Jul 22 17:27:05.790971 dv-neutron-850039-2-hyperv neutron-server[89580]: DEBUG neutron.wsgi [-] (89580) accepted ('10.222.0.59', 43130) {{(pid=89580) server /usr/local/lib/python3.8/dist-packages/eventlet/wsgi.py:992}}
Jul 22 17:27:05.797216 dv-neutron-850039-2-hyperv neutron-server[89579]: DEBUG neutron_lib.callbacks.manager [None req-0d84f49a-4ba6-44dd-b2e6-de0c8e52a9ab tempest-BulkNetworkOpsIpV6Test-1638633513 tempest-BulkNetworkOpsIpV6Test-1638633513-project] Notify callbacks [] for port, precommit_create {{(pid=89579) _notify_loop /usr/local/lib/python3.8/dist-packages/neutron_lib/callbacks/manager.py:192}}
Jul 22 17:27:05.837596 dv-neutron-850039-2-hyperv neutron-server[89580]: DEBUG neutron_lib.callbacks.manager [None req-3082beaf-aca2-4169-9959-ad03a668094a tempest-BulkNetworkOpsTest-338142049 tempest-BulkNetworkOpsTest-338142049-project] Notify callbacks ['neutron.plugins.ml2.ovo_rpc._ObjectChangeHandler.handle_event-572067'] for security_group, after_create {{(pid=89580) _notify_loop /usr/local/lib/python3.8/dist-packages/neutron_lib/callbacks/manager.py:192}}
Jul 22 17:27:05.838035 dv-neutron-850039-2-hyperv neutron-server[89580]: DEBUG neutron_lib.callbacks.manager [None req-3082beaf-aca2-4169-9959-ad03a668094a tempest-BulkNetworkOpsTest-338142049 tempest-BulkNetworkOpsTest-338142049-project] Notify callbacks ['neutron.plugins.ml2.plugin.SecurityGroupDbMixin._ensure_default_security_group_handler-1460363'] for network, before_create {{(pid=89580) _notify_loop /usr/local/lib/python3.8/dist-packages/neutron_lib/callbacks/manager.py:192}}
Jul 22 17:27:05.852752 dv-neutron-850039-2-hyperv neutron-server[89580]: INFO neutron.wsgi [None req-bf52e0de-7328-441d-8d18-77cc4fe145ff tempest-DHCPAgentSchedulersTestJSON-658425889 tempest-DHCPAgentSchedulersTestJSON-658425889-project-admin] 10.222.0.59 "GET /v2.0/agents/b660d97a-d804-47d1-a83c-940f1f0a311e/dhcp-networks HTTP/1.1" status: 200 len: 5650 time: 0.4117451
Jul 22 17:27:05.875690 dv-neutron-850039-2-hyperv neutron-server[89580]: DEBUG neutron.wsgi [-] (89580) accepted ('10.222.0.59', 43136) {{(pid=89580) server /usr/local/lib/python3.8/dist-packages/eventlet/wsgi.py:992}}
Jul 22 17:27:05.898830 dv-neutron-850039-2-hyperv neutron-server[89579]: INFO neutron.wsgi [None req-a9d458ce-e47e-46a0-832c-4992daf3d253 admin admin] 10.222.0.59 "GET /v2.0/security-groups?tenant_id=ee6cf32cf1e4401e9bf8397e0d58f647&name=default HTTP/1.1" status: 200 len: 2979 time: 2.4484048
Jul 22 17:27:05.910888 dv-neutron-850039-2-hyperv neutron-server[89580]: DEBUG neutron.wsgi [-] (89580) accepted ('10.222.0.59', 43140) {{(pid=89580) server /usr/local/lib/python3.8/dist-packages/eventlet/wsgi.py:992}}
Jul 22 17:27:05.914549 dv-neutron-850039-2-hyperv neutron-server[89582]: DEBUG neutron_lib.callbacks.manager [None req-ff7d36f5-28a3-4235-9e45-f3c58a7a7f11 None None] Notify callbacks [] for port, precommit_update {{(pid=89582) _notify_loop /usr/local/lib/python3.8/dist-packages/neutron_lib/callbacks/manager.py:192}}
Jul 22 17:27:05.917716 dv-neutron-850039-2-hyperv neutron-server[89579]: DEBUG neutron.api.rpc.handlers.resources_rpc [None req-a9d458ce-e47e-46a0-832c-4992daf3d253 admin admin] Pushing event updated for resources: {'SecurityGroup': ['ID=179f792a-9f66-4a5a-95ad-5bb168d93da4,revision_number=1']} {{(pid=89579) push /opt/stack/neutron/neutron/api/rpc/handlers/resources_rpc.py:237}}
Jul 22 17:27:05.932595 dv-neutron-850039-2-hyperv neutron-server[89582]: DEBUG neutron.db.provisioning_blocks [None req-ff7d36f5-28a3-4235-9e45-f3c58a7a7f11 None None] Transition to ACTIVE for port object 344e67c8-7e4d-463a-9d00-679421ae8155 will not be triggered until provisioned by entity L2. {{(pid=89582) add_provisioning_component /opt/stack/neutron/neutron/db/provisioning_blocks.py:73}}
Jul 22 17:27:05.939755 dv-neutron-850039-2-hyperv neutron-server[89581]: DEBUG neutron.plugins.ml2.rpc [None req-8dd41c5b-aa02-46f8-ae89-73c4ab06c99b None None] Device 43dd0d8e-8bba-49c1-9755-442c2cff54b3 up at agent ovs-agent-dv-neutron-850039-2-hyperv {{(pid=89581) update_device_up /opt/stack/neutron/neutron/plugins/ml2/rpc.py:278}}
Jul 22 17:27:05.950095 dv-neutron-850039-2-hyperv neutron-server[89580]: DEBUG neutron_lib.callbacks.manager [None req-e370adc1-9c26-4fac-a1e5-1d3582027e31 tempest-ExternalNetworksTestJSON-1352347566 tempest-ExternalNetworksTestJSON-1352347566-project-admin] Notify callbacks ['neutron.notifiers.nova.Notifier._send_nova_notification-1000687'] for floatingip, before_response {{(pid=89580) _notify_loop /usr/local/lib/python3.8/dist-packages/neutron_lib/callbacks/manager.py:192}}
Jul 22 17:27:05.951524 dv-neutron-850039-2-hyperv neutron-server[89580]: INFO neutron.wsgi [None req-e370adc1-9c26-4fac-a1e5-1d3582027e31 tempest-ExternalNetworksTestJSON-1352347566 tempest-ExternalNetworksTestJSON-1352347566-project-admin] 10.222.0.59 "POST /v2.0/floatingips HTTP/1.1" status: 201 len: 691 time: 3.9473908
Jul 22 17:27:05.958974 dv-neutron-850039-2-hyperv neutron-server[89579]: DEBUG neutron.wsgi [-] (89579) accepted ('10.222.0.59', 43144) {{(pid=89579) server /usr/local/lib/python3.8/dist-packages/eventlet/wsgi.py:992}}
Jul 22 17:27:05.959888 dv-neutron-850039-2-hyperv neutron-server[89579]: DEBUG neutron.wsgi [-] (89579) accepted ('10.222.0.59', 43146) {{(pid=89579) server /usr/local/lib/python3.8/dist-packages/eventlet/wsgi.py:992}}
Jul 22 17:27:05.981878 dv-neutron-850039-2-hyperv neutron-server[89580]: INFO neutron.wsgi [None req-13e3914c-3df3-4d0c-8b0a-6b9457b2f762 tempest-DHCPAgentSchedulersTestJSON-658425889 tempest-DHCPAgentSchedulersTestJSON-658425889-project-admin] 10.222.0.59 "GET /v2.0/networks/78400934-c037-41f3-9f39-73ea529ff7a8/dhcp-agents HTTP/1.1" status: 200 len: 808 time: 0.1033616
Jul 22 17:27:05.983407 dv-neutron-850039-2-hyperv neutron-server[89580]: DEBUG neutron.api.rpc.handlers.resources_rpc [None req-3082beaf-aca2-4169-9959-ad03a668094a tempest-BulkNetworkOpsTest-338142049 tempest-BulkNetworkOpsTest-338142049-project] Pushing event updated for resources: {'SecurityGroup': ['ID=cb6af32b-a953-4fc9-8cbb-7b3a469e2fa5,revision_number=1']} {{(pid=89580) push /opt/stack/neutron/neutron/api/rpc/handlers/resources_rpc.py:237}}
Jul 22 17:27:05.993767 dv-neutron-850039-2-hyperv neutron-server[89582]: DEBUG neutron_lib.callbacks.manager [None req-ff7d36f5-28a3-4235-9e45-f3c58a7a7f11 None None] Notify callbacks ['neutron.plugins.ml2.plugin.SecurityGroupServerNotifierRpcMixin.notify_sg_on_port_change-1460300', 'neutron.plugins.ml2.ovo_rpc._ObjectChangeHandler.handle_event-129022', 'neutron.api.rpc.agentnotifiers.dhcp_rpc_agent_api.DhcpAgentNotifyAPI._native_event_send_dhcp_notification-732172', 'neutron.db.l3_db.L3RpcNotifierMixin._notify_gateway_port_ip_changed-8769896028025', 'neutron.db.l3_dvrscheduler_db._notify_l3_agent_port_update-8769895503297', 'neutron.db.l3_hascheduler_db._notify_l3_agent_ha_port_update-8769895503342'] for port, after_update {{(pid=89582) _notify_loop /usr/local/lib/python3.8/dist-packages/neutron_lib/callbacks/manager.py:192}}
Jul 22 17:27:05.995001 dv-neutron-850039-2-hyperv neutron-server[89580]: DEBUG neutron.wsgi [-] (89580) accepted ('10.222.0.59', 43152) {{(pid=89580) server /usr/local/lib/python3.8/dist-packages/eventlet/wsgi.py:992}}
Jul 22 17:27:05.997988 dv-neutron-850039-2-hyperv neutron-server[89580]: DEBUG neutron.plugins.ml2.drivers.helpers [None req-3082beaf-aca2-4169-9959-ad03a668094a tempest-BulkNetworkOpsTest-338142049 tempest-BulkNetworkOpsTest-338142049-project] vlan segment allocate from pool success with {'physical_network': 'physnet1', 'vlan_id': 352} {{(pid=89580) allocate_partially_specified_segment /opt/stack/neutron/neutron/plugins/ml2/drivers/helpers.py:153}}
Jul 22 17:27:06.034505 dv-neutron-850039-2-hyperv neutron-server[89581]: DEBUG neutron.db.provisioning_blocks [None req-8dd41c5b-aa02-46f8-ae89-73c4ab06c99b None None] Provisioning complete for port 43dd0d8e-8bba-49c1-9755-442c2cff54b3 triggered by entity L2. {{(pid=89581) provisioning_complete /opt/stack/neutron/neutron/db/provisioning_blocks.py:139}}
Jul 22 17:27:06.034768 dv-neutron-850039-2-hyperv neutron-server[89580]: INFO neutron.wsgi [None req-04b17713-6b43-4d23-8a5a-b5222376e64d tempest-DHCPAgentSchedulersTestJSON-658425889 tempest-DHCPAgentSchedulersTestJSON-658425889-project-admin] 10.222.0.59 "GET /v2.0/networks/78400934-c037-41f3-9f39-73ea529ff7a8/dhcp-agents HTTP/1.1" status: 200 len: 808 time: 0.0385306
Jul 22 17:27:06.035305 dv-neutron-850039-2-hyperv neutron-server[89581]: DEBUG neutron_lib.callbacks.manager [None req-8dd41c5b-aa02-46f8-ae89-73c4ab06c99b None None] Notify callbacks ['neutron.plugins.ml2.plugin.Ml2Plugin._port_provisioned-1486219'] for port, provisioning_complete {{(pid=89581) _notify_loop /usr/local/lib/python3.8/dist-packages/neutron_lib/callbacks/manager.py:192}}
Jul 22 17:27:06.038529 dv-neutron-850039-2-hyperv neutron-server[89580]: INFO neutron.wsgi [None req-b5838694-8261-4587-b7ef-1dfbf47503db admin admin] 10.222.0.59 "GET /v2.0/security-groups?tenant_id=73b1ccf632874435aeb9db5e052a8786&name=default HTTP/1.1" status: 200 len: 2979 time: 0.2417631
Jul 22 17:27:06.039651 dv-neutron-850039-2-hyperv neutron-server[89580]: DEBUG neutron.wsgi [-] (89580) accepted ('10.222.0.59', 43156) {{(pid=89580) server /usr/local/lib/python3.8/dist-packages/eventlet/wsgi.py:992}}
Jul 22 17:27:06.050730 dv-neutron-850039-2-hyperv neutron-server[89579]: DEBUG neutron.api.v2.base [None req-0bf78549-193d-4dd7-b600-d705ed9fb39a tempest-ServersTestJSON-2058821400 tempest-ServersTestJSON-2058821400-project] Request body: {'security_group': {'name': 'tempest-securitygroup--1973609990', 'description': 'tempest-description--1996896'}} {{(pid=89579) prepare_request_body /opt/stack/neutron/neutron/api/v2/base.py:729}}
Jul 22 17:27:06.051646 dv-neutron-850039-2-hyperv neutron-server[89580]: DEBUG neutron.wsgi [-] (89580) accepted ('10.222.0.59', 43158) {{(pid=89580) server /usr/local/lib/python3.8/dist-packages/eventlet/wsgi.py:992}}
Jul 22 17:27:06.061275 dv-neutron-850039-2-hyperv neutron-server[89579]: INFO neutron.wsgi [None req-154f28d7-2452-4b52-9e23-39fb16a8ea3f tempest-ExternalNetworksTestJSON-1352347566 tempest-ExternalNetworksTestJSON-1352347566-project-admin] 10.222.0.59 "GET /v2.0/floatingips?floating_network_id=732cb26d-a0e5-4fbf-83ba-742ddb69a772 HTTP/1.1" status: 200 len: 689 time: 0.0993114
Jul 22 17:27:06.064875 dv-neutron-850039-2-hyperv neutron-server[89579]: DEBUG neutron.wsgi [-] (89579) accepted ('10.222.0.59', 43164) {{(pid=89579) server /usr/local/lib/python3.8/dist-packages/eventlet/wsgi.py:992}}
Jul 22 17:27:06.070270 dv-neutron-850039-2-hyperv neutron-server[89579]: DEBUG neutron.notifiers.nova [None req-0d84f49a-4ba6-44dd-b2e6-de0c8e52a9ab tempest-BulkNetworkOpsIpV6Test-1638633513 tempest-BulkNetworkOpsIpV6Test-1638633513-project] device_id is not set on port a1ce86c4-eb63-4f15-83b7-b5f2c747ede1 yet. {{(pid=89579) _can_notify /opt/stack/neutron/neutron/notifiers/nova.py:199}}
Jul 22 17:27:06.090410 dv-neutron-850039-2-hyperv neutron-server[89579]: DEBUG neutron.db.quota.driver [None req-0bf78549-193d-4dd7-b600-d705ed9fb39a tempest-ServersTestJSON-2058821400 tempest-ServersTestJSON-2058821400-project] Resources subnetpool have unlimited quota limit. It is not required to calculate headroom {{(pid=89579) make_reservation /opt/stack/neutron/neutron/db/quota/driver.py:219}}
Jul 22 17:27:06.103083 dv-neutron-850039-2-hyperv neutron-server[89579]: DEBUG neutron.quota.resource [None req-0bf78549-193d-4dd7-b600-d705ed9fb39a tempest-ServersTestJSON-2058821400 tempest-ServersTestJSON-2058821400-project] Usage tracker for resource:security_group and tenant:23f50fc13c5340029d1ec46df95b3c9d is out of sync, need to count used quota {{(pid=89579) count_used /opt/stack/neutron/neutron/quota/resource.py:270}}
Jul 22 17:27:06.110951 dv-neutron-850039-2-hyperv neutron-server[89582]: DEBUG neutron.api.rpc.handlers.resources_rpc [None req-67ca2dcd-886d-4f6f-8243-83f6c97c01f2 None None] Pushing event updated for resources: {'Port': ['ID=344e67c8-7e4d-463a-9d00-679421ae8155,revision_number=3']} {{(pid=89582) push /opt/stack/neutron/neutron/api/rpc/handlers/resources_rpc.py:237}}
Jul 22 17:27:06.163248 dv-neutron-850039-2-hyperv neutron-server[89579]: DEBUG neutron.quota.resource [None req-0bf78549-193d-4dd7-b600-d705ed9fb39a tempest-ServersTestJSON-2058821400 tempest-ServersTestJSON-2058821400-project] Quota usage for security_group was recalculated. Used quota:1. {{(pid=89579) count_used /opt/stack/neutron/neutron/quota/resource.py:290}}
Jul 22 17:27:06.166407 dv-neutron-850039-2-hyperv neutron-server[89579]: DEBUG neutron_lib.db.resource_extend [None req-58b26cec-4c9a-49e9-8b6f-d59ca6987557 admin admin] It took 0.11 seconds to run function 'neutron_lib.db.resource_extend.apply_funcs' {{(pid=89579) wrapper /usr/local/lib/python3.8/dist-packages/oslo_utils/timeutils.py:386}}
Jul 22 17:27:06.168698 dv-neutron-850039-2-hyperv neutron-server[89581]: DEBUG neutron.plugins.ml2.plugin [None req-8dd41c5b-aa02-46f8-ae89-73c4ab06c99b None None] Current status of the port 43dd0d8e-8bba-49c1-9755-442c2cff54b3 is: ACTIVE; New status is: ACTIVE {{(pid=89581) _update_individual_port_db_status /opt/stack/neutron/neutron/plugins/ml2/plugin.py:2189}}
Jul 22 17:27:06.183555 dv-neutron-850039-2-hyperv neutron-server[89579]: DEBUG neutron.db.quota.driver [None req-0bf78549-193d-4dd7-b600-d705ed9fb39a tempest-ServersTestJSON-2058821400 tempest-ServersTestJSON-2058821400-project] Attempting to reserve 1 items for resource security_group. Total usage: 1; quota limit: 100; headroom:99 {{(pid=89579) make_reservation /opt/stack/neutron/neutron/db/quota/driver.py:246}}
Jul 22 17:27:06.194343 dv-neutron-850039-2-hyperv neutron-server[89579]: DEBUG neutron_lib.callbacks.manager [None req-58b26cec-4c9a-49e9-8b6f-d59ca6987557 admin admin] Notify callbacks [] for port, precommit_update {{(pid=89579) _notify_loop /usr/local/lib/python3.8/dist-packages/neutron_lib/callbacks/manager.py:192}}
Jul 22 17:27:06.232466 dv-neutron-850039-2-hyperv neutron-server[89580]: DEBUG neutron_lib.callbacks.manager [None req-3082beaf-aca2-4169-9959-ad03a668094a tempest-BulkNetworkOpsTest-338142049 tempest-BulkNetworkOpsTest-338142049-project] Notify callbacks ['neutron.plugins.ml2.plugin.Ml2Plugin._handle_segment_change-1690763'] for segment, precommit_create {{(pid=89580) _notify_loop /usr/local/lib/python3.8/dist-packages/neutron_lib/callbacks/manager.py:192}}
Jul 22 17:27:06.232831 dv-neutron-850039-2-hyperv neutron-server[89580]: INFO neutron.db.segments_db [None req-3082beaf-aca2-4169-9959-ad03a668094a tempest-BulkNetworkOpsTest-338142049 tempest-BulkNetworkOpsTest-338142049-project] Added segment e3e5c64a-c20b-478d-9b52-bb5f75d79405 of type vlan for network 8cd9ecaf-00c4-4d99-9c5e-e46356c6b368
Jul 22 17:27:06.247964 dv-neutron-850039-2-hyperv neutron-server[89580]: INFO neutron.wsgi [None req-2c6bd015-1e7e-43d6-ab8a-8ec7d42466ff tempest-DHCPAgentSchedulersTestJSON-658425889 tempest-DHCPAgentSchedulersTestJSON-658425889-project-admin] 10.222.0.59 "GET /v2.0/agents/b660d97a-d804-47d1-a83c-940f1f0a311e/dhcp-networks HTTP/1.1" status: 200 len: 5650 time: 0.2047396
Jul 22 17:27:06.253853 dv-neutron-850039-2-hyperv neutron-server[89579]: DEBUG neutron.wsgi [-] (89579) accepted ('10.222.0.59', 43168) {{(pid=89579) server /usr/local/lib/python3.8/dist-packages/eventlet/wsgi.py:992}}
Jul 22 17:27:06.281984 dv-neutron-850039-2-hyperv neutron-server[89580]: DEBUG neutron_lib.callbacks.manager [None req-73c7e729-adf3-4d51-8e8d-1bc425c62793 admin admin] Notify callbacks [] for security_group, before_delete {{(pid=89580) _notify_loop /usr/local/lib/python3.8/dist-packages/neutron_lib/callbacks/manager.py:192}}
Jul 22 17:27:06.310069 dv-neutron-850039-2-hyperv neutron-server[89580]: DEBUG neutron_lib.callbacks.manager [None req-73c7e729-adf3-4d51-8e8d-1bc425c62793 admin admin] Notify callbacks [] for security_group, precommit_delete {{(pid=89580) _notify_loop /usr/local/lib/python3.8/dist-packages/neutron_lib/callbacks/manager.py:192}}
Jul 22 17:27:06.313389 dv-neutron-850039-2-hyperv neutron-server[89579]: DEBUG neutron_lib.callbacks.manager [None req-0bf78549-193d-4dd7-b600-d705ed9fb39a tempest-ServersTestJSON-2058821400 tempest-ServersTestJSON-2058821400-project] Notify callbacks [] for security_group, before_create {{(pid=89579) _notify_loop /usr/local/lib/python3.8/dist-packages/neutron_lib/callbacks/manager.py:192}}
Jul 22 17:27:06.330327 dv-neutron-850039-2-hyperv neutron-server[89579]: DEBUG neutron_lib.callbacks.manager [None req-58b26cec-4c9a-49e9-8b6f-d59ca6987557 admin admin] Notify callbacks ['neutron.plugins.ml2.plugin.SecurityGroupServerNotifierRpcMixin.notify_sg_on_port_change-1460300', 'neutron.plugins.ml2.ovo_rpc._ObjectChangeHandler.handle_event-129022', 'neutron.api.rpc.agentnotifiers.dhcp_rpc_agent_api.DhcpAgentNotifyAPI._native_event_send_dhcp_notification-732172', 'neutron.db.l3_db.L3RpcNotifierMixin._notify_gateway_port_ip_changed-8769896028025', 'neutron.db.l3_dvrscheduler_db._notify_l3_agent_port_update-8769895503297', 'neutron.db.l3_hascheduler_db._notify_l3_agent_ha_port_update-8769895503342'] for port, after_update {{(pid=89579) _notify_loop /usr/local/lib/python3.8/dist-packages/neutron_lib/callbacks/manager.py:192}}
Jul 22 17:27:06.331344 dv-neutron-850039-2-hyperv neutron-server[89579]: DEBUG neutron_lib.callbacks.manager [None req-58b26cec-4c9a-49e9-8b6f-d59ca6987557 admin admin] Notify callbacks ['neutron.api.rpc.agentnotifiers.dhcp_rpc_agent_api.DhcpAgentNotifyAPI._after_router_interface_created-732258', 'neutron.services.l3_router.l3_router_plugin.DVRResourceOperationHandler._update_snat_v6_addrs_after_intf_update-575244'] for router_interface, after_create {{(pid=89579) _notify_loop /usr/local/lib/python3.8/dist-packages/neutron_lib/callbacks/manager.py:192}}
Jul 22 17:27:06.363376 dv-neutron-850039-2-hyperv neutron-server[89582]: DEBUG neutron.plugins.ml2.managers [None req-ff7d36f5-28a3-4235-9e45-f3c58a7a7f11 None None] Attempting to bind port 344e67c8-7e4d-463a-9d00-679421ae8155 on host dv-neutron-850039-2-hyperv for vnic_type normal with profile {{(pid=89582) bind_port /opt/stack/neutron/neutron/plugins/ml2/managers.py:806}}
Jul 22 17:27:06.363888 dv-neutron-850039-2-hyperv neutron-server[89582]: DEBUG neutron.plugins.ml2.managers [None req-ff7d36f5-28a3-4235-9e45-f3c58a7a7f11 None None] Attempting to bind port 344e67c8-7e4d-463a-9d00-679421ae8155 by drivers openvswitch,hyperv on host dv-neutron-850039-2-hyperv at level 0 using segments [{'id': '09576186-1c6f-4ff4-8ad4-66ce7ec41a1a', 'network_type': 'vlan', 'physical_network': 'physnet1', 'segmentation_id': 380, 'network_id': 'b2abf376-56fa-4e15-a7c0-4103d45a38f9'}] {{(pid=89582) _bind_port_level /opt/stack/neutron/neutron/plugins/ml2/managers.py:831}}
Jul 22 17:27:06.364085 dv-neutron-850039-2-hyperv neutron-server[89582]: DEBUG neutron.plugins.ml2.drivers.mech_agent [None req-ff7d36f5-28a3-4235-9e45-f3c58a7a7f11 None None] Attempting to bind port 344e67c8-7e4d-463a-9d00-679421ae8155 on network b2abf376-56fa-4e15-a7c0-4103d45a38f9 {{(pid=89582) bind_port /opt/stack/neutron/neutron/plugins/ml2/drivers/mech_agent.py:86}}
Jul 22 17:27:06.370016 dv-neutron-850039-2-hyperv neutron-server[89582]: DEBUG neutron.plugins.ml2.drivers.mech_agent [None req-ff7d36f5-28a3-4235-9e45-f3c58a7a7f11 None None] Checking agent: {'id': 'cdbd7490-52a8-4352-b92d-6346f2a5a492', 'agent_type': 'Open vSwitch agent', 'binary': 'neutron-openvswitch-agent', 'topic': 'N/A', 'host': 'dv-neutron-850039-2-hyperv', 'admin_state_up': True, 'created_at': datetime.datetime(2022, 7, 22, 17, 18, 22), 'started_at': datetime.datetime(2022, 7, 22, 17, 18, 52), 'heartbeat_timestamp': datetime.datetime(2022, 7, 22, 17, 26, 52), 'description': None, 'resources_synced': None, 'availability_zone': None, 'alive': True, 'configurations': {'arp_responder_enabled': False, 'baremetal_smartnic': False, 'bridge_mappings': {'physnet1': 'br-data'}, 'datapath_type': 'system', 'devices': 0, 'enable_distributed_routing': False, 'extensions': [], 'in_distributed_mode': False, 'integration_bridge': 'br-int', 'l2_population': False, 'log_agent_heartbeats': False, 'ovs_capabilities': {'datapath_types': ['netdev', 'system'], 'iface_types': ['erspan', 'geneve', 'gre', 'internal', 'ip6erspan', 'ip6gre', 'lisp', 'patch', 'stt', 'system', 'tap', 'vxlan']}, 'ovs_hybrid_plug': False, 'resource_provider_bandwidths': {}, 'resource_provider_hypervisors': {'br-data': 'dv-neutron-850039-2-hyperv'}, 'resource_provider_inventory_defaults': {'allocation_ratio': 1.0, 'min_unit': 1, 'step_size': 1, 'reserved': 0}, 'tunnel_types': [], 'tunneling_ip': None, 'vhostuser_socket_dir': '/var/run/openvswitch'}, 'resource_versions': {'AddressGroup': '1.2', 'ConntrackHelper': '1.0', 'Log': '1.0', 'Network': '1.1', 'Port': '1.7', 'PortForwarding': '1.2', 'QosPolicy': '1.8', 'SecurityGroup': '1.4', 'SecurityGroupRule': '1.2', 'SubPort': '1.0', 'Subnet': '1.1', 'Trunk': '1.1'}} {{(pid=89582) bind_port /opt/stack/neutron/neutron/plugins/ml2/drivers/mech_agent.py:105}}
Jul 22 17:27:06.370390 dv-neutron-850039-2-hyperv neutron-server[89582]: DEBUG neutron.plugins.ml2.drivers.mech_agent [None req-ff7d36f5-28a3-4235-9e45-f3c58a7a7f11 None None] Checking segment: {'id': '09576186-1c6f-4ff4-8ad4-66ce7ec41a1a', 'network_type': 'vlan', 'physical_network': 'physnet1', 'segmentation_id': 380, 'network_id': 'b2abf376-56fa-4e15-a7c0-4103d45a38f9'} for mappings: {'physnet1': 'br-data'} with network types: ['local', 'flat', 'vlan'] {{(pid=89582) check_segment_for_agent /opt/stack/neutron/neutron/plugins/ml2/drivers/mech_agent.py:343}}
Jul 22 17:27:06.370817 dv-neutron-850039-2-hyperv neutron-server[89582]: DEBUG neutron_lib.callbacks.manager [None req-ff7d36f5-28a3-4235-9e45-f3c58a7a7f11 None None] Notify callbacks [] for ovs_bridge_name, before_read {{(pid=89582) _notify_loop /usr/local/lib/python3.8/dist-packages/neutron_lib/callbacks/manager.py:192}}
Jul 22 17:27:06.371378 dv-neutron-850039-2-hyperv neutron-server[89582]: DEBUG neutron.plugins.ml2.drivers.mech_agent [None req-ff7d36f5-28a3-4235-9e45-f3c58a7a7f11 None None] Bound using segment: {'id': '09576186-1c6f-4ff4-8ad4-66ce7ec41a1a', 'network_type': 'vlan', 'physical_network': 'physnet1', 'segmentation_id': 380, 'network_id': 'b2abf376-56fa-4e15-a7c0-4103d45a38f9'} {{(pid=89582) bind_port /opt/stack/neutron/neutron/plugins/ml2/drivers/mech_agent.py:115}}
Jul 22 17:27:06.371837 dv-neutron-850039-2-hyperv neutron-server[89582]: DEBUG neutron.plugins.ml2.managers [None req-ff7d36f5-28a3-4235-9e45-f3c58a7a7f11 None None] Bound port: 344e67c8-7e4d-463a-9d00-679421ae8155, host: dv-neutron-850039-2-hyperv, vif_type: ovs, vif_details: {"connectivity": "l2", "port_filter": true, "ovs_hybrid_plug": false, "datapath_type": "system", "bridge_name": "br-int"}, binding_levels: [{'bound_driver': 'openvswitch', 'bound_segment': {'id': '09576186-1c6f-4ff4-8ad4-66ce7ec41a1a', 'network_type': 'vlan', 'physical_network': 'physnet1', 'segmentation_id': 380, 'network_id': 'b2abf376-56fa-4e15-a7c0-4103d45a38f9'}}] {{(pid=89582) _bind_port_level /opt/stack/neutron/neutron/plugins/ml2/managers.py:944}}
Jul 22 17:27:06.372222 dv-neutron-850039-2-hyperv neutron-server[89582]: DEBUG neutron_lib.callbacks.manager [None req-ff7d36f5-28a3-4235-9e45-f3c58a7a7f11 None None] Notify callbacks ['neutron.plugins.ml2.plugin.SecurityGroupDbMixin._ensure_default_security_group_handler-1460363'] for port, before_update {{(pid=89582) _notify_loop /usr/local/lib/python3.8/dist-packages/neutron_lib/callbacks/manager.py:192}}
Jul 22 17:27:06.411901 dv-neutron-850039-2-hyperv neutron-server[89580]: DEBUG neutron_lib.callbacks.manager [None req-3082beaf-aca2-4169-9959-ad03a668094a tempest-BulkNetworkOpsTest-338142049 tempest-BulkNetworkOpsTest-338142049-project] Notify callbacks ['neutron.services.auto_allocate.db._ensure_external_network_default_value_callback-8769895523121'] for network, precommit_create {{(pid=89580) _notify_loop /usr/local/lib/python3.8/dist-packages/neutron_lib/callbacks/manager.py:192}}
Jul 22 17:27:06.452699 dv-neutron-850039-2-hyperv neutron-server[89580]: DEBUG neutron_lib.callbacks.manager [None req-70eed140-087d-4357-a591-3420cc07a539 admin admin] Notify callbacks [] for security_group, before_delete {{(pid=89580) _notify_loop /usr/local/lib/python3.8/dist-packages/neutron_lib/callbacks/manager.py:192}}
Jul 22 17:27:06.473755 dv-neutron-850039-2-hyperv neutron-server[89582]: DEBUG neutron.plugins.ml2.db [None req-ff7d36f5-28a3-4235-9e45-f3c58a7a7f11 None None] For port 344e67c8-7e4d-463a-9d00-679421ae8155, host dv-neutron-850039-2-hyperv, cleared binding levels {{(pid=89582) clear_binding_levels /opt/stack/neutron/neutron/plugins/ml2/db.py:88}}
Jul 22 17:27:06.477917 dv-neutron-850039-2-hyperv neutron-server[89582]: DEBUG neutron.plugins.ml2.db [None req-ff7d36f5-28a3-4235-9e45-f3c58a7a7f11 None None] For port 344e67c8-7e4d-463a-9d00-679421ae8155, host dv-neutron-850039-2-hyperv, set binding levels [PortBindingLevel(driver='openvswitch',host='dv-neutron-850039-2-hyperv',level=0,port_id=344e67c8-7e4d-463a-9d00-679421ae8155,segment=NetworkSegment(09576186-1c6f-4ff4-8ad4-66ce7ec41a1a),segment_id=09576186-1c6f-4ff4-8ad4-66ce7ec41a1a)] {{(pid=89582) set_binding_levels /opt/stack/neutron/neutron/plugins/ml2/db.py:60}}
Jul 22 17:27:06.500376 dv-neutron-850039-2-hyperv neutron-server[89580]: DEBUG neutron_lib.callbacks.manager [None req-70eed140-087d-4357-a591-3420cc07a539 admin admin] Notify callbacks [] for security_group, precommit_delete {{(pid=89580) _notify_loop /usr/local/lib/python3.8/dist-packages/neutron_lib/callbacks/manager.py:192}}
Jul 22 17:27:06.512377 dv-neutron-850039-2-hyperv neutron-server[89580]: DEBUG neutron.plugins.ml2.drivers.helpers [None req-3082beaf-aca2-4169-9959-ad03a668094a tempest-BulkNetworkOpsTest-338142049 tempest-BulkNetworkOpsTest-338142049-project] vlan segment allocate from pool success with {'physical_network': 'physnet1', 'vlan_id': 356} {{(pid=89580) allocate_partially_specified_segment /opt/stack/neutron/neutron/plugins/ml2/drivers/helpers.py:153}}
Jul 22 17:27:06.541000 dv-neutron-850039-2-hyperv neutron-server[89580]: DEBUG neutron_lib.callbacks.manager [None req-3082beaf-aca2-4169-9959-ad03a668094a tempest-BulkNetworkOpsTest-338142049 tempest-BulkNetworkOpsTest-338142049-project] Notify callbacks ['neutron.plugins.ml2.plugin.Ml2Plugin._handle_segment_change-1690763'] for segment, precommit_create {{(pid=89580) _notify_loop /usr/local/lib/python3.8/dist-packages/neutron_lib/callbacks/manager.py:192}}
Jul 22 17:27:06.541336 dv-neutron-850039-2-hyperv neutron-server[89580]: INFO neutron.db.segments_db [None req-3082beaf-aca2-4169-9959-ad03a668094a tempest-BulkNetworkOpsTest-338142049 tempest-BulkNetworkOpsTest-338142049-project] Added segment c61e407c-441d-4982-a583-232cd51a93ea of type vlan for network d8236112-b7f3-4239-9739-63f9ccc5cfb4
Jul 22 17:27:06.564770 dv-neutron-850039-2-hyperv neutron-server[89579]: DEBUG neutron.db.quota.driver [None req-0bf78549-193d-4dd7-b600-d705ed9fb39a tempest-ServersTestJSON-2058821400 tempest-ServersTestJSON-2058821400-project] Resources subnetpool have unlimited quota limit. It is not required to calculate headroom {{(pid=89579) make_reservation /opt/stack/neutron/neutron/db/quota/driver.py:219}}
Jul 22 17:27:06.598607 dv-neutron-850039-2-hyperv neutron-server[89582]: DEBUG neutron_lib.callbacks.manager [None req-ff7d36f5-28a3-4235-9e45-f3c58a7a7f11 None None] Notify callbacks ['neutron.plugins.ml2.plugin.SecurityGroupServerNotifierRpcMixin.notify_sg_on_port_change-1460300', 'neutron.plugins.ml2.ovo_rpc._ObjectChangeHandler.handle_event-129022', 'neutron.api.rpc.agentnotifiers.dhcp_rpc_agent_api.DhcpAgentNotifyAPI._native_event_send_dhcp_notification-732172', 'neutron.db.l3_db.L3RpcNotifierMixin._notify_gateway_port_ip_changed-8769896028025', 'neutron.db.l3_dvrscheduler_db._notify_l3_agent_port_update-8769895503297', 'neutron.db.l3_hascheduler_db._notify_l3_agent_ha_port_update-8769895503342'] for port, after_update {{(pid=89582) _notify_loop /usr/local/lib/python3.8/dist-packages/neutron_lib/callbacks/manager.py:192}}
Jul 22 17:27:06.602979 dv-neutron-850039-2-hyperv neutron-server[89579]: DEBUG neutron.quota.resource [None req-0bf78549-193d-4dd7-b600-d705ed9fb39a tempest-ServersTestJSON-2058821400 tempest-ServersTestJSON-2058821400-project] Usage tracker for resource:security_group_rule and tenant:23f50fc13c5340029d1ec46df95b3c9d is out of sync, need to count used quota {{(pid=89579) count_used /opt/stack/neutron/neutron/quota/resource.py:270}}
Jul 22 17:27:06.616489 dv-neutron-850039-2-hyperv neutron-server[89580]: DEBUG neutron_lib.callbacks.manager [None req-73c7e729-adf3-4d51-8e8d-1bc425c62793 admin admin] Notify callbacks ['neutron.plugins.ml2.ovo_rpc._ObjectChangeHandler.handle_event-572067'] for security_group, after_delete {{(pid=89580) _notify_loop /usr/local/lib/python3.8/dist-packages/neutron_lib/callbacks/manager.py:192}}
Jul 22 17:27:06.617931 dv-neutron-850039-2-hyperv neutron-server[89579]: DEBUG neutron_lib.callbacks.manager [None req-1394ae74-5ff6-41ff-8764-f970b63a93f9 tempest-ExternalNetworksTestJSON-1352347566 tempest-ExternalNetworksTestJSON-1352347566-project-admin] Notify callbacks ['neutron.plugins.ml2.plugin.External_net_db_mixin._before_network_delete_handler-1474776'] for network, before_delete {{(pid=89579) _notify_loop /usr/local/lib/python3.8/dist-packages/neutron_lib/callbacks/manager.py:192}}
Jul 22 17:27:06.633996 dv-neutron-850039-2-hyperv neutron-server[89579]: DEBUG neutron.quota.resource [None req-0bf78549-193d-4dd7-b600-d705ed9fb39a tempest-ServersTestJSON-2058821400 tempest-ServersTestJSON-2058821400-project] Quota usage for security_group_rule was recalculated. Used quota:4. {{(pid=89579) count_used /opt/stack/neutron/neutron/quota/resource.py:290}}
Jul 22 17:27:06.650569 dv-neutron-850039-2-hyperv neutron-server[89580]: DEBUG neutron.api.rpc.handlers.resources_rpc [None req-73c7e729-adf3-4d51-8e8d-1bc425c62793 admin admin] Pushing event deleted for resources: {'SecurityGroup': ['ID=179f792a-9f66-4a5a-95ad-5bb168d93da4,revision_number=None']} {{(pid=89580) push /opt/stack/neutron/neutron/api/rpc/handlers/resources_rpc.py:237}}
Jul 22 17:27:06.664351 dv-neutron-850039-2-hyperv neutron-server[89580]: DEBUG neutron_lib.callbacks.manager [None req-3082beaf-aca2-4169-9959-ad03a668094a tempest-BulkNetworkOpsTest-338142049 tempest-BulkNetworkOpsTest-338142049-project] Notify callbacks ['neutron.services.auto_allocate.db._ensure_external_network_default_value_callback-8769895523121'] for network, precommit_create {{(pid=89580) _notify_loop /usr/local/lib/python3.8/dist-packages/neutron_lib/callbacks/manager.py:192}}
Jul 22 17:27:06.670003 dv-neutron-850039-2-hyperv neutron-server[89580]: DEBUG neutron_lib.callbacks.manager [None req-73c7e729-adf3-4d51-8e8d-1bc425c62793 admin admin] Notify callbacks [] for security_group, before_response {{(pid=89580) _notify_loop /usr/local/lib/python3.8/dist-packages/neutron_lib/callbacks/manager.py:192}}
Jul 22 17:27:06.673170 dv-neutron-850039-2-hyperv neutron-server[89580]: INFO neutron.wsgi [None req-73c7e729-adf3-4d51-8e8d-1bc425c62793 admin admin] 10.222.0.59 "DELETE /v2.0/security-groups/179f792a-9f66-4a5a-95ad-5bb168d93da4 HTTP/1.1" status: 204 len: 168 time: 0.7525601
Jul 22 17:27:06.722814 dv-neutron-850039-2-hyperv neutron-server[89582]: DEBUG neutron.db.l3_dvrscheduler_db [None req-ff7d36f5-28a3-4235-9e45-f3c58a7a7f11 None None] Routers {'90f4cb50-a8db-463c-9316-ae51d99f24f9'} bound to L3 agent in host dv-neutron-850039-2-hyperv {{(pid=89582) _get_router_ids_for_agent /opt/stack/neutron/neutron/db/l3_dvrscheduler_db.py:423}}
Jul 22 17:27:06.723499 dv-neutron-850039-2-hyperv neutron-server[89582]: DEBUG neutron.db.l3_hamode_db [None req-ff7d36f5-28a3-4235-9e45-f3c58a7a7f11 None None] neutron.services.l3_router.l3_router_plugin.L3RouterPlugin method get_ha_sync_data_for_host called with arguments (, 'dv-neutron-850039-2-hyperv', Agent(admin_state_up=True,agent_type='L3 agent',availability_zone='nova',binary='neutron-l3-agent',configurations={"agent_mode": "legacy", "ex_gw_ports": 1, "extensions": [], "floating_ips": 0, "handle_internal_only_routers": true, "interface_driver": "openvswitch", "interfaces": 1, "log_agent_heartbeats": false, "routers": 1},created_at=2022-07-22T17:18:21Z,description=,heartbeat_timestamp=2022-07-22T17:26:51Z,host='dv-neutron-850039-2-hyperv',id=f389ef63-14e0-46b9-a7ab-dc8d1b5fe64f,load=0,resource_versions=,resources_synced=,started_at=2022-07-22T17:18:21Z,topic='l3_agent')) {'router_ids': ['90f4cb50-a8db-463c-9316-ae51d99f24f9'], 'active': True} {{(pid=89582) wrapper /usr/local/lib/python3.8/dist-packages/oslo_log/helpers.py:65}}
Jul 22 17:27:06.763160 dv-neutron-850039-2-hyperv neutron-server[89580]: DEBUG neutron_lib.callbacks.manager [None req-70eed140-087d-4357-a591-3420cc07a539 admin admin] Notify callbacks ['neutron.plugins.ml2.ovo_rpc._ObjectChangeHandler.handle_event-572067'] for security_group, after_delete {{(pid=89580) _notify_loop /usr/local/lib/python3.8/dist-packages/neutron_lib/callbacks/manager.py:192}}
Jul 22 17:27:06.773986 dv-neutron-850039-2-hyperv neutron-server[89579]: DEBUG neutron.db.quota.driver [None req-0bf78549-193d-4dd7-b600-d705ed9fb39a tempest-ServersTestJSON-2058821400 tempest-ServersTestJSON-2058821400-project] Attempting to reserve 2 items for resource security_group_rule. Total usage: 4; quota limit: 100; headroom:96 {{(pid=89579) make_reservation /opt/stack/neutron/neutron/db/quota/driver.py:246}}
Jul 22 17:27:06.801859 dv-neutron-850039-2-hyperv neutron-server[89580]: DEBUG neutron_lib.callbacks.manager [None req-3082beaf-aca2-4169-9959-ad03a668094a tempest-BulkNetworkOpsTest-338142049 tempest-BulkNetworkOpsTest-338142049-project] Notify callbacks ['neutron.plugins.ml2.ovo_rpc._ObjectChangeHandler.handle_event-572018', 'neutron.api.rpc.agentnotifiers.dhcp_rpc_agent_api.DhcpAgentNotifyAPI._native_event_send_dhcp_notification-732172'] for network, after_create {{(pid=89580) _notify_loop /usr/local/lib/python3.8/dist-packages/neutron_lib/callbacks/manager.py:192}}
Jul 22 17:27:06.802432 dv-neutron-850039-2-hyperv neutron-server[89580]: DEBUG neutron_lib.callbacks.manager [None req-3082beaf-aca2-4169-9959-ad03a668094a tempest-BulkNetworkOpsTest-338142049 tempest-BulkNetworkOpsTest-338142049-project] Notify callbacks ['neutron.plugins.ml2.ovo_rpc._ObjectChangeHandler.handle_event-572018', 'neutron.api.rpc.agentnotifiers.dhcp_rpc_agent_api.DhcpAgentNotifyAPI._native_event_send_dhcp_notification-732172'] for network, after_create {{(pid=89580) _notify_loop /usr/local/lib/python3.8/dist-packages/neutron_lib/callbacks/manager.py:192}}
Jul 22 17:27:06.810280 dv-neutron-850039-2-hyperv neutron-server[89580]: DEBUG neutron.pecan_wsgi.hooks.policy_enforcement [None req-3082beaf-aca2-4169-9959-ad03a668094a tempest-BulkNetworkOpsTest-338142049 tempest-BulkNetworkOpsTest-338142049-project] Attributes excluded by policy engine: ['standard_attr_id', 'provider:network_type', 'provider:physical_network', 'provider:segmentation_id', 'vlan_transparent'] {{(pid=89580) _exclude_attributes_by_policy /opt/stack/neutron/neutron/pecan_wsgi/hooks/policy_enforcement.py:259}}
Jul 22 17:27:06.815435 dv-neutron-850039-2-hyperv neutron-server[89579]: DEBUG neutron.api.rpc.handlers.resources_rpc [None req-58b26cec-4c9a-49e9-8b6f-d59ca6987557 admin admin] Pushing event updated for resources: {'Port': ['ID=281380e5-707e-441d-bb70-e02a76b851a8,revision_number=2']} {{(pid=89579) push /opt/stack/neutron/neutron/api/rpc/handlers/resources_rpc.py:237}}
Jul 22 17:27:06.819727 dv-neutron-850039-2-hyperv neutron-server[89580]: DEBUG neutron.pecan_wsgi.hooks.policy_enforcement [None req-3082beaf-aca2-4169-9959-ad03a668094a tempest-BulkNetworkOpsTest-338142049 tempest-BulkNetworkOpsTest-338142049-project] Attributes excluded by policy engine: ['standard_attr_id', 'provider:network_type', 'provider:physical_network', 'provider:segmentation_id', 'vlan_transparent'] {{(pid=89580) _exclude_attributes_by_policy /opt/stack/neutron/neutron/pecan_wsgi/hooks/policy_enforcement.py:259}}
Jul 22 17:27:06.820920 dv-neutron-850039-2-hyperv neutron-server[89580]: DEBUG neutron_lib.callbacks.manager [None req-3082beaf-aca2-4169-9959-ad03a668094a tempest-BulkNetworkOpsTest-338142049 tempest-BulkNetworkOpsTest-338142049-project] Notify callbacks ['neutron.api.rpc.agentnotifiers.dhcp_rpc_agent_api.DhcpAgentNotifyAPI._send_dhcp_notification-732190'] for network, before_response {{(pid=89580) _notify_loop /usr/local/lib/python3.8/dist-packages/neutron_lib/callbacks/manager.py:192}}
Jul 22 17:27:06.838281 dv-neutron-850039-2-hyperv neutron-server[89579]: DEBUG neutron.plugins.ml2.plugin [None req-1394ae74-5ff6-41ff-8764-f970b63a93f9 tempest-ExternalNetworksTestJSON-1352347566 tempest-ExternalNetworksTestJSON-1352347566-project-admin] Deleting port 84bb31ef-69a6-409c-af2f-b22827a50e56 {{(pid=89579) _pre_delete_port /opt/stack/neutron/neutron/plugins/ml2/plugin.py:1941}}
Jul 22 17:27:06.838660 dv-neutron-850039-2-hyperv neutron-server[89579]: DEBUG neutron_lib.callbacks.manager [None req-1394ae74-5ff6-41ff-8764-f970b63a93f9 tempest-ExternalNetworksTestJSON-1352347566 tempest-ExternalNetworksTestJSON-1352347566-project-admin] Notify callbacks ['neutron.db.l3_db.L3_NAT_dbonly_mixin._prevent_l3_port_delete_callback-8769896026938'] for port, before_delete {{(pid=89579) _notify_loop /usr/local/lib/python3.8/dist-packages/neutron_lib/callbacks/manager.py:192}}
Jul 22 17:27:06.875932 dv-neutron-850039-2-hyperv neutron-server[89580]: DEBUG neutron_lib.callbacks.manager [None req-70eed140-087d-4357-a591-3420cc07a539 admin admin] Notify callbacks [] for security_group, before_response {{(pid=89580) _notify_loop /usr/local/lib/python3.8/dist-packages/neutron_lib/callbacks/manager.py:192}}
Jul 22 17:27:06.877568 dv-neutron-850039-2-hyperv neutron-server[89580]: INFO neutron.wsgi [None req-70eed140-087d-4357-a591-3420cc07a539 admin admin] 10.222.0.59 "DELETE /v2.0/security-groups/62479f46-fffc-456c-81c2-b8442b8fee94 HTTP/1.1" status: 204 len: 168 time: 0.8249502
Jul 22 17:27:06.878533 dv-neutron-850039-2-hyperv neutron-server[89580]: DEBUG neutron.api.rpc.handlers.resources_rpc [None req-70eed140-087d-4357-a591-3420cc07a539 admin admin] Pushing event deleted for resources: {'SecurityGroup': ['ID=62479f46-fffc-456c-81c2-b8442b8fee94,revision_number=None']} {{(pid=89580) push /opt/stack/neutron/neutron/api/rpc/handlers/resources_rpc.py:237}}
Jul 22 17:27:06.895161 dv-neutron-850039-2-hyperv neutron-server[89579]: DEBUG neutron_lib.callbacks.manager [None req-0d84f49a-4ba6-44dd-b2e6-de0c8e52a9ab tempest-BulkNetworkOpsIpV6Test-1638633513 tempest-BulkNetworkOpsIpV6Test-1638633513-project] Notify callbacks [] for port, precommit_create {{(pid=89579) _notify_loop /usr/local/lib/python3.8/dist-packages/neutron_lib/callbacks/manager.py:192}}
Jul 22 17:27:06.900991 dv-neutron-850039-2-hyperv neutron-server[89579]: DEBUG neutron_lib.callbacks.manager [None req-bbd0ad75-3753-4ee7-8f50-a6f8a67721b3 tempest-DHCPAgentSchedulersTestJSON-147820765 tempest-DHCPAgentSchedulersTestJSON-147820765-project] Notify callbacks ['neutron.plugins.ml2.plugin.External_net_db_mixin._before_network_delete_handler-1474776'] for network, before_delete {{(pid=89579) _notify_loop /usr/local/lib/python3.8/dist-packages/neutron_lib/callbacks/manager.py:192}}
Jul 22 17:27:06.929232 dv-neutron-850039-2-hyperv neutron-server[89580]: INFO neutron.wsgi [None req-3082beaf-aca2-4169-9959-ad03a668094a tempest-BulkNetworkOpsTest-338142049 tempest-BulkNetworkOpsTest-338142049-project] 10.222.0.59 "POST /v2.0/networks HTTP/1.1" status: 201 len: 1319 time: 2.7426820
Jul 22 17:27:06.932942 dv-neutron-850039-2-hyperv neutron-server[89579]: DEBUG neutron.wsgi [-] (89579) accepted ('10.222.0.59', 43176) {{(pid=89579) server /usr/local/lib/python3.8/dist-packages/eventlet/wsgi.py:992}}
Jul 22 17:27:06.942979 dv-neutron-850039-2-hyperv neutron-server[89582]: DEBUG neutron.api.rpc.handlers.resources_rpc [None req-67ca2dcd-886d-4f6f-8243-83f6c97c01f2 None None] Pushing event updated for resources: {'Port': ['ID=344e67c8-7e4d-463a-9d00-679421ae8155,revision_number=4']} {{(pid=89582) push /opt/stack/neutron/neutron/api/rpc/handlers/resources_rpc.py:237}}
Jul 22 17:27:07.008378 dv-neutron-850039-2-hyperv neutron-server[89582]: DEBUG neutron.db.l3_dvr_db [None req-ff7d36f5-28a3-4235-9e45-f3c58a7a7f11 None None] Set router 90f4cb50-a8db-463c-9316-ae51d99f24f9 gateway port host: dv-neutron-850039-2-hyperv {{(pid=89582) _build_routers_list /opt/stack/neutron/neutron/db/l3_dvr_db.py:875}}
Jul 22 17:27:07.065434 dv-neutron-850039-2-hyperv neutron-server[89580]: DEBUG neutron.api.rpc.handlers.resources_rpc [None req-3082beaf-aca2-4169-9959-ad03a668094a tempest-BulkNetworkOpsTest-338142049 tempest-BulkNetworkOpsTest-338142049-project] Pushing event updated for resources: {'Network': ['ID=8cd9ecaf-00c4-4d99-9c5e-e46356c6b368,revision_number=1']} {{(pid=89580) push /opt/stack/neutron/neutron/api/rpc/handlers/resources_rpc.py:237}}
Jul 22 17:27:07.080792 dv-neutron-850039-2-hyperv neutron-server[89581]: DEBUG neutron.plugins.ml2.rpc [None req-8dd41c5b-aa02-46f8-ae89-73c4ab06c99b None None] Network 8cd9ecaf-00c4-4d99-9c5e-e46356c6b368 details requested by agent ovs-agent-dv-neutron-850039-2-hyperv with host dv-neutron-850039-2-hyperv {{(pid=89581) get_network_details /opt/stack/neutron/neutron/plugins/ml2/rpc.py:232}}
Jul 22 17:27:07.194406 dv-neutron-850039-2-hyperv neutron-server[89580]: DEBUG neutron.api.rpc.handlers.resources_rpc [None req-3082beaf-aca2-4169-9959-ad03a668094a tempest-BulkNetworkOpsTest-338142049 tempest-BulkNetworkOpsTest-338142049-project] Pushing event updated for resources: {'Network': ['ID=d8236112-b7f3-4239-9739-63f9ccc5cfb4,revision_number=1']} {{(pid=89580) push /opt/stack/neutron/neutron/api/rpc/handlers/resources_rpc.py:237}}
Jul 22 17:27:07.219936 dv-neutron-850039-2-hyperv neutron-server[89581]: DEBUG neutron.plugins.ml2.rpc [None req-8dd41c5b-aa02-46f8-ae89-73c4ab06c99b None None] Network d8236112-b7f3-4239-9739-63f9ccc5cfb4 details requested by agent ovs-agent-dv-neutron-850039-2-hyperv with host dv-neutron-850039-2-hyperv {{(pid=89581) get_network_details /opt/stack/neutron/neutron/plugins/ml2/rpc.py:232}}
Jul 22 17:27:07.415507 dv-neutron-850039-2-hyperv neutron-server[89579]: DEBUG neutron_lib.callbacks.manager [None req-1394ae74-5ff6-41ff-8764-f970b63a93f9 tempest-ExternalNetworksTestJSON-1352347566 tempest-ExternalNetworksTestJSON-1352347566-project-admin] Notify callbacks ['neutron.services.l3_router.l3_router_plugin.L3_NAT_dbonly_mixin._precommit_delete_port_callback-575192'] for port, precommit_delete {{(pid=89579) _notify_loop /usr/local/lib/python3.8/dist-packages/neutron_lib/callbacks/manager.py:192}}
Jul 22 17:27:07.416101 dv-neutron-850039-2-hyperv neutron-server[89579]: DEBUG neutron_lib.callbacks.manager [None req-1394ae74-5ff6-41ff-8764-f970b63a93f9 tempest-ExternalNetworksTestJSON-1352347566 tempest-ExternalNetworksTestJSON-1352347566-project-admin] Notify callbacks [] for floatingip, precommit_delete {{(pid=89579) _notify_loop /usr/local/lib/python3.8/dist-packages/neutron_lib/callbacks/manager.py:192}}
Jul 22 17:27:07.504045 dv-neutron-850039-2-hyperv neutron-server[89579]: DEBUG neutron.scheduler.dhcp_agent_scheduler [None req-58b26cec-4c9a-49e9-8b6f-d59ca6987557 admin admin] Network 8a0ebe7c-4a13-4788-990e-c79ad5f086b0 is already hosted by enough agents. {{(pid=89579) _get_dhcp_agents_hosting_network /opt/stack/neutron/neutron/scheduler/dhcp_agent_scheduler.py:275}}
Jul 22 17:27:07.514839 dv-neutron-850039-2-hyperv neutron-server[89579]: DEBUG neutron.scheduler.base_scheduler [None req-58b26cec-4c9a-49e9-8b6f-d59ca6987557 admin admin] Resources bound (agent type, host, resource id): {{(pid=89579) schedule /opt/stack/neutron/neutron/scheduler/base_scheduler.py:57}}
Jul 22 17:27:07.668567 dv-neutron-850039-2-hyperv neutron-server[89579]: DEBUG neutron.plugins.ml2.plugin [None req-1394ae74-5ff6-41ff-8764-f970b63a93f9 tempest-ExternalNetworksTestJSON-1352347566 tempest-ExternalNetworksTestJSON-1352347566-project-admin] Calling delete_port for 84bb31ef-69a6-409c-af2f-b22827a50e56 owned by network:floatingip {{(pid=89579) delete_port /opt/stack/neutron/neutron/plugins/ml2/plugin.py:2013}}
