Jul 22 17:26:53.833557 dv-neutron-850039-2-hyperv neutron-server[89580]: DEBUG neutron.scheduler.dhcp_agent_scheduler [None req-a88c5203-3a54-4940-84ca-e718512f960a tempest-DHCPAgentSchedulersTestJSON-147820765 tempest-DHCPAgentSchedulersTestJSON-147820765-project] Network 78400934-c037-41f3-9f39-73ea529ff7a8 is scheduled to be hosted by DHCP agent b660d97a-d804-47d1-a83c-940f1f0a311e with binding_index 1 {{(pid=89580) bind /opt/stack/neutron/neutron/scheduler/dhcp_agent_scheduler.py:227}}
Jul 22 17:26:53.836912 dv-neutron-850039-2-hyperv neutron-server[89580]: DEBUG neutron.scheduler.l3_agent_scheduler [None req-ea87920c-c650-4aa5-8846-2a8e0c828499 admin admin] Router 90f4cb50-a8db-463c-9316-ae51d99f24f9 is scheduled to L3 agent f389ef63-14e0-46b9-a7ab-dc8d1b5fe64f with binding_index 1 {{(pid=89580) bind_router /opt/stack/neutron/neutron/scheduler/l3_agent_scheduler.py:210}}
Jul 22 17:26:53.838922 dv-neutron-850039-2-hyperv neutron-server[89580]: DEBUG neutron_lib.callbacks.manager [None req-0b340685-bf94-422b-9158-daa918d9b005 tempest-BulkNetworkOpsIpV6Test-1638633513 tempest-BulkNetworkOpsIpV6Test-1638633513-project] Notify callbacks ['neutron.plugins.ml2.ovo_rpc._ObjectChangeHandler.handle_event-572067'] for security_group, after_create {{(pid=89580) _notify_loop /usr/local/lib/python3.8/dist-packages/neutron_lib/callbacks/manager.py:192}}
Jul 22 17:26:53.839676 dv-neutron-850039-2-hyperv neutron-server[89580]: DEBUG neutron_lib.callbacks.manager [None req-0b340685-bf94-422b-9158-daa918d9b005 tempest-BulkNetworkOpsIpV6Test-1638633513 tempest-BulkNetworkOpsIpV6Test-1638633513-project] Notify callbacks ['neutron.plugins.ml2.plugin.SecurityGroupDbMixin._ensure_default_security_group_handler-1460363'] for network, before_create {{(pid=89580) _notify_loop /usr/local/lib/python3.8/dist-packages/neutron_lib/callbacks/manager.py:192}}
Jul 22 17:26:53.844450 dv-neutron-850039-2-hyperv neutron-server[89579]: DEBUG neutron.api.rpc.handlers.resources_rpc [None req-dcf2f5d9-be29-40a0-b477-8c416975e1d7 admin admin] Pushing event updated for resources: {'Port': ['ID=43dd0d8e-8bba-49c1-9755-442c2cff54b3,revision_number=1']} {{(pid=89579) push /opt/stack/neutron/neutron/api/rpc/handlers/resources_rpc.py:237}}
Jul 22 17:26:53.861183 dv-neutron-850039-2-hyperv neutron-server[89580]: DEBUG neutron.plugins.ml2.drivers.helpers [None req-17dea8e9-5e32-44e4-b26d-0c1e6720c08d tempest-ExternalNetworksTestJSON-1352347566 tempest-ExternalNetworksTestJSON-1352347566-project-admin] vlan segment allocate from pool success with {'physical_network': 'physnet1', 'vlan_id': 393} {{(pid=89580) allocate_partially_specified_segment /opt/stack/neutron/neutron/plugins/ml2/drivers/helpers.py:153}}
Jul 22 17:26:53.883359 dv-neutron-850039-2-hyperv neutron-server[89580]: DEBUG neutron.api.rpc.handlers.resources_rpc [None req-17dea8e9-5e32-44e4-b26d-0c1e6720c08d tempest-ExternalNetworksTestJSON-1352347566 tempest-ExternalNetworksTestJSON-1352347566-project-admin] Pushing event updated for resources: {'SecurityGroup': ['ID=1e1f08a7-0ae5-4c86-b392-e27b20e3f880,revision_number=1']} {{(pid=89580) push /opt/stack/neutron/neutron/api/rpc/handlers/resources_rpc.py:237}}
Jul 22 17:26:53.905181 dv-neutron-850039-2-hyperv neutron-server[89580]: DEBUG neutron_lib.callbacks.manager [None req-17dea8e9-5e32-44e4-b26d-0c1e6720c08d tempest-ExternalNetworksTestJSON-1352347566 tempest-ExternalNetworksTestJSON-1352347566-project-admin] Notify callbacks ['neutron.plugins.ml2.plugin.Ml2Plugin._handle_segment_change-1690763'] for segment, precommit_create {{(pid=89580) _notify_loop /usr/local/lib/python3.8/dist-packages/neutron_lib/callbacks/manager.py:192}}
Jul 22 17:26:53.905866 dv-neutron-850039-2-hyperv neutron-server[89580]: INFO neutron.db.segments_db [None req-17dea8e9-5e32-44e4-b26d-0c1e6720c08d tempest-ExternalNetworksTestJSON-1352347566 tempest-ExternalNetworksTestJSON-1352347566-project-admin] Added segment 68468e6c-1700-44ce-9a83-a3b4ab9bdd4b of type vlan for network effaed10-ec5a-4a6f-bb9e-e972eb733a47
Jul 22 17:26:53.931723 dv-neutron-850039-2-hyperv neutron-server[89579]: DEBUG neutron_lib.callbacks.manager [None req-0f4f5377-899a-4004-b2ac-c7c85bf9a2a0 tempest-RoutersTestDVR-948188272 tempest-RoutersTestDVR-948188272-project-admin] Notify callbacks [] for router, before_response {{(pid=89579) _notify_loop /usr/local/lib/python3.8/dist-packages/neutron_lib/callbacks/manager.py:192}}
Jul 22 17:26:53.932910 dv-neutron-850039-2-hyperv neutron-server[89579]: INFO neutron.wsgi [None req-0f4f5377-899a-4004-b2ac-c7c85bf9a2a0 tempest-RoutersTestDVR-948188272 tempest-RoutersTestDVR-948188272-project-admin] 10.222.0.59 "POST /v2.0/routers HTTP/1.1" status: 201 len: 723 time: 1.2923093
Jul 22 17:26:53.939148 dv-neutron-850039-2-hyperv neutron-server[89579]: DEBUG neutron.wsgi [-] (89579) accepted ('10.222.0.59', 42898) {{(pid=89579) server /usr/local/lib/python3.8/dist-packages/eventlet/wsgi.py:992}}
Jul 22 17:26:53.942855 dv-neutron-850039-2-hyperv neutron-server[89581]: DEBUG neutron.api.rpc.handlers.resources_rpc [None req-8dd41c5b-aa02-46f8-ae89-73c4ab06c99b None None] Pushing event updated for resources: {'Port': ['ID=64e0842d-51a5-487d-8002-0a45ea8cd9dc,revision_number=3']} {{(pid=89581) push /opt/stack/neutron/neutron/api/rpc/handlers/resources_rpc.py:237}}
Jul 22 17:26:53.947725 dv-neutron-850039-2-hyperv neutron-server[89579]: DEBUG neutron.api.v2.base [None req-66aa7141-63e6-48e3-9555-878079be5e9f tempest-RoutersTestDVR-948188272 tempest-RoutersTestDVR-948188272-project-admin] Request body: {'router': {'distributed': True}} {{(pid=89579) prepare_request_body /opt/stack/neutron/neutron/api/v2/base.py:729}}
Jul 22 17:26:53.971764 dv-neutron-850039-2-hyperv neutron-server[89581]: DEBUG neutron.plugins.ml2.rpc [None req-8dd41c5b-aa02-46f8-ae89-73c4ab06c99b None None] Device 84d93919-cb4d-4518-bc33-60747522db3f up at agent ovs-agent-dv-neutron-850039-2-hyperv {{(pid=89581) update_device_up /opt/stack/neutron/neutron/plugins/ml2/rpc.py:278}}
Jul 22 17:26:53.998728 dv-neutron-850039-2-hyperv neutron-server[89580]: DEBUG neutron.scheduler.base_scheduler [None req-a88c5203-3a54-4940-84ca-e718512f960a tempest-DHCPAgentSchedulersTestJSON-147820765 tempest-DHCPAgentSchedulersTestJSON-147820765-project] Resources bound (agent type, host, resource id): (DHCP agent, dv-neutron-850039-2-hyperv, 78400934-c037-41f3-9f39-73ea529ff7a8) {{(pid=89580) schedule /opt/stack/neutron/neutron/scheduler/base_scheduler.py:57}}
Jul 22 17:26:54.044544 dv-neutron-850039-2-hyperv neutron-server[89581]: DEBUG neutron.db.provisioning_blocks [None req-8dd41c5b-aa02-46f8-ae89-73c4ab06c99b None None] Provisioning complete for port 84d93919-cb4d-4518-bc33-60747522db3f triggered by entity L2. {{(pid=89581) provisioning_complete /opt/stack/neutron/neutron/db/provisioning_blocks.py:139}}
Jul 22 17:26:54.045268 dv-neutron-850039-2-hyperv neutron-server[89581]: DEBUG neutron_lib.callbacks.manager [None req-8dd41c5b-aa02-46f8-ae89-73c4ab06c99b None None] Notify callbacks ['neutron.plugins.ml2.plugin.Ml2Plugin._port_provisioned-1486219'] for port, provisioning_complete {{(pid=89581) _notify_loop /usr/local/lib/python3.8/dist-packages/neutron_lib/callbacks/manager.py:192}}
Jul 22 17:26:54.083904 dv-neutron-850039-2-hyperv neutron-server[89581]: DEBUG neutron.api.rpc.handlers.dhcp_rpc [None req-954362a4-c420-4da1-be75-4e526f535e77 None None] Network 78400934-c037-41f3-9f39-73ea529ff7a8 requested from dv-neutron-850039-2-hyperv {{(pid=89581) get_network_info /opt/stack/neutron/neutron/api/rpc/handlers/dhcp_rpc.py:213}}
Jul 22 17:26:54.102689 dv-neutron-850039-2-hyperv neutron-server[89580]: DEBUG neutron.pecan_wsgi.hooks.policy_enforcement [None req-a88c5203-3a54-4940-84ca-e718512f960a tempest-DHCPAgentSchedulersTestJSON-147820765 tempest-DHCPAgentSchedulersTestJSON-147820765-project] Attributes excluded by policy engine: ['standard_attr_id', 'shared', 'network'] {{(pid=89580) _exclude_attributes_by_policy /opt/stack/neutron/neutron/pecan_wsgi/hooks/policy_enforcement.py:259}}
Jul 22 17:26:54.103288 dv-neutron-850039-2-hyperv neutron-server[89580]: DEBUG neutron_lib.callbacks.manager [None req-a88c5203-3a54-4940-84ca-e718512f960a tempest-DHCPAgentSchedulersTestJSON-147820765 tempest-DHCPAgentSchedulersTestJSON-147820765-project] Notify callbacks ['neutron.api.rpc.agentnotifiers.dhcp_rpc_agent_api.DhcpAgentNotifyAPI._send_dhcp_notification-732190'] for subnet, before_response {{(pid=89580) _notify_loop /usr/local/lib/python3.8/dist-packages/neutron_lib/callbacks/manager.py:192}}
Jul 22 17:26:54.106819 dv-neutron-850039-2-hyperv neutron-server[89580]: DEBUG neutron.plugins.ml2.drivers.helpers [None req-0b340685-bf94-422b-9158-daa918d9b005 tempest-BulkNetworkOpsIpV6Test-1638633513 tempest-BulkNetworkOpsIpV6Test-1638633513-project] vlan segment allocate from pool success with {'physical_network': 'physnet1', 'vlan_id': 382} {{(pid=89580) allocate_partially_specified_segment /opt/stack/neutron/neutron/plugins/ml2/drivers/helpers.py:153}}
Jul 22 17:26:54.135456 dv-neutron-850039-2-hyperv neutron-server[89580]: DEBUG neutron.api.rpc.handlers.resources_rpc [None req-0b340685-bf94-422b-9158-daa918d9b005 tempest-BulkNetworkOpsIpV6Test-1638633513 tempest-BulkNetworkOpsIpV6Test-1638633513-project] Pushing event updated for resources: {'SecurityGroup': ['ID=804e8992-a49a-48a8-a8b8-685cbce78f83,revision_number=1']} {{(pid=89580) push /opt/stack/neutron/neutron/api/rpc/handlers/resources_rpc.py:237}}
Jul 22 17:26:54.160957 dv-neutron-850039-2-hyperv neutron-server[89580]: DEBUG neutron_lib.callbacks.manager [None req-0b340685-bf94-422b-9158-daa918d9b005 tempest-BulkNetworkOpsIpV6Test-1638633513 tempest-BulkNetworkOpsIpV6Test-1638633513-project] Notify callbacks ['neutron.plugins.ml2.plugin.Ml2Plugin._handle_segment_change-1690763'] for segment, precommit_create {{(pid=89580) _notify_loop /usr/local/lib/python3.8/dist-packages/neutron_lib/callbacks/manager.py:192}}
Jul 22 17:26:54.161121 dv-neutron-850039-2-hyperv neutron-server[89580]: INFO neutron.db.segments_db [None req-0b340685-bf94-422b-9158-daa918d9b005 tempest-BulkNetworkOpsIpV6Test-1638633513 tempest-BulkNetworkOpsIpV6Test-1638633513-project] Added segment 664668fb-4de2-4c50-8ea2-5da0551ecfa1 of type vlan for network 7bb8a029-7693-4e31-922b-4dece11a12aa
Jul 22 17:26:54.167602 dv-neutron-850039-2-hyperv neutron-server[89580]: DEBUG neutron_lib.callbacks.manager [None req-c867e01a-d3aa-4f6d-aeae-7fe3a98518ce admin admin] Notify callbacks [] for security_group, before_create {{(pid=89580) _notify_loop /usr/local/lib/python3.8/dist-packages/neutron_lib/callbacks/manager.py:192}}
Jul 22 17:26:54.186379 dv-neutron-850039-2-hyperv neutron-server[89580]: DEBUG neutron_lib.callbacks.manager [None req-17dea8e9-5e32-44e4-b26d-0c1e6720c08d tempest-ExternalNetworksTestJSON-1352347566 tempest-ExternalNetworksTestJSON-1352347566-project-admin] Notify callbacks ['neutron.services.auto_allocate.db._ensure_external_network_default_value_callback-8769895523121'] for network, precommit_create {{(pid=89580) _notify_loop /usr/local/lib/python3.8/dist-packages/neutron_lib/callbacks/manager.py:192}}
Jul 22 17:26:54.211810 dv-neutron-850039-2-hyperv neutron-server[89580]: DEBUG neutron.db.quota.driver [None req-c867e01a-d3aa-4f6d-aeae-7fe3a98518ce admin admin] Resources subnetpool have unlimited quota limit. It is not required to calculate headroom {{(pid=89580) make_reservation /opt/stack/neutron/neutron/db/quota/driver.py:219}}
Jul 22 17:26:54.239427 dv-neutron-850039-2-hyperv neutron-server[89580]: DEBUG neutron.quota.resource [None req-c867e01a-d3aa-4f6d-aeae-7fe3a98518ce admin admin] Usage tracker for resource:security_group_rule and tenant:4fb9dd0a36bd454a8dbfe1e34c87d7a9 is out of sync, need to count used quota {{(pid=89580) count_used /opt/stack/neutron/neutron/quota/resource.py:270}}
Jul 22 17:26:54.265100 dv-neutron-850039-2-hyperv neutron-server[89580]: DEBUG neutron.quota.resource [None req-c867e01a-d3aa-4f6d-aeae-7fe3a98518ce admin admin] Quota usage for security_group_rule was recalculated. Used quota:0. {{(pid=89580) count_used /opt/stack/neutron/neutron/quota/resource.py:290}}
Jul 22 17:26:54.278603 dv-neutron-850039-2-hyperv neutron-server[89580]: DEBUG neutron_lib.callbacks.manager [None req-0b340685-bf94-422b-9158-daa918d9b005 tempest-BulkNetworkOpsIpV6Test-1638633513 tempest-BulkNetworkOpsIpV6Test-1638633513-project] Notify callbacks ['neutron.services.auto_allocate.db._ensure_external_network_default_value_callback-8769895523121'] for network, precommit_create {{(pid=89580) _notify_loop /usr/local/lib/python3.8/dist-packages/neutron_lib/callbacks/manager.py:192}}
Jul 22 17:26:54.294959 dv-neutron-850039-2-hyperv neutron-server[89580]: DEBUG neutron.db.quota.driver [None req-c867e01a-d3aa-4f6d-aeae-7fe3a98518ce admin admin] Attempting to reserve 4 items for resource security_group_rule. Total usage: 0; quota limit: 100; headroom:100 {{(pid=89580) make_reservation /opt/stack/neutron/neutron/db/quota/driver.py:246}}
Jul 22 17:26:54.302904 dv-neutron-850039-2-hyperv neutron-server[89580]: DEBUG neutron.api.rpc.agentnotifiers.l3_rpc_agent_api [None req-ea87920c-c650-4aa5-8846-2a8e0c828499 admin admin] Notify agent at l3_agent.dv-neutron-850039-2-hyperv the message routers_updated {{(pid=89580) _agent_notification /opt/stack/neutron/neutron/api/rpc/agentnotifiers/l3_rpc_agent_api.py:68}}
Jul 22 17:26:54.316884 dv-neutron-850039-2-hyperv neutron-server[89582]: DEBUG neutron.api.rpc.handlers.l3_rpc [None req-3dcc70f9-0c28-4d39-8f02-851c380ca4da None None] Sync routers for ids ['90f4cb50-a8db-463c-9316-ae51d99f24f9'] in dv-neutron-850039-2-hyperv {{(pid=89582) sync_routers /opt/stack/neutron/neutron/api/rpc/handlers/l3_rpc.py:125}}
Jul 22 17:26:54.332804 dv-neutron-850039-2-hyperv neutron-server[89582]: DEBUG neutron.db.l3_dvrscheduler_db [None req-3dcc70f9-0c28-4d39-8f02-851c380ca4da None None] Routers {'90f4cb50-a8db-463c-9316-ae51d99f24f9'} bound to L3 agent in host dv-neutron-850039-2-hyperv {{(pid=89582) _get_router_ids_for_agent /opt/stack/neutron/neutron/db/l3_dvrscheduler_db.py:423}}
Jul 22 17:26:54.335305 dv-neutron-850039-2-hyperv neutron-server[89582]: DEBUG neutron.db.l3_hamode_db [None req-3dcc70f9-0c28-4d39-8f02-851c380ca4da None None] neutron.services.l3_router.l3_router_plugin.L3RouterPlugin method get_ha_sync_data_for_host called with arguments (, 'dv-neutron-850039-2-hyperv', Agent(admin_state_up=True,agent_type='L3 agent',availability_zone='nova',binary='neutron-l3-agent',configurations={"agent_mode": "legacy", "ex_gw_ports": 1, "extensions": [], "floating_ips": 0, "handle_internal_only_routers": true, "interface_driver": "openvswitch", "interfaces": 1, "log_agent_heartbeats": false, "routers": 1},created_at=2022-07-22T17:18:21Z,description=,heartbeat_timestamp=2022-07-22T17:26:51Z,host='dv-neutron-850039-2-hyperv',id=f389ef63-14e0-46b9-a7ab-dc8d1b5fe64f,load=0,resource_versions=,resources_synced=,started_at=2022-07-22T17:18:21Z,topic='l3_agent')) {'router_ids': ['90f4cb50-a8db-463c-9316-ae51d99f24f9'], 'active': True} {{(pid=89582) wrapper /usr/local/lib/python3.8/dist-packages/oslo_log/helpers.py:65}}
Jul 22 17:26:54.349256 dv-neutron-850039-2-hyperv neutron-server[89581]: DEBUG neutron.plugins.ml2.plugin [None req-8dd41c5b-aa02-46f8-ae89-73c4ab06c99b None None] Current status of the port 84d93919-cb4d-4518-bc33-60747522db3f is: ACTIVE; New status is: ACTIVE {{(pid=89581) _update_individual_port_db_status /opt/stack/neutron/neutron/plugins/ml2/plugin.py:2189}}
Jul 22 17:26:54.387278 dv-neutron-850039-2-hyperv neutron-server[89580]: DEBUG neutron.plugins.ml2.drivers.helpers [None req-0b340685-bf94-422b-9158-daa918d9b005 tempest-BulkNetworkOpsIpV6Test-1638633513 tempest-BulkNetworkOpsIpV6Test-1638633513-project] vlan segment allocate from pool success with {'physical_network': 'physnet1', 'vlan_id': 397} {{(pid=89580) allocate_partially_specified_segment /opt/stack/neutron/neutron/plugins/ml2/drivers/helpers.py:153}}
Jul 22 17:26:54.399242 dv-neutron-850039-2-hyperv neutron-server[89580]: DEBUG neutron_lib.callbacks.manager [None req-0b340685-bf94-422b-9158-daa918d9b005 tempest-BulkNetworkOpsIpV6Test-1638633513 tempest-BulkNetworkOpsIpV6Test-1638633513-project] Notify callbacks ['neutron.plugins.ml2.plugin.Ml2Plugin._handle_segment_change-1690763'] for segment, precommit_create {{(pid=89580) _notify_loop /usr/local/lib/python3.8/dist-packages/neutron_lib/callbacks/manager.py:192}}
Jul 22 17:26:54.400172 dv-neutron-850039-2-hyperv neutron-server[89580]: INFO neutron.db.segments_db [None req-0b340685-bf94-422b-9158-daa918d9b005 tempest-BulkNetworkOpsIpV6Test-1638633513 tempest-BulkNetworkOpsIpV6Test-1638633513-project] Added segment cd8966aa-adc5-458e-81a7-26ee5053acd6 of type vlan for network af1b4202-c71c-4b08-a364-5b79c9f83916
Jul 22 17:26:54.435268 dv-neutron-850039-2-hyperv neutron-server[89581]: DEBUG neutron.api.rpc.handlers.dhcp_rpc [None req-63caec9f-46b4-4eff-b806-78af7058b852 None None] Create dhcp port {'port': {'name': '', 'admin_state_up': True, 'device_id': 'dhcp64223ad9-7762-5ba2-b7d5-7033c9152037-78400934-c037-41f3-9f39-73ea529ff7a8', 'network_id': '78400934-c037-41f3-9f39-73ea529ff7a8', 'tenant_id': '4dd1d6e33d59419a8d3629922b29de33', 'fixed_ips': [{'subnet_id': 'f4a1e200-faa0-4c88-91c6-84977a2fde6f'}]}} from dv-neutron-850039-2-hyperv. {{(pid=89581) create_dhcp_port /opt/stack/neutron/neutron/api/rpc/handlers/dhcp_rpc.py:279}}
Jul 22 17:26:54.437041 dv-neutron-850039-2-hyperv neutron-server[89581]: DEBUG neutron_lib.callbacks.manager [None req-63caec9f-46b4-4eff-b806-78af7058b852 None None] Notify callbacks ['neutron.plugins.ml2.plugin.SecurityGroupDbMixin._ensure_default_security_group_handler-1460363'] for port, before_create {{(pid=89581) _notify_loop /usr/local/lib/python3.8/dist-packages/neutron_lib/callbacks/manager.py:192}}
Jul 22 17:26:54.437925 dv-neutron-850039-2-hyperv neutron-server[89580]: INFO neutron.wsgi [None req-a88c5203-3a54-4940-84ca-e718512f960a tempest-DHCPAgentSchedulersTestJSON-147820765 tempest-DHCPAgentSchedulersTestJSON-147820765-project] 10.222.0.59 "POST /v2.0/subnets HTTP/1.1" status: 201 len: 801 time: 3.1407080
Jul 22 17:26:54.439467 dv-neutron-850039-2-hyperv neutron-server[89580]: DEBUG neutron_lib.callbacks.manager [None req-17dea8e9-5e32-44e4-b26d-0c1e6720c08d tempest-ExternalNetworksTestJSON-1352347566 tempest-ExternalNetworksTestJSON-1352347566-project-admin] Notify callbacks ['neutron.plugins.ml2.ovo_rpc._ObjectChangeHandler.handle_event-572018', 'neutron.api.rpc.agentnotifiers.dhcp_rpc_agent_api.DhcpAgentNotifyAPI._native_event_send_dhcp_notification-732172'] for network, after_create {{(pid=89580) _notify_loop /usr/local/lib/python3.8/dist-packages/neutron_lib/callbacks/manager.py:192}}
Jul 22 17:26:54.441067 dv-neutron-850039-2-hyperv neutron-server[89580]: DEBUG neutron.pecan_wsgi.hooks.policy_enforcement [None req-17dea8e9-5e32-44e4-b26d-0c1e6720c08d tempest-ExternalNetworksTestJSON-1352347566 tempest-ExternalNetworksTestJSON-1352347566-project-admin] Attributes excluded by policy engine: ['standard_attr_id', 'vlan_transparent'] {{(pid=89580) _exclude_attributes_by_policy /opt/stack/neutron/neutron/pecan_wsgi/hooks/policy_enforcement.py:259}}
Jul 22 17:26:54.441713 dv-neutron-850039-2-hyperv neutron-server[89580]: DEBUG neutron_lib.callbacks.manager [None req-17dea8e9-5e32-44e4-b26d-0c1e6720c08d tempest-ExternalNetworksTestJSON-1352347566 tempest-ExternalNetworksTestJSON-1352347566-project-admin] Notify callbacks ['neutron.api.rpc.agentnotifiers.dhcp_rpc_agent_api.DhcpAgentNotifyAPI._send_dhcp_notification-732190'] for network, before_response {{(pid=89580) _notify_loop /usr/local/lib/python3.8/dist-packages/neutron_lib/callbacks/manager.py:192}}
Jul 22 17:26:54.451846 dv-neutron-850039-2-hyperv neutron-server[89580]: DEBUG neutron.wsgi [-] (89580) accepted ('10.222.0.59', 42904) {{(pid=89580) server /usr/local/lib/python3.8/dist-packages/eventlet/wsgi.py:992}}
Jul 22 17:26:54.481026 dv-neutron-850039-2-hyperv neutron-server[89580]: DEBUG neutron_lib.callbacks.manager [None req-ea87920c-c650-4aa5-8846-2a8e0c828499 admin admin] Notify callbacks [] for router, before_response {{(pid=89580) _notify_loop /usr/local/lib/python3.8/dist-packages/neutron_lib/callbacks/manager.py:192}}
Jul 22 17:26:54.482669 dv-neutron-850039-2-hyperv neutron-server[89580]: INFO neutron.wsgi [None req-ea87920c-c650-4aa5-8846-2a8e0c828499 admin admin] 10.222.0.59 "POST /v2.0/routers HTTP/1.1" status: 201 len: 918 time: 6.1921883
Jul 22 17:26:54.495227 dv-neutron-850039-2-hyperv neutron-server[89580]: DEBUG neutron.api.v2.base [None req-d4386e20-bf6d-4e1c-a905-f9e001042aab tempest-DHCPAgentSchedulersTestJSON-147820765 tempest-DHCPAgentSchedulersTestJSON-147820765-project] Request body: {'port': {'network_id': '78400934-c037-41f3-9f39-73ea529ff7a8', 'name': 'tempest-DHCPAgentSchedulersTestJSON-394406001'}} {{(pid=89580) prepare_request_body /opt/stack/neutron/neutron/api/v2/base.py:729}}
Jul 22 17:26:54.499869 dv-neutron-850039-2-hyperv neutron-server[89579]: DEBUG neutron.wsgi [-] (89579) accepted ('10.222.0.59', 42908) {{(pid=89579) server /usr/local/lib/python3.8/dist-packages/eventlet/wsgi.py:992}}
Jul 22 17:26:54.513351 dv-neutron-850039-2-hyperv neutron-server[89580]: DEBUG neutron_lib.callbacks.manager [None req-0b340685-bf94-422b-9158-daa918d9b005 tempest-BulkNetworkOpsIpV6Test-1638633513 tempest-BulkNetworkOpsIpV6Test-1638633513-project] Notify callbacks ['neutron.services.auto_allocate.db._ensure_external_network_default_value_callback-8769895523121'] for network, precommit_create {{(pid=89580) _notify_loop /usr/local/lib/python3.8/dist-packages/neutron_lib/callbacks/manager.py:192}}
Jul 22 17:26:54.637719 dv-neutron-850039-2-hyperv neutron-server[89581]: DEBUG neutron.db.db_base_plugin_common [None req-63caec9f-46b4-4eff-b806-78af7058b852 None None] Allocated IP 172.20.0.2 (78400934-c037-41f3-9f39-73ea529ff7a8/f4a1e200-faa0-4c88-91c6-84977a2fde6f/c62f527a-11fd-414d-8cbf-76ca20aa6502) {{(pid=89581) _store_ip_allocation /opt/stack/neutron/neutron/db/db_base_plugin_common.py:131}}
Jul 22 17:26:54.652591 dv-neutron-850039-2-hyperv neutron-server[89582]: DEBUG neutron.db.l3_dvr_db [None req-3dcc70f9-0c28-4d39-8f02-851c380ca4da None None] Set router 90f4cb50-a8db-463c-9316-ae51d99f24f9 gateway port host: dv-neutron-850039-2-hyperv {{(pid=89582) _build_routers_list /opt/stack/neutron/neutron/db/l3_dvr_db.py:875}}
Jul 22 17:26:54.784180 dv-neutron-850039-2-hyperv neutron-server[89580]: DEBUG neutron.api.rpc.handlers.resources_rpc [None req-17dea8e9-5e32-44e4-b26d-0c1e6720c08d tempest-ExternalNetworksTestJSON-1352347566 tempest-ExternalNetworksTestJSON-1352347566-project-admin] Pushing event updated for resources: {'Network': ['ID=effaed10-ec5a-4a6f-bb9e-e972eb733a47,revision_number=1']} {{(pid=89580) push /opt/stack/neutron/neutron/api/rpc/handlers/resources_rpc.py:237}}
Jul 22 17:26:54.796929 dv-neutron-850039-2-hyperv neutron-server[89579]: DEBUG neutron_lib.callbacks.manager [None req-66aa7141-63e6-48e3-9555-878079be5e9f tempest-RoutersTestDVR-948188272 tempest-RoutersTestDVR-948188272-project-admin] Notify callbacks ['neutron.services.l3_router.l3_router_plugin.DVRResourceOperationHandler._handle_distributed_migration-577092', 'neutron.services.l3_router.l3_router_plugin.L3_HA_NAT_db_mixin._validate_migration-575300', 'neutron.services.l3_router.service_providers.driver_controller.DriverController._update_router_provider-29268'] for router, precommit_update {{(pid=89579) _notify_loop /usr/local/lib/python3.8/dist-packages/neutron_lib/callbacks/manager.py:192}}
Jul 22 17:26:54.796929 dv-neutron-850039-2-hyperv neutron-server[89579]: DEBUG neutron_lib.callbacks.manager [None req-66aa7141-63e6-48e3-9555-878079be5e9f tempest-RoutersTestDVR-948188272 tempest-RoutersTestDVR-948188272-project-admin] Notify callbacks [] for router, before_update {{(pid=89579) _notify_loop /usr/local/lib/python3.8/dist-packages/neutron_lib/callbacks/manager.py:192}}
Jul 22 17:26:54.808000 dv-neutron-850039-2-hyperv neutron-server[89581]: DEBUG neutron.plugins.ml2.rpc [None req-8dd41c5b-aa02-46f8-ae89-73c4ab06c99b None None] Network effaed10-ec5a-4a6f-bb9e-e972eb733a47 details requested by agent ovs-agent-dv-neutron-850039-2-hyperv with host dv-neutron-850039-2-hyperv {{(pid=89581) get_network_details /opt/stack/neutron/neutron/plugins/ml2/rpc.py:232}}
Jul 22 17:26:54.847186 dv-neutron-850039-2-hyperv neutron-server[89580]: INFO neutron.wsgi [None req-17dea8e9-5e32-44e4-b26d-0c1e6720c08d tempest-ExternalNetworksTestJSON-1352347566 tempest-ExternalNetworksTestJSON-1352347566-project-admin] 10.222.0.59 "POST /v2.0/networks HTTP/1.1" status: 201 len: 862 time: 3.1300509
Jul 22 17:26:54.847186 dv-neutron-850039-2-hyperv neutron-server[89580]: DEBUG neutron.wsgi [-] (89580) accepted ('10.222.0.59', 42912) {{(pid=89580) server /usr/local/lib/python3.8/dist-packages/eventlet/wsgi.py:992}}
Jul 22 17:26:54.935251 dv-neutron-850039-2-hyperv neutron-server[89579]: DEBUG neutron_lib.db.resource_extend [None req-11d43240-bf8e-44ed-8dd4-c548425647fb tempest-ExternalNetworksAdminNegativeTestJSON-1701188199 tempest-ExternalNetworksAdminNegativeTestJSON-1701188199-project-admin] It took 0.16 seconds to run function 'neutron_lib.db.resource_extend.apply_funcs' {{(pid=89579) wrapper /usr/local/lib/python3.8/dist-packages/oslo_utils/timeutils.py:386}}
Jul 22 17:26:54.943053 dv-neutron-850039-2-hyperv neutron-server[89579]: DEBUG neutron_lib.callbacks.manager [None req-dcf2f5d9-be29-40a0-b477-8c416975e1d7 admin admin] Notify callbacks [] for router_gateway, after_create {{(pid=89579) _notify_loop /usr/local/lib/python3.8/dist-packages/neutron_lib/callbacks/manager.py:192}}
Jul 22 17:26:54.968648 dv-neutron-850039-2-hyperv neutron-server[89580]: DEBUG neutron_lib.callbacks.manager [None req-aefa96b5-bb22-4cce-a68d-70d06b5f356c tempest-ExternalNetworksTestJSON-1352347566 tempest-ExternalNetworksTestJSON-1352347566-project-admin] Notify callbacks ['neutron.plugins.ml2.plugin.External_net_db_mixin._before_network_delete_handler-1474776'] for network, before_delete {{(pid=89580) _notify_loop /usr/local/lib/python3.8/dist-packages/neutron_lib/callbacks/manager.py:192}}
Jul 22 17:26:54.978389 dv-neutron-850039-2-hyperv neutron-server[89580]: DEBUG neutron_lib.callbacks.manager [None req-0b340685-bf94-422b-9158-daa918d9b005 tempest-BulkNetworkOpsIpV6Test-1638633513 tempest-BulkNetworkOpsIpV6Test-1638633513-project] Notify callbacks ['neutron.plugins.ml2.ovo_rpc._ObjectChangeHandler.handle_event-572018', 'neutron.api.rpc.agentnotifiers.dhcp_rpc_agent_api.DhcpAgentNotifyAPI._native_event_send_dhcp_notification-732172'] for network, after_create {{(pid=89580) _notify_loop /usr/local/lib/python3.8/dist-packages/neutron_lib/callbacks/manager.py:192}}
Jul 22 17:26:54.978788 dv-neutron-850039-2-hyperv neutron-server[89580]: DEBUG neutron_lib.callbacks.manager [None req-0b340685-bf94-422b-9158-daa918d9b005 tempest-BulkNetworkOpsIpV6Test-1638633513 tempest-BulkNetworkOpsIpV6Test-1638633513-project] Notify callbacks ['neutron.plugins.ml2.ovo_rpc._ObjectChangeHandler.handle_event-572018', 'neutron.api.rpc.agentnotifiers.dhcp_rpc_agent_api.DhcpAgentNotifyAPI._native_event_send_dhcp_notification-732172'] for network, after_create {{(pid=89580) _notify_loop /usr/local/lib/python3.8/dist-packages/neutron_lib/callbacks/manager.py:192}}
Jul 22 17:26:54.984439 dv-neutron-850039-2-hyperv neutron-server[89580]: DEBUG neutron.pecan_wsgi.hooks.policy_enforcement [None req-0b340685-bf94-422b-9158-daa918d9b005 tempest-BulkNetworkOpsIpV6Test-1638633513 tempest-BulkNetworkOpsIpV6Test-1638633513-project] Attributes excluded by policy engine: ['standard_attr_id', 'provider:network_type', 'provider:physical_network', 'provider:segmentation_id', 'vlan_transparent'] {{(pid=89580) _exclude_attributes_by_policy /opt/stack/neutron/neutron/pecan_wsgi/hooks/policy_enforcement.py:259}}
Jul 22 17:26:54.989255 dv-neutron-850039-2-hyperv neutron-server[89580]: DEBUG neutron.pecan_wsgi.hooks.policy_enforcement [None req-0b340685-bf94-422b-9158-daa918d9b005 tempest-BulkNetworkOpsIpV6Test-1638633513 tempest-BulkNetworkOpsIpV6Test-1638633513-project] Attributes excluded by policy engine: ['standard_attr_id', 'provider:network_type', 'provider:physical_network', 'provider:segmentation_id', 'vlan_transparent'] {{(pid=89580) _exclude_attributes_by_policy /opt/stack/neutron/neutron/pecan_wsgi/hooks/policy_enforcement.py:259}}
Jul 22 17:26:54.989947 dv-neutron-850039-2-hyperv neutron-server[89580]: DEBUG neutron_lib.callbacks.manager [None req-0b340685-bf94-422b-9158-daa918d9b005 tempest-BulkNetworkOpsIpV6Test-1638633513 tempest-BulkNetworkOpsIpV6Test-1638633513-project] Notify callbacks ['neutron.api.rpc.agentnotifiers.dhcp_rpc_agent_api.DhcpAgentNotifyAPI._send_dhcp_notification-732190'] for network, before_response {{(pid=89580) _notify_loop /usr/local/lib/python3.8/dist-packages/neutron_lib/callbacks/manager.py:192}}
Jul 22 17:26:54.992668 dv-neutron-850039-2-hyperv neutron-server[89581]: DEBUG neutron_lib.callbacks.manager [None req-63caec9f-46b4-4eff-b806-78af7058b852 None None] Notify callbacks [] for port, precommit_create {{(pid=89581) _notify_loop /usr/local/lib/python3.8/dist-packages/neutron_lib/callbacks/manager.py:192}}
Jul 22 17:26:55.005480 dv-neutron-850039-2-hyperv neutron-server[89581]: DEBUG neutron.db.provisioning_blocks [None req-63caec9f-46b4-4eff-b806-78af7058b852 None None] Transition to ACTIVE for port object c62f527a-11fd-414d-8cbf-76ca20aa6502 will not be triggered until provisioned by entity L2. {{(pid=89581) add_provisioning_component /opt/stack/neutron/neutron/db/provisioning_blocks.py:73}}
Jul 22 17:26:55.012488 dv-neutron-850039-2-hyperv neutron-server[89579]: DEBUG neutron_lib.callbacks.manager [None req-11d43240-bf8e-44ed-8dd4-c548425647fb tempest-ExternalNetworksAdminNegativeTestJSON-1701188199 tempest-ExternalNetworksAdminNegativeTestJSON-1701188199-project-admin] Notify callbacks [] for port, precommit_update {{(pid=89579) _notify_loop /usr/local/lib/python3.8/dist-packages/neutron_lib/callbacks/manager.py:192}}
Jul 22 17:26:55.027452 dv-neutron-850039-2-hyperv neutron-server[89581]: DEBUG neutron.db.provisioning_blocks [None req-63caec9f-46b4-4eff-b806-78af7058b852 None None] Transition to ACTIVE for port object c62f527a-11fd-414d-8cbf-76ca20aa6502 will not be triggered until provisioned by entity DHCP. {{(pid=89581) add_provisioning_component /opt/stack/neutron/neutron/db/provisioning_blocks.py:73}}
Jul 22 17:26:55.030190 dv-neutron-850039-2-hyperv neutron-server[89580]: DEBUG neutron.db.quota.driver [None req-d4386e20-bf6d-4e1c-a905-f9e001042aab tempest-DHCPAgentSchedulersTestJSON-147820765 tempest-DHCPAgentSchedulersTestJSON-147820765-project] Resources subnetpool have unlimited quota limit. It is not required to calculate headroom {{(pid=89580) make_reservation /opt/stack/neutron/neutron/db/quota/driver.py:219}}
Jul 22 17:26:55.092542 dv-neutron-850039-2-hyperv neutron-server[89580]: DEBUG neutron_lib.callbacks.manager [None req-c867e01a-d3aa-4f6d-aeae-7fe3a98518ce admin admin] Notify callbacks [] for security_group, precommit_create {{(pid=89580) _notify_loop /usr/local/lib/python3.8/dist-packages/neutron_lib/callbacks/manager.py:192}}
Jul 22 17:26:55.094281 dv-neutron-850039-2-hyperv neutron-server[89582]: DEBUG neutron.db.l3_hamode_db [None req-3dcc70f9-0c28-4d39-8f02-851c380ca4da None None] neutron.services.l3_router.l3_router_plugin.L3RouterPlugin method _process_sync_ha_data called with arguments (, [{'id': '90f4cb50-a8db-463c-9316-ae51d99f24f9', 'name': 'tempest-ServersTestJSON-1522482443-router', 'tenant_id': '23f50fc13c5340029d1ec46df95b3c9d', 'admin_state_up': True, 'status': 'ACTIVE', 'external_gateway_info': {'network_id': '12bd1738-99c3-4e1b-8777-3fb8e9f2895a', 'external_fixed_ips': [{'subnet_id': '9a18e4b9-0619-468e-977e-79800e5b5aed', 'ip_address': '172.26.2.220'}], 'enable_snat': True}, 'gw_port_id': 'f2891060-c710-45e6-a6f2-33601463bc79', 'description': '', 'availability_zones': ['nova'], 'distributed': False, 'ha': False, 'ha_vr_id': 0, 'availability_zone_hints': [], 'routes': [], 'flavor_id': None, 'tags': [], 'created_at': '2022-07-22T17:26:48Z', 'updated_at': '2022-07-22T17:26:51Z', 'revision_number': 3, 'project_id': '23f50fc13c5340029d1ec46df95b3c9d', 'gw_port': {'id': 'f2891060-c710-45e6-a6f2-33601463bc79', 'name': '', 'network_id': '12bd1738-99c3-4e1b-8777-3fb8e9f2895a', 'tenant_id': '', 'mac_address': 'fa:16:3e:22:18:01', 'admin_state_up': True, 'status': 'DOWN', 'device_id': '90f4cb50-a8db-463c-9316-ae51d99f24f9', 'device_owner': 'network:router_gateway', 'standard_attr_id': 57, 'fixed_ips': [{'subnet_id': '9a18e4b9-0619-468e-977e-79800e5b5aed', 'ip_address': '172.26.2.220', 'prefixlen': 24}], 'allowed_address_pairs': [], 'extra_dhcp_opts': [], 'security_groups': [], 'description': '', 'binding:vnic_type': 'normal', 'binding:profile': {}, 'binding:host_id': '', 'binding:vif_type': 'unbound', 'binding:vif_details': {}, 'port_security_enabled': False, 'tags': [], 'created_at': '2022-07-22T17:26:49Z', 'updated_at': '2022-07-22T17:26:50Z', 'revision_number': 1, 'project_id': '', 'subnets': [{'id': '9a18e4b9-0619-468e-977e-79800e5b5aed', 'cidr': '172.26.2.0/24', 'gateway_ip': '172.26.2.1', 'dns_nameservers': [], 'ipv6_ra_mode': None, 'subnetpool_id': None}], 'extra_subnets': [], 'address_scopes': {4: None, 6: None}, 'mtu': 1500}, 'enable_snat': True, 'gw_port_host': 'dv-neutron-850039-2-hyperv'}], 'dv-neutron-850039-2-hyperv', False) {} {{(pid=89582) wrapper /usr/local/lib/python3.8/dist-packages/oslo_log/helpers.py:65}}
Jul 22 17:26:55.099217 dv-neutron-850039-2-hyperv neutron-server[89582]: DEBUG neutron.api.rpc.handlers.l3_rpc [None req-3dcc70f9-0c28-4d39-8f02-851c380ca4da None None] Checking router: 90f4cb50-a8db-463c-9316-ae51d99f24f9 for host: dv-neutron-850039-2-hyperv {{(pid=89582) _ensure_host_set_on_ports /opt/stack/neutron/neutron/api/rpc/handlers/l3_rpc.py:155}}
Jul 22 17:26:55.099758 dv-neutron-850039-2-hyperv neutron-server[89582]: DEBUG neutron.api.rpc.handlers.l3_rpc [None req-3dcc70f9-0c28-4d39-8f02-851c380ca4da None None] Updating router 90f4cb50-a8db-463c-9316-ae51d99f24f9 port f2891060-c710-45e6-a6f2-33601463bc79 binding host dv-neutron-850039-2-hyperv {{(pid=89582) _ensure_host_set_on_port /opt/stack/neutron/neutron/api/rpc/handlers/l3_rpc.py:205}}
Jul 22 17:26:55.104921 dv-neutron-850039-2-hyperv neutron-server[89580]: DEBUG neutron.quota.resource [None req-d4386e20-bf6d-4e1c-a905-f9e001042aab tempest-DHCPAgentSchedulersTestJSON-147820765 tempest-DHCPAgentSchedulersTestJSON-147820765-project] Usage tracker for resource:port and tenant:4dd1d6e33d59419a8d3629922b29de33 is out of sync, need to count used quota {{(pid=89580) count_used /opt/stack/neutron/neutron/quota/resource.py:270}}
Jul 22 17:26:55.119212 dv-neutron-850039-2-hyperv neutron-server[89579]: DEBUG neutron.services.l3_router.service_providers.driver_controller [None req-66aa7141-63e6-48e3-9555-878079be5e9f tempest-RoutersTestDVR-948188272 tempest-RoutersTestDVR-948188272-project-admin] Get a provider driver handle based on the ha flag: False and distributed flag: True {{(pid=89579) _update_router_provider /opt/stack/neutron/neutron/services/l3_router/service_providers/driver_controller.py:155}}
Jul 22 17:26:55.119541 dv-neutron-850039-2-hyperv neutron-server[89579]: DEBUG neutron.services.l3_router.service_providers.driver_controller [None req-66aa7141-63e6-48e3-9555-878079be5e9f tempest-RoutersTestDVR-948188272 tempest-RoutersTestDVR-948188272-project-admin] Router 774b0e49-7c73-4c16-ac79-ff51f4b5cc67 migrating from provider to provider. {{(pid=89579) _update_router_provider /opt/stack/neutron/neutron/services/l3_router/service_providers/driver_controller.py:162}}
Jul 22 17:26:55.119931 dv-neutron-850039-2-hyperv neutron-server[89579]: DEBUG neutron_lib.callbacks.manager [None req-66aa7141-63e6-48e3-9555-878079be5e9f tempest-RoutersTestDVR-948188272 tempest-RoutersTestDVR-948188272-project-admin] Notify callbacks [] for router_controller, precommit_delete_associations {{(pid=89579) _notify_loop /usr/local/lib/python3.8/dist-packages/neutron_lib/callbacks/manager.py:192}}
Jul 22 17:26:55.123224 dv-neutron-850039-2-hyperv neutron-server[89579]: DEBUG neutron_lib.callbacks.manager [None req-11d43240-bf8e-44ed-8dd4-c548425647fb tempest-ExternalNetworksAdminNegativeTestJSON-1701188199 tempest-ExternalNetworksAdminNegativeTestJSON-1701188199-project-admin] Notify callbacks ['neutron.plugins.ml2.plugin.SecurityGroupServerNotifierRpcMixin.notify_sg_on_port_change-1460300', 'neutron.plugins.ml2.ovo_rpc._ObjectChangeHandler.handle_event-129022', 'neutron.api.rpc.agentnotifiers.dhcp_rpc_agent_api.DhcpAgentNotifyAPI._native_event_send_dhcp_notification-732172', 'neutron.db.l3_db.L3RpcNotifierMixin._notify_gateway_port_ip_changed-8769896028025', 'neutron.db.l3_dvrscheduler_db._notify_l3_agent_port_update-8769895503297', 'neutron.db.l3_hascheduler_db._notify_l3_agent_ha_port_update-8769895503342'] for port, after_update {{(pid=89579) _notify_loop /usr/local/lib/python3.8/dist-packages/neutron_lib/callbacks/manager.py:192}}
Jul 22 17:26:55.123335 dv-neutron-850039-2-hyperv neutron-server[89580]: DEBUG neutron.quota.resource [None req-d4386e20-bf6d-4e1c-a905-f9e001042aab tempest-DHCPAgentSchedulersTestJSON-147820765 tempest-DHCPAgentSchedulersTestJSON-147820765-project] Quota usage for port was recalculated. Used quota:0. {{(pid=89580) count_used /opt/stack/neutron/neutron/quota/resource.py:290}}
Jul 22 17:26:55.134561 dv-neutron-850039-2-hyperv neutron-server[89580]: DEBUG neutron.db.quota.driver [None req-d4386e20-bf6d-4e1c-a905-f9e001042aab tempest-DHCPAgentSchedulersTestJSON-147820765 tempest-DHCPAgentSchedulersTestJSON-147820765-project] Attempting to reserve 1 items for resource port. Total usage: 0; quota limit: 500; headroom:500 {{(pid=89580) make_reservation /opt/stack/neutron/neutron/db/quota/driver.py:246}}
Jul 22 17:26:55.139607 dv-neutron-850039-2-hyperv neutron-server[89581]: DEBUG neutron_lib.callbacks.manager [None req-63caec9f-46b4-4eff-b806-78af7058b852 None None] Notify callbacks ['neutron.plugins.ml2.plugin.SecurityGroupServerNotifierRpcMixin.notify_sg_on_port_change-1460300', 'neutron.plugins.ml2.ovo_rpc._ObjectChangeHandler.handle_event-129022', 'neutron.api.rpc.agentnotifiers.dhcp_rpc_agent_api.DhcpAgentNotifyAPI._native_event_send_dhcp_notification-732172', 'neutron.db.l3_dvrscheduler_db._notify_l3_agent_new_port-8769895503279'] for port, after_create {{(pid=89581) _notify_loop /usr/local/lib/python3.8/dist-packages/neutron_lib/callbacks/manager.py:192}}
Jul 22 17:26:55.166109 dv-neutron-850039-2-hyperv neutron-server[89580]: DEBUG neutron.api.rpc.handlers.resources_rpc [None req-0b340685-bf94-422b-9158-daa918d9b005 tempest-BulkNetworkOpsIpV6Test-1638633513 tempest-BulkNetworkOpsIpV6Test-1638633513-project] Pushing event updated for resources: {'Network': ['ID=7bb8a029-7693-4e31-922b-4dece11a12aa,revision_number=1']} {{(pid=89580) push /opt/stack/neutron/neutron/api/rpc/handlers/resources_rpc.py:237}}
Jul 22 17:26:55.176145 dv-neutron-850039-2-hyperv neutron-server[89580]: INFO neutron.wsgi [None req-0b340685-bf94-422b-9158-daa918d9b005 tempest-BulkNetworkOpsIpV6Test-1638633513 tempest-BulkNetworkOpsIpV6Test-1638633513-project] 10.222.0.59 "POST /v2.0/networks HTTP/1.1" status: 201 len: 1320 time: 2.4879568
Jul 22 17:26:55.176884 dv-neutron-850039-2-hyperv neutron-server[89582]: DEBUG neutron_lib.callbacks.manager [None req-3dcc70f9-0c28-4d39-8f02-851c380ca4da None None] Notify callbacks ['neutron.plugins.ml2.plugin.SecurityGroupDbMixin._ensure_default_security_group_handler-1460363'] for port, before_update {{(pid=89582) _notify_loop /usr/local/lib/python3.8/dist-packages/neutron_lib/callbacks/manager.py:192}}
Jul 22 17:26:55.177429 dv-neutron-850039-2-hyperv neutron-server[89580]: DEBUG neutron_lib.callbacks.manager [None req-c867e01a-d3aa-4f6d-aeae-7fe3a98518ce admin admin] Notify callbacks ['neutron.plugins.ml2.ovo_rpc._ObjectChangeHandler.handle_event-572067'] for security_group, after_create {{(pid=89580) _notify_loop /usr/local/lib/python3.8/dist-packages/neutron_lib/callbacks/manager.py:192}}
Jul 22 17:26:55.181114 dv-neutron-850039-2-hyperv neutron-server[89579]: DEBUG neutron_lib.callbacks.manager [None req-66aa7141-63e6-48e3-9555-878079be5e9f tempest-RoutersTestDVR-948188272 tempest-RoutersTestDVR-948188272-project-admin] Notify callbacks [] for router_controller, precommit_add_association {{(pid=89579) _notify_loop /usr/local/lib/python3.8/dist-packages/neutron_lib/callbacks/manager.py:192}}
Jul 22 17:26:55.187627 dv-neutron-850039-2-hyperv neutron-server[89579]: DEBUG neutron.wsgi [-] (89579) accepted ('10.222.0.59', 42916) {{(pid=89579) server /usr/local/lib/python3.8/dist-packages/eventlet/wsgi.py:992}}
Jul 22 17:26:55.205112 dv-neutron-850039-2-hyperv neutron-server[89581]: DEBUG neutron.plugins.ml2.rpc [None req-8dd41c5b-aa02-46f8-ae89-73c4ab06c99b None None] Network 7bb8a029-7693-4e31-922b-4dece11a12aa details requested by agent ovs-agent-dv-neutron-850039-2-hyperv with host dv-neutron-850039-2-hyperv {{(pid=89581) get_network_details /opt/stack/neutron/neutron/plugins/ml2/rpc.py:232}}
Jul 22 17:26:55.214326 dv-neutron-850039-2-hyperv neutron-server[89579]: DEBUG neutron_lib.callbacks.manager [None req-11d43240-bf8e-44ed-8dd4-c548425647fb tempest-ExternalNetworksAdminNegativeTestJSON-1701188199 tempest-ExternalNetworksAdminNegativeTestJSON-1701188199-project-admin] Notify callbacks ['neutron.services.l3_router.l3_router_plugin.DVRResourceOperationHandler._create_dvr_floating_gw_port-575476'] for floatingip, after_update {{(pid=89579) _notify_loop /usr/local/lib/python3.8/dist-packages/neutron_lib/callbacks/manager.py:192}}
Jul 22 17:26:55.317138 dv-neutron-850039-2-hyperv neutron-server[89581]: DEBUG neutron.scheduler.dhcp_agent_scheduler [None req-63caec9f-46b4-4eff-b806-78af7058b852 None None] Network 78400934-c037-41f3-9f39-73ea529ff7a8 is already hosted by enough agents. {{(pid=89581) _get_dhcp_agents_hosting_network /opt/stack/neutron/neutron/scheduler/dhcp_agent_scheduler.py:275}}
Jul 22 17:26:55.324006 dv-neutron-850039-2-hyperv neutron-server[89581]: DEBUG neutron.scheduler.base_scheduler [None req-63caec9f-46b4-4eff-b806-78af7058b852 None None] Resources bound (agent type, host, resource id): {{(pid=89581) schedule /opt/stack/neutron/neutron/scheduler/base_scheduler.py:57}}
Jul 22 17:26:55.338716 dv-neutron-850039-2-hyperv neutron-server[89581]: DEBUG neutron.db.l3_dvrscheduler_db [None req-63caec9f-46b4-4eff-b806-78af7058b852 None None] Received port after_create {{(pid=89581) _notify_l3_agent_new_port /opt/stack/neutron/neutron/db/l3_dvrscheduler_db.py:538}}
Jul 22 17:26:55.352915 dv-neutron-850039-2-hyperv neutron-server[89581]: DEBUG neutron.api.rpc.handlers.resources_rpc [None req-63caec9f-46b4-4eff-b806-78af7058b852 None None] Pushing event updated for resources: {'Port': ['ID=c62f527a-11fd-414d-8cbf-76ca20aa6502,revision_number=1']} {{(pid=89581) push /opt/stack/neutron/neutron/api/rpc/handlers/resources_rpc.py:237}}
Jul 22 17:26:55.394943 dv-neutron-850039-2-hyperv neutron-server[89579]: DEBUG neutron_lib.callbacks.manager [None req-66aa7141-63e6-48e3-9555-878079be5e9f tempest-RoutersTestDVR-948188272 tempest-RoutersTestDVR-948188272-project-admin] Notify callbacks ['neutron.services.l3_router.l3_router_plugin.DVRResourceOperationHandler._create_snat_interfaces_after_change-577059', 'neutron.services.l3_router.l3_router_plugin.DVRResourceOperationHandler._delete_distributed_port_bindings_after_change-577101', 'neutron.services.l3_router.l3_router_plugin.DVRResourceOperationHandler._delete_snat_interfaces_after_change-577114', 'neutron.services.l3_router.l3_router_plugin.L3_HA_NAT_db_mixin._reconfigure_ha_resources-575365'] for router, after_update {{(pid=89579) _notify_loop /usr/local/lib/python3.8/dist-packages/neutron_lib/callbacks/manager.py:192}}
Jul 22 17:26:55.420849 dv-neutron-850039-2-hyperv neutron-server[89580]: DEBUG neutron.pecan_wsgi.hooks.quota_enforcement [None req-d4386e20-bf6d-4e1c-a905-f9e001042aab tempest-DHCPAgentSchedulersTestJSON-147820765 tempest-DHCPAgentSchedulersTestJSON-147820765-project] Made reservation on behalf of 4dd1d6e33d59419a8d3629922b29de33 for: {'port': 1} {{(pid=89580) before /opt/stack/neutron/neutron/pecan_wsgi/hooks/quota_enforcement.py:53}}
Jul 22 17:26:55.424285 dv-neutron-850039-2-hyperv neutron-server[89580]: DEBUG neutron_lib.callbacks.manager [None req-d4386e20-bf6d-4e1c-a905-f9e001042aab tempest-DHCPAgentSchedulersTestJSON-147820765 tempest-DHCPAgentSchedulersTestJSON-147820765-project] Notify callbacks ['neutron.plugins.ml2.plugin.SecurityGroupDbMixin._ensure_default_security_group_handler-1460363'] for port, before_create {{(pid=89580) _notify_loop /usr/local/lib/python3.8/dist-packages/neutron_lib/callbacks/manager.py:192}}
Jul 22 17:26:55.473564 dv-neutron-850039-2-hyperv neutron-server[89580]: DEBUG neutron.api.rpc.handlers.resources_rpc [None req-c867e01a-d3aa-4f6d-aeae-7fe3a98518ce admin admin] Pushing event updated for resources: {'SecurityGroup': ['ID=437f970f-667f-48ec-aaea-95f8779ca056,revision_number=1']} {{(pid=89580) push /opt/stack/neutron/neutron/api/rpc/handlers/resources_rpc.py:237}}
Jul 22 17:26:55.484176 dv-neutron-850039-2-hyperv neutron-server[89580]: INFO neutron.wsgi [None req-c867e01a-d3aa-4f6d-aeae-7fe3a98518ce admin admin] 10.222.0.59 "GET /v2.0/security-groups?tenant_id=4fb9dd0a36bd454a8dbfe1e34c87d7a9&name=default HTTP/1.1" status: 200 len: 2975 time: 1.7251024
Jul 22 17:26:55.494029 dv-neutron-850039-2-hyperv neutron-server[89580]: DEBUG neutron.wsgi [-] (89580) accepted ('10.222.0.59', 42920) {{(pid=89580) server /usr/local/lib/python3.8/dist-packages/eventlet/wsgi.py:992}}
Jul 22 17:26:55.495641 dv-neutron-850039-2-hyperv neutron-server[89580]: DEBUG neutron_lib.callbacks.manager [None req-aefa96b5-bb22-4cce-a68d-70d06b5f356c tempest-ExternalNetworksTestJSON-1352347566 tempest-ExternalNetworksTestJSON-1352347566-project-admin] Notify callbacks ['neutron.plugins.ml2.plugin.Ml2Plugin._network_delete_precommit_handler-1701396', 'neutron.services.segments.db._delete_segments_for_network-8769895874169'] for network, precommit_delete {{(pid=89580) _notify_loop /usr/local/lib/python3.8/dist-packages/neutron_lib/callbacks/manager.py:192}}
Jul 22 17:26:55.504230 dv-neutron-850039-2-hyperv neutron-server[89579]: DEBUG neutron.api.rpc.handlers.resources_rpc [None req-11d43240-bf8e-44ed-8dd4-c548425647fb tempest-ExternalNetworksAdminNegativeTestJSON-1701188199 tempest-ExternalNetworksAdminNegativeTestJSON-1701188199-project-admin] Pushing event updated for resources: {'Port': ['ID=8965a0c5-343e-4174-9e7a-8b1b2d2f5ebf,revision_number=2']} {{(pid=89579) push /opt/stack/neutron/neutron/api/rpc/handlers/resources_rpc.py:237}}
Jul 22 17:26:55.510523 dv-neutron-850039-2-hyperv neutron-server[89580]: DEBUG neutron.api.rpc.handlers.resources_rpc [None req-0b340685-bf94-422b-9158-daa918d9b005 tempest-BulkNetworkOpsIpV6Test-1638633513 tempest-BulkNetworkOpsIpV6Test-1638633513-project] Pushing event updated for resources: {'Network': ['ID=af1b4202-c71c-4b08-a364-5b79c9f83916,revision_number=1']} {{(pid=89580) push /opt/stack/neutron/neutron/api/rpc/handlers/resources_rpc.py:237}}
Jul 22 17:26:55.524239 dv-neutron-850039-2-hyperv neutron-server[89580]: DEBUG neutron.notifiers.nova [None req-d4386e20-bf6d-4e1c-a905-f9e001042aab tempest-DHCPAgentSchedulersTestJSON-147820765 tempest-DHCPAgentSchedulersTestJSON-147820765-project] device_id is not set on port 552111dc-58f6-4169-82c1-d5e6a08c0cfe yet. {{(pid=89580) _can_notify /opt/stack/neutron/neutron/notifiers/nova.py:199}}
Jul 22 17:26:55.531085 dv-neutron-850039-2-hyperv neutron-server[89581]: DEBUG neutron.plugins.ml2.managers [None req-63caec9f-46b4-4eff-b806-78af7058b852 None None] Attempting to bind port c62f527a-11fd-414d-8cbf-76ca20aa6502 on host dv-neutron-850039-2-hyperv for vnic_type normal with profile {{(pid=89581) bind_port /opt/stack/neutron/neutron/plugins/ml2/managers.py:806}}
Jul 22 17:26:55.531461 dv-neutron-850039-2-hyperv neutron-server[89581]: DEBUG neutron.plugins.ml2.managers [None req-63caec9f-46b4-4eff-b806-78af7058b852 None None] Attempting to bind port c62f527a-11fd-414d-8cbf-76ca20aa6502 by drivers openvswitch,hyperv on host dv-neutron-850039-2-hyperv at level 0 using segments [{'id': 'be8721a8-9a7d-4586-9caa-6f3ff1064fc1', 'network_type': 'vlan', 'physical_network': 'physnet1', 'segmentation_id': 381, 'network_id': '78400934-c037-41f3-9f39-73ea529ff7a8'}] {{(pid=89581) _bind_port_level /opt/stack/neutron/neutron/plugins/ml2/managers.py:831}}
Jul 22 17:26:55.532012 dv-neutron-850039-2-hyperv neutron-server[89581]: DEBUG neutron.plugins.ml2.drivers.mech_agent [None req-63caec9f-46b4-4eff-b806-78af7058b852 None None] Attempting to bind port c62f527a-11fd-414d-8cbf-76ca20aa6502 on network 78400934-c037-41f3-9f39-73ea529ff7a8 {{(pid=89581) bind_port /opt/stack/neutron/neutron/plugins/ml2/drivers/mech_agent.py:86}}
Jul 22 17:26:55.534526 dv-neutron-850039-2-hyperv neutron-server[89581]: DEBUG neutron.plugins.ml2.rpc [None req-8dd41c5b-aa02-46f8-ae89-73c4ab06c99b None None] Network af1b4202-c71c-4b08-a364-5b79c9f83916 details requested by agent ovs-agent-dv-neutron-850039-2-hyperv with host dv-neutron-850039-2-hyperv {{(pid=89581) get_network_details /opt/stack/neutron/neutron/plugins/ml2/rpc.py:232}}
Jul 22 17:26:55.586366 dv-neutron-850039-2-hyperv neutron-server[89579]: DEBUG neutron_lib.callbacks.manager [None req-11d43240-bf8e-44ed-8dd4-c548425647fb tempest-ExternalNetworksAdminNegativeTestJSON-1701188199 tempest-ExternalNetworksAdminNegativeTestJSON-1701188199-project-admin] Notify callbacks ['neutron.notifiers.nova.Notifier._send_nova_notification-1000687'] for floatingip, before_response {{(pid=89579) _notify_loop /usr/local/lib/python3.8/dist-packages/neutron_lib/callbacks/manager.py:192}}
