Jul 13 15:39:41.246594 dv-neutron-849122-5-hyperv devstack@n-api.service[131465]: DEBUG oslo_concurrency.lockutils [None req-541636e1-2f35-42df-b6ff-70d5f8abaf83 tempest-ServersTestManualDisk-475381869 tempest-ServersTestManualDisk-475381869-project] Lock "3f0d8e83-1c54-489a-b8a3-1f4b55221ecd" acquired by "nova.context.set_target_cell..get_or_set_cached_cell_and_set_connections" :: waited 0.000s {{(pid=131465) inner /usr/local/lib/python3.8/dist-packages/oslo_concurrency/lockutils.py:386}}
Jul 13 15:39:41.247271 dv-neutron-849122-5-hyperv devstack@n-api.service[131465]: DEBUG oslo_concurrency.lockutils [None req-541636e1-2f35-42df-b6ff-70d5f8abaf83 tempest-ServersTestManualDisk-475381869 tempest-ServersTestManualDisk-475381869-project] Lock "3f0d8e83-1c54-489a-b8a3-1f4b55221ecd" "released" by "nova.context.set_target_cell..get_or_set_cached_cell_and_set_connections" :: held 0.001s {{(pid=131465) inner /usr/local/lib/python3.8/dist-packages/oslo_concurrency/lockutils.py:400}}
Jul 13 15:39:41.271193 dv-neutron-849122-5-hyperv devstack@n-api.service[131464]: DEBUG nova.api.openstack.wsgi [None req-09b40e3c-8815-4685-9133-6294e21f016b tempest-ServerActionsTestJSON-713368660 tempest-ServerActionsTestJSON-713368660-project] Calling method '>' {{(pid=131464) _process_stack /opt/stack/nova/nova/api/openstack/wsgi.py:513}}
Jul 13 15:39:41.272278 dv-neutron-849122-5-hyperv devstack@n-api.service[131464]: DEBUG nova.compute.api [None req-09b40e3c-8815-4685-9133-6294e21f016b tempest-ServerActionsTestJSON-713368660 tempest-ServerActionsTestJSON-713368660-project] [instance: a56ebf2c-acfd-4f7a-8b3c-04731b36eb82] Fetching instance by UUID {{(pid=131464) get /opt/stack/nova/nova/compute/api.py:2920}}
Jul 13 15:39:41.282169 dv-neutron-849122-5-hyperv devstack@n-api.service[131464]: DEBUG oslo_concurrency.lockutils [None req-09b40e3c-8815-4685-9133-6294e21f016b tempest-ServerActionsTestJSON-713368660 tempest-ServerActionsTestJSON-713368660-project] Lock "3f0d8e83-1c54-489a-b8a3-1f4b55221ecd" acquired by "nova.context.set_target_cell..get_or_set_cached_cell_and_set_connections" :: waited 0.000s {{(pid=131464) inner /usr/local/lib/python3.8/dist-packages/oslo_concurrency/lockutils.py:386}}
Jul 13 15:39:41.282852 dv-neutron-849122-5-hyperv devstack@n-api.service[131464]: DEBUG oslo_concurrency.lockutils [None req-09b40e3c-8815-4685-9133-6294e21f016b tempest-ServerActionsTestJSON-713368660 tempest-ServerActionsTestJSON-713368660-project] Lock "3f0d8e83-1c54-489a-b8a3-1f4b55221ecd" "released" by "nova.context.set_target_cell..get_or_set_cached_cell_and_set_connections" :: held 0.001s {{(pid=131464) inner /usr/local/lib/python3.8/dist-packages/oslo_concurrency/lockutils.py:400}}
Jul 13 15:39:41.285358 dv-neutron-849122-5-hyperv devstack@n-api.service[131464]: DEBUG oslo_concurrency.lockutils [None req-09b40e3c-8815-4685-9133-6294e21f016b tempest-ServerActionsTestJSON-713368660 tempest-ServerActionsTestJSON-713368660-project] Lock "3f0d8e83-1c54-489a-b8a3-1f4b55221ecd" acquired by "nova.context.set_target_cell..get_or_set_cached_cell_and_set_connections" :: waited 0.000s {{(pid=131464) inner /usr/local/lib/python3.8/dist-packages/oslo_concurrency/lockutils.py:386}}
Jul 13 15:39:41.285358 dv-neutron-849122-5-hyperv devstack@n-api.service[131464]: DEBUG oslo_concurrency.lockutils [None req-09b40e3c-8815-4685-9133-6294e21f016b tempest-ServerActionsTestJSON-713368660 tempest-ServerActionsTestJSON-713368660-project] Lock "3f0d8e83-1c54-489a-b8a3-1f4b55221ecd" "released" by "nova.context.set_target_cell..get_or_set_cached_cell_and_set_connections" :: held 0.001s {{(pid=131464) inner /usr/local/lib/python3.8/dist-packages/oslo_concurrency/lockutils.py:400}}
Jul 13 15:39:41.953551 dv-neutron-849122-5-hyperv devstack@n-api.service[131464]: INFO nova.api.openstack.requestlog [None req-09b40e3c-8815-4685-9133-6294e21f016b tempest-ServerActionsTestJSON-713368660 tempest-ServerActionsTestJSON-713368660-project] 10.222.0.17 "GET /compute/v2.1/servers/a56ebf2c-acfd-4f7a-8b3c-04731b36eb82/os-interface" status: 200 len: 285 microversion: 2.1 time: 0.686032
Jul 13 15:39:41.954590 dv-neutron-849122-5-hyperv devstack@n-api.service[131464]: [pid: 131464|app: 0|req: 35/67] 10.222.0.17 () {58 vars in 1274 bytes} [Wed Jul 13 15:39:41 2022] GET /compute/v2.1/servers/a56ebf2c-acfd-4f7a-8b3c-04731b36eb82/os-interface => generated 285 bytes in 688 msecs (HTTP/1.1 200) 9 headers in 357 bytes (1 switches on core 0)
Jul 13 15:39:42.518813 dv-neutron-849122-5-hyperv devstack@n-api.service[131465]: DEBUG nova.policy [None req-541636e1-2f35-42df-b6ff-70d5f8abaf83 tempest-ServersTestManualDisk-475381869 tempest-ServersTestManualDisk-475381869-project] Policy check for os_compute_api:os-extended-server-attributes failed with credentials {'is_admin': False, 'user_id': 'aab501e4bff547af86ac5152a82d8a04', 'user_domain_id': 'default', 'system_scope': None, 'domain_id': None, 'project_id': 'b3d519f6cbc349c09d0860ab4a3d5847', 'project_domain_id': 'default', 'roles': ['member', 'reader'], 'is_admin_project': True, 'service_user_id': None, 'service_user_domain_id': None, 'service_project_id': None, 'service_project_domain_id': None, 'service_roles': []} {{(pid=131465) authorize /opt/stack/nova/nova/policy.py:199}}
Jul 13 15:39:42.532334 dv-neutron-849122-5-hyperv devstack@n-api.service[131465]: INFO nova.api.openstack.requestlog [None req-541636e1-2f35-42df-b6ff-70d5f8abaf83 tempest-ServersTestManualDisk-475381869 tempest-ServersTestManualDisk-475381869-project] 10.222.0.17 "GET /compute/v2.1/servers/89da4888-fb66-42ae-bf97-57a506e7f1f9" status: 200 len: 1589 microversion: 2.1 time: 1.341333
Jul 13 15:39:42.566191 dv-neutron-849122-5-hyperv devstack@n-api.service[131465]: [pid: 131465|app: 0|req: 33/68] 10.222.0.17 () {58 vars in 1235 bytes} [Wed Jul 13 15:39:41 2022] GET /compute/v2.1/servers/89da4888-fb66-42ae-bf97-57a506e7f1f9 => generated 1589 bytes in 1376 msecs (HTTP/1.1 200) 9 headers in 358 bytes (1 switches on core 0)
Jul 13 15:39:42.574856 dv-neutron-849122-5-hyperv devstack@n-api.service[131464]: DEBUG nova.api.openstack.wsgi [None req-fe3bd084-aa7c-43aa-bec9-b889074d9b84 tempest-ServersTestManualDisk-475381869 tempest-ServersTestManualDisk-475381869-project] Calling method '>' {{(pid=131464) _process_stack /opt/stack/nova/nova/api/openstack/wsgi.py:513}}
Jul 13 15:39:42.575876 dv-neutron-849122-5-hyperv devstack@n-api.service[131464]: DEBUG nova.compute.api [None req-fe3bd084-aa7c-43aa-bec9-b889074d9b84 tempest-ServersTestManualDisk-475381869 tempest-ServersTestManualDisk-475381869-project] [instance: 89da4888-fb66-42ae-bf97-57a506e7f1f9] Fetching instance by UUID {{(pid=131464) get /opt/stack/nova/nova/compute/api.py:2920}}
Jul 13 15:39:42.636416 dv-neutron-849122-5-hyperv devstack@n-api.service[131464]: DEBUG oslo_concurrency.lockutils [None req-fe3bd084-aa7c-43aa-bec9-b889074d9b84 tempest-ServersTestManualDisk-475381869 tempest-ServersTestManualDisk-475381869-project] Lock "3f0d8e83-1c54-489a-b8a3-1f4b55221ecd" acquired by "nova.context.set_target_cell..get_or_set_cached_cell_and_set_connections" :: waited 0.000s {{(pid=131464) inner /usr/local/lib/python3.8/dist-packages/oslo_concurrency/lockutils.py:386}}
Jul 13 15:39:42.637854 dv-neutron-849122-5-hyperv devstack@n-api.service[131464]: DEBUG oslo_concurrency.lockutils [None req-fe3bd084-aa7c-43aa-bec9-b889074d9b84 tempest-ServersTestManualDisk-475381869 tempest-ServersTestManualDisk-475381869-project] Lock "3f0d8e83-1c54-489a-b8a3-1f4b55221ecd" "released" by "nova.context.set_target_cell..get_or_set_cached_cell_and_set_connections" :: held 0.001s {{(pid=131464) inner /usr/local/lib/python3.8/dist-packages/oslo_concurrency/lockutils.py:400}}
Jul 13 15:39:42.671527 dv-neutron-849122-5-hyperv devstack@n-api.service[131464]: DEBUG oslo_concurrency.lockutils [None req-fe3bd084-aa7c-43aa-bec9-b889074d9b84 tempest-ServersTestManualDisk-475381869 tempest-ServersTestManualDisk-475381869-project] Lock "3f0d8e83-1c54-489a-b8a3-1f4b55221ecd" acquired by "nova.context.set_target_cell..get_or_set_cached_cell_and_set_connections" :: waited 0.000s {{(pid=131464) inner /usr/local/lib/python3.8/dist-packages/oslo_concurrency/lockutils.py:386}}
Jul 13 15:39:42.674792 dv-neutron-849122-5-hyperv devstack@n-api.service[131464]: DEBUG oslo_concurrency.lockutils [None req-fe3bd084-aa7c-43aa-bec9-b889074d9b84 tempest-ServersTestManualDisk-475381869 tempest-ServersTestManualDisk-475381869-project] Lock "3f0d8e83-1c54-489a-b8a3-1f4b55221ecd" "released" by "nova.context.set_target_cell..get_or_set_cached_cell_and_set_connections" :: held 0.016s {{(pid=131464) inner /usr/local/lib/python3.8/dist-packages/oslo_concurrency/lockutils.py:400}}
Jul 13 15:39:42.858992 dv-neutron-849122-5-hyperv devstack@n-api.service[131464]: INFO nova.api.openstack.requestlog [None req-fe3bd084-aa7c-43aa-bec9-b889074d9b84 tempest-ServersTestManualDisk-475381869 tempest-ServersTestManualDisk-475381869-project] 10.222.0.17 "GET /compute/v2.1/servers/89da4888-fb66-42ae-bf97-57a506e7f1f9/os-interface" status: 200 len: 284 microversion: 2.1 time: 0.293620
Jul 13 15:39:42.871345 dv-neutron-849122-5-hyperv devstack@n-api.service[131464]: [pid: 131464|app: 0|req: 36/69] 10.222.0.17 () {58 vars in 1274 bytes} [Wed Jul 13 15:39:42 2022] GET /compute/v2.1/servers/89da4888-fb66-42ae-bf97-57a506e7f1f9/os-interface => generated 284 bytes in 307 msecs (HTTP/1.1 200) 9 headers in 357 bytes (1 switches on core 0)
Jul 13 15:39:44.319104 dv-neutron-849122-5-hyperv devstack@n-api.service[131465]: DEBUG nova.api.openstack.wsgi [None req-b64f5865-885b-46ac-8963-3f5e836a05c5 tempest-ServersTestJSON-1774245535 tempest-ServersTestJSON-1774245535-project] Calling method '>' {{(pid=131465) _process_stack /opt/stack/nova/nova/api/openstack/wsgi.py:513}}
Jul 13 15:39:44.320926 dv-neutron-849122-5-hyperv devstack@n-api.service[131465]: DEBUG nova.compute.api [None req-b64f5865-885b-46ac-8963-3f5e836a05c5 tempest-ServersTestJSON-1774245535 tempest-ServersTestJSON-1774245535-project] [instance: 3e4c723c-da41-4364-8c5c-e6f1b9e726e3] Fetching instance by UUID {{(pid=131465) get /opt/stack/nova/nova/compute/api.py:2920}}
Jul 13 15:39:44.334327 dv-neutron-849122-5-hyperv devstack@n-api.service[131464]: DEBUG nova.api.openstack.wsgi [req-8bae92f6-42dd-492d-b544-76fb7a760239 req-2f2e5de9-c3c2-479f-accc-fb2a4e37624e service nova] Action: 'create', calling method: >, body: {"events": [{"name": "network-changed", "server_uuid": "3e4c723c-da41-4364-8c5c-e6f1b9e726e3", "tag": "18959a23-039e-4879-a05a-40cc52396277"}]} {{(pid=131464) _process_stack /opt/stack/nova/nova/api/openstack/wsgi.py:511}}
Jul 13 15:39:44.340050 dv-neutron-849122-5-hyperv devstack@n-api.service[131465]: DEBUG oslo_concurrency.lockutils [None req-b64f5865-885b-46ac-8963-3f5e836a05c5 tempest-ServersTestJSON-1774245535 tempest-ServersTestJSON-1774245535-project] Lock "3f0d8e83-1c54-489a-b8a3-1f4b55221ecd" acquired by "nova.context.set_target_cell..get_or_set_cached_cell_and_set_connections" :: waited 0.000s {{(pid=131465) inner /usr/local/lib/python3.8/dist-packages/oslo_concurrency/lockutils.py:386}}
Jul 13 15:39:44.342994 dv-neutron-849122-5-hyperv devstack@n-api.service[131465]: DEBUG oslo_concurrency.lockutils [None req-b64f5865-885b-46ac-8963-3f5e836a05c5 tempest-ServersTestJSON-1774245535 tempest-ServersTestJSON-1774245535-project] Lock "3f0d8e83-1c54-489a-b8a3-1f4b55221ecd" "released" by "nova.context.set_target_cell..get_or_set_cached_cell_and_set_connections" :: held 0.013s {{(pid=131465) inner /usr/local/lib/python3.8/dist-packages/oslo_concurrency/lockutils.py:400}}
Jul 13 15:39:44.346632 dv-neutron-849122-5-hyperv devstack@n-api.service[131465]: DEBUG oslo_concurrency.lockutils [None req-b64f5865-885b-46ac-8963-3f5e836a05c5 tempest-ServersTestJSON-1774245535 tempest-ServersTestJSON-1774245535-project] Lock "3f0d8e83-1c54-489a-b8a3-1f4b55221ecd" acquired by "nova.context.set_target_cell..get_or_set_cached_cell_and_set_connections" :: waited 0.000s {{(pid=131465) inner /usr/local/lib/python3.8/dist-packages/oslo_concurrency/lockutils.py:386}}
Jul 13 15:39:44.349006 dv-neutron-849122-5-hyperv devstack@n-api.service[131465]: DEBUG oslo_concurrency.lockutils [None req-b64f5865-885b-46ac-8963-3f5e836a05c5 tempest-ServersTestJSON-1774245535 tempest-ServersTestJSON-1774245535-project] Lock "3f0d8e83-1c54-489a-b8a3-1f4b55221ecd" "released" by "nova.context.set_target_cell..get_or_set_cached_cell_and_set_connections" :: held 0.003s {{(pid=131465) inner /usr/local/lib/python3.8/dist-packages/oslo_concurrency/lockutils.py:400}}
Jul 13 15:39:44.360122 dv-neutron-849122-5-hyperv devstack@n-api.service[131464]: DEBUG oslo_concurrency.lockutils [req-8bae92f6-42dd-492d-b544-76fb7a760239 req-2f2e5de9-c3c2-479f-accc-fb2a4e37624e service nova] Lock "3f0d8e83-1c54-489a-b8a3-1f4b55221ecd" acquired by "nova.context.set_target_cell..get_or_set_cached_cell_and_set_connections" :: waited 0.000s {{(pid=131464) inner /usr/local/lib/python3.8/dist-packages/oslo_concurrency/lockutils.py:386}}
Jul 13 15:39:44.364646 dv-neutron-849122-5-hyperv devstack@n-api.service[131464]: DEBUG oslo_concurrency.lockutils [req-8bae92f6-42dd-492d-b544-76fb7a760239 req-2f2e5de9-c3c2-479f-accc-fb2a4e37624e service nova] Lock "3f0d8e83-1c54-489a-b8a3-1f4b55221ecd" "released" by "nova.context.set_target_cell..get_or_set_cached_cell_and_set_connections" :: held 0.003s {{(pid=131464) inner /usr/local/lib/python3.8/dist-packages/oslo_concurrency/lockutils.py:400}}
Jul 13 15:39:44.395100 dv-neutron-849122-5-hyperv devstack@n-api.service[131464]: INFO nova.api.openstack.compute.server_external_events [req-8bae92f6-42dd-492d-b544-76fb7a760239 req-2f2e5de9-c3c2-479f-accc-fb2a4e37624e service nova] Creating event network-changed:18959a23-039e-4879-a05a-40cc52396277 for instance 3e4c723c-da41-4364-8c5c-e6f1b9e726e3 on hv-neutron-8491
Jul 13 15:39:44.405816 dv-neutron-849122-5-hyperv devstack@n-api.service[131464]: INFO nova.api.openstack.requestlog [req-8bae92f6-42dd-492d-b544-76fb7a760239 req-2f2e5de9-c3c2-479f-accc-fb2a4e37624e service nova] 10.222.0.17 "POST /compute/v2.1/os-server-external-events" status: 200 len: 179 microversion: 2.1 time: 0.075467
Jul 13 15:39:44.408638 dv-neutron-849122-5-hyperv devstack@n-api.service[131464]: [pid: 131464|app: 0|req: 37/70] 10.222.0.17 () {64 vars in 1317 bytes} [Wed Jul 13 15:39:44 2022] POST /compute/v2.1/os-server-external-events => generated 179 bytes in 79 msecs (HTTP/1.1 200) 9 headers in 357 bytes (1 switches on core 0)
Jul 13 15:39:45.468895 dv-neutron-849122-5-hyperv devstack@n-api.service[131465]: DEBUG nova.policy [None req-b64f5865-885b-46ac-8963-3f5e836a05c5 tempest-ServersTestJSON-1774245535 tempest-ServersTestJSON-1774245535-project] Policy check for os_compute_api:os-extended-server-attributes failed with credentials {'is_admin': False, 'user_id': '009b4c196e1d468bad5a79b69952bde6', 'user_domain_id': 'default', 'system_scope': None, 'domain_id': None, 'project_id': '19c0a44eb85f493cb027669c6da79a05', 'project_domain_id': 'default', 'roles': ['member', 'reader'], 'is_admin_project': True, 'service_user_id': None, 'service_user_domain_id': None, 'service_project_id': None, 'service_project_domain_id': None, 'service_roles': []} {{(pid=131465) authorize /opt/stack/nova/nova/policy.py:199}}
Jul 13 15:39:45.486183 dv-neutron-849122-5-hyperv devstack@n-api.service[131465]: INFO nova.api.openstack.requestlog [None req-b64f5865-885b-46ac-8963-3f5e836a05c5 tempest-ServersTestJSON-1774245535 tempest-ServersTestJSON-1774245535-project] 10.222.0.17 "GET /compute/v2.1/servers/3e4c723c-da41-4364-8c5c-e6f1b9e726e3" status: 200 len: 1574 microversion: 2.1 time: 1.170569
Jul 13 15:39:45.487832 dv-neutron-849122-5-hyperv devstack@n-api.service[131465]: [pid: 131465|app: 0|req: 34/71] 10.222.0.17 () {58 vars in 1235 bytes} [Wed Jul 13 15:39:44 2022] GET /compute/v2.1/servers/3e4c723c-da41-4364-8c5c-e6f1b9e726e3 => generated 1574 bytes in 1174 msecs (HTTP/1.1 200) 9 headers in 358 bytes (1 switches on core 0)
Jul 13 15:39:45.515296 dv-neutron-849122-5-hyperv devstack@n-api.service[131464]: DEBUG nova.api.openstack.wsgi [None req-3fa3dbc9-a0c6-4477-9c73-69aa33e93b83 tempest-ServersTestJSON-1774245535 tempest-ServersTestJSON-1774245535-project] Calling method '>' {{(pid=131464) _process_stack /opt/stack/nova/nova/api/openstack/wsgi.py:513}}
Jul 13 15:39:45.542453 dv-neutron-849122-5-hyperv devstack@n-api.service[131464]: INFO nova.api.openstack.requestlog [None req-3fa3dbc9-a0c6-4477-9c73-69aa33e93b83 tempest-ServersTestJSON-1774245535 tempest-ServersTestJSON-1774245535-project] 10.222.0.17 "GET /compute/v2.1/flavors/452" status: 200 len: 370 microversion: 2.1 time: 0.041079
Jul 13 15:39:45.544212 dv-neutron-849122-5-hyperv devstack@n-api.service[131464]: [pid: 131464|app: 0|req: 38/72] 10.222.0.17 () {58 vars in 1136 bytes} [Wed Jul 13 15:39:45 2022] GET /compute/v2.1/flavors/452 => generated 370 bytes in 44 msecs (HTTP/1.1 200) 9 headers in 357 bytes (1 switches on core 0)
Jul 13 15:39:47.238740 dv-neutron-849122-5-hyperv devstack@n-api.service[131465]: DEBUG nova.api.openstack.wsgi [req-9f078f8a-3f3f-4be2-9f8f-ea2cadbe5153 req-4288e00c-00da-44ee-b81c-b33ea057600c service nova] Action: 'create', calling method: >, body: {"events": [{"name": "network-changed", "server_uuid": "a56ebf2c-acfd-4f7a-8b3c-04731b36eb82", "tag": "92f07429-88b5-480c-a144-de5260e2a08b"}]} {{(pid=131465) _process_stack /opt/stack/nova/nova/api/openstack/wsgi.py:511}}
Jul 13 15:39:47.261258 dv-neutron-849122-5-hyperv devstack@n-api.service[131465]: DEBUG oslo_concurrency.lockutils [req-9f078f8a-3f3f-4be2-9f8f-ea2cadbe5153 req-4288e00c-00da-44ee-b81c-b33ea057600c service nova] Lock "3f0d8e83-1c54-489a-b8a3-1f4b55221ecd" acquired by "nova.context.set_target_cell..get_or_set_cached_cell_and_set_connections" :: waited 0.000s {{(pid=131465) inner /usr/local/lib/python3.8/dist-packages/oslo_concurrency/lockutils.py:386}}
Jul 13 15:39:47.265680 dv-neutron-849122-5-hyperv devstack@n-api.service[131465]: DEBUG oslo_concurrency.lockutils [req-9f078f8a-3f3f-4be2-9f8f-ea2cadbe5153 req-4288e00c-00da-44ee-b81c-b33ea057600c service nova] Lock "3f0d8e83-1c54-489a-b8a3-1f4b55221ecd" "released" by "nova.context.set_target_cell..get_or_set_cached_cell_and_set_connections" :: held 0.001s {{(pid=131465) inner /usr/local/lib/python3.8/dist-packages/oslo_concurrency/lockutils.py:400}}
Jul 13 15:39:47.287099 dv-neutron-849122-5-hyperv devstack@n-api.service[131465]: INFO nova.api.openstack.compute.server_external_events [req-9f078f8a-3f3f-4be2-9f8f-ea2cadbe5153 req-4288e00c-00da-44ee-b81c-b33ea057600c service nova] Creating event network-changed:92f07429-88b5-480c-a144-de5260e2a08b for instance a56ebf2c-acfd-4f7a-8b3c-04731b36eb82 on hv-neutron-8491
Jul 13 15:39:47.310485 dv-neutron-849122-5-hyperv devstack@n-api.service[131465]: INFO nova.api.openstack.requestlog [req-9f078f8a-3f3f-4be2-9f8f-ea2cadbe5153 req-4288e00c-00da-44ee-b81c-b33ea057600c service nova] 10.222.0.17 "POST /compute/v2.1/os-server-external-events" status: 200 len: 179 microversion: 2.1 time: 0.075703
Jul 13 15:39:47.312290 dv-neutron-849122-5-hyperv devstack@n-api.service[131465]: [pid: 131465|app: 0|req: 35/73] 10.222.0.17 () {64 vars in 1317 bytes} [Wed Jul 13 15:39:47 2022] POST /compute/v2.1/os-server-external-events => generated 179 bytes in 78 msecs (HTTP/1.1 200) 9 headers in 357 bytes (1 switches on core 0)
Jul 13 15:39:49.018791 dv-neutron-849122-5-hyperv devstack@n-api.service[131464]: DEBUG nova.api.openstack.wsgi [None req-714c3ea3-091d-46e4-b0e8-d49a150d9208 tempest-ServersTestManualDisk-475381869 tempest-ServersTestManualDisk-475381869-project] Calling method '>' {{(pid=131464) _process_stack /opt/stack/nova/nova/api/openstack/wsgi.py:513}}
Jul 13 15:39:49.020717 dv-neutron-849122-5-hyperv devstack@n-api.service[131464]: DEBUG nova.compute.api [None req-714c3ea3-091d-46e4-b0e8-d49a150d9208 tempest-ServersTestManualDisk-475381869 tempest-ServersTestManualDisk-475381869-project] [instance: 89da4888-fb66-42ae-bf97-57a506e7f1f9] Fetching instance by UUID {{(pid=131464) get /opt/stack/nova/nova/compute/api.py:2920}}
Jul 13 15:39:49.053950 dv-neutron-849122-5-hyperv devstack@n-api.service[131464]: DEBUG oslo_concurrency.lockutils [None req-714c3ea3-091d-46e4-b0e8-d49a150d9208 tempest-ServersTestManualDisk-475381869 tempest-ServersTestManualDisk-475381869-project] Lock "3f0d8e83-1c54-489a-b8a3-1f4b55221ecd" acquired by "nova.context.set_target_cell..get_or_set_cached_cell_and_set_connections" :: waited 0.000s {{(pid=131464) inner /usr/local/lib/python3.8/dist-packages/oslo_concurrency/lockutils.py:386}}
Jul 13 15:39:49.054609 dv-neutron-849122-5-hyperv devstack@n-api.service[131464]: DEBUG oslo_concurrency.lockutils [None req-714c3ea3-091d-46e4-b0e8-d49a150d9208 tempest-ServersTestManualDisk-475381869 tempest-ServersTestManualDisk-475381869-project] Lock "3f0d8e83-1c54-489a-b8a3-1f4b55221ecd" "released" by "nova.context.set_target_cell..get_or_set_cached_cell_and_set_connections" :: held 0.003s {{(pid=131464) inner /usr/local/lib/python3.8/dist-packages/oslo_concurrency/lockutils.py:400}}
Jul 13 15:39:49.055829 dv-neutron-849122-5-hyperv devstack@n-api.service[131464]: DEBUG oslo_concurrency.lockutils [None req-714c3ea3-091d-46e4-b0e8-d49a150d9208 tempest-ServersTestManualDisk-475381869 tempest-ServersTestManualDisk-475381869-project] Lock "3f0d8e83-1c54-489a-b8a3-1f4b55221ecd" acquired by "nova.context.set_target_cell..get_or_set_cached_cell_and_set_connections" :: waited 0.000s {{(pid=131464) inner /usr/local/lib/python3.8/dist-packages/oslo_concurrency/lockutils.py:386}}
Jul 13 15:39:49.058980 dv-neutron-849122-5-hyperv devstack@n-api.service[131464]: DEBUG oslo_concurrency.lockutils [None req-714c3ea3-091d-46e4-b0e8-d49a150d9208 tempest-ServersTestManualDisk-475381869 tempest-ServersTestManualDisk-475381869-project] Lock "3f0d8e83-1c54-489a-b8a3-1f4b55221ecd" "released" by "nova.context.set_target_cell..get_or_set_cached_cell_and_set_connections" :: held 0.003s {{(pid=131464) inner /usr/local/lib/python3.8/dist-packages/oslo_concurrency/lockutils.py:400}}
Jul 13 15:39:49.338302 dv-neutron-849122-5-hyperv devstack@n-api.service[131464]: DEBUG nova.policy [None req-714c3ea3-091d-46e4-b0e8-d49a150d9208 tempest-ServersTestManualDisk-475381869 tempest-ServersTestManualDisk-475381869-project] Policy check for os_compute_api:os-extended-server-attributes failed with credentials {'is_admin': False, 'user_id': 'aab501e4bff547af86ac5152a82d8a04', 'user_domain_id': 'default', 'system_scope': None, 'domain_id': None, 'project_id': 'b3d519f6cbc349c09d0860ab4a3d5847', 'project_domain_id': 'default', 'roles': ['member', 'reader'], 'is_admin_project': True, 'service_user_id': None, 'service_user_domain_id': None, 'service_project_id': None, 'service_project_domain_id': None, 'service_roles': []} {{(pid=131464) authorize /opt/stack/nova/nova/policy.py:199}}
Jul 13 15:39:49.350457 dv-neutron-849122-5-hyperv devstack@n-api.service[131464]: INFO nova.api.openstack.requestlog [None req-714c3ea3-091d-46e4-b0e8-d49a150d9208 tempest-ServersTestManualDisk-475381869 tempest-ServersTestManualDisk-475381869-project] 10.222.0.17 "GET /compute/v2.1/servers/89da4888-fb66-42ae-bf97-57a506e7f1f9" status: 200 len: 1589 microversion: 2.1 time: 0.338843
Jul 13 15:39:49.360661 dv-neutron-849122-5-hyperv devstack@n-api.service[131465]: DEBUG nova.api.openstack.wsgi [req-c719f951-71b6-448a-852e-6a783cbb779d req-601b5174-0da5-489c-b6b4-782d1d79936f service nova] Action: 'create', calling method: >, body: {"events": [{"name": "network-changed", "server_uuid": "89da4888-fb66-42ae-bf97-57a506e7f1f9", "tag": "17035db2-c011-4279-b5ca-7016d9666c58"}]} {{(pid=131465) _process_stack /opt/stack/nova/nova/api/openstack/wsgi.py:511}}
Jul 13 15:39:49.369151 dv-neutron-849122-5-hyperv devstack@n-api.service[131464]: [pid: 131464|app: 0|req: 39/74] 10.222.0.17 () {58 vars in 1235 bytes} [Wed Jul 13 15:39:49 2022] GET /compute/v2.1/servers/89da4888-fb66-42ae-bf97-57a506e7f1f9 => generated 1589 bytes in 358 msecs (HTTP/1.1 200) 9 headers in 358 bytes (1 switches on core 0)
Jul 13 15:39:49.380592 dv-neutron-849122-5-hyperv devstack@n-api.service[131465]: DEBUG oslo_concurrency.lockutils [req-c719f951-71b6-448a-852e-6a783cbb779d req-601b5174-0da5-489c-b6b4-782d1d79936f service nova] Lock "3f0d8e83-1c54-489a-b8a3-1f4b55221ecd" acquired by "nova.context.set_target_cell..get_or_set_cached_cell_and_set_connections" :: waited 0.000s {{(pid=131465) inner /usr/local/lib/python3.8/dist-packages/oslo_concurrency/lockutils.py:386}}
Jul 13 15:39:49.392471 dv-neutron-849122-5-hyperv devstack@n-api.service[131464]: DEBUG nova.api.openstack.wsgi [None req-6a5c3c21-c2aa-4bf9-a283-41aed5370f31 tempest-ServersTestManualDisk-475381869 tempest-ServersTestManualDisk-475381869-project] Calling method '>' {{(pid=131464) _process_stack /opt/stack/nova/nova/api/openstack/wsgi.py:513}}
Jul 13 15:39:49.393354 dv-neutron-849122-5-hyperv devstack@n-api.service[131465]: DEBUG oslo_concurrency.lockutils [req-c719f951-71b6-448a-852e-6a783cbb779d req-601b5174-0da5-489c-b6b4-782d1d79936f service nova] Lock "3f0d8e83-1c54-489a-b8a3-1f4b55221ecd" "released" by "nova.context.set_target_cell..get_or_set_cached_cell_and_set_connections" :: held 0.001s {{(pid=131465) inner /usr/local/lib/python3.8/dist-packages/oslo_concurrency/lockutils.py:400}}
Jul 13 15:39:49.440282 dv-neutron-849122-5-hyperv devstack@n-api.service[131464]: INFO nova.api.openstack.requestlog [None req-6a5c3c21-c2aa-4bf9-a283-41aed5370f31 tempest-ServersTestManualDisk-475381869 tempest-ServersTestManualDisk-475381869-project] 10.222.0.17 "GET /compute/v2.1/flavors/452" status: 200 len: 370 microversion: 2.1 time: 0.054728
Jul 13 15:39:49.445111 dv-neutron-849122-5-hyperv devstack@n-api.service[131465]: INFO nova.api.openstack.compute.server_external_events [req-c719f951-71b6-448a-852e-6a783cbb779d req-601b5174-0da5-489c-b6b4-782d1d79936f service nova] Creating event network-changed:17035db2-c011-4279-b5ca-7016d9666c58 for instance 89da4888-fb66-42ae-bf97-57a506e7f1f9 on hv-neutron-8491
Jul 13 15:39:49.446677 dv-neutron-849122-5-hyperv devstack@n-api.service[131464]: [pid: 131464|app: 0|req: 40/75] 10.222.0.17 () {58 vars in 1136 bytes} [Wed Jul 13 15:39:49 2022] GET /compute/v2.1/flavors/452 => generated 370 bytes in 65 msecs (HTTP/1.1 200) 9 headers in 357 bytes (1 switches on core 0)
Jul 13 15:39:49.464706 dv-neutron-849122-5-hyperv devstack@n-api.service[131465]: INFO nova.api.openstack.requestlog [req-c719f951-71b6-448a-852e-6a783cbb779d req-601b5174-0da5-489c-b6b4-782d1d79936f service nova] 10.222.0.17 "POST /compute/v2.1/os-server-external-events" status: 200 len: 179 microversion: 2.1 time: 0.108782
Jul 13 15:39:49.466259 dv-neutron-849122-5-hyperv devstack@n-api.service[131465]: [pid: 131465|app: 0|req: 36/76] 10.222.0.17 () {64 vars in 1317 bytes} [Wed Jul 13 15:39:49 2022] POST /compute/v2.1/os-server-external-events => generated 179 bytes in 114 msecs (HTTP/1.1 200) 9 headers in 357 bytes (2 switches on core 0)
Jul 13 15:40:07.052552 dv-neutron-849122-5-hyperv devstack@n-api.service[131464]: DEBUG dbcounter [-] [131464] Writing DB stats nova_cell1:SELECT=80 {{(pid=131464) stat_writer /usr/local/lib/python3.8/dist-packages/dbcounter.py:114}}
Jul 13 15:40:07.057003 dv-neutron-849122-5-hyperv devstack@n-api.service[131464]: DEBUG dbcounter [-] [131464] Writing DB stats nova_api:SELECT=39 {{(pid=131464) stat_writer /usr/local/lib/python3.8/dist-packages/dbcounter.py:114}}
Jul 13 15:40:07.306248 dv-neutron-849122-5-hyperv devstack@n-api.service[131464]: DEBUG nova.api.openstack.wsgi [None req-5e86bb8a-5cdb-4d41-920d-82e5b212bc18 tempest-PortsAdminExtendedAttrsIpV6TestJSON-1674586669 tempest-PortsAdminExtendedAttrsIpV6TestJSON-1674586669-project-admin] Calling method '.version_select at 0x7f348cd22670>' {{(pid=131464) _process_stack /opt/stack/nova/nova/api/openstack/wsgi.py:513}}
Jul 13 15:40:07.307438 dv-neutron-849122-5-hyperv devstack@n-api.service[131464]: /usr/local/lib/python3.8/dist-packages/oslo_policy/policy.py:1129: UserWarning: Policy "os_compute_api:os-hypervisors:list": "rule:context_is_admin" failed scope check. The token used to make the request was project scoped but the policy requires ['system'] scope. This behavior may change in the future where using the intended scope is required
Jul 13 15:40:07.307438 dv-neutron-849122-5-hyperv devstack@n-api.service[131464]: warnings.warn(msg)
Jul 13 15:40:07.308967 dv-neutron-849122-5-hyperv devstack@n-api.service[131464]: DEBUG oslo_concurrency.lockutils [None req-5e86bb8a-5cdb-4d41-920d-82e5b212bc18 tempest-PortsAdminExtendedAttrsIpV6TestJSON-1674586669 tempest-PortsAdminExtendedAttrsIpV6TestJSON-1674586669-project-admin] Lock "3f0d8e83-1c54-489a-b8a3-1f4b55221ecd" acquired by "nova.context.set_target_cell..get_or_set_cached_cell_and_set_connections" :: waited 0.000s {{(pid=131464) inner /usr/local/lib/python3.8/dist-packages/oslo_concurrency/lockutils.py:386}}
Jul 13 15:40:07.309612 dv-neutron-849122-5-hyperv devstack@n-api.service[131464]: DEBUG oslo_concurrency.lockutils [None req-5e86bb8a-5cdb-4d41-920d-82e5b212bc18 tempest-PortsAdminExtendedAttrsIpV6TestJSON-1674586669 tempest-PortsAdminExtendedAttrsIpV6TestJSON-1674586669-project-admin] Lock "3f0d8e83-1c54-489a-b8a3-1f4b55221ecd" "released" by "nova.context.set_target_cell..get_or_set_cached_cell_and_set_connections" :: held 0.001s {{(pid=131464) inner /usr/local/lib/python3.8/dist-packages/oslo_concurrency/lockutils.py:400}}
Jul 13 15:40:07.333081 dv-neutron-849122-5-hyperv devstack@n-api.service[131464]: DEBUG oslo_concurrency.lockutils [None req-5e86bb8a-5cdb-4d41-920d-82e5b212bc18 tempest-PortsAdminExtendedAttrsIpV6TestJSON-1674586669 tempest-PortsAdminExtendedAttrsIpV6TestJSON-1674586669-project-admin] Lock "3f0d8e83-1c54-489a-b8a3-1f4b55221ecd" acquired by "nova.context.set_target_cell..get_or_set_cached_cell_and_set_connections" :: waited 0.000s {{(pid=131464) inner /usr/local/lib/python3.8/dist-packages/oslo_concurrency/lockutils.py:386}}
Jul 13 15:40:07.333636 dv-neutron-849122-5-hyperv devstack@n-api.service[131464]: DEBUG oslo_concurrency.lockutils [None req-5e86bb8a-5cdb-4d41-920d-82e5b212bc18 tempest-PortsAdminExtendedAttrsIpV6TestJSON-1674586669 tempest-PortsAdminExtendedAttrsIpV6TestJSON-1674586669-project-admin] Lock "3f0d8e83-1c54-489a-b8a3-1f4b55221ecd" "released" by "nova.context.set_target_cell..get_or_set_cached_cell_and_set_connections" :: held 0.001s {{(pid=131464) inner /usr/local/lib/python3.8/dist-packages/oslo_concurrency/lockutils.py:400}}
Jul 13 15:40:07.342138 dv-neutron-849122-5-hyperv devstack@n-api.service[131464]: INFO nova.api.openstack.requestlog [None req-5e86bb8a-5cdb-4d41-920d-82e5b212bc18 tempest-PortsAdminExtendedAttrsIpV6TestJSON-1674586669 tempest-PortsAdminExtendedAttrsIpV6TestJSON-1674586669-project-admin] 10.222.0.17 "GET /compute/v2.1/os-hypervisors" status: 200 len: 106 microversion: 2.1 time: 0.294894
Jul 13 15:40:07.349029 dv-neutron-849122-5-hyperv devstack@n-api.service[131464]: [pid: 131464|app: 0|req: 41/77] 10.222.0.17 () {58 vars in 1145 bytes} [Wed Jul 13 15:40:07 2022] GET /compute/v2.1/os-hypervisors => generated 106 bytes in 302 msecs (HTTP/1.1 200) 9 headers in 357 bytes (2 switches on core 0)
Jul 13 15:40:18.172302 dv-neutron-849122-5-hyperv devstack@n-api.service[131465]: DEBUG dbcounter [-] [131465] Writing DB stats nova_api:SELECT=33 {{(pid=131465) stat_writer /usr/local/lib/python3.8/dist-packages/dbcounter.py:114}}
Jul 13 15:40:18.174006 dv-neutron-849122-5-hyperv devstack@n-api.service[131465]: DEBUG dbcounter [-] [131465] Writing DB stats nova_cell1:SELECT=83 {{(pid=131465) stat_writer /usr/local/lib/python3.8/dist-packages/dbcounter.py:114}}
Jul 13 15:40:18.178268 dv-neutron-849122-5-hyperv devstack@n-api.service[131465]: DEBUG nova.api.openstack.wsgi [None req-5ed892bd-8df3-43c5-88fc-c09d31dda6a5 tempest-ServersTestJSON-1774245535 tempest-ServersTestJSON-1774245535-project] Calling method '>' {{(pid=131465) _process_stack /opt/stack/nova/nova/api/openstack/wsgi.py:513}}
Jul 13 15:40:18.178866 dv-neutron-849122-5-hyperv devstack@n-api.service[131465]: DEBUG nova.compute.api [None req-5ed892bd-8df3-43c5-88fc-c09d31dda6a5 tempest-ServersTestJSON-1774245535 tempest-ServersTestJSON-1774245535-project] [instance: 3e4c723c-da41-4364-8c5c-e6f1b9e726e3] Fetching instance by UUID {{(pid=131465) get /opt/stack/nova/nova/compute/api.py:2920}}
Jul 13 15:40:18.186042 dv-neutron-849122-5-hyperv devstack@n-api.service[131465]: DEBUG oslo_concurrency.lockutils [None req-5ed892bd-8df3-43c5-88fc-c09d31dda6a5 tempest-ServersTestJSON-1774245535 tempest-ServersTestJSON-1774245535-project] Lock "3f0d8e83-1c54-489a-b8a3-1f4b55221ecd" acquired by "nova.context.set_target_cell..get_or_set_cached_cell_and_set_connections" :: waited 0.000s {{(pid=131465) inner /usr/local/lib/python3.8/dist-packages/oslo_concurrency/lockutils.py:386}}
Jul 13 15:40:18.186504 dv-neutron-849122-5-hyperv devstack@n-api.service[131465]: DEBUG oslo_concurrency.lockutils [None req-5ed892bd-8df3-43c5-88fc-c09d31dda6a5 tempest-ServersTestJSON-1774245535 tempest-ServersTestJSON-1774245535-project] Lock "3f0d8e83-1c54-489a-b8a3-1f4b55221ecd" "released" by "nova.context.set_target_cell..get_or_set_cached_cell_and_set_connections" :: held 0.001s {{(pid=131465) inner /usr/local/lib/python3.8/dist-packages/oslo_concurrency/lockutils.py:400}}
Jul 13 15:40:18.187286 dv-neutron-849122-5-hyperv devstack@n-api.service[131465]: DEBUG oslo_concurrency.lockutils [None req-5ed892bd-8df3-43c5-88fc-c09d31dda6a5 tempest-ServersTestJSON-1774245535 tempest-ServersTestJSON-1774245535-project] Lock "3f0d8e83-1c54-489a-b8a3-1f4b55221ecd" acquired by "nova.context.set_target_cell..get_or_set_cached_cell_and_set_connections" :: waited 0.000s {{(pid=131465) inner /usr/local/lib/python3.8/dist-packages/oslo_concurrency/lockutils.py:386}}
Jul 13 15:40:18.187893 dv-neutron-849122-5-hyperv devstack@n-api.service[131465]: DEBUG oslo_concurrency.lockutils [None req-5ed892bd-8df3-43c5-88fc-c09d31dda6a5 tempest-ServersTestJSON-1774245535 tempest-ServersTestJSON-1774245535-project] Lock "3f0d8e83-1c54-489a-b8a3-1f4b55221ecd" "released" by "nova.context.set_target_cell..get_or_set_cached_cell_and_set_connections" :: held 0.001s {{(pid=131465) inner /usr/local/lib/python3.8/dist-packages/oslo_concurrency/lockutils.py:400}}
Jul 13 15:40:18.218319 dv-neutron-849122-5-hyperv devstack@n-api.service[131465]: DEBUG nova.compute.api [None req-5ed892bd-8df3-43c5-88fc-c09d31dda6a5 tempest-ServersTestJSON-1774245535 tempest-ServersTestJSON-1774245535-project] [instance: 3e4c723c-da41-4364-8c5c-e6f1b9e726e3] Going to try to terminate instance {{(pid=131465) delete /opt/stack/nova/nova/compute/api.py:2664}}
Jul 13 15:40:18.510319 dv-neutron-849122-5-hyperv devstack@n-api.service[131465]: INFO nova.api.openstack.requestlog [None req-5ed892bd-8df3-43c5-88fc-c09d31dda6a5 tempest-ServersTestJSON-1774245535 tempest-ServersTestJSON-1774245535-project] 10.222.0.17 "DELETE /compute/v2.1/servers/3e4c723c-da41-4364-8c5c-e6f1b9e726e3" status: 204 len: 0 microversion: 2.1 time: 0.339514
Jul 13 15:40:18.513809 dv-neutron-849122-5-hyperv devstack@n-api.service[131465]: [pid: 131465|app: 0|req: 37/78] 10.222.0.17 () {58 vars in 1238 bytes} [Wed Jul 13 15:40:18 2022] DELETE /compute/v2.1/servers/3e4c723c-da41-4364-8c5c-e6f1b9e726e3 => generated 0 bytes in 343 msecs (HTTP/1.1 204) 9 headers in 363 bytes (1 switches on core 0)
Jul 13 15:40:18.520477 dv-neutron-849122-5-hyperv devstack@n-api.service[131464]: DEBUG nova.api.openstack.wsgi [None req-04dfc216-1218-4881-bb4e-cb8117a03aed tempest-ServersTestJSON-1774245535 tempest-ServersTestJSON-1774245535-project] Calling method '>' {{(pid=131464) _process_stack /opt/stack/nova/nova/api/openstack/wsgi.py:513}}
Jul 13 15:40:18.521645 dv-neutron-849122-5-hyperv devstack@n-api.service[131464]: DEBUG nova.compute.api [None req-04dfc216-1218-4881-bb4e-cb8117a03aed tempest-ServersTestJSON-1774245535 tempest-ServersTestJSON-1774245535-project] [instance: 3e4c723c-da41-4364-8c5c-e6f1b9e726e3] Fetching instance by UUID {{(pid=131464) get /opt/stack/nova/nova/compute/api.py:2920}}
Jul 13 15:40:18.530347 dv-neutron-849122-5-hyperv devstack@n-api.service[131464]: DEBUG oslo_concurrency.lockutils [None req-04dfc216-1218-4881-bb4e-cb8117a03aed tempest-ServersTestJSON-1774245535 tempest-ServersTestJSON-1774245535-project] Lock "3f0d8e83-1c54-489a-b8a3-1f4b55221ecd" acquired by "nova.context.set_target_cell..get_or_set_cached_cell_and_set_connections" :: waited 0.000s {{(pid=131464) inner /usr/local/lib/python3.8/dist-packages/oslo_concurrency/lockutils.py:386}}
Jul 13 15:40:18.535428 dv-neutron-849122-5-hyperv devstack@n-api.service[131464]: DEBUG oslo_concurrency.lockutils [None req-04dfc216-1218-4881-bb4e-cb8117a03aed tempest-ServersTestJSON-1774245535 tempest-ServersTestJSON-1774245535-project] Lock "3f0d8e83-1c54-489a-b8a3-1f4b55221ecd" "released" by "nova.context.set_target_cell..get_or_set_cached_cell_and_set_connections" :: held 0.005s {{(pid=131464) inner /usr/local/lib/python3.8/dist-packages/oslo_concurrency/lockutils.py:400}}
Jul 13 15:40:18.536343 dv-neutron-849122-5-hyperv devstack@n-api.service[131464]: DEBUG oslo_concurrency.lockutils [None req-04dfc216-1218-4881-bb4e-cb8117a03aed tempest-ServersTestJSON-1774245535 tempest-ServersTestJSON-1774245535-project] Lock "3f0d8e83-1c54-489a-b8a3-1f4b55221ecd" acquired by "nova.context.set_target_cell..get_or_set_cached_cell_and_set_connections" :: waited 0.000s {{(pid=131464) inner /usr/local/lib/python3.8/dist-packages/oslo_concurrency/lockutils.py:386}}
Jul 13 15:40:18.536792 dv-neutron-849122-5-hyperv devstack@n-api.service[131464]: DEBUG oslo_concurrency.lockutils [None req-04dfc216-1218-4881-bb4e-cb8117a03aed tempest-ServersTestJSON-1774245535 tempest-ServersTestJSON-1774245535-project] Lock "3f0d8e83-1c54-489a-b8a3-1f4b55221ecd" "released" by "nova.context.set_target_cell..get_or_set_cached_cell_and_set_connections" :: held 0.001s {{(pid=131464) inner /usr/local/lib/python3.8/dist-packages/oslo_concurrency/lockutils.py:400}}
Jul 13 15:40:19.047857 dv-neutron-849122-5-hyperv devstack@n-api.service[131464]: DEBUG nova.policy [None req-04dfc216-1218-4881-bb4e-cb8117a03aed tempest-ServersTestJSON-1774245535 tempest-ServersTestJSON-1774245535-project] Policy check for os_compute_api:os-extended-server-attributes failed with credentials {'is_admin': False, 'user_id': '009b4c196e1d468bad5a79b69952bde6', 'user_domain_id': 'default', 'system_scope': None, 'domain_id': None, 'project_id': '19c0a44eb85f493cb027669c6da79a05', 'project_domain_id': 'default', 'roles': ['member', 'reader'], 'is_admin_project': True, 'service_user_id': None, 'service_user_domain_id': None, 'service_project_id': None, 'service_project_domain_id': None, 'service_roles': []} {{(pid=131464) authorize /opt/stack/nova/nova/policy.py:199}}
Jul 13 15:40:19.072726 dv-neutron-849122-5-hyperv devstack@n-api.service[131464]: INFO nova.api.openstack.requestlog [None req-04dfc216-1218-4881-bb4e-cb8117a03aed tempest-ServersTestJSON-1774245535 tempest-ServersTestJSON-1774245535-project] 10.222.0.17 "GET /compute/v2.1/servers/3e4c723c-da41-4364-8c5c-e6f1b9e726e3" status: 200 len: 1698 microversion: 2.1 time: 0.556983
Jul 13 15:40:19.079562 dv-neutron-849122-5-hyperv devstack@n-api.service[131465]: DEBUG nova.api.openstack.wsgi [None req-0ef32bcc-d5da-4d51-9262-f0ac160d772e tempest-ServerActionsTestJSON-713368660 tempest-ServerActionsTestJSON-713368660-project] Calling method '>' {{(pid=131465) _process_stack /opt/stack/nova/nova/api/openstack/wsgi.py:513}}
Jul 13 15:40:19.080897 dv-neutron-849122-5-hyperv devstack@n-api.service[131465]: DEBUG nova.compute.api [None req-0ef32bcc-d5da-4d51-9262-f0ac160d772e tempest-ServerActionsTestJSON-713368660 tempest-ServerActionsTestJSON-713368660-project] [instance: a56ebf2c-acfd-4f7a-8b3c-04731b36eb82] Fetching instance by UUID {{(pid=131465) get /opt/stack/nova/nova/compute/api.py:2920}}
Jul 13 15:40:19.083728 dv-neutron-849122-5-hyperv devstack@n-api.service[131464]: [pid: 131464|app: 0|req: 42/79] 10.222.0.17 () {58 vars in 1235 bytes} [Wed Jul 13 15:40:18 2022] GET /compute/v2.1/servers/3e4c723c-da41-4364-8c5c-e6f1b9e726e3 => generated 1698 bytes in 569 msecs (HTTP/1.1 200) 9 headers in 358 bytes (1 switches on core 0)
Jul 13 15:40:19.094670 dv-neutron-849122-5-hyperv devstack@n-api.service[131465]: DEBUG oslo_concurrency.lockutils [None req-0ef32bcc-d5da-4d51-9262-f0ac160d772e tempest-ServerActionsTestJSON-713368660 tempest-ServerActionsTestJSON-713368660-project] Lock "3f0d8e83-1c54-489a-b8a3-1f4b55221ecd" acquired by "nova.context.set_target_cell..get_or_set_cached_cell_and_set_connections" :: waited 0.000s {{(pid=131465) inner /usr/local/lib/python3.8/dist-packages/oslo_concurrency/lockutils.py:386}}
Jul 13 15:40:19.094670 dv-neutron-849122-5-hyperv devstack@n-api.service[131465]: DEBUG oslo_concurrency.lockutils [None req-0ef32bcc-d5da-4d51-9262-f0ac160d772e tempest-ServerActionsTestJSON-713368660 tempest-ServerActionsTestJSON-713368660-project] Lock "3f0d8e83-1c54-489a-b8a3-1f4b55221ecd" "released" by "nova.context.set_target_cell..get_or_set_cached_cell_and_set_connections" :: held 0.002s {{(pid=131465) inner /usr/local/lib/python3.8/dist-packages/oslo_concurrency/lockutils.py:400}}
Jul 13 15:40:19.094670 dv-neutron-849122-5-hyperv devstack@n-api.service[131465]: DEBUG oslo_concurrency.lockutils [None req-0ef32bcc-d5da-4d51-9262-f0ac160d772e tempest-ServerActionsTestJSON-713368660 tempest-ServerActionsTestJSON-713368660-project] Lock "3f0d8e83-1c54-489a-b8a3-1f4b55221ecd" acquired by "nova.context.set_target_cell..get_or_set_cached_cell_and_set_connections" :: waited 0.000s {{(pid=131465) inner /usr/local/lib/python3.8/dist-packages/oslo_concurrency/lockutils.py:386}}
Jul 13 15:40:19.094670 dv-neutron-849122-5-hyperv devstack@n-api.service[131465]: DEBUG oslo_concurrency.lockutils [None req-0ef32bcc-d5da-4d51-9262-f0ac160d772e tempest-ServerActionsTestJSON-713368660 tempest-ServerActionsTestJSON-713368660-project] Lock "3f0d8e83-1c54-489a-b8a3-1f4b55221ecd" "released" by "nova.context.set_target_cell..get_or_set_cached_cell_and_set_connections" :: held 0.000s {{(pid=131465) inner /usr/local/lib/python3.8/dist-packages/oslo_concurrency/lockutils.py:400}}
Jul 13 15:40:19.410419 dv-neutron-849122-5-hyperv devstack@n-api.service[131465]: DEBUG nova.policy [None req-0ef32bcc-d5da-4d51-9262-f0ac160d772e tempest-ServerActionsTestJSON-713368660 tempest-ServerActionsTestJSON-713368660-project] Policy check for os_compute_api:os-extended-server-attributes failed with credentials {'is_admin': False, 'user_id': '889564d21cdd40698335335599fb009e', 'user_domain_id': 'default', 'system_scope': None, 'domain_id': None, 'project_id': '4e9674a886b54d81b6e3596d624a2455', 'project_domain_id': 'default', 'roles': ['member', 'reader'], 'is_admin_project': True, 'service_user_id': None, 'service_user_domain_id': None, 'service_project_id': None, 'service_project_domain_id': None, 'service_roles': []} {{(pid=131465) authorize /opt/stack/nova/nova/policy.py:199}}
Jul 13 15:40:19.424715 dv-neutron-849122-5-hyperv devstack@n-api.service[131465]: INFO nova.api.openstack.requestlog [None req-0ef32bcc-d5da-4d51-9262-f0ac160d772e tempest-ServerActionsTestJSON-713368660 tempest-ServerActionsTestJSON-713368660-project] 10.222.0.17 "GET /compute/v2.1/servers/a56ebf2c-acfd-4f7a-8b3c-04731b36eb82" status: 200 len: 1669 microversion: 2.1 time: 0.351856
Jul 13 15:40:19.425501 dv-neutron-849122-5-hyperv devstack@n-api.service[131465]: [pid: 131465|app: 0|req: 38/80] 10.222.0.17 () {58 vars in 1235 bytes} [Wed Jul 13 15:40:19 2022] GET /compute/v2.1/servers/a56ebf2c-acfd-4f7a-8b3c-04731b36eb82 => generated 1669 bytes in 353 msecs (HTTP/1.1 200) 9 headers in 358 bytes (1 switches on core 0)
Jul 13 15:40:19.444318 dv-neutron-849122-5-hyperv devstack@n-api.service[131464]: DEBUG nova.api.openstack.wsgi [None req-87f76aed-7977-4c16-b0f7-be10fac17551 tempest-ServerActionsTestJSON-713368660 tempest-ServerActionsTestJSON-713368660-project] Calling method '>' {{(pid=131464) _process_stack /opt/stack/nova/nova/api/openstack/wsgi.py:513}}
Jul 13 15:40:19.445804 dv-neutron-849122-5-hyperv devstack@n-api.service[131464]: DEBUG nova.compute.api [None req-87f76aed-7977-4c16-b0f7-be10fac17551 tempest-ServerActionsTestJSON-713368660 tempest-ServerActionsTestJSON-713368660-project] [instance: a56ebf2c-acfd-4f7a-8b3c-04731b36eb82] Fetching instance by UUID {{(pid=131464) get /opt/stack/nova/nova/compute/api.py:2920}}
Jul 13 15:40:19.467188 dv-neutron-849122-5-hyperv devstack@n-api.service[131464]: DEBUG oslo_concurrency.lockutils [None req-87f76aed-7977-4c16-b0f7-be10fac17551 tempest-ServerActionsTestJSON-713368660 tempest-ServerActionsTestJSON-713368660-project] Lock "3f0d8e83-1c54-489a-b8a3-1f4b55221ecd" acquired by "nova.context.set_target_cell..get_or_set_cached_cell_and_set_connections" :: waited 0.000s {{(pid=131464) inner /usr/local/lib/python3.8/dist-packages/oslo_concurrency/lockutils.py:386}}
Jul 13 15:40:19.467660 dv-neutron-849122-5-hyperv devstack@n-api.service[131464]: DEBUG oslo_concurrency.lockutils [None req-87f76aed-7977-4c16-b0f7-be10fac17551 tempest-ServerActionsTestJSON-713368660 tempest-ServerActionsTestJSON-713368660-project] Lock "3f0d8e83-1c54-489a-b8a3-1f4b55221ecd" "released" by "nova.context.set_target_cell..get_or_set_cached_cell_and_set_connections" :: held 0.002s {{(pid=131464) inner /usr/local/lib/python3.8/dist-packages/oslo_concurrency/lockutils.py:400}}
Jul 13 15:40:19.472377 dv-neutron-849122-5-hyperv devstack@n-api.service[131464]: DEBUG oslo_concurrency.lockutils [None req-87f76aed-7977-4c16-b0f7-be10fac17551 tempest-ServerActionsTestJSON-713368660 tempest-ServerActionsTestJSON-713368660-project] Lock "3f0d8e83-1c54-489a-b8a3-1f4b55221ecd" acquired by "nova.context.set_target_cell..get_or_set_cached_cell_and_set_connections" :: waited 0.000s {{(pid=131464) inner /usr/local/lib/python3.8/dist-packages/oslo_concurrency/lockutils.py:386}}
Jul 13 15:40:19.473049 dv-neutron-849122-5-hyperv devstack@n-api.service[131464]: DEBUG oslo_concurrency.lockutils [None req-87f76aed-7977-4c16-b0f7-be10fac17551 tempest-ServerActionsTestJSON-713368660 tempest-ServerActionsTestJSON-713368660-project] Lock "3f0d8e83-1c54-489a-b8a3-1f4b55221ecd" "released" by "nova.context.set_target_cell..get_or_set_cached_cell_and_set_connections" :: held 0.001s {{(pid=131464) inner /usr/local/lib/python3.8/dist-packages/oslo_concurrency/lockutils.py:400}}
Jul 13 15:40:19.897210 dv-neutron-849122-5-hyperv devstack@n-api.service[131464]: DEBUG nova.policy [None req-87f76aed-7977-4c16-b0f7-be10fac17551 tempest-ServerActionsTestJSON-713368660 tempest-ServerActionsTestJSON-713368660-project] Policy check for os_compute_api:os-extended-server-attributes failed with credentials {'is_admin': False, 'user_id': '889564d21cdd40698335335599fb009e', 'user_domain_id': 'default', 'system_scope': None, 'domain_id': None, 'project_id': '4e9674a886b54d81b6e3596d624a2455', 'project_domain_id': 'default', 'roles': ['member', 'reader'], 'is_admin_project': True, 'service_user_id': None, 'service_user_domain_id': None, 'service_project_id': None, 'service_project_domain_id': None, 'service_roles': []} {{(pid=131464) authorize /opt/stack/nova/nova/policy.py:199}}
Jul 13 15:40:19.910582 dv-neutron-849122-5-hyperv devstack@n-api.service[131464]: INFO nova.api.openstack.requestlog [None req-87f76aed-7977-4c16-b0f7-be10fac17551 tempest-ServerActionsTestJSON-713368660 tempest-ServerActionsTestJSON-713368660-project] 10.222.0.17 "GET /compute/v2.1/servers/a56ebf2c-acfd-4f7a-8b3c-04731b36eb82" status: 200 len: 1669 microversion: 2.1 time: 0.470809
Jul 13 15:40:19.916516 dv-neutron-849122-5-hyperv devstack@n-api.service[131464]: [pid: 131464|app: 0|req: 43/81] 10.222.0.17 () {58 vars in 1235 bytes} [Wed Jul 13 15:40:19 2022] GET /compute/v2.1/servers/a56ebf2c-acfd-4f7a-8b3c-04731b36eb82 => generated 1669 bytes in 473 msecs (HTTP/1.1 200) 9 headers in 358 bytes (1 switches on core 0)
Jul 13 15:40:19.930309 dv-neutron-849122-5-hyperv devstack@n-api.service[131465]: DEBUG nova.api.openstack.wsgi [None req-f138dbc4-b570-4982-85f0-46fa61c3e333 tempest-ServerActionsTestJSON-713368660 tempest-ServerActionsTestJSON-713368660-project] Calling method '>' {{(pid=131465) _process_stack /opt/stack/nova/nova/api/openstack/wsgi.py:513}}
Jul 13 15:40:19.931332 dv-neutron-849122-5-hyperv devstack@n-api.service[131465]: DEBUG nova.compute.api [None req-f138dbc4-b570-4982-85f0-46fa61c3e333 tempest-ServerActionsTestJSON-713368660 tempest-ServerActionsTestJSON-713368660-project] [instance: a56ebf2c-acfd-4f7a-8b3c-04731b36eb82] Fetching instance by UUID {{(pid=131465) get /opt/stack/nova/nova/compute/api.py:2920}}
Jul 13 15:40:19.943136 dv-neutron-849122-5-hyperv devstack@n-api.service[131465]: DEBUG oslo_concurrency.lockutils [None req-f138dbc4-b570-4982-85f0-46fa61c3e333 tempest-ServerActionsTestJSON-713368660 tempest-ServerActionsTestJSON-713368660-project] Lock "3f0d8e83-1c54-489a-b8a3-1f4b55221ecd" acquired by "nova.context.set_target_cell..get_or_set_cached_cell_and_set_connections" :: waited 0.000s {{(pid=131465) inner /usr/local/lib/python3.8/dist-packages/oslo_concurrency/lockutils.py:386}}
Jul 13 15:40:19.943136 dv-neutron-849122-5-hyperv devstack@n-api.service[131465]: DEBUG oslo_concurrency.lockutils [None req-f138dbc4-b570-4982-85f0-46fa61c3e333 tempest-ServerActionsTestJSON-713368660 tempest-ServerActionsTestJSON-713368660-project] Lock "3f0d8e83-1c54-489a-b8a3-1f4b55221ecd" "released" by "nova.context.set_target_cell..get_or_set_cached_cell_and_set_connections" :: held 0.001s {{(pid=131465) inner /usr/local/lib/python3.8/dist-packages/oslo_concurrency/lockutils.py:400}}
