Jul 13 14:03:52.601517 dv-neutron-849122-4-hyperv devstack@keystone.service[80735]: DEBUG keystone.common.rbac_enforcer.enforcer [None req-4c277908-e4b5-4738-97f3-0e954a1a3a5e None admin] RBAC: Authorizing `identity:list_roles()` {{(pid=80735) enforce_call /opt/stack/keystone/keystone/common/rbac_enforcer/enforcer.py:449}}
Jul 13 14:03:52.602895 dv-neutron-849122-4-hyperv devstack@keystone.service[80735]: DEBUG keystone.common.rbac_enforcer.enforcer [None req-4c277908-e4b5-4738-97f3-0e954a1a3a5e None admin] RBAC: Authorization granted {{(pid=80735) enforce_call /opt/stack/keystone/keystone/common/rbac_enforcer/enforcer.py:457}}
Jul 13 14:03:52.617296 dv-neutron-849122-4-hyperv devstack@keystone.service[80735]: [pid: 80735|app: 0|req: 84/173] 10.222.0.52 () {56 vars in 1111 bytes} [Wed Jul 13 14:03:52 2022] GET /identity/v3/roles?name=anotherrole => generated 334 bytes in 357 msecs (HTTP/1.1 200) 5 headers in 177 bytes (1 switches on core 0)
Jul 13 14:03:52.618759 dv-neutron-849122-4-hyperv devstack@keystone.service[80736]: DEBUG keystone.server.flask.request_processing.middleware.auth_context [None req-10d21ce3-377c-45b8-9484-d035b1515f7b None admin] RBAC: auth_context: {'token': , 'domain_id': None, 'trust_id': None, 'trustor_id': None, 'trustee_id': None, 'domain_name': None, 'group_ids': [], 'user_id': 'b8951b1b08e9403eb4c3f108cf1ce433', 'user_domain_id': 'default', 'system_scope': 'all', 'project_id': None, 'project_domain_id': None, 'roles': ['admin', 'member', 'reader'], 'is_admin_project': True, 'service_user_id': None, 'service_user_domain_id': None, 'service_project_id': None, 'service_project_domain_id': None, 'service_roles': []} {{(pid=80736) fill_context /opt/stack/keystone/keystone/server/flask/request_processing/middleware/auth_context.py:478}}
Jul 13 14:03:52.620357 dv-neutron-849122-4-hyperv devstack@keystone.service[80735]: DEBUG keystone.server.flask.request_processing.middleware.auth_context [None req-4c277908-e4b5-4738-97f3-0e954a1a3a5e None admin] Authenticating user token {{(pid=80735) process_request /usr/local/lib/python3.8/dist-packages/keystonemiddleware/auth_token/__init__.py:407}}
Jul 13 14:03:52.620979 dv-neutron-849122-4-hyperv devstack@keystone.service[80736]: DEBUG keystone.server.flask.request_processing.req_logging [None req-10d21ce3-377c-45b8-9484-d035b1515f7b None admin] REQUEST_METHOD: `PUT` {{(pid=80736) log_request_info /opt/stack/keystone/keystone/server/flask/request_processing/req_logging.py:27}}
Jul 13 14:03:52.621501 dv-neutron-849122-4-hyperv devstack@keystone.service[80736]: DEBUG keystone.server.flask.request_processing.req_logging [None req-10d21ce3-377c-45b8-9484-d035b1515f7b None admin] SCRIPT_NAME: `/identity` {{(pid=80736) log_request_info /opt/stack/keystone/keystone/server/flask/request_processing/req_logging.py:28}}
Jul 13 14:03:52.621983 dv-neutron-849122-4-hyperv devstack@keystone.service[80736]: DEBUG keystone.server.flask.request_processing.req_logging [None req-10d21ce3-377c-45b8-9484-d035b1515f7b None admin] PATH_INFO: `/v3/projects/86b1d7d075544fc1b63fbe2f91db1620/users/c15fc7b51c2a421aa4a95d1dfe1eac71/roles/2eb6c5a8f11047debff6a78f4d49d549` {{(pid=80736) log_request_info /opt/stack/keystone/keystone/server/flask/request_processing/req_logging.py:29}}
Jul 13 14:03:52.632173 dv-neutron-849122-4-hyperv devstack@keystone.service[80736]: DEBUG keystone.common.rbac_enforcer.enforcer [None req-10d21ce3-377c-45b8-9484-d035b1515f7b None admin] RBAC: Authorizing `identity:create_grant(project_id=86b1d7d075544fc1b63fbe2f91db1620, user_id=c15fc7b51c2a421aa4a95d1dfe1eac71, role_id=2eb6c5a8f11047debff6a78f4d49d549)` {{(pid=80736) enforce_call /opt/stack/keystone/keystone/common/rbac_enforcer/enforcer.py:449}}
Jul 13 14:03:52.633697 dv-neutron-849122-4-hyperv devstack@keystone.service[80736]: DEBUG keystone.common.rbac_enforcer.enforcer [None req-10d21ce3-377c-45b8-9484-d035b1515f7b None admin] RBAC: Authorization granted {{(pid=80736) enforce_call /opt/stack/keystone/keystone/common/rbac_enforcer/enforcer.py:457}}
Jul 13 14:03:52.668316 dv-neutron-849122-4-hyperv devstack@keystone.service[80735]: DEBUG dbcounter [-] [80735] Writing DB stats keystone:SELECT=100 {{(pid=80735) stat_writer /usr/local/lib/python3.8/dist-packages/dbcounter.py:114}}
Jul 13 14:03:52.723159 dv-neutron-849122-4-hyperv devstack@keystone.service[80736]: [pid: 80736|app: 0|req: 90/174] 10.222.0.52 () {58 vars in 1439 bytes} [Wed Jul 13 14:03:52 2022] PUT /identity/v3/projects/86b1d7d075544fc1b63fbe2f91db1620/users/c15fc7b51c2a421aa4a95d1dfe1eac71/roles/2eb6c5a8f11047debff6a78f4d49d549 => generated 0 bytes in 278 msecs (HTTP/1.1 204) 3 headers in 132 bytes (0 switches on core 0)
Jul 13 14:03:52.724052 dv-neutron-849122-4-hyperv devstack@keystone.service[80736]: DEBUG keystone.server.flask.request_processing.middleware.auth_context [None req-10d21ce3-377c-45b8-9484-d035b1515f7b None admin] Authenticating user token {{(pid=80736) process_request /usr/local/lib/python3.8/dist-packages/keystonemiddleware/auth_token/__init__.py:407}}
Jul 13 14:03:52.741224 dv-neutron-849122-4-hyperv devstack@keystone.service[80735]: DEBUG keystone.server.flask.request_processing.middleware.auth_context [None req-4c277908-e4b5-4738-97f3-0e954a1a3a5e None admin] Validating token access rules against request {{(pid=80735) validate_allowed_request /usr/local/lib/python3.8/dist-packages/keystonemiddleware/auth_token/__init__.py:545}}
Jul 13 14:03:52.784575 dv-neutron-849122-4-hyperv devstack@keystone.service[80735]: DEBUG keystone.server.flask.request_processing.middleware.auth_context [None req-c6601160-06c0-47a3-b760-fcbb66a577e6 None admin] RBAC: auth_context: {'token': , 'domain_id': None, 'trust_id': None, 'trustor_id': None, 'trustee_id': None, 'domain_name': None, 'group_ids': [], 'user_id': 'b8951b1b08e9403eb4c3f108cf1ce433', 'user_domain_id': 'default', 'system_scope': 'all', 'project_id': None, 'project_domain_id': None, 'roles': ['admin', 'member', 'reader'], 'is_admin_project': True, 'service_user_id': None, 'service_user_domain_id': None, 'service_project_id': None, 'service_project_domain_id': None, 'service_roles': []} {{(pid=80735) fill_context /opt/stack/keystone/keystone/server/flask/request_processing/middleware/auth_context.py:478}}
Jul 13 14:03:52.785295 dv-neutron-849122-4-hyperv devstack@keystone.service[80735]: DEBUG keystone.server.flask.request_processing.req_logging [None req-c6601160-06c0-47a3-b760-fcbb66a577e6 None admin] REQUEST_METHOD: `GET` {{(pid=80735) log_request_info /opt/stack/keystone/keystone/server/flask/request_processing/req_logging.py:27}}
Jul 13 14:03:52.785732 dv-neutron-849122-4-hyperv devstack@keystone.service[80735]: DEBUG keystone.server.flask.request_processing.req_logging [None req-c6601160-06c0-47a3-b760-fcbb66a577e6 None admin] SCRIPT_NAME: `/identity` {{(pid=80735) log_request_info /opt/stack/keystone/keystone/server/flask/request_processing/req_logging.py:28}}
Jul 13 14:03:52.786022 dv-neutron-849122-4-hyperv devstack@keystone.service[80735]: DEBUG keystone.server.flask.request_processing.req_logging [None req-c6601160-06c0-47a3-b760-fcbb66a577e6 None admin] PATH_INFO: `/v3/role_assignments` {{(pid=80735) log_request_info /opt/stack/keystone/keystone/server/flask/request_processing/req_logging.py:29}}
Jul 13 14:03:52.786881 dv-neutron-849122-4-hyperv devstack@keystone.service[80735]: DEBUG keystone.common.rbac_enforcer.enforcer [None req-c6601160-06c0-47a3-b760-fcbb66a577e6 None admin] RBAC: Adding query filter params (role.id=f3670be34bf84a3e91432e4b61abe00b, scope.project.id=86b1d7d075544fc1b63fbe2f91db1620, user.id=b8951b1b08e9403eb4c3f108cf1ce433) {{(pid=80735) _extract_filter_values /opt/stack/keystone/keystone/common/rbac_enforcer/enforcer.py:167}}
Jul 13 14:03:52.787209 dv-neutron-849122-4-hyperv devstack@keystone.service[80735]: DEBUG keystone.common.rbac_enforcer.enforcer [None req-c6601160-06c0-47a3-b760-fcbb66a577e6 None admin] RBAC: Authorizing `identity:list_role_assignments()` {{(pid=80735) enforce_call /opt/stack/keystone/keystone/common/rbac_enforcer/enforcer.py:449}}
Jul 13 14:03:52.788895 dv-neutron-849122-4-hyperv devstack@keystone.service[80735]: DEBUG keystone.common.rbac_enforcer.enforcer [None req-c6601160-06c0-47a3-b760-fcbb66a577e6 None admin] RBAC: Authorization granted {{(pid=80735) enforce_call /opt/stack/keystone/keystone/common/rbac_enforcer/enforcer.py:457}}
Jul 13 14:03:52.796547 dv-neutron-849122-4-hyperv devstack@keystone.service[80735]: [pid: 80735|app: 0|req: 85/175] 10.222.0.52 () {56 vars in 1374 bytes} [Wed Jul 13 14:03:52 2022] GET /identity/v3/role_assignments?user.id=b8951b1b08e9403eb4c3f108cf1ce433&scope.project.id=86b1d7d075544fc1b63fbe2f91db1620&role.id=f3670be34bf84a3e91432e4b61abe00b => generated 608 bytes in 176 msecs (HTTP/1.1 200) 5 headers in 177 bytes (1 switches on core 0)
Jul 13 14:03:52.797757 dv-neutron-849122-4-hyperv devstack@keystone.service[80735]: DEBUG keystone.server.flask.request_processing.middleware.auth_context [None req-c6601160-06c0-47a3-b760-fcbb66a577e6 None admin] Authenticating user token {{(pid=80735) process_request /usr/local/lib/python3.8/dist-packages/keystonemiddleware/auth_token/__init__.py:407}}
Jul 13 14:03:52.900732 dv-neutron-849122-4-hyperv devstack@keystone.service[80736]: DEBUG dbcounter [-] [80736] Writing DB stats keystone:SELECT=99,keystone:INSERT=1 {{(pid=80736) stat_writer /usr/local/lib/python3.8/dist-packages/dbcounter.py:114}}
Jul 13 14:03:52.911024 dv-neutron-849122-4-hyperv devstack@keystone.service[80735]: DEBUG dbcounter [-] [80735] Writing DB stats keystone:SELECT=100 {{(pid=80735) stat_writer /usr/local/lib/python3.8/dist-packages/dbcounter.py:114}}
Jul 13 14:03:52.924778 dv-neutron-849122-4-hyperv devstack@keystone.service[80735]: DEBUG keystone.server.flask.request_processing.middleware.auth_context [None req-c6601160-06c0-47a3-b760-fcbb66a577e6 None admin] Validating token access rules against request {{(pid=80735) validate_allowed_request /usr/local/lib/python3.8/dist-packages/keystonemiddleware/auth_token/__init__.py:545}}
Jul 13 14:03:52.966690 dv-neutron-849122-4-hyperv devstack@keystone.service[80735]: DEBUG keystone.server.flask.request_processing.middleware.auth_context [None req-59ca4e26-d94e-4f75-9629-f9ab830bc937 None admin] RBAC: auth_context: {'token': , 'domain_id': None, 'trust_id': None, 'trustor_id': None, 'trustee_id': None, 'domain_name': None, 'group_ids': [], 'user_id': 'b8951b1b08e9403eb4c3f108cf1ce433', 'user_domain_id': 'default', 'system_scope': 'all', 'project_id': None, 'project_domain_id': None, 'roles': ['admin', 'member', 'reader'], 'is_admin_project': True, 'service_user_id': None, 'service_user_domain_id': None, 'service_project_id': None, 'service_project_domain_id': None, 'service_roles': []} {{(pid=80735) fill_context /opt/stack/keystone/keystone/server/flask/request_processing/middleware/auth_context.py:478}}
Jul 13 14:03:52.967586 dv-neutron-849122-4-hyperv devstack@keystone.service[80735]: DEBUG keystone.server.flask.request_processing.req_logging [None req-59ca4e26-d94e-4f75-9629-f9ab830bc937 None admin] REQUEST_METHOD: `GET` {{(pid=80735) log_request_info /opt/stack/keystone/keystone/server/flask/request_processing/req_logging.py:27}}
Jul 13 14:03:52.967876 dv-neutron-849122-4-hyperv devstack@keystone.service[80735]: DEBUG keystone.server.flask.request_processing.req_logging [None req-59ca4e26-d94e-4f75-9629-f9ab830bc937 None admin] SCRIPT_NAME: `/identity` {{(pid=80735) log_request_info /opt/stack/keystone/keystone/server/flask/request_processing/req_logging.py:28}}
Jul 13 14:03:52.968156 dv-neutron-849122-4-hyperv devstack@keystone.service[80735]: DEBUG keystone.server.flask.request_processing.req_logging [None req-59ca4e26-d94e-4f75-9629-f9ab830bc937 None admin] PATH_INFO: `/v3/users/5ff4b3b801ba4b1ebb5accb256b084a8` {{(pid=80735) log_request_info /opt/stack/keystone/keystone/server/flask/request_processing/req_logging.py:29}}
Jul 13 14:03:52.969980 dv-neutron-849122-4-hyperv devstack@keystone.service[80735]: DEBUG keystone.common.rbac_enforcer.enforcer [None req-59ca4e26-d94e-4f75-9629-f9ab830bc937 None admin] RBAC: Authorizing `identity:get_user(user_id=5ff4b3b801ba4b1ebb5accb256b084a8)` {{(pid=80735) enforce_call /opt/stack/keystone/keystone/common/rbac_enforcer/enforcer.py:449}}
Jul 13 14:03:52.971896 dv-neutron-849122-4-hyperv devstack@keystone.service[80735]: DEBUG keystone.common.rbac_enforcer.enforcer [None req-59ca4e26-d94e-4f75-9629-f9ab830bc937 None admin] RBAC: Authorization granted {{(pid=80735) enforce_call /opt/stack/keystone/keystone/common/rbac_enforcer/enforcer.py:457}}
Jul 13 14:03:52.974171 dv-neutron-849122-4-hyperv devstack@keystone.service[80735]: [pid: 80735|app: 0|req: 86/176] 10.222.0.52 () {56 vars in 1177 bytes} [Wed Jul 13 14:03:52 2022] GET /identity/v3/users/5ff4b3b801ba4b1ebb5accb256b084a8 => generated 275 bytes in 177 msecs (HTTP/1.1 200) 5 headers in 177 bytes (1 switches on core 0)
Jul 13 14:03:52.975295 dv-neutron-849122-4-hyperv devstack@keystone.service[80736]: DEBUG keystone.server.flask.request_processing.middleware.auth_context [None req-10d21ce3-377c-45b8-9484-d035b1515f7b None admin] Validating token access rules against request {{(pid=80736) validate_allowed_request /usr/local/lib/python3.8/dist-packages/keystonemiddleware/auth_token/__init__.py:545}}
Jul 13 14:03:52.982404 dv-neutron-849122-4-hyperv devstack@keystone.service[80735]: DEBUG keystone.server.flask.request_processing.middleware.auth_context [None req-59ca4e26-d94e-4f75-9629-f9ab830bc937 None admin] Authenticating user token {{(pid=80735) process_request /usr/local/lib/python3.8/dist-packages/keystonemiddleware/auth_token/__init__.py:407}}
Jul 13 14:03:53.044528 dv-neutron-849122-4-hyperv devstack@keystone.service[80736]: DEBUG keystone.server.flask.request_processing.middleware.auth_context [None req-d7b4c925-58f6-4bce-ae90-ee78bc618377 None admin] RBAC: auth_context: {'token': , 'domain_id': None, 'trust_id': None, 'trustor_id': None, 'trustee_id': None, 'domain_name': None, 'group_ids': [], 'user_id': 'b8951b1b08e9403eb4c3f108cf1ce433', 'user_domain_id': 'default', 'system_scope': 'all', 'project_id': None, 'project_domain_id': None, 'roles': ['admin', 'member', 'reader'], 'is_admin_project': True, 'service_user_id': None, 'service_user_domain_id': None, 'service_project_id': None, 'service_project_domain_id': None, 'service_roles': []} {{(pid=80736) fill_context /opt/stack/keystone/keystone/server/flask/request_processing/middleware/auth_context.py:478}}
Jul 13 14:03:53.045314 dv-neutron-849122-4-hyperv devstack@keystone.service[80736]: DEBUG keystone.server.flask.request_processing.req_logging [None req-d7b4c925-58f6-4bce-ae90-ee78bc618377 None admin] REQUEST_METHOD: `GET` {{(pid=80736) log_request_info /opt/stack/keystone/keystone/server/flask/request_processing/req_logging.py:27}}
Jul 13 14:03:53.045668 dv-neutron-849122-4-hyperv devstack@keystone.service[80736]: DEBUG keystone.server.flask.request_processing.req_logging [None req-d7b4c925-58f6-4bce-ae90-ee78bc618377 None admin] SCRIPT_NAME: `/identity` {{(pid=80736) log_request_info /opt/stack/keystone/keystone/server/flask/request_processing/req_logging.py:28}}
Jul 13 14:03:53.046015 dv-neutron-849122-4-hyperv devstack@keystone.service[80736]: DEBUG keystone.server.flask.request_processing.req_logging [None req-d7b4c925-58f6-4bce-ae90-ee78bc618377 None admin] PATH_INFO: `/v3/role_assignments` {{(pid=80736) log_request_info /opt/stack/keystone/keystone/server/flask/request_processing/req_logging.py:29}}
Jul 13 14:03:53.046971 dv-neutron-849122-4-hyperv devstack@keystone.service[80736]: DEBUG keystone.common.rbac_enforcer.enforcer [None req-d7b4c925-58f6-4bce-ae90-ee78bc618377 None admin] RBAC: Adding query filter params (role.id=dde1923d812c4714a888899f702b950f, scope.project.id=b7f79d6fd3224290bda2eccdb3556718, user.id=5ff4b3b801ba4b1ebb5accb256b084a8) {{(pid=80736) _extract_filter_values /opt/stack/keystone/keystone/common/rbac_enforcer/enforcer.py:167}}
Jul 13 14:03:53.047484 dv-neutron-849122-4-hyperv devstack@keystone.service[80736]: DEBUG keystone.common.rbac_enforcer.enforcer [None req-d7b4c925-58f6-4bce-ae90-ee78bc618377 None admin] RBAC: Authorizing `identity:list_role_assignments()` {{(pid=80736) enforce_call /opt/stack/keystone/keystone/common/rbac_enforcer/enforcer.py:449}}
Jul 13 14:03:53.049830 dv-neutron-849122-4-hyperv devstack@keystone.service[80736]: DEBUG keystone.common.rbac_enforcer.enforcer [None req-d7b4c925-58f6-4bce-ae90-ee78bc618377 None admin] RBAC: Authorization granted {{(pid=80736) enforce_call /opt/stack/keystone/keystone/common/rbac_enforcer/enforcer.py:457}}
Jul 13 14:03:53.057074 dv-neutron-849122-4-hyperv devstack@keystone.service[80736]: [pid: 80736|app: 0|req: 91/177] 10.222.0.52 () {56 vars in 1374 bytes} [Wed Jul 13 14:03:52 2022] GET /identity/v3/role_assignments?user.id=5ff4b3b801ba4b1ebb5accb256b084a8&scope.project.id=b7f79d6fd3224290bda2eccdb3556718&role.id=dde1923d812c4714a888899f702b950f => generated 608 bytes in 333 msecs (HTTP/1.1 200) 5 headers in 177 bytes (1 switches on core 0)
Jul 13 14:03:53.058671 dv-neutron-849122-4-hyperv devstack@keystone.service[80736]: DEBUG keystone.server.flask.request_processing.req_logging [None req-37e2d599-77b6-4db9-983c-9c4d62b0f805 None None] REQUEST_METHOD: `GET` {{(pid=80736) log_request_info /opt/stack/keystone/keystone/server/flask/request_processing/req_logging.py:27}}
Jul 13 14:03:53.059024 dv-neutron-849122-4-hyperv devstack@keystone.service[80736]: DEBUG keystone.server.flask.request_processing.req_logging [None req-37e2d599-77b6-4db9-983c-9c4d62b0f805 None None] SCRIPT_NAME: `/identity` {{(pid=80736) log_request_info /opt/stack/keystone/keystone/server/flask/request_processing/req_logging.py:28}}
Jul 13 14:03:53.059369 dv-neutron-849122-4-hyperv devstack@keystone.service[80736]: DEBUG keystone.server.flask.request_processing.req_logging [None req-37e2d599-77b6-4db9-983c-9c4d62b0f805 None None] PATH_INFO: `/` {{(pid=80736) log_request_info /opt/stack/keystone/keystone/server/flask/request_processing/req_logging.py:29}}
Jul 13 14:03:53.060880 dv-neutron-849122-4-hyperv devstack@keystone.service[80736]: [pid: 80736|app: 0|req: 92/178] 10.222.0.52 () {54 vars in 926 bytes} [Wed Jul 13 14:03:53 2022] GET /identity => generated 270 bytes in 3 msecs (HTTP/1.1 300) 6 headers in 234 bytes (1 switches on core 0)
Jul 13 14:03:53.066655 dv-neutron-849122-4-hyperv devstack@keystone.service[80736]: DEBUG keystone.server.flask.request_processing.req_logging [None req-503f6a5c-aaa0-4b41-9ed7-8703836305de None None] REQUEST_METHOD: `POST` {{(pid=80736) log_request_info /opt/stack/keystone/keystone/server/flask/request_processing/req_logging.py:27}}
Jul 13 14:03:53.067014 dv-neutron-849122-4-hyperv devstack@keystone.service[80736]: DEBUG keystone.server.flask.request_processing.req_logging [None req-503f6a5c-aaa0-4b41-9ed7-8703836305de None None] SCRIPT_NAME: `/identity` {{(pid=80736) log_request_info /opt/stack/keystone/keystone/server/flask/request_processing/req_logging.py:28}}
Jul 13 14:03:53.067368 dv-neutron-849122-4-hyperv devstack@keystone.service[80736]: DEBUG keystone.server.flask.request_processing.req_logging [None req-503f6a5c-aaa0-4b41-9ed7-8703836305de None None] PATH_INFO: `/v3/auth/tokens` {{(pid=80736) log_request_info /opt/stack/keystone/keystone/server/flask/request_processing/req_logging.py:29}}
Jul 13 14:03:53.085472 dv-neutron-849122-4-hyperv devstack@keystone.service[80736]: DEBUG keystone.auth.core [None req-503f6a5c-aaa0-4b41-9ed7-8703836305de None None] MFA Rules not processed for user `b8951b1b08e9403eb4c3f108cf1ce433`. Rule list: `[]` (Enabled: `True`). {{(pid=80736) check_auth_methods_against_rules /opt/stack/keystone/keystone/auth/core.py:438}}
Jul 13 14:03:53.086531 dv-neutron-849122-4-hyperv devstack@keystone.service[80736]: DEBUG keystone.common.fernet_utils [None req-503f6a5c-aaa0-4b41-9ed7-8703836305de None None] Loaded 2 Fernet keys from /etc/keystone/fernet-keys/, but `[fernet_tokens] max_active_keys = 3`; perhaps there have not been enough key rotations to reach `max_active_keys` yet? {{(pid=80736) load_keys /opt/stack/keystone/keystone/common/fernet_utils.py:286}}
Jul 13 14:03:53.117501 dv-neutron-849122-4-hyperv devstack@keystone.service[80735]: DEBUG keystone.server.flask.request_processing.middleware.auth_context [None req-59ca4e26-d94e-4f75-9629-f9ab830bc937 None admin] Validating token access rules against request {{(pid=80735) validate_allowed_request /usr/local/lib/python3.8/dist-packages/keystonemiddleware/auth_token/__init__.py:545}}
Jul 13 14:03:53.164741 dv-neutron-849122-4-hyperv devstack@keystone.service[80735]: DEBUG keystone.server.flask.request_processing.middleware.auth_context [None req-65a9901f-e227-4cf3-aedf-51454b0c705d None admin] RBAC: auth_context: {'token': , 'domain_id': None, 'trust_id': None, 'trustor_id': None, 'trustee_id': None, 'domain_name': None, 'group_ids': [], 'user_id': 'b8951b1b08e9403eb4c3f108cf1ce433', 'user_domain_id': 'default', 'system_scope': 'all', 'project_id': None, 'project_domain_id': None, 'roles': ['admin', 'member', 'reader'], 'is_admin_project': True, 'service_user_id': None, 'service_user_domain_id': None, 'service_project_id': None, 'service_project_domain_id': None, 'service_roles': []} {{(pid=80735) fill_context /opt/stack/keystone/keystone/server/flask/request_processing/middleware/auth_context.py:478}}
Jul 13 14:03:53.165689 dv-neutron-849122-4-hyperv devstack@keystone.service[80735]: DEBUG keystone.server.flask.request_processing.req_logging [None req-65a9901f-e227-4cf3-aedf-51454b0c705d None admin] REQUEST_METHOD: `GET` {{(pid=80735) log_request_info /opt/stack/keystone/keystone/server/flask/request_processing/req_logging.py:27}}
Jul 13 14:03:53.166124 dv-neutron-849122-4-hyperv devstack@keystone.service[80735]: DEBUG keystone.server.flask.request_processing.req_logging [None req-65a9901f-e227-4cf3-aedf-51454b0c705d None admin] SCRIPT_NAME: `/identity` {{(pid=80735) log_request_info /opt/stack/keystone/keystone/server/flask/request_processing/req_logging.py:28}}
Jul 13 14:03:53.166532 dv-neutron-849122-4-hyperv devstack@keystone.service[80736]: [pid: 80736|app: 0|req: 93/179] 10.222.0.52 () {58 vars in 1023 bytes} [Wed Jul 13 14:03:53 2022] POST /identity/v3/auth/tokens => generated 799 bytes in 101 msecs (HTTP/1.1 201) 6 headers in 363 bytes (1 switches on core 0)
Jul 13 14:03:53.166714 dv-neutron-849122-4-hyperv devstack@keystone.service[80735]: DEBUG keystone.server.flask.request_processing.req_logging [None req-65a9901f-e227-4cf3-aedf-51454b0c705d None admin] PATH_INFO: `/v3/auth/tokens` {{(pid=80735) log_request_info /opt/stack/keystone/keystone/server/flask/request_processing/req_logging.py:29}}
Jul 13 14:03:53.195210 dv-neutron-849122-4-hyperv devstack@keystone.service[80736]: DEBUG keystone.server.flask.request_processing.middleware.auth_context [None req-503f6a5c-aaa0-4b41-9ed7-8703836305de None None] Authenticating user token {{(pid=80736) process_request /usr/local/lib/python3.8/dist-packages/keystonemiddleware/auth_token/__init__.py:407}}
Jul 13 14:03:53.195803 dv-neutron-849122-4-hyperv devstack@keystone.service[80735]: DEBUG dbcounter [-] [80735] Writing DB stats keystone:SELECT=100 {{(pid=80735) stat_writer /usr/local/lib/python3.8/dist-packages/dbcounter.py:114}}
Jul 13 14:03:53.256675 dv-neutron-849122-4-hyperv devstack@keystone.service[80735]: DEBUG keystone.common.rbac_enforcer.enforcer [None req-65a9901f-e227-4cf3-aedf-51454b0c705d None admin] RBAC: Authorizing `identity:validate_token()` {{(pid=80735) enforce_call /opt/stack/keystone/keystone/common/rbac_enforcer/enforcer.py:449}}
Jul 13 14:03:53.258566 dv-neutron-849122-4-hyperv devstack@keystone.service[80735]: DEBUG keystone.common.rbac_enforcer.enforcer [None req-65a9901f-e227-4cf3-aedf-51454b0c705d None admin] RBAC: Authorization granted {{(pid=80735) enforce_call /opt/stack/keystone/keystone/common/rbac_enforcer/enforcer.py:457}}
Jul 13 14:03:53.278892 dv-neutron-849122-4-hyperv devstack@keystone.service[80736]: DEBUG dbcounter [-] [80736] Writing DB stats keystone:SELECT=100 {{(pid=80736) stat_writer /usr/local/lib/python3.8/dist-packages/dbcounter.py:114}}
Jul 13 14:03:53.327542 dv-neutron-849122-4-hyperv devstack@keystone.service[80736]: DEBUG keystone.server.flask.request_processing.middleware.auth_context [None req-503f6a5c-aaa0-4b41-9ed7-8703836305de None None] Validating token access rules against request {{(pid=80736) validate_allowed_request /usr/local/lib/python3.8/dist-packages/keystonemiddleware/auth_token/__init__.py:545}}
Jul 13 14:03:53.376027 dv-neutron-849122-4-hyperv devstack@keystone.service[80736]: DEBUG keystone.server.flask.request_processing.middleware.auth_context [None req-78b46975-df59-4554-8cc4-85016baa3b99 None admin] RBAC: auth_context: {'token': , 'domain_id': None, 'trust_id': None, 'trustor_id': None, 'trustee_id': None, 'domain_name': None, 'group_ids': [], 'user_id': 'b8951b1b08e9403eb4c3f108cf1ce433', 'user_domain_id': 'default', 'system_scope': 'all', 'project_id': None, 'project_domain_id': None, 'roles': ['admin', 'member', 'reader'], 'is_admin_project': True, 'service_user_id': None, 'service_user_domain_id': None, 'service_project_id': None, 'service_project_domain_id': None, 'service_roles': []} {{(pid=80736) fill_context /opt/stack/keystone/keystone/server/flask/request_processing/middleware/auth_context.py:478}}
Jul 13 14:03:53.377879 dv-neutron-849122-4-hyperv devstack@keystone.service[80736]: DEBUG keystone.server.flask.request_processing.req_logging [None req-78b46975-df59-4554-8cc4-85016baa3b99 None admin] REQUEST_METHOD: `GET` {{(pid=80736) log_request_info /opt/stack/keystone/keystone/server/flask/request_processing/req_logging.py:27}}
Jul 13 14:03:53.378605 dv-neutron-849122-4-hyperv devstack@keystone.service[80736]: DEBUG keystone.server.flask.request_processing.req_logging [None req-78b46975-df59-4554-8cc4-85016baa3b99 None admin] SCRIPT_NAME: `/identity` {{(pid=80736) log_request_info /opt/stack/keystone/keystone/server/flask/request_processing/req_logging.py:28}}
Jul 13 14:03:53.379038 dv-neutron-849122-4-hyperv devstack@keystone.service[80736]: DEBUG keystone.server.flask.request_processing.req_logging [None req-78b46975-df59-4554-8cc4-85016baa3b99 None admin] PATH_INFO: `/v3/roles/admin` {{(pid=80736) log_request_info /opt/stack/keystone/keystone/server/flask/request_processing/req_logging.py:29}}
Jul 13 14:03:53.382061 dv-neutron-849122-4-hyperv devstack@keystone.service[80735]: [pid: 80735|app: 0|req: 87/180] 10.222.0.52 () {58 vars in 1282 bytes} [Wed Jul 13 14:03:52 2022] GET /identity/v3/auth/tokens => generated 799 bytes in 400 msecs (HTTP/1.1 200) 6 headers in 358 bytes (2 switches on core 0)
Jul 13 14:03:53.387868 dv-neutron-849122-4-hyperv devstack@keystone.service[80735]: DEBUG keystone.server.flask.request_processing.middleware.auth_context [None req-65a9901f-e227-4cf3-aedf-51454b0c705d None admin] Authenticating user token {{(pid=80735) process_request /usr/local/lib/python3.8/dist-packages/keystonemiddleware/auth_token/__init__.py:407}}
Jul 13 14:03:53.392906 dv-neutron-849122-4-hyperv devstack@keystone.service[80736]: DEBUG keystone.common.rbac_enforcer.enforcer [None req-78b46975-df59-4554-8cc4-85016baa3b99 None admin] Extracting inferred target data resulted in "NOT FOUND (404)". {{(pid=80736) enforce_call /opt/stack/keystone/keystone/common/rbac_enforcer/enforcer.py:409}}
Jul 13 14:03:53.405265 dv-neutron-849122-4-hyperv devstack@keystone.service[80736]: ERROR keystone.server.flask.application [None req-78b46975-df59-4554-8cc4-85016baa3b99 None admin] Could not find role: admin.: keystone.exception.RoleNotFound: Could not find role: admin.
Jul 13 14:03:53.405265 dv-neutron-849122-4-hyperv devstack@keystone.service[80736]: ERROR keystone.server.flask.application
Traceback (most recent call last):
Jul 13 14:03:53.405265 dv-neutron-849122-4-hyperv devstack@keystone.service[80736]: ERROR keystone.server.flask.application
File "/usr/local/lib/python3.8/dist-packages/flask/app.py", line 1523, in full_dispatch_request
Jul 13 14:03:53.405265 dv-neutron-849122-4-hyperv devstack@keystone.service[80736]: ERROR keystone.server.flask.application rv = self.dispatch_request()
Jul 13 14:03:53.405265 dv-neutron-849122-4-hyperv devstack@keystone.service[80736]: ERROR keystone.server.flask.application
File "/usr/local/lib/python3.8/dist-packages/flask/app.py", line 1509, in dispatch_request
Jul 13 14:03:53.405265 dv-neutron-849122-4-hyperv devstack@keystone.service[80736]: ERROR keystone.server.flask.application return self.ensure_sync(self.view_functions[rule.endpoint])(**req.view_args)
Jul 13 14:03:53.405265 dv-neutron-849122-4-hyperv devstack@keystone.service[80736]: ERROR keystone.server.flask.application
File "/usr/local/lib/python3.8/dist-packages/flask_restful/__init__.py", line 467, in wrapper
Jul 13 14:03:53.405265 dv-neutron-849122-4-hyperv devstack@keystone.service[80736]: ERROR keystone.server.flask.application resp = resource(*args, **kwargs)
Jul 13 14:03:53.405265 dv-neutron-849122-4-hyperv devstack@keystone.service[80736]: ERROR keystone.server.flask.application
File "/usr/local/lib/python3.8/dist-packages/flask/views.py", line 84, in view
Jul 13 14:03:53.405265 dv-neutron-849122-4-hyperv devstack@keystone.service[80736]: ERROR keystone.server.flask.application return current_app.ensure_sync(self.dispatch_request)(*args, **kwargs)
Jul 13 14:03:53.405265 dv-neutron-849122-4-hyperv devstack@keystone.service[80736]: ERROR keystone.server.flask.application
File "/usr/local/lib/python3.8/dist-packages/flask_restful/__init__.py", line 582, in dispatch_request
Jul 13 14:03:53.405265 dv-neutron-849122-4-hyperv devstack@keystone.service[80736]: ERROR keystone.server.flask.application resp = meth(*args, **kwargs)
Jul 13 14:03:53.405265 dv-neutron-849122-4-hyperv devstack@keystone.service[80736]: ERROR keystone.server.flask.application
File "/opt/stack/keystone/keystone/api/roles.py", line 50, in get
Jul 13 14:03:53.405265 dv-neutron-849122-4-hyperv devstack@keystone.service[80736]: ERROR keystone.server.flask.application return self._get_role(role_id)
Jul 13 14:03:53.405265 dv-neutron-849122-4-hyperv devstack@keystone.service[80736]: ERROR keystone.server.flask.application
File "/opt/stack/keystone/keystone/api/roles.py", line 70, in _get_role
Jul 13 14:03:53.405265 dv-neutron-849122-4-hyperv devstack@keystone.service[80736]: ERROR keystone.server.flask.application ENFORCER.enforce_call(action='identity:get_role')
Jul 13 14:03:53.406770 dv-neutron-849122-4-hyperv devstack@keystone.service[80736]: ERROR keystone.server.flask.application
File "/opt/stack/keystone/keystone/common/rbac_enforcer/enforcer.py", line 402, in enforce_call
Jul 13 14:03:53.406770 dv-neutron-849122-4-hyperv devstack@keystone.service[80736]: ERROR keystone.server.flask.application policy_dict.update(cls._extract_member_target_data(
Jul 13 14:03:53.406770 dv-neutron-849122-4-hyperv devstack@keystone.service[80736]: ERROR keystone.server.flask.application
File "/opt/stack/keystone/keystone/common/rbac_enforcer/enforcer.py", line 234, in _extract_member_target_data
Jul 13 14:03:53.406770 dv-neutron-849122-4-hyperv devstack@keystone.service[80736]: ERROR keystone.server.flask.application member_name: func(flask.request.view_args[key])
Jul 13 14:03:53.406770 dv-neutron-849122-4-hyperv devstack@keystone.service[80736]: ERROR keystone.server.flask.application
File "/opt/stack/keystone/keystone/common/manager.py", line 115, in wrapped
Jul 13 14:03:53.406770 dv-neutron-849122-4-hyperv devstack@keystone.service[80736]: ERROR keystone.server.flask.application __ret_val = __f(*args, **kwargs)
Jul 13 14:03:53.406770 dv-neutron-849122-4-hyperv devstack@keystone.service[80736]: ERROR keystone.server.flask.application
File "/usr/local/lib/python3.8/dist-packages/decorator.py", line 232, in fun
Jul 13 14:03:53.406770 dv-neutron-849122-4-hyperv devstack@keystone.service[80736]: ERROR keystone.server.flask.application return caller(func, *(extras + args), **kw)
Jul 13 14:03:53.406770 dv-neutron-849122-4-hyperv devstack@keystone.service[80736]: ERROR keystone.server.flask.application
File "/usr/local/lib/python3.8/dist-packages/dogpile/cache/region.py", line 1577, in get_or_create_for_user_func
Jul 13 14:03:53.406770 dv-neutron-849122-4-hyperv devstack@keystone.service[80736]: ERROR keystone.server.flask.application return self.get_or_create(
Jul 13 14:03:53.406770 dv-neutron-849122-4-hyperv devstack@keystone.service[80736]: ERROR keystone.server.flask.application
File "/usr/local/lib/python3.8/dist-packages/dogpile/cache/region.py", line 1042, in get_or_create
Jul 13 14:03:53.406770 dv-neutron-849122-4-hyperv devstack@keystone.service[80736]: ERROR keystone.server.flask.application with Lock(
Jul 13 14:03:53.406770 dv-neutron-849122-4-hyperv devstack@keystone.service[80736]: ERROR keystone.server.flask.application
File "/usr/local/lib/python3.8/dist-packages/dogpile/lock.py", line 185, in __enter__
Jul 13 14:03:53.406770 dv-neutron-849122-4-hyperv devstack@keystone.service[80736]: ERROR keystone.server.flask.application return self._enter()
Jul 13 14:03:53.406770 dv-neutron-849122-4-hyperv devstack@keystone.service[80736]: ERROR keystone.server.flask.application
File "/usr/local/lib/python3.8/dist-packages/dogpile/lock.py", line 94, in _enter
Jul 13 14:03:53.406770 dv-neutron-849122-4-hyperv devstack@keystone.service[80736]: ERROR keystone.server.flask.application generated = self._enter_create(value, createdtime)
Jul 13 14:03:53.407802 dv-neutron-849122-4-hyperv devstack@keystone.service[80736]: ERROR keystone.server.flask.application
File "/usr/local/lib/python3.8/dist-packages/dogpile/lock.py", line 178, in _enter_create
Jul 13 14:03:53.407802 dv-neutron-849122-4-hyperv devstack@keystone.service[80736]: ERROR keystone.server.flask.application return self.creator()
Jul 13 14:03:53.407802 dv-neutron-849122-4-hyperv devstack@keystone.service[80736]: ERROR keystone.server.flask.application
File "/usr/local/lib/python3.8/dist-packages/dogpile/cache/region.py", line 995, in gen_value
Jul 13 14:03:53.407802 dv-neutron-849122-4-hyperv devstack@keystone.service[80736]: ERROR keystone.server.flask.application created_value = creator(
Jul 13 14:03:53.407802 dv-neutron-849122-4-hyperv devstack@keystone.service[80736]: ERROR keystone.server.flask.application
File "/opt/stack/keystone/keystone/assignment/core.py", line 1276, in get_role
Jul 13 14:03:53.407802 dv-neutron-849122-4-hyperv devstack@keystone.service[80736]: ERROR keystone.server.flask.application return self.driver.get_role(role_id)
Jul 13 14:03:53.407802 dv-neutron-849122-4-hyperv devstack@keystone.service[80736]: ERROR keystone.server.flask.application
File "/opt/stack/keystone/keystone/assignment/role_backends/sql.py", line 70, in get_role
Jul 13 14:03:53.407802 dv-neutron-849122-4-hyperv devstack@keystone.service[80736]: ERROR keystone.server.flask.application return self._get_role(session, role_id).to_dict()
Jul 13 14:03:53.407802 dv-neutron-849122-4-hyperv devstack@keystone.service[80736]: ERROR keystone.server.flask.application
File "/opt/stack/keystone/keystone/assignment/role_backends/sql.py", line 65, in _get_role
Jul 13 14:03:53.407802 dv-neutron-849122-4-hyperv devstack@keystone.service[80736]: ERROR keystone.server.flask.application raise exception.RoleNotFound(role_id=role_id)
Jul 13 14:03:53.407802 dv-neutron-849122-4-hyperv devstack@keystone.service[80736]: ERROR keystone.server.flask.application keystone.exception.RoleNotFound: Could not find role: admin.
Jul 13 14:03:53.407802 dv-neutron-849122-4-hyperv devstack@keystone.service[80736]: ERROR keystone.server.flask.application
Jul 13 14:03:53.410193 dv-neutron-849122-4-hyperv devstack@keystone.service[80736]: [pid: 80736|app: 0|req: 94/181] 10.222.0.52 () {56 vars in 1096 bytes} [Wed Jul 13 14:03:53 2022] GET /identity/v3/roles/admin => generated 83 bytes in 216 msecs (HTTP/1.1 404) 5 headers in 183 bytes (1 switches on core 0)
Jul 13 14:03:53.418577 dv-neutron-849122-4-hyperv devstack@keystone.service[80736]: DEBUG keystone.server.flask.request_processing.middleware.auth_context [None req-78b46975-df59-4554-8cc4-85016baa3b99 None admin] Authenticating user token {{(pid=80736) process_request /usr/local/lib/python3.8/dist-packages/keystonemiddleware/auth_token/__init__.py:407}}
Jul 13 14:03:53.512086 dv-neutron-849122-4-hyperv devstack@keystone.service[80735]: DEBUG dbcounter [-] [80735] Writing DB stats keystone:SELECT=100 {{(pid=80735) stat_writer /usr/local/lib/python3.8/dist-packages/dbcounter.py:114}}
Jul 13 14:03:53.587118 dv-neutron-849122-4-hyperv devstack@keystone.service[80736]: DEBUG keystone.server.flask.request_processing.middleware.auth_context [None req-78b46975-df59-4554-8cc4-85016baa3b99 None admin] Validating token access rules against request {{(pid=80736) validate_allowed_request /usr/local/lib/python3.8/dist-packages/keystonemiddleware/auth_token/__init__.py:545}}
Jul 13 14:03:53.596488 dv-neutron-849122-4-hyperv devstack@keystone.service[80735]: DEBUG keystone.server.flask.request_processing.middleware.auth_context [None req-65a9901f-e227-4cf3-aedf-51454b0c705d None admin] Validating token access rules against request {{(pid=80735) validate_allowed_request /usr/local/lib/python3.8/dist-packages/keystonemiddleware/auth_token/__init__.py:545}}
Jul 13 14:03:53.623353 dv-neutron-849122-4-hyperv devstack@keystone.service[80736]: DEBUG dbcounter [-] [80736] Writing DB stats keystone:SELECT=100 {{(pid=80736) stat_writer /usr/local/lib/python3.8/dist-packages/dbcounter.py:114}}
Jul 13 14:03:53.634321 dv-neutron-849122-4-hyperv devstack@keystone.service[80736]: DEBUG keystone.server.flask.request_processing.middleware.auth_context [None req-dc08a473-818a-421f-ac6d-81dbe677b07f None admin] RBAC: auth_context: {'token': , 'domain_id': None, 'trust_id': None, 'trustor_id': None, 'trustee_id': None, 'domain_name': None, 'group_ids': [], 'user_id': 'b8951b1b08e9403eb4c3f108cf1ce433', 'user_domain_id': 'default', 'system_scope': 'all', 'project_id': None, 'project_domain_id': None, 'roles': ['admin', 'member', 'reader'], 'is_admin_project': True, 'service_user_id': None, 'service_user_domain_id': None, 'service_project_id': None, 'service_project_domain_id': None, 'service_roles': []} {{(pid=80736) fill_context /opt/stack/keystone/keystone/server/flask/request_processing/middleware/auth_context.py:478}}
Jul 13 14:03:53.635287 dv-neutron-849122-4-hyperv devstack@keystone.service[80736]: DEBUG keystone.server.flask.request_processing.req_logging [None req-dc08a473-818a-421f-ac6d-81dbe677b07f None admin] REQUEST_METHOD: `GET` {{(pid=80736) log_request_info /opt/stack/keystone/keystone/server/flask/request_processing/req_logging.py:27}}
Jul 13 14:03:53.635730 dv-neutron-849122-4-hyperv devstack@keystone.service[80736]: DEBUG keystone.server.flask.request_processing.req_logging [None req-dc08a473-818a-421f-ac6d-81dbe677b07f None admin] SCRIPT_NAME: `/identity` {{(pid=80736) log_request_info /opt/stack/keystone/keystone/server/flask/request_processing/req_logging.py:28}}
Jul 13 14:03:53.636165 dv-neutron-849122-4-hyperv devstack@keystone.service[80736]: DEBUG keystone.server.flask.request_processing.req_logging [None req-dc08a473-818a-421f-ac6d-81dbe677b07f None admin] PATH_INFO: `/v3/roles` {{(pid=80736) log_request_info /opt/stack/keystone/keystone/server/flask/request_processing/req_logging.py:29}}
Jul 13 14:03:53.639921 dv-neutron-849122-4-hyperv devstack@keystone.service[80735]: DEBUG keystone.server.flask.request_processing.middleware.auth_context [None req-42e18c40-0f42-4f7b-865a-a77b5b680e9c None admin] RBAC: auth_context: {'token': , 'domain_id': None, 'trust_id': None, 'trustor_id': None, 'trustee_id': None, 'domain_name': None, 'group_ids': [], 'user_id': 'b8951b1b08e9403eb4c3f108cf1ce433', 'user_domain_id': 'default', 'system_scope': 'all', 'project_id': None, 'project_domain_id': None, 'roles': ['admin', 'member', 'reader'], 'is_admin_project': True, 'service_user_id': None, 'service_user_domain_id': None, 'service_project_id': None, 'service_project_domain_id': None, 'service_roles': []} {{(pid=80735) fill_context /opt/stack/keystone/keystone/server/flask/request_processing/middleware/auth_context.py:478}}
Jul 13 14:03:53.640377 dv-neutron-849122-4-hyperv devstack@keystone.service[80736]: DEBUG keystone.common.rbac_enforcer.enforcer [None req-dc08a473-818a-421f-ac6d-81dbe677b07f None admin] RBAC: Adding query filter params (name=admin) {{(pid=80736) _extract_filter_values /opt/stack/keystone/keystone/common/rbac_enforcer/enforcer.py:167}}
Jul 13 14:03:53.640377 dv-neutron-849122-4-hyperv devstack@keystone.service[80736]: DEBUG keystone.common.rbac_enforcer.enforcer [None req-dc08a473-818a-421f-ac6d-81dbe677b07f None admin] RBAC: Authorizing `identity:list_roles()` {{(pid=80736) enforce_call /opt/stack/keystone/keystone/common/rbac_enforcer/enforcer.py:449}}
Jul 13 14:03:53.640502 dv-neutron-849122-4-hyperv devstack@keystone.service[80735]: DEBUG keystone.server.flask.request_processing.req_logging [None req-42e18c40-0f42-4f7b-865a-a77b5b680e9c None admin] REQUEST_METHOD: `GET` {{(pid=80735) log_request_info /opt/stack/keystone/keystone/server/flask/request_processing/req_logging.py:27}}
Jul 13 14:03:53.640502 dv-neutron-849122-4-hyperv devstack@keystone.service[80735]: DEBUG keystone.server.flask.request_processing.req_logging [None req-42e18c40-0f42-4f7b-865a-a77b5b680e9c None admin] SCRIPT_NAME: `/identity` {{(pid=80735) log_request_info /opt/stack/keystone/keystone/server/flask/request_processing/req_logging.py:28}}
Jul 13 14:03:53.640502 dv-neutron-849122-4-hyperv devstack@keystone.service[80735]: DEBUG keystone.server.flask.request_processing.req_logging [None req-42e18c40-0f42-4f7b-865a-a77b5b680e9c None admin] PATH_INFO: `/v3/projects/86b1d7d075544fc1b63fbe2f91db1620` {{(pid=80735) log_request_info /opt/stack/keystone/keystone/server/flask/request_processing/req_logging.py:29}}
Jul 13 14:03:53.640699 dv-neutron-849122-4-hyperv devstack@keystone.service[80736]: DEBUG keystone.common.rbac_enforcer.enforcer [None req-dc08a473-818a-421f-ac6d-81dbe677b07f None admin] RBAC: Authorization granted {{(pid=80736) enforce_call /opt/stack/keystone/keystone/common/rbac_enforcer/enforcer.py:457}}
Jul 13 14:03:53.640763 dv-neutron-849122-4-hyperv devstack@keystone.service[80735]: DEBUG keystone.common.rbac_enforcer.enforcer [None req-42e18c40-0f42-4f7b-865a-a77b5b680e9c None admin] RBAC: Authorizing `identity:get_project(project_id=86b1d7d075544fc1b63fbe2f91db1620)` {{(pid=80735) enforce_call /opt/stack/keystone/keystone/common/rbac_enforcer/enforcer.py:449}}
Jul 13 14:03:53.640763 dv-neutron-849122-4-hyperv devstack@keystone.service[80735]: DEBUG keystone.common.rbac_enforcer.enforcer [None req-42e18c40-0f42-4f7b-865a-a77b5b680e9c None admin] RBAC: Authorization granted {{(pid=80735) enforce_call /opt/stack/keystone/keystone/common/rbac_enforcer/enforcer.py:457}}
Jul 13 14:03:53.642747 dv-neutron-849122-4-hyperv devstack@keystone.service[80735]: [pid: 80735|app: 0|req: 88/182] 10.222.0.52 () {56 vars in 1186 bytes} [Wed Jul 13 14:03:53 2022] GET /identity/v3/projects/86b1d7d075544fc1b63fbe2f91db1620 => generated 298 bytes in 255 msecs (HTTP/1.1 200) 5 headers in 177 bytes (1 switches on core 0)
Jul 13 14:03:53.646739 dv-neutron-849122-4-hyperv devstack@keystone.service[80735]: DEBUG keystone.server.flask.request_processing.req_logging [None req-63fe5709-0f1c-4ad8-92d9-d6ebc7024f6e None None] REQUEST_METHOD: `GET` {{(pid=80735) log_request_info /opt/stack/keystone/keystone/server/flask/request_processing/req_logging.py:27}}
Jul 13 14:03:53.646739 dv-neutron-849122-4-hyperv devstack@keystone.service[80735]: DEBUG keystone.server.flask.request_processing.req_logging [None req-63fe5709-0f1c-4ad8-92d9-d6ebc7024f6e None None] SCRIPT_NAME: `/identity` {{(pid=80735) log_request_info /opt/stack/keystone/keystone/server/flask/request_processing/req_logging.py:28}}
Jul 13 14:03:53.646739 dv-neutron-849122-4-hyperv devstack@keystone.service[80735]: DEBUG keystone.server.flask.request_processing.req_logging [None req-63fe5709-0f1c-4ad8-92d9-d6ebc7024f6e None None] PATH_INFO: `/` {{(pid=80735) log_request_info /opt/stack/keystone/keystone/server/flask/request_processing/req_logging.py:29}}
Jul 13 14:03:53.646739 dv-neutron-849122-4-hyperv devstack@keystone.service[80735]: [pid: 80735|app: 0|req: 89/183] 10.222.0.52 () {54 vars in 926 bytes} [Wed Jul 13 14:03:53 2022] GET /identity => generated 270 bytes in 3 msecs (HTTP/1.1 300) 6 headers in 234 bytes (1 switches on core 0)
Jul 13 14:03:53.651236 dv-neutron-849122-4-hyperv devstack@keystone.service[80735]: DEBUG keystone.server.flask.request_processing.req_logging [None req-003b5602-24ed-4a3f-a638-f626c7c3793e None None] REQUEST_METHOD: `POST` {{(pid=80735) log_request_info /opt/stack/keystone/keystone/server/flask/request_processing/req_logging.py:27}}
Jul 13 14:03:53.651527 dv-neutron-849122-4-hyperv devstack@keystone.service[80735]: DEBUG keystone.server.flask.request_processing.req_logging [None req-003b5602-24ed-4a3f-a638-f626c7c3793e None None] SCRIPT_NAME: `/identity` {{(pid=80735) log_request_info /opt/stack/keystone/keystone/server/flask/request_processing/req_logging.py:28}}
Jul 13 14:03:53.651809 dv-neutron-849122-4-hyperv devstack@keystone.service[80735]: DEBUG keystone.server.flask.request_processing.req_logging [None req-003b5602-24ed-4a3f-a638-f626c7c3793e None None] PATH_INFO: `/v3/auth/tokens` {{(pid=80735) log_request_info /opt/stack/keystone/keystone/server/flask/request_processing/req_logging.py:29}}
Jul 13 14:03:53.656294 dv-neutron-849122-4-hyperv devstack@keystone.service[80736]: [pid: 80736|app: 0|req: 95/184] 10.222.0.52 () {56 vars in 1099 bytes} [Wed Jul 13 14:03:53 2022] GET /identity/v3/roles?name=admin => generated 339 bytes in 238 msecs (HTTP/1.1 200) 5 headers in 177 bytes (1 switches on core 0)
Jul 13 14:03:53.661863 dv-neutron-849122-4-hyperv devstack@keystone.service[80736]: DEBUG keystone.server.flask.request_processing.middleware.auth_context [None req-dc08a473-818a-421f-ac6d-81dbe677b07f None admin] Authenticating user token {{(pid=80736) process_request /usr/local/lib/python3.8/dist-packages/keystonemiddleware/auth_token/__init__.py:407}}
Jul 13 14:03:53.669857 dv-neutron-849122-4-hyperv devstack@keystone.service[80735]: DEBUG keystone.auth.core [None req-003b5602-24ed-4a3f-a638-f626c7c3793e None None] MFA Rules not processed for user `b8951b1b08e9403eb4c3f108cf1ce433`. Rule list: `[]` (Enabled: `True`). {{(pid=80735) check_auth_methods_against_rules /opt/stack/keystone/keystone/auth/core.py:438}}
Jul 13 14:03:53.671057 dv-neutron-849122-4-hyperv devstack@keystone.service[80735]: DEBUG keystone.common.fernet_utils [None req-003b5602-24ed-4a3f-a638-f626c7c3793e None None] Loaded 2 Fernet keys from /etc/keystone/fernet-keys/, but `[fernet_tokens] max_active_keys = 3`; perhaps there have not been enough key rotations to reach `max_active_keys` yet? {{(pid=80735) load_keys /opt/stack/keystone/keystone/common/fernet_utils.py:286}}
Jul 13 14:03:53.741862 dv-neutron-849122-4-hyperv devstack@keystone.service[80735]: [pid: 80735|app: 0|req: 90/185] 10.222.0.52 () {58 vars in 1023 bytes} [Wed Jul 13 14:03:53 2022] POST /identity/v3/auth/tokens => generated 799 bytes in 91 msecs (HTTP/1.1 201) 6 headers in 363 bytes (2 switches on core 0)
Jul 13 14:03:53.742715 dv-neutron-849122-4-hyperv devstack@keystone.service[80735]: DEBUG keystone.server.flask.request_processing.middleware.auth_context [None req-003b5602-24ed-4a3f-a638-f626c7c3793e None None] Authenticating user token {{(pid=80735) process_request /usr/local/lib/python3.8/dist-packages/keystonemiddleware/auth_token/__init__.py:407}}
Jul 13 14:03:53.786013 dv-neutron-849122-4-hyperv devstack@keystone.service[80736]: DEBUG keystone.server.flask.request_processing.middleware.auth_context [None req-dc08a473-818a-421f-ac6d-81dbe677b07f None admin] Validating token access rules against request {{(pid=80736) validate_allowed_request /usr/local/lib/python3.8/dist-packages/keystonemiddleware/auth_token/__init__.py:545}}
Jul 13 14:03:53.824232 dv-neutron-849122-4-hyperv devstack@keystone.service[80735]: DEBUG dbcounter [-] [80735] Writing DB stats keystone:SELECT=100 {{(pid=80735) stat_writer /usr/local/lib/python3.8/dist-packages/dbcounter.py:114}}
Jul 13 14:03:53.829464 dv-neutron-849122-4-hyperv devstack@keystone.service[80736]: DEBUG keystone.server.flask.request_processing.middleware.auth_context [None req-d204cf0f-c871-45b4-ae11-407f3de7bf9a None admin] RBAC: auth_context: {'token': , 'domain_id': None, 'trust_id': None, 'trustor_id': None, 'trustee_id': None, 'domain_name': None, 'group_ids': [], 'user_id': 'b8951b1b08e9403eb4c3f108cf1ce433', 'user_domain_id': 'default', 'system_scope': 'all', 'project_id': None, 'project_domain_id': None, 'roles': ['admin', 'member', 'reader'], 'is_admin_project': True, 'service_user_id': None, 'service_user_domain_id': None, 'service_project_id': None, 'service_project_domain_id': None, 'service_roles': []} {{(pid=80736) fill_context /opt/stack/keystone/keystone/server/flask/request_processing/middleware/auth_context.py:478}}
Jul 13 14:03:53.833035 dv-neutron-849122-4-hyperv devstack@keystone.service[80736]: DEBUG keystone.server.flask.request_processing.req_logging [None req-d204cf0f-c871-45b4-ae11-407f3de7bf9a None admin] REQUEST_METHOD: `GET` {{(pid=80736) log_request_info /opt/stack/keystone/keystone/server/flask/request_processing/req_logging.py:27}}
Jul 13 14:03:53.833035 dv-neutron-849122-4-hyperv devstack@keystone.service[80736]: DEBUG keystone.server.flask.request_processing.req_logging [None req-d204cf0f-c871-45b4-ae11-407f3de7bf9a None admin] SCRIPT_NAME: `/identity` {{(pid=80736) log_request_info /opt/stack/keystone/keystone/server/flask/request_processing/req_logging.py:28}}
