Jul 12 09:40:16.649325 dv-neutron-849082-2-hyperv neutron-server[111483]: DEBUG neutron.db.provisioning_blocks [None req-cf413bda-cac7-4463-9549-de73c4dbc0fc None None] Provisioning complete for port 58fccaf7-b289-4ae2-980a-f60ff059274b triggered by entity DHCP. {{(pid=111483) provisioning_complete /opt/stack/neutron/neutron/db/provisioning_blocks.py:145}}
Jul 12 09:40:16.649325 dv-neutron-849082-2-hyperv neutron-server[111483]: DEBUG neutron_lib.callbacks.manager [None req-cf413bda-cac7-4463-9549-de73c4dbc0fc None None] Publish callbacks ['neutron.plugins.ml2.plugin.Ml2Plugin._port_provisioned-3571770'] for port (58fccaf7-b289-4ae2-980a-f60ff059274b), provisioning_complete {{(pid=111483) _notify_loop /usr/local/lib/python3.8/dist-packages/neutron_lib/callbacks/manager.py:176}}
Jul 12 09:40:16.651123 dv-neutron-849082-2-hyperv neutron-server[111482]: INFO neutron.plugins.ml2.plugin [None req-f0e32ee5-4514-4a5d-aa99-24b5d7dd826b tempest-PortsAdminExtendedAttrsIpV6TestJSON-1171221810 tempest-PortsAdminExtendedAttrsIpV6TestJSON-1171221810-project-admin] Attempt 5 to bind port 1207442d-f144-4c99-b5f4-48c7ffc5242e
Jul 12 09:40:16.678031 dv-neutron-849082-2-hyperv neutron-server[111482]: DEBUG dbcounter [-] [111482] Writing DB stats neutron:UPDATE=2,neutron:SELECT=96,neutron:INSERT=2 {{(pid=111482) stat_writer /usr/local/lib/python3.8/dist-packages/dbcounter.py:114}}
Jul 12 09:40:16.681714 dv-neutron-849082-2-hyperv neutron-server[111482]: DEBUG neutron.scheduler.dhcp_agent_scheduler [None req-6844e8d1-d12d-4b1e-a6d3-e18006ed1ffa admin admin] Network 10e32b39-eac6-4786-902f-5ced8b14b05b is already hosted by enough agents. {{(pid=111482) _get_dhcp_agents_hosting_network /opt/stack/neutron/neutron/scheduler/dhcp_agent_scheduler.py:275}}
Jul 12 09:40:16.690334 dv-neutron-849082-2-hyperv neutron-server[111481]: DEBUG neutron.notifiers.nova [None req-6d84b836-2eeb-46f8-9a9c-868dacec6450 tempest-DHCPAgentSchedulersTestJSON-56660426 tempest-DHCPAgentSchedulersTestJSON-56660426-project] device_id is not set on port 77074696-8795-47cb-b6e6-00fc33801c82 yet. {{(pid=111481) _can_notify /opt/stack/neutron/neutron/notifiers/nova.py:199}}
Jul 12 09:40:16.699505 dv-neutron-849082-2-hyperv neutron-server[111482]: DEBUG neutron.plugins.ml2.managers [None req-fb18bc4f-660f-4562-882d-4acae6a90fc2 tempest-PortsAdminExtendedAttrsTestJSON-1458214881 tempest-PortsAdminExtendedAttrsTestJSON-1458214881-project-admin] Attempting to bind port 7e8a590d-9843-4b63-9502-dc009d274d40 on host hv-neutron-8490 for vnic_type normal with profile {{(pid=111482) bind_port /opt/stack/neutron/neutron/plugins/ml2/managers.py:810}}
Jul 12 09:40:16.699840 dv-neutron-849082-2-hyperv neutron-server[111482]: DEBUG neutron.plugins.ml2.managers [None req-fb18bc4f-660f-4562-882d-4acae6a90fc2 tempest-PortsAdminExtendedAttrsTestJSON-1458214881 tempest-PortsAdminExtendedAttrsTestJSON-1458214881-project-admin] Attempting to bind port 7e8a590d-9843-4b63-9502-dc009d274d40 by drivers openvswitch,hyperv on host hv-neutron-8490 at level 0 using segments [{'id': '01edc422-0b4c-4ff3-994f-330e0536da36', 'network_type': 'vlan', 'physical_network': 'physnet1', 'segmentation_id': 653, 'network_id': '9986c7a8-ee8e-483c-93bc-b6678aa5d3f3'}] {{(pid=111482) _bind_port_level /opt/stack/neutron/neutron/plugins/ml2/managers.py:835}}
Jul 12 09:40:16.700210 dv-neutron-849082-2-hyperv neutron-server[111482]: DEBUG neutron.plugins.ml2.drivers.mech_agent [None req-fb18bc4f-660f-4562-882d-4acae6a90fc2 tempest-PortsAdminExtendedAttrsTestJSON-1458214881 tempest-PortsAdminExtendedAttrsTestJSON-1458214881-project-admin] Attempting to bind port 7e8a590d-9843-4b63-9502-dc009d274d40 on network 9986c7a8-ee8e-483c-93bc-b6678aa5d3f3 {{(pid=111482) bind_port /opt/stack/neutron/neutron/plugins/ml2/drivers/mech_agent.py:91}}
Jul 12 09:40:16.710457 dv-neutron-849082-2-hyperv neutron-server[111482]: DEBUG neutron_lib.callbacks.manager [None req-772a7877-b166-490d-8b41-2bf460902c8c admin admin] Publish callbacks [] for security_group (None), before_create {{(pid=111482) _notify_loop /usr/local/lib/python3.8/dist-packages/neutron_lib/callbacks/manager.py:176}}
Jul 12 09:40:16.712656 dv-neutron-849082-2-hyperv neutron-server[111482]: DEBUG neutron.scheduler.base_scheduler [None req-6844e8d1-d12d-4b1e-a6d3-e18006ed1ffa admin admin] Resources bound (agent type, host, resource id): {{(pid=111482) schedule /opt/stack/neutron/neutron/scheduler/base_scheduler.py:57}}
Jul 12 09:40:16.720220 dv-neutron-849082-2-hyperv neutron-server[111483]: DEBUG dbcounter [-] [111483] Writing DB stats neutron:SELECT=95,neutron:INSERT=3,neutron:UPDATE=2 {{(pid=111483) stat_writer /usr/local/lib/python3.8/dist-packages/dbcounter.py:114}}
Jul 12 09:40:16.728412 dv-neutron-849082-2-hyperv neutron-server[111482]: DEBUG neutron.db.l3_dvrscheduler_db [None req-6844e8d1-d12d-4b1e-a6d3-e18006ed1ffa admin admin] Received port after_create {{(pid=111482) _notify_l3_agent_new_port /opt/stack/neutron/neutron/db/l3_dvrscheduler_db.py:542}}
Jul 12 09:40:16.736514 dv-neutron-849082-2-hyperv neutron-server[111482]: DEBUG neutron.api.rpc.handlers.resources_rpc [None req-6844e8d1-d12d-4b1e-a6d3-e18006ed1ffa admin admin] Pushing event updated for resources: {'Port': ['ID=c6b1d357-7209-4be4-a0ca-677c5ce3b64e,revision_number=1']} {{(pid=111482) push /opt/stack/neutron/neutron/api/rpc/handlers/resources_rpc.py:237}}
Jul 12 09:40:16.742695 dv-neutron-849082-2-hyperv neutron-server[111482]: DEBUG neutron.plugins.ml2.drivers.mech_agent [None req-fb18bc4f-660f-4562-882d-4acae6a90fc2 tempest-PortsAdminExtendedAttrsTestJSON-1458214881 tempest-PortsAdminExtendedAttrsTestJSON-1458214881-project-admin] Port 7e8a590d-9843-4b63-9502-dc009d274d40 on network 9986c7a8-ee8e-483c-93bc-b6678aa5d3f3 not bound, no agent of type Open vSwitch agent registered on host hv-neutron-8490 {{(pid=111482) bind_port /opt/stack/neutron/neutron/plugins/ml2/drivers/mech_agent.py:103}}
Jul 12 09:40:16.743029 dv-neutron-849082-2-hyperv neutron-server[111482]: ERROR neutron.plugins.ml2.managers [None req-fb18bc4f-660f-4562-882d-4acae6a90fc2 tempest-PortsAdminExtendedAttrsTestJSON-1458214881 tempest-PortsAdminExtendedAttrsTestJSON-1458214881-project-admin] Failed to bind port 7e8a590d-9843-4b63-9502-dc009d274d40 on host hv-neutron-8490 for vnic_type normal using segments [{'id': '01edc422-0b4c-4ff3-994f-330e0536da36', 'network_type': 'vlan', 'physical_network': 'physnet1', 'segmentation_id': 653, 'network_id': '9986c7a8-ee8e-483c-93bc-b6678aa5d3f3'}]
Jul 12 09:40:16.743621 dv-neutron-849082-2-hyperv neutron-server[111482]: DEBUG neutron.plugins.ml2.managers [None req-f0e32ee5-4514-4a5d-aa99-24b5d7dd826b tempest-PortsAdminExtendedAttrsIpV6TestJSON-1171221810 tempest-PortsAdminExtendedAttrsIpV6TestJSON-1171221810-project-admin] Attempting to bind port 1207442d-f144-4c99-b5f4-48c7ffc5242e on host hv-neutron-8490 for vnic_type normal with profile {{(pid=111482) bind_port /opt/stack/neutron/neutron/plugins/ml2/managers.py:810}}
Jul 12 09:40:16.743949 dv-neutron-849082-2-hyperv neutron-server[111482]: DEBUG neutron.plugins.ml2.managers [None req-f0e32ee5-4514-4a5d-aa99-24b5d7dd826b tempest-PortsAdminExtendedAttrsIpV6TestJSON-1171221810 tempest-PortsAdminExtendedAttrsIpV6TestJSON-1171221810-project-admin] Attempting to bind port 1207442d-f144-4c99-b5f4-48c7ffc5242e by drivers openvswitch,hyperv on host hv-neutron-8490 at level 0 using segments [{'id': '69f15aa0-3823-4bce-bb66-8fa2f5546bc2', 'network_type': 'vlan', 'physical_network': 'physnet1', 'segmentation_id': 661, 'network_id': 'b4aeb36c-3976-4c72-975c-b2b9a3d050c6'}] {{(pid=111482) _bind_port_level /opt/stack/neutron/neutron/plugins/ml2/managers.py:835}}
Jul 12 09:40:16.744280 dv-neutron-849082-2-hyperv neutron-server[111482]: DEBUG neutron.plugins.ml2.drivers.mech_agent [None req-f0e32ee5-4514-4a5d-aa99-24b5d7dd826b tempest-PortsAdminExtendedAttrsIpV6TestJSON-1171221810 tempest-PortsAdminExtendedAttrsIpV6TestJSON-1171221810-project-admin] Attempting to bind port 1207442d-f144-4c99-b5f4-48c7ffc5242e on network b4aeb36c-3976-4c72-975c-b2b9a3d050c6 {{(pid=111482) bind_port /opt/stack/neutron/neutron/plugins/ml2/drivers/mech_agent.py:91}}
Jul 12 09:40:16.773041 dv-neutron-849082-2-hyperv neutron-server[111483]: DEBUG neutron.db.provisioning_blocks [None req-e34dfcea-f442-496e-96b5-4f42fa500394 None None] Provisioning complete for port 58fccaf7-b289-4ae2-980a-f60ff059274b triggered by entity L2. {{(pid=111483) provisioning_complete /opt/stack/neutron/neutron/db/provisioning_blocks.py:145}}
Jul 12 09:40:16.773368 dv-neutron-849082-2-hyperv neutron-server[111483]: DEBUG neutron_lib.callbacks.manager [None req-e34dfcea-f442-496e-96b5-4f42fa500394 None None] Publish callbacks ['neutron.plugins.ml2.plugin.Ml2Plugin._port_provisioned-3571770'] for port (58fccaf7-b289-4ae2-980a-f60ff059274b), provisioning_complete {{(pid=111483) _notify_loop /usr/local/lib/python3.8/dist-packages/neutron_lib/callbacks/manager.py:176}}
Jul 12 09:40:16.793973 dv-neutron-849082-2-hyperv neutron-server[111481]: DEBUG neutron_lib.callbacks.manager [None req-40693ee6-b96c-4621-a4cf-5698c0b3935f admin admin] Publish callbacks [] for security_group (None), before_create {{(pid=111481) _notify_loop /usr/local/lib/python3.8/dist-packages/neutron_lib/callbacks/manager.py:176}}
Jul 12 09:40:16.813198 dv-neutron-849082-2-hyperv neutron-server[111482]: INFO neutron.plugins.ml2.plugin [None req-fb18bc4f-660f-4562-882d-4acae6a90fc2 tempest-PortsAdminExtendedAttrsTestJSON-1458214881 tempest-PortsAdminExtendedAttrsTestJSON-1458214881-project-admin] Attempt 5 to bind port 7e8a590d-9843-4b63-9502-dc009d274d40
Jul 12 09:40:16.871431 dv-neutron-849082-2-hyperv neutron-server[111482]: DEBUG neutron.plugins.ml2.drivers.mech_agent [None req-f0e32ee5-4514-4a5d-aa99-24b5d7dd826b tempest-PortsAdminExtendedAttrsIpV6TestJSON-1171221810 tempest-PortsAdminExtendedAttrsIpV6TestJSON-1171221810-project-admin] Port 1207442d-f144-4c99-b5f4-48c7ffc5242e on network b4aeb36c-3976-4c72-975c-b2b9a3d050c6 not bound, no agent of type Open vSwitch agent registered on host hv-neutron-8490 {{(pid=111482) bind_port /opt/stack/neutron/neutron/plugins/ml2/drivers/mech_agent.py:103}}
Jul 12 09:40:16.872011 dv-neutron-849082-2-hyperv neutron-server[111482]: ERROR neutron.plugins.ml2.managers [None req-f0e32ee5-4514-4a5d-aa99-24b5d7dd826b tempest-PortsAdminExtendedAttrsIpV6TestJSON-1171221810 tempest-PortsAdminExtendedAttrsIpV6TestJSON-1171221810-project-admin] Failed to bind port 1207442d-f144-4c99-b5f4-48c7ffc5242e on host hv-neutron-8490 for vnic_type normal using segments [{'id': '69f15aa0-3823-4bce-bb66-8fa2f5546bc2', 'network_type': 'vlan', 'physical_network': 'physnet1', 'segmentation_id': 661, 'network_id': 'b4aeb36c-3976-4c72-975c-b2b9a3d050c6'}]
Jul 12 09:40:16.874670 dv-neutron-849082-2-hyperv neutron-server[111483]: DEBUG neutron.plugins.ml2.plugin [None req-cf413bda-cac7-4463-9549-de73c4dbc0fc None None] Current status of the port 58fccaf7-b289-4ae2-980a-f60ff059274b is: DOWN; New status is: ACTIVE {{(pid=111483) _update_individual_port_db_status /opt/stack/neutron/neutron/plugins/ml2/plugin.py:2292}}
Jul 12 09:40:16.875064 dv-neutron-849082-2-hyperv neutron-server[111483]: DEBUG neutron_lib.callbacks.manager [None req-cf413bda-cac7-4463-9549-de73c4dbc0fc None None] Publish callbacks ['neutron.plugins.ml2.plugin.SecurityGroupDbMixin._ensure_default_security_group_handler-3433642'] for port (58fccaf7-b289-4ae2-980a-f60ff059274b), before_update {{(pid=111483) _notify_loop /usr/local/lib/python3.8/dist-packages/neutron_lib/callbacks/manager.py:176}}
Jul 12 09:40:16.879481 dv-neutron-849082-2-hyperv neutron-server[111482]: INFO neutron.plugins.ml2.plugin [None req-f0e32ee5-4514-4a5d-aa99-24b5d7dd826b tempest-PortsAdminExtendedAttrsIpV6TestJSON-1171221810 tempest-PortsAdminExtendedAttrsIpV6TestJSON-1171221810-project-admin] Attempt 6 to bind port 1207442d-f144-4c99-b5f4-48c7ffc5242e
Jul 12 09:40:16.895508 dv-neutron-849082-2-hyperv neutron-server[111482]: DEBUG neutron.plugins.ml2.managers [None req-fb18bc4f-660f-4562-882d-4acae6a90fc2 tempest-PortsAdminExtendedAttrsTestJSON-1458214881 tempest-PortsAdminExtendedAttrsTestJSON-1458214881-project-admin] Attempting to bind port 7e8a590d-9843-4b63-9502-dc009d274d40 on host hv-neutron-8490 for vnic_type normal with profile {{(pid=111482) bind_port /opt/stack/neutron/neutron/plugins/ml2/managers.py:810}}
Jul 12 09:40:16.895863 dv-neutron-849082-2-hyperv neutron-server[111482]: DEBUG neutron.plugins.ml2.managers [None req-fb18bc4f-660f-4562-882d-4acae6a90fc2 tempest-PortsAdminExtendedAttrsTestJSON-1458214881 tempest-PortsAdminExtendedAttrsTestJSON-1458214881-project-admin] Attempting to bind port 7e8a590d-9843-4b63-9502-dc009d274d40 by drivers openvswitch,hyperv on host hv-neutron-8490 at level 0 using segments [{'id': '01edc422-0b4c-4ff3-994f-330e0536da36', 'network_type': 'vlan', 'physical_network': 'physnet1', 'segmentation_id': 653, 'network_id': '9986c7a8-ee8e-483c-93bc-b6678aa5d3f3'}] {{(pid=111482) _bind_port_level /opt/stack/neutron/neutron/plugins/ml2/managers.py:835}}
Jul 12 09:40:16.896192 dv-neutron-849082-2-hyperv neutron-server[111482]: DEBUG neutron.plugins.ml2.drivers.mech_agent [None req-fb18bc4f-660f-4562-882d-4acae6a90fc2 tempest-PortsAdminExtendedAttrsTestJSON-1458214881 tempest-PortsAdminExtendedAttrsTestJSON-1458214881-project-admin] Attempting to bind port 7e8a590d-9843-4b63-9502-dc009d274d40 on network 9986c7a8-ee8e-483c-93bc-b6678aa5d3f3 {{(pid=111482) bind_port /opt/stack/neutron/neutron/plugins/ml2/drivers/mech_agent.py:91}}
Jul 12 09:40:16.938871 dv-neutron-849082-2-hyperv neutron-server[111482]: DEBUG neutron.plugins.ml2.managers [None req-f0e32ee5-4514-4a5d-aa99-24b5d7dd826b tempest-PortsAdminExtendedAttrsIpV6TestJSON-1171221810 tempest-PortsAdminExtendedAttrsIpV6TestJSON-1171221810-project-admin] Attempting to bind port 1207442d-f144-4c99-b5f4-48c7ffc5242e on host hv-neutron-8490 for vnic_type normal with profile {{(pid=111482) bind_port /opt/stack/neutron/neutron/plugins/ml2/managers.py:810}}
Jul 12 09:40:16.939210 dv-neutron-849082-2-hyperv neutron-server[111482]: DEBUG neutron.plugins.ml2.managers [None req-f0e32ee5-4514-4a5d-aa99-24b5d7dd826b tempest-PortsAdminExtendedAttrsIpV6TestJSON-1171221810 tempest-PortsAdminExtendedAttrsIpV6TestJSON-1171221810-project-admin] Attempting to bind port 1207442d-f144-4c99-b5f4-48c7ffc5242e by drivers openvswitch,hyperv on host hv-neutron-8490 at level 0 using segments [{'id': '69f15aa0-3823-4bce-bb66-8fa2f5546bc2', 'network_type': 'vlan', 'physical_network': 'physnet1', 'segmentation_id': 661, 'network_id': 'b4aeb36c-3976-4c72-975c-b2b9a3d050c6'}] {{(pid=111482) _bind_port_level /opt/stack/neutron/neutron/plugins/ml2/managers.py:835}}
Jul 12 09:40:16.939552 dv-neutron-849082-2-hyperv neutron-server[111482]: DEBUG neutron.plugins.ml2.drivers.mech_agent [None req-f0e32ee5-4514-4a5d-aa99-24b5d7dd826b tempest-PortsAdminExtendedAttrsIpV6TestJSON-1171221810 tempest-PortsAdminExtendedAttrsIpV6TestJSON-1171221810-project-admin] Attempting to bind port 1207442d-f144-4c99-b5f4-48c7ffc5242e on network b4aeb36c-3976-4c72-975c-b2b9a3d050c6 {{(pid=111482) bind_port /opt/stack/neutron/neutron/plugins/ml2/drivers/mech_agent.py:91}}
Jul 12 09:40:16.948766 dv-neutron-849082-2-hyperv neutron-server[111482]: DEBUG neutron.plugins.ml2.drivers.mech_agent [None req-fb18bc4f-660f-4562-882d-4acae6a90fc2 tempest-PortsAdminExtendedAttrsTestJSON-1458214881 tempest-PortsAdminExtendedAttrsTestJSON-1458214881-project-admin] Port 7e8a590d-9843-4b63-9502-dc009d274d40 on network 9986c7a8-ee8e-483c-93bc-b6678aa5d3f3 not bound, no agent of type Open vSwitch agent registered on host hv-neutron-8490 {{(pid=111482) bind_port /opt/stack/neutron/neutron/plugins/ml2/drivers/mech_agent.py:103}}
Jul 12 09:40:16.949123 dv-neutron-849082-2-hyperv neutron-server[111482]: ERROR neutron.plugins.ml2.managers [None req-fb18bc4f-660f-4562-882d-4acae6a90fc2 tempest-PortsAdminExtendedAttrsTestJSON-1458214881 tempest-PortsAdminExtendedAttrsTestJSON-1458214881-project-admin] Failed to bind port 7e8a590d-9843-4b63-9502-dc009d274d40 on host hv-neutron-8490 for vnic_type normal using segments [{'id': '01edc422-0b4c-4ff3-994f-330e0536da36', 'network_type': 'vlan', 'physical_network': 'physnet1', 'segmentation_id': 653, 'network_id': '9986c7a8-ee8e-483c-93bc-b6678aa5d3f3'}]
Jul 12 09:40:16.951752 dv-neutron-849082-2-hyperv neutron-server[111482]: INFO neutron.plugins.ml2.plugin [None req-fb18bc4f-660f-4562-882d-4acae6a90fc2 tempest-PortsAdminExtendedAttrsTestJSON-1458214881 tempest-PortsAdminExtendedAttrsTestJSON-1458214881-project-admin] Attempt 6 to bind port 7e8a590d-9843-4b63-9502-dc009d274d40
Jul 12 09:40:16.972597 dv-neutron-849082-2-hyperv neutron-server[111482]: DEBUG neutron.plugins.ml2.drivers.mech_agent [None req-f0e32ee5-4514-4a5d-aa99-24b5d7dd826b tempest-PortsAdminExtendedAttrsIpV6TestJSON-1171221810 tempest-PortsAdminExtendedAttrsIpV6TestJSON-1171221810-project-admin] Port 1207442d-f144-4c99-b5f4-48c7ffc5242e on network b4aeb36c-3976-4c72-975c-b2b9a3d050c6 not bound, no agent of type Open vSwitch agent registered on host hv-neutron-8490 {{(pid=111482) bind_port /opt/stack/neutron/neutron/plugins/ml2/drivers/mech_agent.py:103}}
Jul 12 09:40:16.972998 dv-neutron-849082-2-hyperv neutron-server[111482]: ERROR neutron.plugins.ml2.managers [None req-f0e32ee5-4514-4a5d-aa99-24b5d7dd826b tempest-PortsAdminExtendedAttrsIpV6TestJSON-1171221810 tempest-PortsAdminExtendedAttrsIpV6TestJSON-1171221810-project-admin] Failed to bind port 1207442d-f144-4c99-b5f4-48c7ffc5242e on host hv-neutron-8490 for vnic_type normal using segments [{'id': '69f15aa0-3823-4bce-bb66-8fa2f5546bc2', 'network_type': 'vlan', 'physical_network': 'physnet1', 'segmentation_id': 661, 'network_id': 'b4aeb36c-3976-4c72-975c-b2b9a3d050c6'}]
Jul 12 09:40:16.977819 dv-neutron-849082-2-hyperv neutron-server[111483]: DEBUG neutron_lib.callbacks.manager [None req-10c8a857-c26b-498b-9e0b-761f5da141c3 None None] Publish callbacks [] for port (21b56a05-0857-43fc-b4bd-d0132fd1aa8e), precommit_create {{(pid=111483) _notify_loop /usr/local/lib/python3.8/dist-packages/neutron_lib/callbacks/manager.py:176}}
Jul 12 09:40:16.979825 dv-neutron-849082-2-hyperv neutron-server[111482]: INFO neutron.plugins.ml2.plugin [None req-f0e32ee5-4514-4a5d-aa99-24b5d7dd826b tempest-PortsAdminExtendedAttrsIpV6TestJSON-1171221810 tempest-PortsAdminExtendedAttrsIpV6TestJSON-1171221810-project-admin] Attempt 7 to bind port 1207442d-f144-4c99-b5f4-48c7ffc5242e
Jul 12 09:40:16.993286 dv-neutron-849082-2-hyperv neutron-server[111483]: DEBUG neutron.plugins.ml2.db [None req-cf413bda-cac7-4463-9549-de73c4dbc0fc None None] For port 58fccaf7-b289-4ae2-980a-f60ff059274b, host dv-neutron-849082-2-hyperv, got binding levels [PortBindingLevel(driver='openvswitch',host='dv-neutron-849082-2-hyperv',level=0,port_id=58fccaf7-b289-4ae2-980a-f60ff059274b,segment=NetworkSegment(98c82802-357e-4d93-ade5-22cbcf055caf),segment_id=98c82802-357e-4d93-ade5-22cbcf055caf)] {{(pid=111483) get_binding_level_objs /opt/stack/neutron/neutron/plugins/ml2/db.py:74}}
Jul 12 09:40:16.995135 dv-neutron-849082-2-hyperv neutron-server[111483]: DEBUG neutron.plugins.ml2.plugin [None req-e34dfcea-f442-496e-96b5-4f42fa500394 None None] Current status of the port 58fccaf7-b289-4ae2-980a-f60ff059274b is: DOWN; New status is: ACTIVE {{(pid=111483) _update_individual_port_db_status /opt/stack/neutron/neutron/plugins/ml2/plugin.py:2292}}
Jul 12 09:40:16.995629 dv-neutron-849082-2-hyperv neutron-server[111483]: DEBUG neutron_lib.callbacks.manager [None req-e34dfcea-f442-496e-96b5-4f42fa500394 None None] Publish callbacks ['neutron.plugins.ml2.plugin.SecurityGroupDbMixin._ensure_default_security_group_handler-3433642'] for port (58fccaf7-b289-4ae2-980a-f60ff059274b), before_update {{(pid=111483) _notify_loop /usr/local/lib/python3.8/dist-packages/neutron_lib/callbacks/manager.py:176}}
Jul 12 09:40:17.000188 dv-neutron-849082-2-hyperv neutron-server[111483]: DEBUG neutron_lib.callbacks.manager [None req-10c8a857-c26b-498b-9e0b-761f5da141c3 None None] Publish callbacks ['neutron.plugins.ml2.plugin.SecurityGroupServerNotifierRpcMixin._notify_sg_on_port_change-3438703', 'neutron.plugins.ml2.ovo_rpc._ObjectChangeHandler.handle_event-404587', 'neutron.api.rpc.agentnotifiers.dhcp_rpc_agent_api.DhcpAgentNotifyAPI._native_event_send_dhcp_notification-526939', 'neutron.db.l3_dvrscheduler_db._notify_l3_agent_new_port-8748107468629'] for port (21b56a05-0857-43fc-b4bd-d0132fd1aa8e), after_create {{(pid=111483) _notify_loop /usr/local/lib/python3.8/dist-packages/neutron_lib/callbacks/manager.py:176}}
Jul 12 09:40:17.018517 dv-neutron-849082-2-hyperv neutron-server[111482]: DEBUG neutron.plugins.ml2.managers [None req-fb18bc4f-660f-4562-882d-4acae6a90fc2 tempest-PortsAdminExtendedAttrsTestJSON-1458214881 tempest-PortsAdminExtendedAttrsTestJSON-1458214881-project-admin] Attempting to bind port 7e8a590d-9843-4b63-9502-dc009d274d40 on host hv-neutron-8490 for vnic_type normal with profile {{(pid=111482) bind_port /opt/stack/neutron/neutron/plugins/ml2/managers.py:810}}
Jul 12 09:40:17.018878 dv-neutron-849082-2-hyperv neutron-server[111482]: DEBUG neutron.plugins.ml2.managers [None req-fb18bc4f-660f-4562-882d-4acae6a90fc2 tempest-PortsAdminExtendedAttrsTestJSON-1458214881 tempest-PortsAdminExtendedAttrsTestJSON-1458214881-project-admin] Attempting to bind port 7e8a590d-9843-4b63-9502-dc009d274d40 by drivers openvswitch,hyperv on host hv-neutron-8490 at level 0 using segments [{'id': '01edc422-0b4c-4ff3-994f-330e0536da36', 'network_type': 'vlan', 'physical_network': 'physnet1', 'segmentation_id': 653, 'network_id': '9986c7a8-ee8e-483c-93bc-b6678aa5d3f3'}] {{(pid=111482) _bind_port_level /opt/stack/neutron/neutron/plugins/ml2/managers.py:835}}
Jul 12 09:40:17.019224 dv-neutron-849082-2-hyperv neutron-server[111482]: DEBUG neutron.plugins.ml2.drivers.mech_agent [None req-fb18bc4f-660f-4562-882d-4acae6a90fc2 tempest-PortsAdminExtendedAttrsTestJSON-1458214881 tempest-PortsAdminExtendedAttrsTestJSON-1458214881-project-admin] Attempting to bind port 7e8a590d-9843-4b63-9502-dc009d274d40 on network 9986c7a8-ee8e-483c-93bc-b6678aa5d3f3 {{(pid=111482) bind_port /opt/stack/neutron/neutron/plugins/ml2/drivers/mech_agent.py:91}}
Jul 12 09:40:17.032260 dv-neutron-849082-2-hyperv neutron-server[111482]: DEBUG neutron.plugins.ml2.managers [None req-f0e32ee5-4514-4a5d-aa99-24b5d7dd826b tempest-PortsAdminExtendedAttrsIpV6TestJSON-1171221810 tempest-PortsAdminExtendedAttrsIpV6TestJSON-1171221810-project-admin] Attempting to bind port 1207442d-f144-4c99-b5f4-48c7ffc5242e on host hv-neutron-8490 for vnic_type normal with profile {{(pid=111482) bind_port /opt/stack/neutron/neutron/plugins/ml2/managers.py:810}}
Jul 12 09:40:17.033224 dv-neutron-849082-2-hyperv neutron-server[111483]: DEBUG neutron_lib.callbacks.manager [None req-cf413bda-cac7-4463-9549-de73c4dbc0fc None None] Publish callbacks ['neutron.plugins.ml2.plugin.SecurityGroupServerNotifierRpcMixin._notify_sg_on_port_change-3438703', 'neutron.plugins.ml2.ovo_rpc._ObjectChangeHandler.handle_event-404587', 'neutron.api.rpc.agentnotifiers.dhcp_rpc_agent_api.DhcpAgentNotifyAPI._native_event_send_dhcp_notification-526939', 'neutron.db.l3_db.L3RpcNotifierMixin._notify_gateway_port_ip_changed-8748108013352', 'neutron.db.l3_dvrscheduler_db._notify_l3_agent_port_update-8748107468647', 'neutron.db.l3_hascheduler_db._notify_l3_agent_ha_port_update-8748107468665'] for port (58fccaf7-b289-4ae2-980a-f60ff059274b), after_update {{(pid=111483) _notify_loop /usr/local/lib/python3.8/dist-packages/neutron_lib/callbacks/manager.py:176}}
Jul 12 09:40:17.034205 dv-neutron-849082-2-hyperv neutron-server[111482]: DEBUG neutron.plugins.ml2.managers [None req-f0e32ee5-4514-4a5d-aa99-24b5d7dd826b tempest-PortsAdminExtendedAttrsIpV6TestJSON-1171221810 tempest-PortsAdminExtendedAttrsIpV6TestJSON-1171221810-project-admin] Attempting to bind port 1207442d-f144-4c99-b5f4-48c7ffc5242e by drivers openvswitch,hyperv on host hv-neutron-8490 at level 0 using segments [{'id': '69f15aa0-3823-4bce-bb66-8fa2f5546bc2', 'network_type': 'vlan', 'physical_network': 'physnet1', 'segmentation_id': 661, 'network_id': 'b4aeb36c-3976-4c72-975c-b2b9a3d050c6'}] {{(pid=111482) _bind_port_level /opt/stack/neutron/neutron/plugins/ml2/managers.py:835}}
Jul 12 09:40:17.034205 dv-neutron-849082-2-hyperv neutron-server[111482]: DEBUG neutron.plugins.ml2.drivers.mech_agent [None req-f0e32ee5-4514-4a5d-aa99-24b5d7dd826b tempest-PortsAdminExtendedAttrsIpV6TestJSON-1171221810 tempest-PortsAdminExtendedAttrsIpV6TestJSON-1171221810-project-admin] Attempting to bind port 1207442d-f144-4c99-b5f4-48c7ffc5242e on network b4aeb36c-3976-4c72-975c-b2b9a3d050c6 {{(pid=111482) bind_port /opt/stack/neutron/neutron/plugins/ml2/drivers/mech_agent.py:91}}
Jul 12 09:40:17.040065 dv-neutron-849082-2-hyperv neutron-server[111482]: DEBUG neutron.plugins.ml2.drivers.mech_agent [None req-fb18bc4f-660f-4562-882d-4acae6a90fc2 tempest-PortsAdminExtendedAttrsTestJSON-1458214881 tempest-PortsAdminExtendedAttrsTestJSON-1458214881-project-admin] Port 7e8a590d-9843-4b63-9502-dc009d274d40 on network 9986c7a8-ee8e-483c-93bc-b6678aa5d3f3 not bound, no agent of type Open vSwitch agent registered on host hv-neutron-8490 {{(pid=111482) bind_port /opt/stack/neutron/neutron/plugins/ml2/drivers/mech_agent.py:103}}
Jul 12 09:40:17.040205 dv-neutron-849082-2-hyperv neutron-server[111482]: ERROR neutron.plugins.ml2.managers [None req-fb18bc4f-660f-4562-882d-4acae6a90fc2 tempest-PortsAdminExtendedAttrsTestJSON-1458214881 tempest-PortsAdminExtendedAttrsTestJSON-1458214881-project-admin] Failed to bind port 7e8a590d-9843-4b63-9502-dc009d274d40 on host hv-neutron-8490 for vnic_type normal using segments [{'id': '01edc422-0b4c-4ff3-994f-330e0536da36', 'network_type': 'vlan', 'physical_network': 'physnet1', 'segmentation_id': 653, 'network_id': '9986c7a8-ee8e-483c-93bc-b6678aa5d3f3'}]
Jul 12 09:40:17.043683 dv-neutron-849082-2-hyperv neutron-server[111482]: INFO neutron.plugins.ml2.plugin [None req-fb18bc4f-660f-4562-882d-4acae6a90fc2 tempest-PortsAdminExtendedAttrsTestJSON-1458214881 tempest-PortsAdminExtendedAttrsTestJSON-1458214881-project-admin] Attempt 7 to bind port 7e8a590d-9843-4b63-9502-dc009d274d40
Jul 12 09:40:17.075180 dv-neutron-849082-2-hyperv neutron-server[111483]: DEBUG neutron.scheduler.dhcp_agent_scheduler [None req-10c8a857-c26b-498b-9e0b-761f5da141c3 None None] Network 2891a1f5-0228-4230-a71d-2440e5931342 is already hosted by enough agents. {{(pid=111483) _get_dhcp_agents_hosting_network /opt/stack/neutron/neutron/scheduler/dhcp_agent_scheduler.py:275}}
Jul 12 09:40:17.080200 dv-neutron-849082-2-hyperv neutron-server[111482]: DEBUG neutron.scheduler.l3_agent_scheduler [None req-9c2f7bd4-d94f-4a20-bd39-be6c0ff34f44 admin admin] Router 9f8b4e69-7cbd-4d5e-8d61-cac6ef994503 is scheduled to L3 agent e9c478ac-720a-44e4-8aa5-457c71cfd34a with binding_index 1 {{(pid=111482) bind_router /opt/stack/neutron/neutron/scheduler/l3_agent_scheduler.py:209}}
Jul 12 09:40:17.103963 dv-neutron-849082-2-hyperv neutron-server[111482]: DEBUG neutron.plugins.ml2.drivers.mech_agent [None req-f0e32ee5-4514-4a5d-aa99-24b5d7dd826b tempest-PortsAdminExtendedAttrsIpV6TestJSON-1171221810 tempest-PortsAdminExtendedAttrsIpV6TestJSON-1171221810-project-admin] Port 1207442d-f144-4c99-b5f4-48c7ffc5242e on network b4aeb36c-3976-4c72-975c-b2b9a3d050c6 not bound, no agent of type Open vSwitch agent registered on host hv-neutron-8490 {{(pid=111482) bind_port /opt/stack/neutron/neutron/plugins/ml2/drivers/mech_agent.py:103}}
Jul 12 09:40:17.104451 dv-neutron-849082-2-hyperv neutron-server[111482]: ERROR neutron.plugins.ml2.managers [None req-f0e32ee5-4514-4a5d-aa99-24b5d7dd826b tempest-PortsAdminExtendedAttrsIpV6TestJSON-1171221810 tempest-PortsAdminExtendedAttrsIpV6TestJSON-1171221810-project-admin] Failed to bind port 1207442d-f144-4c99-b5f4-48c7ffc5242e on host hv-neutron-8490 for vnic_type normal using segments [{'id': '69f15aa0-3823-4bce-bb66-8fa2f5546bc2', 'network_type': 'vlan', 'physical_network': 'physnet1', 'segmentation_id': 661, 'network_id': 'b4aeb36c-3976-4c72-975c-b2b9a3d050c6'}]
Jul 12 09:40:17.112632 dv-neutron-849082-2-hyperv neutron-server[111483]: DEBUG neutron.scheduler.base_scheduler [None req-10c8a857-c26b-498b-9e0b-761f5da141c3 None None] Resources bound (agent type, host, resource id): {{(pid=111483) schedule /opt/stack/neutron/neutron/scheduler/base_scheduler.py:57}}
Jul 12 09:40:17.114799 dv-neutron-849082-2-hyperv neutron-server[111482]: INFO neutron.plugins.ml2.plugin [None req-f0e32ee5-4514-4a5d-aa99-24b5d7dd826b tempest-PortsAdminExtendedAttrsIpV6TestJSON-1171221810 tempest-PortsAdminExtendedAttrsIpV6TestJSON-1171221810-project-admin] Attempt 8 to bind port 1207442d-f144-4c99-b5f4-48c7ffc5242e
Jul 12 09:40:17.115379 dv-neutron-849082-2-hyperv neutron-server[111483]: DEBUG neutron.db.l3_dvrscheduler_db [None req-10c8a857-c26b-498b-9e0b-761f5da141c3 None None] Received port after_create {{(pid=111483) _notify_l3_agent_new_port /opt/stack/neutron/neutron/db/l3_dvrscheduler_db.py:542}}
Jul 12 09:40:17.125278 dv-neutron-849082-2-hyperv neutron-server[111483]: DEBUG neutron.api.rpc.handlers.resources_rpc [None req-10c8a857-c26b-498b-9e0b-761f5da141c3 None None] Pushing event updated for resources: {'Port': ['ID=21b56a05-0857-43fc-b4bd-d0132fd1aa8e,revision_number=1']} {{(pid=111483) push /opt/stack/neutron/neutron/api/rpc/handlers/resources_rpc.py:237}}
Jul 12 09:40:17.133403 dv-neutron-849082-2-hyperv neutron-server[111482]: DEBUG neutron.plugins.ml2.managers [None req-fb18bc4f-660f-4562-882d-4acae6a90fc2 tempest-PortsAdminExtendedAttrsTestJSON-1458214881 tempest-PortsAdminExtendedAttrsTestJSON-1458214881-project-admin] Attempting to bind port 7e8a590d-9843-4b63-9502-dc009d274d40 on host hv-neutron-8490 for vnic_type normal with profile {{(pid=111482) bind_port /opt/stack/neutron/neutron/plugins/ml2/managers.py:810}}
Jul 12 09:40:17.133748 dv-neutron-849082-2-hyperv neutron-server[111482]: DEBUG neutron.plugins.ml2.managers [None req-fb18bc4f-660f-4562-882d-4acae6a90fc2 tempest-PortsAdminExtendedAttrsTestJSON-1458214881 tempest-PortsAdminExtendedAttrsTestJSON-1458214881-project-admin] Attempting to bind port 7e8a590d-9843-4b63-9502-dc009d274d40 by drivers openvswitch,hyperv on host hv-neutron-8490 at level 0 using segments [{'id': '01edc422-0b4c-4ff3-994f-330e0536da36', 'network_type': 'vlan', 'physical_network': 'physnet1', 'segmentation_id': 653, 'network_id': '9986c7a8-ee8e-483c-93bc-b6678aa5d3f3'}] {{(pid=111482) _bind_port_level /opt/stack/neutron/neutron/plugins/ml2/managers.py:835}}
Jul 12 09:40:17.134089 dv-neutron-849082-2-hyperv neutron-server[111482]: DEBUG neutron.plugins.ml2.drivers.mech_agent [None req-fb18bc4f-660f-4562-882d-4acae6a90fc2 tempest-PortsAdminExtendedAttrsTestJSON-1458214881 tempest-PortsAdminExtendedAttrsTestJSON-1458214881-project-admin] Attempting to bind port 7e8a590d-9843-4b63-9502-dc009d274d40 on network 9986c7a8-ee8e-483c-93bc-b6678aa5d3f3 {{(pid=111482) bind_port /opt/stack/neutron/neutron/plugins/ml2/drivers/mech_agent.py:91}}
Jul 12 09:40:17.137776 dv-neutron-849082-2-hyperv neutron-server[111482]: DEBUG neutron_lib.callbacks.manager [None req-772a7877-b166-490d-8b41-2bf460902c8c admin admin] Publish callbacks [] for security_group (66c0d627-e23f-490c-84ed-6074a32f1228), precommit_create {{(pid=111482) _notify_loop /usr/local/lib/python3.8/dist-packages/neutron_lib/callbacks/manager.py:176}}
Jul 12 09:40:17.156938 dv-neutron-849082-2-hyperv neutron-server[111482]: DEBUG neutron_lib.callbacks.manager [None req-772a7877-b166-490d-8b41-2bf460902c8c admin admin] Publish callbacks ['neutron.plugins.ml2.ovo_rpc._ObjectChangeHandler.handle_event-793024'] for security_group (66c0d627-e23f-490c-84ed-6074a32f1228), after_create {{(pid=111482) _notify_loop /usr/local/lib/python3.8/dist-packages/neutron_lib/callbacks/manager.py:176}}
Jul 12 09:40:17.183456 dv-neutron-849082-2-hyperv neutron-server[111483]: DEBUG neutron_lib.db.api [None req-e34dfcea-f442-496e-96b5-4f42fa500394 None None] Retry wrapper got retriable exception: UPDATE statement on table 'standardattributes' expected to update 1 row(s); 0 were matched. {{(pid=111483) wrapped /usr/local/lib/python3.8/dist-packages/neutron_lib/db/api.py:188}}
Jul 12 09:40:17.183915 dv-neutron-849082-2-hyperv neutron-server[111483]: DEBUG oslo_db.api [None req-e34dfcea-f442-496e-96b5-4f42fa500394 None None] Performing DB retry for function neutron.plugins.ml2.plugin.Ml2Plugin.update_port_statuses {{(pid=111483) wrapper /usr/local/lib/python3.8/dist-packages/oslo_db/api.py:155}}
Jul 12 09:40:17.194867 dv-neutron-849082-2-hyperv neutron-server[111482]: DEBUG neutron.plugins.ml2.drivers.mech_agent [None req-fb18bc4f-660f-4562-882d-4acae6a90fc2 tempest-PortsAdminExtendedAttrsTestJSON-1458214881 tempest-PortsAdminExtendedAttrsTestJSON-1458214881-project-admin] Port 7e8a590d-9843-4b63-9502-dc009d274d40 on network 9986c7a8-ee8e-483c-93bc-b6678aa5d3f3 not bound, no agent of type Open vSwitch agent registered on host hv-neutron-8490 {{(pid=111482) bind_port /opt/stack/neutron/neutron/plugins/ml2/drivers/mech_agent.py:103}}
Jul 12 09:40:17.195692 dv-neutron-849082-2-hyperv neutron-server[111482]: ERROR neutron.plugins.ml2.managers [None req-fb18bc4f-660f-4562-882d-4acae6a90fc2 tempest-PortsAdminExtendedAttrsTestJSON-1458214881 tempest-PortsAdminExtendedAttrsTestJSON-1458214881-project-admin] Failed to bind port 7e8a590d-9843-4b63-9502-dc009d274d40 on host hv-neutron-8490 for vnic_type normal using segments [{'id': '01edc422-0b4c-4ff3-994f-330e0536da36', 'network_type': 'vlan', 'physical_network': 'physnet1', 'segmentation_id': 653, 'network_id': '9986c7a8-ee8e-483c-93bc-b6678aa5d3f3'}]
Jul 12 09:40:17.213937 dv-neutron-849082-2-hyperv neutron-server[111482]: INFO neutron.plugins.ml2.plugin [None req-fb18bc4f-660f-4562-882d-4acae6a90fc2 tempest-PortsAdminExtendedAttrsTestJSON-1458214881 tempest-PortsAdminExtendedAttrsTestJSON-1458214881-project-admin] Attempt 8 to bind port 7e8a590d-9843-4b63-9502-dc009d274d40
Jul 12 09:40:17.218561 dv-neutron-849082-2-hyperv neutron-server[111483]: DEBUG neutron.db.provisioning_blocks [None req-596fcd44-4b3b-459d-b5dc-0d9da2674fe4 None None] Provisioning complete for port 58fccaf7-b289-4ae2-980a-f60ff059274b triggered by entity DHCP. {{(pid=111483) provisioning_complete /opt/stack/neutron/neutron/db/provisioning_blocks.py:145}}
Jul 12 09:40:17.218836 dv-neutron-849082-2-hyperv neutron-server[111483]: DEBUG neutron_lib.callbacks.manager [None req-596fcd44-4b3b-459d-b5dc-0d9da2674fe4 None None] Publish callbacks ['neutron.plugins.ml2.plugin.Ml2Plugin._port_provisioned-3571770'] for port (58fccaf7-b289-4ae2-980a-f60ff059274b), provisioning_complete {{(pid=111483) _notify_loop /usr/local/lib/python3.8/dist-packages/neutron_lib/callbacks/manager.py:176}}
Jul 12 09:40:17.255692 dv-neutron-849082-2-hyperv neutron-server[111482]: DEBUG dbcounter [-] [111482] Writing DB stats neutron:SELECT=93,neutron:INSERT=6,neutron:UPDATE=1 {{(pid=111482) stat_writer /usr/local/lib/python3.8/dist-packages/dbcounter.py:114}}
Jul 12 09:40:17.256706 dv-neutron-849082-2-hyperv neutron-server[111482]: DEBUG neutron.plugins.ml2.managers [None req-f0e32ee5-4514-4a5d-aa99-24b5d7dd826b tempest-PortsAdminExtendedAttrsIpV6TestJSON-1171221810 tempest-PortsAdminExtendedAttrsIpV6TestJSON-1171221810-project-admin] Attempting to bind port 1207442d-f144-4c99-b5f4-48c7ffc5242e on host hv-neutron-8490 for vnic_type normal with profile {{(pid=111482) bind_port /opt/stack/neutron/neutron/plugins/ml2/managers.py:810}}
Jul 12 09:40:17.257076 dv-neutron-849082-2-hyperv neutron-server[111482]: DEBUG neutron.plugins.ml2.managers [None req-f0e32ee5-4514-4a5d-aa99-24b5d7dd826b tempest-PortsAdminExtendedAttrsIpV6TestJSON-1171221810 tempest-PortsAdminExtendedAttrsIpV6TestJSON-1171221810-project-admin] Attempting to bind port 1207442d-f144-4c99-b5f4-48c7ffc5242e by drivers openvswitch,hyperv on host hv-neutron-8490 at level 0 using segments [{'id': '69f15aa0-3823-4bce-bb66-8fa2f5546bc2', 'network_type': 'vlan', 'physical_network': 'physnet1', 'segmentation_id': 661, 'network_id': 'b4aeb36c-3976-4c72-975c-b2b9a3d050c6'}] {{(pid=111482) _bind_port_level /opt/stack/neutron/neutron/plugins/ml2/managers.py:835}}
Jul 12 09:40:17.257419 dv-neutron-849082-2-hyperv neutron-server[111482]: DEBUG neutron.plugins.ml2.drivers.mech_agent [None req-f0e32ee5-4514-4a5d-aa99-24b5d7dd826b tempest-PortsAdminExtendedAttrsIpV6TestJSON-1171221810 tempest-PortsAdminExtendedAttrsIpV6TestJSON-1171221810-project-admin] Attempting to bind port 1207442d-f144-4c99-b5f4-48c7ffc5242e on network b4aeb36c-3976-4c72-975c-b2b9a3d050c6 {{(pid=111482) bind_port /opt/stack/neutron/neutron/plugins/ml2/drivers/mech_agent.py:91}}
Jul 12 09:40:17.258219 dv-neutron-849082-2-hyperv neutron-server[111481]: DEBUG neutron_lib.callbacks.manager [None req-40693ee6-b96c-4621-a4cf-5698c0b3935f admin admin] Publish callbacks [] for security_group (69ce3805-0732-4d06-b163-86d165235f8c), precommit_create {{(pid=111481) _notify_loop /usr/local/lib/python3.8/dist-packages/neutron_lib/callbacks/manager.py:176}}
Jul 12 09:40:17.282317 dv-neutron-849082-2-hyperv neutron-server[111481]: DEBUG neutron_lib.callbacks.manager [None req-027b77ff-8af1-4d77-9774-0399fe1cd14e admin admin] Publish callbacks ['neutron.services.l3_router.l3_router_plugin.L3_HA_NAT_db_mixin._after_router_create-649015', 'neutron.services.l3_router.l3_router_plugin.DVRResourceOperationHandler._create_snat_interfaces_after_change-650789'] for router (8f99b54f-9215-45d2-bb2a-b3cdf5e37a28), after_create {{(pid=111481) _notify_loop /usr/local/lib/python3.8/dist-packages/neutron_lib/callbacks/manager.py:176}}
Jul 12 09:40:17.282536 dv-neutron-849082-2-hyperv neutron-server[111483]: DEBUG neutron.api.rpc.handlers.resources_rpc [None req-cf413bda-cac7-4463-9549-de73c4dbc0fc None None] Pushing event updated for resources: {'Port': ['ID=58fccaf7-b289-4ae2-980a-f60ff059274b,revision_number=3']} {{(pid=111483) push /opt/stack/neutron/neutron/api/rpc/handlers/resources_rpc.py:237}}
Jul 12 09:40:17.285834 dv-neutron-849082-2-hyperv neutron-server[111481]: DEBUG neutron.db.db_base_plugin_common [None req-6d84b836-2eeb-46f8-9a9c-868dacec6450 tempest-DHCPAgentSchedulersTestJSON-56660426 tempest-DHCPAgentSchedulersTestJSON-56660426-project] Allocated IP 172.20.0.6 (2891a1f5-0228-4230-a71d-2440e5931342/b977dce1-f824-453b-8fc5-1c4435c3f74b/77074696-8795-47cb-b6e6-00fc33801c82) {{(pid=111481) _store_ip_allocation /opt/stack/neutron/neutron/db/db_base_plugin_common.py:131}}
Jul 12 09:40:17.288013 dv-neutron-849082-2-hyperv neutron-server[111481]: DEBUG neutron_lib.callbacks.manager [None req-40693ee6-b96c-4621-a4cf-5698c0b3935f admin admin] Publish callbacks ['neutron.plugins.ml2.ovo_rpc._ObjectChangeHandler.handle_event-793024'] for security_group (69ce3805-0732-4d06-b163-86d165235f8c), after_create {{(pid=111481) _notify_loop /usr/local/lib/python3.8/dist-packages/neutron_lib/callbacks/manager.py:176}}
Jul 12 09:40:17.294282 dv-neutron-849082-2-hyperv neutron-server[111483]: DEBUG neutron.plugins.ml2.managers [None req-10c8a857-c26b-498b-9e0b-761f5da141c3 None None] Attempting to bind port 21b56a05-0857-43fc-b4bd-d0132fd1aa8e on host dv-neutron-849082-2-hyperv for vnic_type normal with profile {{(pid=111483) bind_port /opt/stack/neutron/neutron/plugins/ml2/managers.py:810}}
Jul 12 09:40:17.295579 dv-neutron-849082-2-hyperv neutron-server[111483]: DEBUG neutron.plugins.ml2.managers [None req-10c8a857-c26b-498b-9e0b-761f5da141c3 None None] Attempting to bind port 21b56a05-0857-43fc-b4bd-d0132fd1aa8e by drivers openvswitch,hyperv on host dv-neutron-849082-2-hyperv at level 0 using segments [{'id': 'f6f23360-0a18-4b9a-a14a-7f9d0a46da8f', 'network_type': 'vlan', 'physical_network': 'physnet1', 'segmentation_id': 652, 'network_id': '2891a1f5-0228-4230-a71d-2440e5931342'}] {{(pid=111483) _bind_port_level /opt/stack/neutron/neutron/plugins/ml2/managers.py:835}}
Jul 12 09:40:17.296195 dv-neutron-849082-2-hyperv neutron-server[111483]: DEBUG neutron.plugins.ml2.drivers.mech_agent [None req-10c8a857-c26b-498b-9e0b-761f5da141c3 None None] Attempting to bind port 21b56a05-0857-43fc-b4bd-d0132fd1aa8e on network 2891a1f5-0228-4230-a71d-2440e5931342 {{(pid=111483) bind_port /opt/stack/neutron/neutron/plugins/ml2/drivers/mech_agent.py:91}}
Jul 12 09:40:17.308529 dv-neutron-849082-2-hyperv neutron-server[111482]: DEBUG neutron.plugins.ml2.drivers.mech_agent [None req-f0e32ee5-4514-4a5d-aa99-24b5d7dd826b tempest-PortsAdminExtendedAttrsIpV6TestJSON-1171221810 tempest-PortsAdminExtendedAttrsIpV6TestJSON-1171221810-project-admin] Port 1207442d-f144-4c99-b5f4-48c7ffc5242e on network b4aeb36c-3976-4c72-975c-b2b9a3d050c6 not bound, no agent of type Open vSwitch agent registered on host hv-neutron-8490 {{(pid=111482) bind_port /opt/stack/neutron/neutron/plugins/ml2/drivers/mech_agent.py:103}}
Jul 12 09:40:17.308770 dv-neutron-849082-2-hyperv neutron-server[111482]: ERROR neutron.plugins.ml2.managers [None req-f0e32ee5-4514-4a5d-aa99-24b5d7dd826b tempest-PortsAdminExtendedAttrsIpV6TestJSON-1171221810 tempest-PortsAdminExtendedAttrsIpV6TestJSON-1171221810-project-admin] Failed to bind port 1207442d-f144-4c99-b5f4-48c7ffc5242e on host hv-neutron-8490 for vnic_type normal using segments [{'id': '69f15aa0-3823-4bce-bb66-8fa2f5546bc2', 'network_type': 'vlan', 'physical_network': 'physnet1', 'segmentation_id': 661, 'network_id': 'b4aeb36c-3976-4c72-975c-b2b9a3d050c6'}]
Jul 12 09:40:17.309205 dv-neutron-849082-2-hyperv neutron-server[111482]: DEBUG neutron.plugins.ml2.managers [None req-fb18bc4f-660f-4562-882d-4acae6a90fc2 tempest-PortsAdminExtendedAttrsTestJSON-1458214881 tempest-PortsAdminExtendedAttrsTestJSON-1458214881-project-admin] Attempting to bind port 7e8a590d-9843-4b63-9502-dc009d274d40 on host hv-neutron-8490 for vnic_type normal with profile {{(pid=111482) bind_port /opt/stack/neutron/neutron/plugins/ml2/managers.py:810}}
Jul 12 09:40:17.309536 dv-neutron-849082-2-hyperv neutron-server[111482]: DEBUG neutron.plugins.ml2.managers [None req-fb18bc4f-660f-4562-882d-4acae6a90fc2 tempest-PortsAdminExtendedAttrsTestJSON-1458214881 tempest-PortsAdminExtendedAttrsTestJSON-1458214881-project-admin] Attempting to bind port 7e8a590d-9843-4b63-9502-dc009d274d40 by drivers openvswitch,hyperv on host hv-neutron-8490 at level 0 using segments [{'id': '01edc422-0b4c-4ff3-994f-330e0536da36', 'network_type': 'vlan', 'physical_network': 'physnet1', 'segmentation_id': 653, 'network_id': '9986c7a8-ee8e-483c-93bc-b6678aa5d3f3'}] {{(pid=111482) _bind_port_level /opt/stack/neutron/neutron/plugins/ml2/managers.py:835}}
Jul 12 09:40:17.309868 dv-neutron-849082-2-hyperv neutron-server[111482]: DEBUG neutron.plugins.ml2.drivers.mech_agent [None req-fb18bc4f-660f-4562-882d-4acae6a90fc2 tempest-PortsAdminExtendedAttrsTestJSON-1458214881 tempest-PortsAdminExtendedAttrsTestJSON-1458214881-project-admin] Attempting to bind port 7e8a590d-9843-4b63-9502-dc009d274d40 on network 9986c7a8-ee8e-483c-93bc-b6678aa5d3f3 {{(pid=111482) bind_port /opt/stack/neutron/neutron/plugins/ml2/drivers/mech_agent.py:91}}
Jul 12 09:40:17.312747 dv-neutron-849082-2-hyperv neutron-server[111483]: DEBUG neutron.plugins.ml2.drivers.mech_agent [None req-10c8a857-c26b-498b-9e0b-761f5da141c3 None None] Checking agent: {'id': '2cb896c2-f420-48bf-87d3-ff8b079b18a9', 'agent_type': 'Open vSwitch agent', 'binary': 'neutron-openvswitch-agent', 'topic': 'N/A', 'host': 'dv-neutron-849082-2-hyperv', 'admin_state_up': True, 'created_at': datetime.datetime(2022, 7, 12, 9, 32, 13), 'started_at': datetime.datetime(2022, 7, 12, 9, 32, 43), 'heartbeat_timestamp': datetime.datetime(2022, 7, 12, 9, 40, 13), 'description': None, 'resources_synced': None, 'availability_zone': None, 'alive': True, 'configurations': {'arp_responder_enabled': False, 'baremetal_smartnic': False, 'bridge_mappings': {'physnet1': 'br-data'}, 'datapath_type': 'system', 'devices': 0, 'enable_distributed_routing': False, 'extensions': [], 'in_distributed_mode': False, 'integration_bridge': 'br-int', 'l2_population': False, 'log_agent_heartbeats': False, 'ovs_capabilities': {'datapath_types': ['netdev', 'system'], 'iface_types': ['erspan', 'geneve', 'gre', 'internal', 'ip6erspan', 'ip6gre', 'lisp', 'patch', 'stt', 'system', 'tap', 'vxlan']}, 'ovs_hybrid_plug': False, 'resource_provider_bandwidths': {}, 'resource_provider_hypervisors': {'br-data': 'dv-neutron-849082-2-hyperv'}, 'resource_provider_inventory_defaults': {'allocation_ratio': 1.0, 'min_unit': 1, 'step_size': 1, 'reserved': 0}, 'resource_provider_packet_processing_inventory_defaults': {'allocation_ratio': 1.0, 'min_unit': 1, 'step_size': 1, 'reserved': 0}, 'resource_provider_packet_processing_with_direction': {}, 'resource_provider_packet_processing_without_direction': {}, 'tunnel_types': [], 'tunneling_ip': None, 'vhostuser_socket_dir': '/var/run/openvswitch'}, 'resource_versions': {'AddressGroup': '1.2', 'Agent': '1.1', 'ConntrackHelper': '1.0', 'LocalIPAssociation': '1.0', 'Log': '1.0', 'NDPProxy': '1.0', 'Network': '1.1', 'Port': '1.7', 'PortForwarding': '1.3', 'QosPolicy': '1.10', 'SecurityGroup': '1.5', 'SecurityGroupRule': '1.2', 'SubPort': '1.0', 'Subnet': '1.1', 'Trunk': '1.1'}} {{(pid=111483) bind_port /opt/stack/neutron/neutron/plugins/ml2/drivers/mech_agent.py:110}}
Jul 12 09:40:17.313846 dv-neutron-849082-2-hyperv neutron-server[111483]: DEBUG neutron.plugins.ml2.drivers.mech_agent [None req-10c8a857-c26b-498b-9e0b-761f5da141c3 None None] Checking segment: {'id': 'f6f23360-0a18-4b9a-a14a-7f9d0a46da8f', 'network_type': 'vlan', 'physical_network': 'physnet1', 'segmentation_id': 652, 'network_id': '2891a1f5-0228-4230-a71d-2440e5931342'} for mappings: {'physnet1': 'br-data'} with network types: ['local', 'flat', 'vlan'] {{(pid=111483) check_segment_for_agent /opt/stack/neutron/neutron/plugins/ml2/drivers/mech_agent.py:373}}
Jul 12 09:40:17.313846 dv-neutron-849082-2-hyperv neutron-server[111483]: DEBUG neutron_lib.callbacks.manager [None req-10c8a857-c26b-498b-9e0b-761f5da141c3 None None] Publish callbacks [] for ovs_bridge_name (None), before_read {{(pid=111483) _notify_loop /usr/local/lib/python3.8/dist-packages/neutron_lib/callbacks/manager.py:176}}
Jul 12 09:40:17.315114 dv-neutron-849082-2-hyperv neutron-server[111483]: DEBUG neutron.plugins.ml2.drivers.mech_agent [None req-10c8a857-c26b-498b-9e0b-761f5da141c3 None None] Bound using segment: {'id': 'f6f23360-0a18-4b9a-a14a-7f9d0a46da8f', 'network_type': 'vlan', 'physical_network': 'physnet1', 'segmentation_id': 652, 'network_id': '2891a1f5-0228-4230-a71d-2440e5931342'} {{(pid=111483) bind_port /opt/stack/neutron/neutron/plugins/ml2/drivers/mech_agent.py:120}}
Jul 12 09:40:17.315960 dv-neutron-849082-2-hyperv neutron-server[111483]: DEBUG neutron.plugins.ml2.managers [None req-10c8a857-c26b-498b-9e0b-761f5da141c3 None None] Bound port: 21b56a05-0857-43fc-b4bd-d0132fd1aa8e, host: dv-neutron-849082-2-hyperv, vif_type: ovs, vif_details: {"connectivity": "l2", "port_filter": true, "ovs_hybrid_plug": false, "datapath_type": "system", "bridge_name": "br-int"}, binding_levels: [{'bound_driver': 'openvswitch', 'bound_segment': {'id': 'f6f23360-0a18-4b9a-a14a-7f9d0a46da8f', 'network_type': 'vlan', 'physical_network': 'physnet1', 'segmentation_id': 652, 'network_id': '2891a1f5-0228-4230-a71d-2440e5931342'}}] {{(pid=111483) _bind_port_level /opt/stack/neutron/neutron/plugins/ml2/managers.py:947}}
Jul 12 09:40:17.316178 dv-neutron-849082-2-hyperv neutron-server[111483]: DEBUG neutron_lib.callbacks.manager [None req-10c8a857-c26b-498b-9e0b-761f5da141c3 None None] Publish callbacks ['neutron.plugins.ml2.plugin.SecurityGroupDbMixin._ensure_default_security_group_handler-3433642'] for port (21b56a05-0857-43fc-b4bd-d0132fd1aa8e), before_update {{(pid=111483) _notify_loop /usr/local/lib/python3.8/dist-packages/neutron_lib/callbacks/manager.py:176}}
Jul 12 09:40:17.318448 dv-neutron-849082-2-hyperv neutron-server[111482]: INFO neutron.plugins.ml2.plugin [None req-f0e32ee5-4514-4a5d-aa99-24b5d7dd826b tempest-PortsAdminExtendedAttrsIpV6TestJSON-1171221810 tempest-PortsAdminExtendedAttrsIpV6TestJSON-1171221810-project-admin] Attempt 9 to bind port 1207442d-f144-4c99-b5f4-48c7ffc5242e
Jul 12 09:40:17.326791 dv-neutron-849082-2-hyperv neutron-server[111482]: INFO neutron.wsgi [None req-772a7877-b166-490d-8b41-2bf460902c8c admin admin] 10.222.0.66 "GET /v2.0/security-groups?tenant_id=eda18d11464c4b66809ce62794491301&name=default HTTP/1.1" status: 200 len: 2996 time: 1.1530702
Jul 12 09:40:17.333278 dv-neutron-849082-2-hyperv neutron-server[111481]: DEBUG neutron.wsgi [-] (111481) accepted ('10.222.0.66', 45366) {{(pid=111481) server /usr/local/lib/python3.8/dist-packages/eventlet/wsgi.py:1004}}
Jul 12 09:40:17.341049 dv-neutron-849082-2-hyperv neutron-server[111482]: DEBUG neutron.plugins.ml2.drivers.mech_agent [None req-fb18bc4f-660f-4562-882d-4acae6a90fc2 tempest-PortsAdminExtendedAttrsTestJSON-1458214881 tempest-PortsAdminExtendedAttrsTestJSON-1458214881-project-admin] Port 7e8a590d-9843-4b63-9502-dc009d274d40 on network 9986c7a8-ee8e-483c-93bc-b6678aa5d3f3 not bound, no agent of type Open vSwitch agent registered on host hv-neutron-8490 {{(pid=111482) bind_port /opt/stack/neutron/neutron/plugins/ml2/drivers/mech_agent.py:103}}
Jul 12 09:40:17.341386 dv-neutron-849082-2-hyperv neutron-server[111482]: ERROR neutron.plugins.ml2.managers [None req-fb18bc4f-660f-4562-882d-4acae6a90fc2 tempest-PortsAdminExtendedAttrsTestJSON-1458214881 tempest-PortsAdminExtendedAttrsTestJSON-1458214881-project-admin] Failed to bind port 7e8a590d-9843-4b63-9502-dc009d274d40 on host hv-neutron-8490 for vnic_type normal using segments [{'id': '01edc422-0b4c-4ff3-994f-330e0536da36', 'network_type': 'vlan', 'physical_network': 'physnet1', 'segmentation_id': 653, 'network_id': '9986c7a8-ee8e-483c-93bc-b6678aa5d3f3'}]
