Jul 11 18:04:29.990391 dv-neutron-849039-2-hyperv devstack@keystone.service[80896]: ERROR keystone.server.flask.application
File "/usr/local/lib/python3.8/dist-packages/dogpile/cache/region.py", line 1577, in get_or_create_for_user_func
Jul 11 18:04:29.990391 dv-neutron-849039-2-hyperv devstack@keystone.service[80896]: ERROR keystone.server.flask.application return self.get_or_create(
Jul 11 18:04:29.990391 dv-neutron-849039-2-hyperv devstack@keystone.service[80896]: ERROR keystone.server.flask.application
File "/usr/local/lib/python3.8/dist-packages/dogpile/cache/region.py", line 1042, in get_or_create
Jul 11 18:04:29.990391 dv-neutron-849039-2-hyperv devstack@keystone.service[80896]: ERROR keystone.server.flask.application with Lock(
Jul 11 18:04:29.990391 dv-neutron-849039-2-hyperv devstack@keystone.service[80896]: ERROR keystone.server.flask.application
File "/usr/local/lib/python3.8/dist-packages/dogpile/lock.py", line 185, in __enter__
Jul 11 18:04:29.990391 dv-neutron-849039-2-hyperv devstack@keystone.service[80896]: ERROR keystone.server.flask.application return self._enter()
Jul 11 18:04:29.990391 dv-neutron-849039-2-hyperv devstack@keystone.service[80896]: ERROR keystone.server.flask.application
File "/usr/local/lib/python3.8/dist-packages/dogpile/lock.py", line 94, in _enter
Jul 11 18:04:29.990391 dv-neutron-849039-2-hyperv devstack@keystone.service[80896]: ERROR keystone.server.flask.application generated = self._enter_create(value, createdtime)
Jul 11 18:04:29.991141 dv-neutron-849039-2-hyperv devstack@keystone.service[80896]: ERROR keystone.server.flask.application
File "/usr/local/lib/python3.8/dist-packages/dogpile/lock.py", line 178, in _enter_create
Jul 11 18:04:29.991141 dv-neutron-849039-2-hyperv devstack@keystone.service[80896]: ERROR keystone.server.flask.application return self.creator()
Jul 11 18:04:29.991141 dv-neutron-849039-2-hyperv devstack@keystone.service[80896]: ERROR keystone.server.flask.application
File "/usr/local/lib/python3.8/dist-packages/dogpile/cache/region.py", line 995, in gen_value
Jul 11 18:04:29.991141 dv-neutron-849039-2-hyperv devstack@keystone.service[80896]: ERROR keystone.server.flask.application created_value = creator(
Jul 11 18:04:29.991141 dv-neutron-849039-2-hyperv devstack@keystone.service[80896]: ERROR keystone.server.flask.application
File "/opt/stack/keystone/keystone/assignment/core.py", line 1276, in get_role
Jul 11 18:04:29.991141 dv-neutron-849039-2-hyperv devstack@keystone.service[80896]: ERROR keystone.server.flask.application return self.driver.get_role(role_id)
Jul 11 18:04:29.991141 dv-neutron-849039-2-hyperv devstack@keystone.service[80896]: ERROR keystone.server.flask.application
File "/opt/stack/keystone/keystone/assignment/role_backends/sql.py", line 70, in get_role
Jul 11 18:04:29.991141 dv-neutron-849039-2-hyperv devstack@keystone.service[80896]: ERROR keystone.server.flask.application return self._get_role(session, role_id).to_dict()
Jul 11 18:04:29.991141 dv-neutron-849039-2-hyperv devstack@keystone.service[80896]: ERROR keystone.server.flask.application
File "/opt/stack/keystone/keystone/assignment/role_backends/sql.py", line 65, in _get_role
Jul 11 18:04:29.991141 dv-neutron-849039-2-hyperv devstack@keystone.service[80896]: ERROR keystone.server.flask.application raise exception.RoleNotFound(role_id=role_id)
Jul 11 18:04:29.991141 dv-neutron-849039-2-hyperv devstack@keystone.service[80896]: ERROR keystone.server.flask.application keystone.exception.RoleNotFound: Could not find role: anotherrole.
Jul 11 18:04:29.991141 dv-neutron-849039-2-hyperv devstack@keystone.service[80896]: ERROR keystone.server.flask.application
Jul 11 18:04:29.993679 dv-neutron-849039-2-hyperv devstack@keystone.service[80896]: [pid: 80896|app: 0|req: 91/162] 10.222.0.40 () {56 vars in 1114 bytes} [Mon Jul 11 18:04:29 2022] GET /identity/v3/roles/anotherrole => generated 89 bytes in 186 msecs (HTTP/1.1 404) 5 headers in 183 bytes (2 switches on core 0)
Jul 11 18:04:29.999994 dv-neutron-849039-2-hyperv devstack@keystone.service[80896]: DEBUG keystone.server.flask.request_processing.middleware.auth_context [None req-699a8cd7-e8b1-4301-a3a0-7bf7e7f0dd23 None admin] Authenticating user token {{(pid=80896) process_request /usr/local/lib/python3.8/dist-packages/keystonemiddleware/auth_token/__init__.py:407}}
Jul 11 18:04:30.053314 dv-neutron-849039-2-hyperv devstack@keystone.service[80896]: DEBUG dbcounter [-] [80896] Writing DB stats keystone:SELECT=100 {{(pid=80896) stat_writer /usr/local/lib/python3.8/dist-packages/dbcounter.py:114}}
Jul 11 18:04:30.063679 dv-neutron-849039-2-hyperv devstack@keystone.service[80897]: DEBUG keystone.server.flask.request_processing.middleware.auth_context [None req-c5bdc2b2-7f1d-42ba-acf1-d7f8650f2163 None admin] Validating token access rules against request {{(pid=80897) validate_allowed_request /usr/local/lib/python3.8/dist-packages/keystonemiddleware/auth_token/__init__.py:545}}
Jul 11 18:04:30.120907 dv-neutron-849039-2-hyperv devstack@keystone.service[80897]: DEBUG keystone.server.flask.request_processing.middleware.auth_context [None req-244d55b6-fc70-4bf2-b4c2-26197aa2b1f0 None admin] RBAC: auth_context: {'token': , 'domain_id': None, 'trust_id': None, 'trustor_id': None, 'trustee_id': None, 'domain_name': None, 'group_ids': [], 'user_id': '94e00803ab674fed839ea9969dc8809a', 'user_domain_id': 'default', 'system_scope': 'all', 'project_id': None, 'project_domain_id': None, 'roles': ['admin', 'member', 'reader'], 'is_admin_project': True, 'service_user_id': None, 'service_user_domain_id': None, 'service_project_id': None, 'service_project_domain_id': None, 'service_roles': []} {{(pid=80897) fill_context /opt/stack/keystone/keystone/server/flask/request_processing/middleware/auth_context.py:478}}
Jul 11 18:04:30.121130 dv-neutron-849039-2-hyperv devstack@keystone.service[80896]: DEBUG keystone.server.flask.request_processing.middleware.auth_context [None req-699a8cd7-e8b1-4301-a3a0-7bf7e7f0dd23 None admin] Validating token access rules against request {{(pid=80896) validate_allowed_request /usr/local/lib/python3.8/dist-packages/keystonemiddleware/auth_token/__init__.py:545}}
Jul 11 18:04:30.121591 dv-neutron-849039-2-hyperv devstack@keystone.service[80897]: DEBUG keystone.server.flask.request_processing.req_logging [None req-244d55b6-fc70-4bf2-b4c2-26197aa2b1f0 None admin] REQUEST_METHOD: `GET` {{(pid=80897) log_request_info /opt/stack/keystone/keystone/server/flask/request_processing/req_logging.py:27}}
Jul 11 18:04:30.121877 dv-neutron-849039-2-hyperv devstack@keystone.service[80897]: DEBUG keystone.server.flask.request_processing.req_logging [None req-244d55b6-fc70-4bf2-b4c2-26197aa2b1f0 None admin] SCRIPT_NAME: `/identity` {{(pid=80897) log_request_info /opt/stack/keystone/keystone/server/flask/request_processing/req_logging.py:28}}
Jul 11 18:04:30.122161 dv-neutron-849039-2-hyperv devstack@keystone.service[80897]: DEBUG keystone.server.flask.request_processing.req_logging [None req-244d55b6-fc70-4bf2-b4c2-26197aa2b1f0 None admin] PATH_INFO: `/v3/roles` {{(pid=80897) log_request_info /opt/stack/keystone/keystone/server/flask/request_processing/req_logging.py:29}}
Jul 11 18:04:30.123060 dv-neutron-849039-2-hyperv devstack@keystone.service[80897]: DEBUG keystone.common.rbac_enforcer.enforcer [None req-244d55b6-fc70-4bf2-b4c2-26197aa2b1f0 None admin] RBAC: Adding query filter params (name=admin) {{(pid=80897) _extract_filter_values /opt/stack/keystone/keystone/common/rbac_enforcer/enforcer.py:167}}
Jul 11 18:04:30.123511 dv-neutron-849039-2-hyperv devstack@keystone.service[80897]: DEBUG keystone.common.rbac_enforcer.enforcer [None req-244d55b6-fc70-4bf2-b4c2-26197aa2b1f0 None admin] RBAC: Authorizing `identity:list_roles()` {{(pid=80897) enforce_call /opt/stack/keystone/keystone/common/rbac_enforcer/enforcer.py:449}}
Jul 11 18:04:30.124927 dv-neutron-849039-2-hyperv devstack@keystone.service[80897]: DEBUG keystone.common.rbac_enforcer.enforcer [None req-244d55b6-fc70-4bf2-b4c2-26197aa2b1f0 None admin] RBAC: Authorization granted {{(pid=80897) enforce_call /opt/stack/keystone/keystone/common/rbac_enforcer/enforcer.py:457}}
Jul 11 18:04:30.141843 dv-neutron-849039-2-hyperv devstack@keystone.service[80897]: [pid: 80897|app: 0|req: 72/163] 10.222.0.40 () {56 vars in 1099 bytes} [Mon Jul 11 18:04:29 2022] GET /identity/v3/roles?name=admin => generated 339 bytes in 252 msecs (HTTP/1.1 200) 5 headers in 177 bytes (2 switches on core 0)
Jul 11 18:04:30.142717 dv-neutron-849039-2-hyperv devstack@keystone.service[80897]: DEBUG keystone.server.flask.request_processing.req_logging [None req-b4cd5207-7338-4208-985b-c4e38fdec08f None None] REQUEST_METHOD: `GET` {{(pid=80897) log_request_info /opt/stack/keystone/keystone/server/flask/request_processing/req_logging.py:27}}
Jul 11 18:04:30.143007 dv-neutron-849039-2-hyperv devstack@keystone.service[80897]: DEBUG keystone.server.flask.request_processing.req_logging [None req-b4cd5207-7338-4208-985b-c4e38fdec08f None None] SCRIPT_NAME: `/identity` {{(pid=80897) log_request_info /opt/stack/keystone/keystone/server/flask/request_processing/req_logging.py:28}}
Jul 11 18:04:30.143317 dv-neutron-849039-2-hyperv devstack@keystone.service[80897]: DEBUG keystone.server.flask.request_processing.req_logging [None req-b4cd5207-7338-4208-985b-c4e38fdec08f None None] PATH_INFO: `/` {{(pid=80897) log_request_info /opt/stack/keystone/keystone/server/flask/request_processing/req_logging.py:29}}
Jul 11 18:04:30.144685 dv-neutron-849039-2-hyperv devstack@keystone.service[80897]: [pid: 80897|app: 0|req: 73/164] 10.222.0.40 () {54 vars in 926 bytes} [Mon Jul 11 18:04:30 2022] GET /identity => generated 270 bytes in 3 msecs (HTTP/1.1 300) 6 headers in 234 bytes (1 switches on core 0)
Jul 11 18:04:30.152668 dv-neutron-849039-2-hyperv devstack@keystone.service[80897]: DEBUG keystone.server.flask.request_processing.req_logging [None req-0138b98d-48aa-47dd-bf5a-461acf4ad2fb None None] REQUEST_METHOD: `POST` {{(pid=80897) log_request_info /opt/stack/keystone/keystone/server/flask/request_processing/req_logging.py:27}}
Jul 11 18:04:30.153844 dv-neutron-849039-2-hyperv devstack@keystone.service[80897]: DEBUG keystone.server.flask.request_processing.req_logging [None req-0138b98d-48aa-47dd-bf5a-461acf4ad2fb None None] SCRIPT_NAME: `/identity` {{(pid=80897) log_request_info /opt/stack/keystone/keystone/server/flask/request_processing/req_logging.py:28}}
Jul 11 18:04:30.154155 dv-neutron-849039-2-hyperv devstack@keystone.service[80897]: DEBUG keystone.server.flask.request_processing.req_logging [None req-0138b98d-48aa-47dd-bf5a-461acf4ad2fb None None] PATH_INFO: `/v3/auth/tokens` {{(pid=80897) log_request_info /opt/stack/keystone/keystone/server/flask/request_processing/req_logging.py:29}}
Jul 11 18:04:30.170009 dv-neutron-849039-2-hyperv devstack@keystone.service[80896]: DEBUG keystone.server.flask.request_processing.middleware.auth_context [None req-635e80ba-dd12-4d75-929e-5035a8912dc7 None admin] RBAC: auth_context: {'token': , 'domain_id': None, 'trust_id': None, 'trustor_id': None, 'trustee_id': None, 'domain_name': None, 'group_ids': [], 'user_id': '94e00803ab674fed839ea9969dc8809a', 'user_domain_id': 'default', 'system_scope': 'all', 'project_id': None, 'project_domain_id': None, 'roles': ['admin', 'member', 'reader'], 'is_admin_project': True, 'service_user_id': None, 'service_user_domain_id': None, 'service_project_id': None, 'service_project_domain_id': None, 'service_roles': []} {{(pid=80896) fill_context /opt/stack/keystone/keystone/server/flask/request_processing/middleware/auth_context.py:478}}
Jul 11 18:04:30.170701 dv-neutron-849039-2-hyperv devstack@keystone.service[80896]: DEBUG keystone.server.flask.request_processing.req_logging [None req-635e80ba-dd12-4d75-929e-5035a8912dc7 None admin] REQUEST_METHOD: `GET` {{(pid=80896) log_request_info /opt/stack/keystone/keystone/server/flask/request_processing/req_logging.py:27}}
Jul 11 18:04:30.170992 dv-neutron-849039-2-hyperv devstack@keystone.service[80896]: DEBUG keystone.server.flask.request_processing.req_logging [None req-635e80ba-dd12-4d75-929e-5035a8912dc7 None admin] SCRIPT_NAME: `/identity` {{(pid=80896) log_request_info /opt/stack/keystone/keystone/server/flask/request_processing/req_logging.py:28}}
Jul 11 18:04:30.171340 dv-neutron-849039-2-hyperv devstack@keystone.service[80896]: DEBUG keystone.server.flask.request_processing.req_logging [None req-635e80ba-dd12-4d75-929e-5035a8912dc7 None admin] PATH_INFO: `/v3/roles` {{(pid=80896) log_request_info /opt/stack/keystone/keystone/server/flask/request_processing/req_logging.py:29}}
Jul 11 18:04:30.172081 dv-neutron-849039-2-hyperv devstack@keystone.service[80896]: DEBUG keystone.common.rbac_enforcer.enforcer [None req-635e80ba-dd12-4d75-929e-5035a8912dc7 None admin] RBAC: Adding query filter params (name=anotherrole) {{(pid=80896) _extract_filter_values /opt/stack/keystone/keystone/common/rbac_enforcer/enforcer.py:167}}
Jul 11 18:04:30.172397 dv-neutron-849039-2-hyperv devstack@keystone.service[80896]: DEBUG keystone.common.rbac_enforcer.enforcer [None req-635e80ba-dd12-4d75-929e-5035a8912dc7 None admin] RBAC: Authorizing `identity:list_roles()` {{(pid=80896) enforce_call /opt/stack/keystone/keystone/common/rbac_enforcer/enforcer.py:449}}
Jul 11 18:04:30.173449 dv-neutron-849039-2-hyperv devstack@keystone.service[80897]: DEBUG keystone.auth.core [None req-0138b98d-48aa-47dd-bf5a-461acf4ad2fb None None] MFA Rules not processed for user `94e00803ab674fed839ea9969dc8809a`. Rule list: `[]` (Enabled: `True`). {{(pid=80897) check_auth_methods_against_rules /opt/stack/keystone/keystone/auth/core.py:438}}
Jul 11 18:04:30.173918 dv-neutron-849039-2-hyperv devstack@keystone.service[80896]: DEBUG keystone.common.rbac_enforcer.enforcer [None req-635e80ba-dd12-4d75-929e-5035a8912dc7 None admin] RBAC: Authorization granted {{(pid=80896) enforce_call /opt/stack/keystone/keystone/common/rbac_enforcer/enforcer.py:457}}
Jul 11 18:04:30.174651 dv-neutron-849039-2-hyperv devstack@keystone.service[80897]: DEBUG keystone.common.fernet_utils [None req-0138b98d-48aa-47dd-bf5a-461acf4ad2fb None None] Loaded 2 Fernet keys from /etc/keystone/fernet-keys/, but `[fernet_tokens] max_active_keys = 3`; perhaps there have not been enough key rotations to reach `max_active_keys` yet? {{(pid=80897) load_keys /opt/stack/keystone/keystone/common/fernet_utils.py:286}}
Jul 11 18:04:30.188326 dv-neutron-849039-2-hyperv devstack@keystone.service[80896]: [pid: 80896|app: 0|req: 92/165] 10.222.0.40 () {56 vars in 1111 bytes} [Mon Jul 11 18:04:29 2022] GET /identity/v3/roles?name=anotherrole => generated 334 bytes in 189 msecs (HTTP/1.1 200) 5 headers in 177 bytes (2 switches on core 0)
Jul 11 18:04:30.189243 dv-neutron-849039-2-hyperv devstack@keystone.service[80896]: DEBUG keystone.server.flask.request_processing.middleware.auth_context [None req-635e80ba-dd12-4d75-929e-5035a8912dc7 None admin] Authenticating user token {{(pid=80896) process_request /usr/local/lib/python3.8/dist-packages/keystonemiddleware/auth_token/__init__.py:407}}
Jul 11 18:04:30.273943 dv-neutron-849039-2-hyperv devstack@keystone.service[80897]: DEBUG dbcounter [-] [80897] Writing DB stats keystone:SELECT=100 {{(pid=80897) stat_writer /usr/local/lib/python3.8/dist-packages/dbcounter.py:114}}
Jul 11 18:04:30.279598 dv-neutron-849039-2-hyperv devstack@keystone.service[80897]: [pid: 80897|app: 0|req: 74/166] 10.222.0.40 () {58 vars in 1023 bytes} [Mon Jul 11 18:04:30 2022] POST /identity/v3/auth/tokens => generated 799 bytes in 128 msecs (HTTP/1.1 201) 6 headers in 363 bytes (2 switches on core 0)
Jul 11 18:04:30.285388 dv-neutron-849039-2-hyperv devstack@keystone.service[80897]: DEBUG keystone.server.flask.request_processing.middleware.auth_context [None req-0138b98d-48aa-47dd-bf5a-461acf4ad2fb None None] Authenticating user token {{(pid=80897) process_request /usr/local/lib/python3.8/dist-packages/keystonemiddleware/auth_token/__init__.py:407}}
Jul 11 18:04:30.364041 dv-neutron-849039-2-hyperv devstack@keystone.service[80896]: DEBUG keystone.server.flask.request_processing.middleware.auth_context [None req-635e80ba-dd12-4d75-929e-5035a8912dc7 None admin] Validating token access rules against request {{(pid=80896) validate_allowed_request /usr/local/lib/python3.8/dist-packages/keystonemiddleware/auth_token/__init__.py:545}}
Jul 11 18:04:30.366126 dv-neutron-849039-2-hyperv devstack@keystone.service[80896]: DEBUG dbcounter [-] [80896] Writing DB stats keystone:SELECT=100 {{(pid=80896) stat_writer /usr/local/lib/python3.8/dist-packages/dbcounter.py:114}}
Jul 11 18:04:30.417001 dv-neutron-849039-2-hyperv devstack@keystone.service[80897]: DEBUG keystone.server.flask.request_processing.middleware.auth_context [None req-0138b98d-48aa-47dd-bf5a-461acf4ad2fb None None] Validating token access rules against request {{(pid=80897) validate_allowed_request /usr/local/lib/python3.8/dist-packages/keystonemiddleware/auth_token/__init__.py:545}}
Jul 11 18:04:30.430521 dv-neutron-849039-2-hyperv devstack@keystone.service[80896]: DEBUG keystone.server.flask.request_processing.middleware.auth_context [None req-e6936879-903c-4f5a-889f-4320936d3eaa None admin] RBAC: auth_context: {'token': , 'domain_id': None, 'trust_id': None, 'trustor_id': None, 'trustee_id': None, 'domain_name': None, 'group_ids': [], 'user_id': '94e00803ab674fed839ea9969dc8809a', 'user_domain_id': 'default', 'system_scope': 'all', 'project_id': None, 'project_domain_id': None, 'roles': ['admin', 'member', 'reader'], 'is_admin_project': True, 'service_user_id': None, 'service_user_domain_id': None, 'service_project_id': None, 'service_project_domain_id': None, 'service_roles': []} {{(pid=80896) fill_context /opt/stack/keystone/keystone/server/flask/request_processing/middleware/auth_context.py:478}}
Jul 11 18:04:30.431456 dv-neutron-849039-2-hyperv devstack@keystone.service[80896]: DEBUG keystone.server.flask.request_processing.req_logging [None req-e6936879-903c-4f5a-889f-4320936d3eaa None admin] REQUEST_METHOD: `GET` {{(pid=80896) log_request_info /opt/stack/keystone/keystone/server/flask/request_processing/req_logging.py:27}}
Jul 11 18:04:30.431739 dv-neutron-849039-2-hyperv devstack@keystone.service[80896]: DEBUG keystone.server.flask.request_processing.req_logging [None req-e6936879-903c-4f5a-889f-4320936d3eaa None admin] SCRIPT_NAME: `/identity` {{(pid=80896) log_request_info /opt/stack/keystone/keystone/server/flask/request_processing/req_logging.py:28}}
Jul 11 18:04:30.432015 dv-neutron-849039-2-hyperv devstack@keystone.service[80896]: DEBUG keystone.server.flask.request_processing.req_logging [None req-e6936879-903c-4f5a-889f-4320936d3eaa None admin] PATH_INFO: `/v3/users/94e00803ab674fed839ea9969dc8809a` {{(pid=80896) log_request_info /opt/stack/keystone/keystone/server/flask/request_processing/req_logging.py:29}}
Jul 11 18:04:30.433354 dv-neutron-849039-2-hyperv devstack@keystone.service[80896]: DEBUG keystone.common.rbac_enforcer.enforcer [None req-e6936879-903c-4f5a-889f-4320936d3eaa None admin] RBAC: Authorizing `identity:get_user(user_id=94e00803ab674fed839ea9969dc8809a)` {{(pid=80896) enforce_call /opt/stack/keystone/keystone/common/rbac_enforcer/enforcer.py:449}}
Jul 11 18:04:30.435036 dv-neutron-849039-2-hyperv devstack@keystone.service[80896]: DEBUG keystone.common.rbac_enforcer.enforcer [None req-e6936879-903c-4f5a-889f-4320936d3eaa None admin] RBAC: Authorization granted {{(pid=80896) enforce_call /opt/stack/keystone/keystone/common/rbac_enforcer/enforcer.py:457}}
Jul 11 18:04:30.437265 dv-neutron-849039-2-hyperv devstack@keystone.service[80896]: [pid: 80896|app: 0|req: 93/167] 10.222.0.40 () {56 vars in 1177 bytes} [Mon Jul 11 18:04:30 2022] GET /identity/v3/users/94e00803ab674fed839ea9969dc8809a => generated 247 bytes in 248 msecs (HTTP/1.1 200) 5 headers in 177 bytes (1 switches on core 0)
Jul 11 18:04:30.438059 dv-neutron-849039-2-hyperv devstack@keystone.service[80896]: DEBUG keystone.server.flask.request_processing.middleware.auth_context [None req-e6936879-903c-4f5a-889f-4320936d3eaa None admin] Authenticating user token {{(pid=80896) process_request /usr/local/lib/python3.8/dist-packages/keystonemiddleware/auth_token/__init__.py:407}}
Jul 11 18:04:30.505750 dv-neutron-849039-2-hyperv devstack@keystone.service[80897]: DEBUG keystone.server.flask.request_processing.middleware.auth_context [None req-636c252e-d9d0-4760-bc3a-600f3c13020a None admin] RBAC: auth_context: {'token': , 'domain_id': None, 'trust_id': None, 'trustor_id': None, 'trustee_id': None, 'domain_name': None, 'group_ids': [], 'user_id': '94e00803ab674fed839ea9969dc8809a', 'user_domain_id': 'default', 'system_scope': 'all', 'project_id': None, 'project_domain_id': None, 'roles': ['admin', 'member', 'reader'], 'is_admin_project': True, 'service_user_id': None, 'service_user_domain_id': None, 'service_project_id': None, 'service_project_domain_id': None, 'service_roles': []} {{(pid=80897) fill_context /opt/stack/keystone/keystone/server/flask/request_processing/middleware/auth_context.py:478}}
Jul 11 18:04:30.506633 dv-neutron-849039-2-hyperv devstack@keystone.service[80897]: DEBUG keystone.server.flask.request_processing.req_logging [None req-636c252e-d9d0-4760-bc3a-600f3c13020a None admin] REQUEST_METHOD: `GET` {{(pid=80897) log_request_info /opt/stack/keystone/keystone/server/flask/request_processing/req_logging.py:27}}
Jul 11 18:04:30.506918 dv-neutron-849039-2-hyperv devstack@keystone.service[80897]: DEBUG keystone.server.flask.request_processing.req_logging [None req-636c252e-d9d0-4760-bc3a-600f3c13020a None admin] SCRIPT_NAME: `/identity` {{(pid=80897) log_request_info /opt/stack/keystone/keystone/server/flask/request_processing/req_logging.py:28}}
Jul 11 18:04:30.507215 dv-neutron-849039-2-hyperv devstack@keystone.service[80897]: DEBUG keystone.server.flask.request_processing.req_logging [None req-636c252e-d9d0-4760-bc3a-600f3c13020a None admin] PATH_INFO: `/v3/users/53d20912d3af4a0381c0bae4c68fca8e` {{(pid=80897) log_request_info /opt/stack/keystone/keystone/server/flask/request_processing/req_logging.py:29}}
Jul 11 18:04:30.509996 dv-neutron-849039-2-hyperv devstack@keystone.service[80897]: DEBUG keystone.common.rbac_enforcer.enforcer [None req-636c252e-d9d0-4760-bc3a-600f3c13020a None admin] RBAC: Authorizing `identity:get_user(user_id=53d20912d3af4a0381c0bae4c68fca8e)` {{(pid=80897) enforce_call /opt/stack/keystone/keystone/common/rbac_enforcer/enforcer.py:449}}
Jul 11 18:04:30.514131 dv-neutron-849039-2-hyperv devstack@keystone.service[80897]: DEBUG keystone.common.rbac_enforcer.enforcer [None req-636c252e-d9d0-4760-bc3a-600f3c13020a None admin] RBAC: Authorization granted {{(pid=80897) enforce_call /opt/stack/keystone/keystone/common/rbac_enforcer/enforcer.py:457}}
Jul 11 18:04:30.522508 dv-neutron-849039-2-hyperv devstack@keystone.service[80897]: [pid: 80897|app: 0|req: 75/168] 10.222.0.40 () {56 vars in 1177 bytes} [Mon Jul 11 18:04:30 2022] GET /identity/v3/users/53d20912d3af4a0381c0bae4c68fca8e => generated 275 bytes in 242 msecs (HTTP/1.1 200) 5 headers in 177 bytes (1 switches on core 0)
Jul 11 18:04:30.524659 dv-neutron-849039-2-hyperv devstack@keystone.service[80897]: DEBUG keystone.server.flask.request_processing.middleware.auth_context [None req-636c252e-d9d0-4760-bc3a-600f3c13020a None admin] Authenticating user token {{(pid=80897) process_request /usr/local/lib/python3.8/dist-packages/keystonemiddleware/auth_token/__init__.py:407}}
Jul 11 18:04:30.678050 dv-neutron-849039-2-hyperv devstack@keystone.service[80897]: DEBUG dbcounter [-] [80897] Writing DB stats keystone:SELECT=100 {{(pid=80897) stat_writer /usr/local/lib/python3.8/dist-packages/dbcounter.py:114}}
Jul 11 18:04:30.679935 dv-neutron-849039-2-hyperv devstack@keystone.service[80896]: DEBUG keystone.server.flask.request_processing.middleware.auth_context [None req-e6936879-903c-4f5a-889f-4320936d3eaa None admin] Validating token access rules against request {{(pid=80896) validate_allowed_request /usr/local/lib/python3.8/dist-packages/keystonemiddleware/auth_token/__init__.py:545}}
Jul 11 18:04:30.719417 dv-neutron-849039-2-hyperv devstack@keystone.service[80897]: DEBUG keystone.server.flask.request_processing.middleware.auth_context [None req-636c252e-d9d0-4760-bc3a-600f3c13020a None admin] Validating token access rules against request {{(pid=80897) validate_allowed_request /usr/local/lib/python3.8/dist-packages/keystonemiddleware/auth_token/__init__.py:545}}
Jul 11 18:04:30.759914 dv-neutron-849039-2-hyperv devstack@keystone.service[80896]: DEBUG keystone.server.flask.request_processing.middleware.auth_context [None req-6a80ddda-7ae3-4786-aeb0-3e3650723e04 None admin] RBAC: auth_context: {'token': , 'domain_id': None, 'trust_id': None, 'trustor_id': None, 'trustee_id': None, 'domain_name': None, 'group_ids': [], 'user_id': '94e00803ab674fed839ea9969dc8809a', 'user_domain_id': 'default', 'system_scope': 'all', 'project_id': None, 'project_domain_id': None, 'roles': ['admin', 'member', 'reader'], 'is_admin_project': True, 'service_user_id': None, 'service_user_domain_id': None, 'service_project_id': None, 'service_project_domain_id': None, 'service_roles': []} {{(pid=80896) fill_context /opt/stack/keystone/keystone/server/flask/request_processing/middleware/auth_context.py:478}}
Jul 11 18:04:30.761132 dv-neutron-849039-2-hyperv devstack@keystone.service[80896]: DEBUG keystone.server.flask.request_processing.req_logging [None req-6a80ddda-7ae3-4786-aeb0-3e3650723e04 None admin] REQUEST_METHOD: `GET` {{(pid=80896) log_request_info /opt/stack/keystone/keystone/server/flask/request_processing/req_logging.py:27}}
Jul 11 18:04:30.761620 dv-neutron-849039-2-hyperv devstack@keystone.service[80896]: DEBUG keystone.server.flask.request_processing.req_logging [None req-6a80ddda-7ae3-4786-aeb0-3e3650723e04 None admin] SCRIPT_NAME: `/identity` {{(pid=80896) log_request_info /opt/stack/keystone/keystone/server/flask/request_processing/req_logging.py:28}}
Jul 11 18:04:30.762121 dv-neutron-849039-2-hyperv devstack@keystone.service[80896]: DEBUG keystone.server.flask.request_processing.req_logging [None req-6a80ddda-7ae3-4786-aeb0-3e3650723e04 None admin] PATH_INFO: `/v3/roles/member` {{(pid=80896) log_request_info /opt/stack/keystone/keystone/server/flask/request_processing/req_logging.py:29}}
Jul 11 18:04:30.782003 dv-neutron-849039-2-hyperv devstack@keystone.service[80897]: DEBUG keystone.server.flask.request_processing.middleware.auth_context [None req-79a4e97a-4ba0-4ce5-a8a7-4e684aec432d None admin] RBAC: auth_context: {'token': , 'domain_id': None, 'trust_id': None, 'trustor_id': None, 'trustee_id': None, 'domain_name': None, 'group_ids': [], 'user_id': '94e00803ab674fed839ea9969dc8809a', 'user_domain_id': 'default', 'system_scope': 'all', 'project_id': None, 'project_domain_id': None, 'roles': ['admin', 'member', 'reader'], 'is_admin_project': True, 'service_user_id': None, 'service_user_domain_id': None, 'service_project_id': None, 'service_project_domain_id': None, 'service_roles': []} {{(pid=80897) fill_context /opt/stack/keystone/keystone/server/flask/request_processing/middleware/auth_context.py:478}}
Jul 11 18:04:30.785063 dv-neutron-849039-2-hyperv devstack@keystone.service[80897]: DEBUG keystone.server.flask.request_processing.req_logging [None req-79a4e97a-4ba0-4ce5-a8a7-4e684aec432d None admin] REQUEST_METHOD: `GET` {{(pid=80897) log_request_info /opt/stack/keystone/keystone/server/flask/request_processing/req_logging.py:27}}
Jul 11 18:04:30.785063 dv-neutron-849039-2-hyperv devstack@keystone.service[80897]: DEBUG keystone.server.flask.request_processing.req_logging [None req-79a4e97a-4ba0-4ce5-a8a7-4e684aec432d None admin] SCRIPT_NAME: `/identity` {{(pid=80897) log_request_info /opt/stack/keystone/keystone/server/flask/request_processing/req_logging.py:28}}
Jul 11 18:04:30.785063 dv-neutron-849039-2-hyperv devstack@keystone.service[80897]: DEBUG keystone.server.flask.request_processing.req_logging [None req-79a4e97a-4ba0-4ce5-a8a7-4e684aec432d None admin] PATH_INFO: `/v3/auth/tokens` {{(pid=80897) log_request_info /opt/stack/keystone/keystone/server/flask/request_processing/req_logging.py:29}}
Jul 11 18:04:30.786554 dv-neutron-849039-2-hyperv devstack@keystone.service[80896]: DEBUG keystone.common.rbac_enforcer.enforcer [None req-6a80ddda-7ae3-4786-aeb0-3e3650723e04 None admin] Extracting inferred target data resulted in "NOT FOUND (404)". {{(pid=80896) enforce_call /opt/stack/keystone/keystone/common/rbac_enforcer/enforcer.py:409}}
Jul 11 18:04:30.795077 dv-neutron-849039-2-hyperv devstack@keystone.service[80896]: ERROR keystone.server.flask.application [None req-6a80ddda-7ae3-4786-aeb0-3e3650723e04 None admin] Could not find role: member.: keystone.exception.RoleNotFound: Could not find role: member.
Jul 11 18:04:30.795077 dv-neutron-849039-2-hyperv devstack@keystone.service[80896]: ERROR keystone.server.flask.application
Traceback (most recent call last):
Jul 11 18:04:30.795077 dv-neutron-849039-2-hyperv devstack@keystone.service[80896]: ERROR keystone.server.flask.application
File "/usr/local/lib/python3.8/dist-packages/flask/app.py", line 1523, in full_dispatch_request
Jul 11 18:04:30.795077 dv-neutron-849039-2-hyperv devstack@keystone.service[80896]: ERROR keystone.server.flask.application rv = self.dispatch_request()
Jul 11 18:04:30.795077 dv-neutron-849039-2-hyperv devstack@keystone.service[80896]: ERROR keystone.server.flask.application
File "/usr/local/lib/python3.8/dist-packages/flask/app.py", line 1509, in dispatch_request
Jul 11 18:04:30.795077 dv-neutron-849039-2-hyperv devstack@keystone.service[80896]: ERROR keystone.server.flask.application return self.ensure_sync(self.view_functions[rule.endpoint])(**req.view_args)
Jul 11 18:04:30.795077 dv-neutron-849039-2-hyperv devstack@keystone.service[80896]: ERROR keystone.server.flask.application
File "/usr/local/lib/python3.8/dist-packages/flask_restful/__init__.py", line 467, in wrapper
Jul 11 18:04:30.795077 dv-neutron-849039-2-hyperv devstack@keystone.service[80896]: ERROR keystone.server.flask.application resp = resource(*args, **kwargs)
Jul 11 18:04:30.795077 dv-neutron-849039-2-hyperv devstack@keystone.service[80896]: ERROR keystone.server.flask.application
File "/usr/local/lib/python3.8/dist-packages/flask/views.py", line 84, in view
Jul 11 18:04:30.795077 dv-neutron-849039-2-hyperv devstack@keystone.service[80896]: ERROR keystone.server.flask.application return current_app.ensure_sync(self.dispatch_request)(*args, **kwargs)
Jul 11 18:04:30.795077 dv-neutron-849039-2-hyperv devstack@keystone.service[80896]: ERROR keystone.server.flask.application
File "/usr/local/lib/python3.8/dist-packages/flask_restful/__init__.py", line 582, in dispatch_request
Jul 11 18:04:30.795077 dv-neutron-849039-2-hyperv devstack@keystone.service[80896]: ERROR keystone.server.flask.application resp = meth(*args, **kwargs)
Jul 11 18:04:30.795077 dv-neutron-849039-2-hyperv devstack@keystone.service[80896]: ERROR keystone.server.flask.application
File "/opt/stack/keystone/keystone/api/roles.py", line 50, in get
Jul 11 18:04:30.795077 dv-neutron-849039-2-hyperv devstack@keystone.service[80896]: ERROR keystone.server.flask.application return self._get_role(role_id)
Jul 11 18:04:30.795077 dv-neutron-849039-2-hyperv devstack@keystone.service[80896]: ERROR keystone.server.flask.application
File "/opt/stack/keystone/keystone/api/roles.py", line 70, in _get_role
Jul 11 18:04:30.795077 dv-neutron-849039-2-hyperv devstack@keystone.service[80896]: ERROR keystone.server.flask.application ENFORCER.enforce_call(action='identity:get_role')
Jul 11 18:04:30.796769 dv-neutron-849039-2-hyperv devstack@keystone.service[80896]: ERROR keystone.server.flask.application
File "/opt/stack/keystone/keystone/common/rbac_enforcer/enforcer.py", line 402, in enforce_call
Jul 11 18:04:30.796769 dv-neutron-849039-2-hyperv devstack@keystone.service[80896]: ERROR keystone.server.flask.application policy_dict.update(cls._extract_member_target_data(
Jul 11 18:04:30.796769 dv-neutron-849039-2-hyperv devstack@keystone.service[80896]: ERROR keystone.server.flask.application
File "/opt/stack/keystone/keystone/common/rbac_enforcer/enforcer.py", line 234, in _extract_member_target_data
Jul 11 18:04:30.796769 dv-neutron-849039-2-hyperv devstack@keystone.service[80896]: ERROR keystone.server.flask.application member_name: func(flask.request.view_args[key])
Jul 11 18:04:30.796769 dv-neutron-849039-2-hyperv devstack@keystone.service[80896]: ERROR keystone.server.flask.application
File "/opt/stack/keystone/keystone/common/manager.py", line 115, in wrapped
Jul 11 18:04:30.796769 dv-neutron-849039-2-hyperv devstack@keystone.service[80896]: ERROR keystone.server.flask.application __ret_val = __f(*args, **kwargs)
Jul 11 18:04:30.796769 dv-neutron-849039-2-hyperv devstack@keystone.service[80896]: ERROR keystone.server.flask.application
File "/usr/local/lib/python3.8/dist-packages/decorator.py", line 232, in fun
Jul 11 18:04:30.796769 dv-neutron-849039-2-hyperv devstack@keystone.service[80896]: ERROR keystone.server.flask.application return caller(func, *(extras + args), **kw)
Jul 11 18:04:30.796769 dv-neutron-849039-2-hyperv devstack@keystone.service[80896]: ERROR keystone.server.flask.application
File "/usr/local/lib/python3.8/dist-packages/dogpile/cache/region.py", line 1577, in get_or_create_for_user_func
Jul 11 18:04:30.796769 dv-neutron-849039-2-hyperv devstack@keystone.service[80896]: ERROR keystone.server.flask.application return self.get_or_create(
Jul 11 18:04:30.796769 dv-neutron-849039-2-hyperv devstack@keystone.service[80896]: ERROR keystone.server.flask.application
File "/usr/local/lib/python3.8/dist-packages/dogpile/cache/region.py", line 1042, in get_or_create
Jul 11 18:04:30.796769 dv-neutron-849039-2-hyperv devstack@keystone.service[80896]: ERROR keystone.server.flask.application with Lock(
Jul 11 18:04:30.796769 dv-neutron-849039-2-hyperv devstack@keystone.service[80896]: ERROR keystone.server.flask.application
File "/usr/local/lib/python3.8/dist-packages/dogpile/lock.py", line 185, in __enter__
Jul 11 18:04:30.796769 dv-neutron-849039-2-hyperv devstack@keystone.service[80896]: ERROR keystone.server.flask.application return self._enter()
Jul 11 18:04:30.796769 dv-neutron-849039-2-hyperv devstack@keystone.service[80896]: ERROR keystone.server.flask.application
File "/usr/local/lib/python3.8/dist-packages/dogpile/lock.py", line 94, in _enter
Jul 11 18:04:30.796769 dv-neutron-849039-2-hyperv devstack@keystone.service[80896]: ERROR keystone.server.flask.application generated = self._enter_create(value, createdtime)
Jul 11 18:04:30.797657 dv-neutron-849039-2-hyperv devstack@keystone.service[80896]: ERROR keystone.server.flask.application
File "/usr/local/lib/python3.8/dist-packages/dogpile/lock.py", line 178, in _enter_create
Jul 11 18:04:30.797657 dv-neutron-849039-2-hyperv devstack@keystone.service[80896]: ERROR keystone.server.flask.application return self.creator()
Jul 11 18:04:30.797657 dv-neutron-849039-2-hyperv devstack@keystone.service[80896]: ERROR keystone.server.flask.application
File "/usr/local/lib/python3.8/dist-packages/dogpile/cache/region.py", line 995, in gen_value
Jul 11 18:04:30.797657 dv-neutron-849039-2-hyperv devstack@keystone.service[80896]: ERROR keystone.server.flask.application created_value = creator(
Jul 11 18:04:30.797657 dv-neutron-849039-2-hyperv devstack@keystone.service[80896]: ERROR keystone.server.flask.application
File "/opt/stack/keystone/keystone/assignment/core.py", line 1276, in get_role
Jul 11 18:04:30.797657 dv-neutron-849039-2-hyperv devstack@keystone.service[80896]: ERROR keystone.server.flask.application return self.driver.get_role(role_id)
Jul 11 18:04:30.797657 dv-neutron-849039-2-hyperv devstack@keystone.service[80896]: ERROR keystone.server.flask.application
File "/opt/stack/keystone/keystone/assignment/role_backends/sql.py", line 70, in get_role
Jul 11 18:04:30.797657 dv-neutron-849039-2-hyperv devstack@keystone.service[80896]: ERROR keystone.server.flask.application return self._get_role(session, role_id).to_dict()
Jul 11 18:04:30.797657 dv-neutron-849039-2-hyperv devstack@keystone.service[80896]: ERROR keystone.server.flask.application
File "/opt/stack/keystone/keystone/assignment/role_backends/sql.py", line 65, in _get_role
Jul 11 18:04:30.797657 dv-neutron-849039-2-hyperv devstack@keystone.service[80896]: ERROR keystone.server.flask.application raise exception.RoleNotFound(role_id=role_id)
Jul 11 18:04:30.797657 dv-neutron-849039-2-hyperv devstack@keystone.service[80896]: ERROR keystone.server.flask.application keystone.exception.RoleNotFound: Could not find role: member.
Jul 11 18:04:30.797657 dv-neutron-849039-2-hyperv devstack@keystone.service[80896]: ERROR keystone.server.flask.application
Jul 11 18:04:30.805052 dv-neutron-849039-2-hyperv devstack@keystone.service[80896]: [pid: 80896|app: 0|req: 94/169] 10.222.0.40 () {56 vars in 1099 bytes} [Mon Jul 11 18:04:30 2022] GET /identity/v3/roles/member => generated 84 bytes in 367 msecs (HTTP/1.1 404) 5 headers in 183 bytes (1 switches on core 0)
Jul 11 18:04:30.806039 dv-neutron-849039-2-hyperv devstack@keystone.service[80896]: DEBUG keystone.server.flask.request_processing.middleware.auth_context [None req-6a80ddda-7ae3-4786-aeb0-3e3650723e04 None admin] Authenticating user token {{(pid=80896) process_request /usr/local/lib/python3.8/dist-packages/keystonemiddleware/auth_token/__init__.py:407}}
Jul 11 18:04:30.873413 dv-neutron-849039-2-hyperv devstack@keystone.service[80896]: DEBUG dbcounter [-] [80896] Writing DB stats keystone:SELECT=100 {{(pid=80896) stat_writer /usr/local/lib/python3.8/dist-packages/dbcounter.py:114}}
Jul 11 18:04:30.922959 dv-neutron-849039-2-hyperv devstack@keystone.service[80897]: DEBUG keystone.common.rbac_enforcer.enforcer [None req-79a4e97a-4ba0-4ce5-a8a7-4e684aec432d None admin] RBAC: Authorizing `identity:validate_token()` {{(pid=80897) enforce_call /opt/stack/keystone/keystone/common/rbac_enforcer/enforcer.py:449}}
Jul 11 18:04:30.924807 dv-neutron-849039-2-hyperv devstack@keystone.service[80897]: DEBUG keystone.common.rbac_enforcer.enforcer [None req-79a4e97a-4ba0-4ce5-a8a7-4e684aec432d None admin] RBAC: Authorization granted {{(pid=80897) enforce_call /opt/stack/keystone/keystone/common/rbac_enforcer/enforcer.py:457}}
Jul 11 18:04:31.012695 dv-neutron-849039-2-hyperv devstack@keystone.service[80896]: DEBUG keystone.server.flask.request_processing.middleware.auth_context [None req-6a80ddda-7ae3-4786-aeb0-3e3650723e04 None admin] Validating token access rules against request {{(pid=80896) validate_allowed_request /usr/local/lib/python3.8/dist-packages/keystonemiddleware/auth_token/__init__.py:545}}
Jul 11 18:04:31.063489 dv-neutron-849039-2-hyperv devstack@keystone.service[80897]: DEBUG dbcounter [-] [80897] Writing DB stats keystone:SELECT=100 {{(pid=80897) stat_writer /usr/local/lib/python3.8/dist-packages/dbcounter.py:114}}
Jul 11 18:04:31.099495 dv-neutron-849039-2-hyperv devstack@keystone.service[80896]: DEBUG keystone.server.flask.request_processing.middleware.auth_context [None req-1ce73cbb-d872-42db-86e6-c13fc33ff845 None admin] RBAC: auth_context: {'token': , 'domain_id': None, 'trust_id': None, 'trustor_id': None, 'trustee_id': None, 'domain_name': None, 'group_ids': [], 'user_id': '94e00803ab674fed839ea9969dc8809a', 'user_domain_id': 'default', 'system_scope': 'all', 'project_id': None, 'project_domain_id': None, 'roles': ['admin', 'member', 'reader'], 'is_admin_project': True, 'service_user_id': None, 'service_user_domain_id': None, 'service_project_id': None, 'service_project_domain_id': None, 'service_roles': []} {{(pid=80896) fill_context /opt/stack/keystone/keystone/server/flask/request_processing/middleware/auth_context.py:478}}
Jul 11 18:04:31.100166 dv-neutron-849039-2-hyperv devstack@keystone.service[80896]: DEBUG keystone.server.flask.request_processing.req_logging [None req-1ce73cbb-d872-42db-86e6-c13fc33ff845 None admin] REQUEST_METHOD: `GET` {{(pid=80896) log_request_info /opt/stack/keystone/keystone/server/flask/request_processing/req_logging.py:27}}
Jul 11 18:04:31.100452 dv-neutron-849039-2-hyperv devstack@keystone.service[80896]: DEBUG keystone.server.flask.request_processing.req_logging [None req-1ce73cbb-d872-42db-86e6-c13fc33ff845 None admin] SCRIPT_NAME: `/identity` {{(pid=80896) log_request_info /opt/stack/keystone/keystone/server/flask/request_processing/req_logging.py:28}}
Jul 11 18:04:31.100782 dv-neutron-849039-2-hyperv devstack@keystone.service[80896]: DEBUG keystone.server.flask.request_processing.req_logging [None req-1ce73cbb-d872-42db-86e6-c13fc33ff845 None admin] PATH_INFO: `/v3/auth/tokens` {{(pid=80896) log_request_info /opt/stack/keystone/keystone/server/flask/request_processing/req_logging.py:29}}
Jul 11 18:04:31.125800 dv-neutron-849039-2-hyperv devstack@keystone.service[80897]: [pid: 80897|app: 0|req: 76/170] 10.222.0.40 () {58 vars in 1282 bytes} [Mon Jul 11 18:04:30 2022] GET /identity/v3/auth/tokens => generated 799 bytes in 603 msecs (HTTP/1.1 200) 6 headers in 358 bytes (1 switches on core 0)
Jul 11 18:04:31.128033 dv-neutron-849039-2-hyperv devstack@keystone.service[80897]: DEBUG keystone.server.flask.request_processing.middleware.auth_context [None req-79a4e97a-4ba0-4ce5-a8a7-4e684aec432d None admin] Authenticating user token {{(pid=80897) process_request /usr/local/lib/python3.8/dist-packages/keystonemiddleware/auth_token/__init__.py:407}}
Jul 11 18:04:31.247349 dv-neutron-849039-2-hyperv devstack@keystone.service[80896]: DEBUG keystone.common.rbac_enforcer.enforcer [None req-1ce73cbb-d872-42db-86e6-c13fc33ff845 None admin] RBAC: Authorizing `identity:validate_token()` {{(pid=80896) enforce_call /opt/stack/keystone/keystone/common/rbac_enforcer/enforcer.py:449}}
Jul 11 18:04:31.251253 dv-neutron-849039-2-hyperv devstack@keystone.service[80896]: DEBUG keystone.common.rbac_enforcer.enforcer [None req-1ce73cbb-d872-42db-86e6-c13fc33ff845 None admin] RBAC: Authorization granted {{(pid=80896) enforce_call /opt/stack/keystone/keystone/common/rbac_enforcer/enforcer.py:457}}
Jul 11 18:04:31.291541 dv-neutron-849039-2-hyperv devstack@keystone.service[80897]: DEBUG keystone.server.flask.request_processing.middleware.auth_context [None req-79a4e97a-4ba0-4ce5-a8a7-4e684aec432d None admin] Validating token access rules against request {{(pid=80897) validate_allowed_request /usr/local/lib/python3.8/dist-packages/keystonemiddleware/auth_token/__init__.py:545}}
Jul 11 18:04:31.305791 dv-neutron-849039-2-hyperv devstack@keystone.service[80896]: DEBUG dbcounter [-] [80896] Writing DB stats keystone:SELECT=100 {{(pid=80896) stat_writer /usr/local/lib/python3.8/dist-packages/dbcounter.py:114}}
Jul 11 18:04:31.365112 dv-neutron-849039-2-hyperv devstack@keystone.service[80897]: DEBUG keystone.server.flask.request_processing.middleware.auth_context [None req-0f82cec5-447e-47ea-8c21-b2690f45411e None admin] RBAC: auth_context: {'token': , 'domain_id': None, 'trust_id': None, 'trustor_id': None, 'trustee_id': None, 'domain_name': None, 'group_ids': [], 'user_id': '94e00803ab674fed839ea9969dc8809a', 'user_domain_id': 'default', 'system_scope': 'all', 'project_id': None, 'project_domain_id': None, 'roles': ['admin', 'member', 'reader'], 'is_admin_project': True, 'service_user_id': None, 'service_user_domain_id': None, 'service_project_id': None, 'service_project_domain_id': None, 'service_roles': []} {{(pid=80897) fill_context /opt/stack/keystone/keystone/server/flask/request_processing/middleware/auth_context.py:478}}
Jul 11 18:04:31.365703 dv-neutron-849039-2-hyperv devstack@keystone.service[80897]: DEBUG keystone.server.flask.request_processing.req_logging [None req-0f82cec5-447e-47ea-8c21-b2690f45411e None admin] REQUEST_METHOD: `GET` {{(pid=80897) log_request_info /opt/stack/keystone/keystone/server/flask/request_processing/req_logging.py:27}}
Jul 11 18:04:31.365987 dv-neutron-849039-2-hyperv devstack@keystone.service[80897]: DEBUG keystone.server.flask.request_processing.req_logging [None req-0f82cec5-447e-47ea-8c21-b2690f45411e None admin] SCRIPT_NAME: `/identity` {{(pid=80897) log_request_info /opt/stack/keystone/keystone/server/flask/request_processing/req_logging.py:28}}
Jul 11 18:04:31.366266 dv-neutron-849039-2-hyperv devstack@keystone.service[80897]: DEBUG keystone.server.flask.request_processing.req_logging [None req-0f82cec5-447e-47ea-8c21-b2690f45411e None admin] PATH_INFO: `/v3/roles` {{(pid=80897) log_request_info /opt/stack/keystone/keystone/server/flask/request_processing/req_logging.py:29}}
Jul 11 18:04:31.367022 dv-neutron-849039-2-hyperv devstack@keystone.service[80897]: DEBUG keystone.common.rbac_enforcer.enforcer [None req-0f82cec5-447e-47ea-8c21-b2690f45411e None admin] RBAC: Adding query filter params (name=member) {{(pid=80897) _extract_filter_values /opt/stack/keystone/keystone/common/rbac_enforcer/enforcer.py:167}}
Jul 11 18:04:31.367349 dv-neutron-849039-2-hyperv devstack@keystone.service[80897]: DEBUG keystone.common.rbac_enforcer.enforcer [None req-0f82cec5-447e-47ea-8c21-b2690f45411e None admin] RBAC: Authorizing `identity:list_roles()` {{(pid=80897) enforce_call /opt/stack/keystone/keystone/common/rbac_enforcer/enforcer.py:449}}
Jul 11 18:04:31.368718 dv-neutron-849039-2-hyperv devstack@keystone.service[80897]: DEBUG keystone.common.rbac_enforcer.enforcer [None req-0f82cec5-447e-47ea-8c21-b2690f45411e None admin] RBAC: Authorization granted {{(pid=80897) enforce_call /opt/stack/keystone/keystone/common/rbac_enforcer/enforcer.py:457}}
Jul 11 18:04:31.400837 dv-neutron-849039-2-hyperv devstack@keystone.service[80897]: [pid: 80897|app: 0|req: 77/171] 10.222.0.40 () {56 vars in 1101 bytes} [Mon Jul 11 18:04:31 2022] GET /identity/v3/roles?name=member => generated 341 bytes in 269 msecs (HTTP/1.1 200) 5 headers in 177 bytes (1 switches on core 0)
Jul 11 18:04:31.401880 dv-neutron-849039-2-hyperv devstack@keystone.service[80897]: DEBUG keystone.server.flask.request_processing.middleware.auth_context [None req-0f82cec5-447e-47ea-8c21-b2690f45411e None admin] Authenticating user token {{(pid=80897) process_request /usr/local/lib/python3.8/dist-packages/keystonemiddleware/auth_token/__init__.py:407}}
Jul 11 18:04:31.460487 dv-neutron-849039-2-hyperv devstack@keystone.service[80896]: [pid: 80896|app: 0|req: 95/172] 10.222.0.40 () {58 vars in 1282 bytes} [Mon Jul 11 18:04:30 2022] GET /identity/v3/auth/tokens => generated 799 bytes in 655 msecs (HTTP/1.1 200) 6 headers in 358 bytes (1 switches on core 0)
Jul 11 18:04:31.461584 dv-neutron-849039-2-hyperv devstack@keystone.service[80896]: DEBUG keystone.server.flask.request_processing.middleware.auth_context [None req-1ce73cbb-d872-42db-86e6-c13fc33ff845 None admin] Authenticating user token {{(pid=80896) process_request /usr/local/lib/python3.8/dist-packages/keystonemiddleware/auth_token/__init__.py:407}}
Jul 11 18:04:31.484621 dv-neutron-849039-2-hyperv devstack@keystone.service[80897]: DEBUG dbcounter [-] [80897] Writing DB stats keystone:SELECT=100 {{(pid=80897) stat_writer /usr/local/lib/python3.8/dist-packages/dbcounter.py:114}}
Jul 11 18:04:31.569872 dv-neutron-849039-2-hyperv devstack@keystone.service[80896]: DEBUG keystone.server.flask.request_processing.middleware.auth_context [None req-1ce73cbb-d872-42db-86e6-c13fc33ff845 None admin] Validating token access rules against request {{(pid=80896) validate_allowed_request /usr/local/lib/python3.8/dist-packages/keystonemiddleware/auth_token/__init__.py:545}}
Jul 11 18:04:31.600738 dv-neutron-849039-2-hyperv devstack@keystone.service[80896]: DEBUG dbcounter [-] [80896] Writing DB stats keystone:SELECT=100 {{(pid=80896) stat_writer /usr/local/lib/python3.8/dist-packages/dbcounter.py:114}}
Jul 11 18:04:31.607575 dv-neutron-849039-2-hyperv devstack@keystone.service[80896]: DEBUG keystone.server.flask.request_processing.middleware.auth_context [None req-f61dd76a-7e06-444f-a4f2-23133cf5b3d9 None admin] RBAC: auth_context: {'token': , 'domain_id': None, 'trust_id': None, 'trustor_id': None, 'trustee_id': None, 'domain_name': None, 'group_ids': [], 'user_id': '94e00803ab674fed839ea9969dc8809a', 'user_domain_id': 'default', 'system_scope': 'all', 'project_id': None, 'project_domain_id': None, 'roles': ['admin', 'member', 'reader'], 'is_admin_project': True, 'service_user_id': None, 'service_user_domain_id': None, 'service_project_id': None, 'service_project_domain_id': None, 'service_roles': []} {{(pid=80896) fill_context /opt/stack/keystone/keystone/server/flask/request_processing/middleware/auth_context.py:478}}
Jul 11 18:04:31.608647 dv-neutron-849039-2-hyperv devstack@keystone.service[80896]: DEBUG keystone.server.flask.request_processing.req_logging [None req-f61dd76a-7e06-444f-a4f2-23133cf5b3d9 None admin] REQUEST_METHOD: `GET` {{(pid=80896) log_request_info /opt/stack/keystone/keystone/server/flask/request_processing/req_logging.py:27}}
Jul 11 18:04:31.609173 dv-neutron-849039-2-hyperv devstack@keystone.service[80896]: DEBUG keystone.server.flask.request_processing.req_logging [None req-f61dd76a-7e06-444f-a4f2-23133cf5b3d9 None admin] SCRIPT_NAME: `/identity` {{(pid=80896) log_request_info /opt/stack/keystone/keystone/server/flask/request_processing/req_logging.py:28}}
Jul 11 18:04:31.609591 dv-neutron-849039-2-hyperv devstack@keystone.service[80896]: DEBUG keystone.server.flask.request_processing.req_logging [None req-f61dd76a-7e06-444f-a4f2-23133cf5b3d9 None admin] PATH_INFO: `/v3/users/53d20912d3af4a0381c0bae4c68fca8e` {{(pid=80896) log_request_info /opt/stack/keystone/keystone/server/flask/request_processing/req_logging.py:29}}
