Jul 13 04:15:37.171128 dv-neutron-848929-4-hyperv neutron-server[104924]: DEBUG neutron.plugins.ml2.drivers.mech_agent [None req-83e44bce-e37c-4a93-a0bc-4f769a2ff8d3 tempest-PortsAdminExtendedAttrsTestJSON-1862636925 tempest-PortsAdminExtendedAttrsTestJSON-1862636925-project-admin] Port c145b300-0638-403a-bc08-61b5c25497be on network 2ab0896b-1a19-4c5a-9ec3-a55d31ea0463 not bound, no agent of type Open vSwitch agent registered on host hv-neutron-8489 {{(pid=104924) bind_port /opt/stack/neutron/neutron/plugins/ml2/drivers/mech_agent.py:103}}
Jul 13 04:15:37.172214 dv-neutron-848929-4-hyperv neutron-server[104924]: ERROR neutron.plugins.ml2.managers [None req-83e44bce-e37c-4a93-a0bc-4f769a2ff8d3 tempest-PortsAdminExtendedAttrsTestJSON-1862636925 tempest-PortsAdminExtendedAttrsTestJSON-1862636925-project-admin] Failed to bind port c145b300-0638-403a-bc08-61b5c25497be on host hv-neutron-8489 for vnic_type normal using segments [{'id': 'c0a6a873-1999-475d-9801-d1d9d649a66a', 'network_type': 'vlan', 'physical_network': 'physnet1', 'segmentation_id': 148, 'network_id': '2ab0896b-1a19-4c5a-9ec3-a55d31ea0463'}]
Jul 13 04:15:37.178762 dv-neutron-848929-4-hyperv neutron-server[104923]: DEBUG neutron_lib.callbacks.manager [None req-69d004cd-12f7-4b6b-9983-87633f0973c6 tempest-FloatingIPAdminTestJSON-1166095964 tempest-FloatingIPAdminTestJSON-1166095964-project-admin] Publish callbacks ['neutron.notifiers.nova.Notifier._send_nova_notification-105665'] for floatingip (None), before_response {{(pid=104923) _notify_loop /usr/local/lib/python3.8/dist-packages/neutron_lib/callbacks/manager.py:176}}
Jul 13 04:15:37.181801 dv-neutron-848929-4-hyperv neutron-server[104924]: INFO neutron.plugins.ml2.plugin [None req-83e44bce-e37c-4a93-a0bc-4f769a2ff8d3 tempest-PortsAdminExtendedAttrsTestJSON-1862636925 tempest-PortsAdminExtendedAttrsTestJSON-1862636925-project-admin] Attempt 4 to bind port c145b300-0638-403a-bc08-61b5c25497be
Jul 13 04:15:37.235735 dv-neutron-848929-4-hyperv neutron-server[104923]: INFO neutron.wsgi [None req-69d004cd-12f7-4b6b-9983-87633f0973c6 tempest-FloatingIPAdminTestJSON-1166095964 tempest-FloatingIPAdminTestJSON-1166095964-project-admin] 10.222.0.33 "POST /v2.0/floatingips HTTP/1.1" status: 201 len: 988 time: 8.6084080
Jul 13 04:15:37.241466 dv-neutron-848929-4-hyperv neutron-server[104923]: DEBUG neutron.wsgi [-] (104923) accepted ('10.222.0.33', 55040) {{(pid=104923) server /usr/local/lib/python3.8/dist-packages/eventlet/wsgi.py:1004}}
Jul 13 04:15:37.279748 dv-neutron-848929-4-hyperv neutron-server[104925]: DEBUG neutron.db.l3_hamode_db [None req-d21b3c86-7062-4494-95ce-65ecd934a2cc None None] neutron.services.l3_router.l3_router_plugin.L3RouterPlugin method _process_sync_ha_data called with arguments (, [], 'dv-neutron-848929-4-hyperv', False) {} {{(pid=104925) wrapper /usr/local/lib/python3.8/dist-packages/oslo_log/helpers.py:65}}
Jul 13 04:15:37.299327 dv-neutron-848929-4-hyperv neutron-server[104925]: DEBUG neutron.db.l3_dvrscheduler_db [None req-d21b3c86-7062-4494-95ce-65ecd934a2cc None None] Routers {'27d72456-b432-4483-9539-402ca0b4e675'} bound to L3 agent in host dv-neutron-848929-4-hyperv {{(pid=104925) _get_router_ids_for_agent /opt/stack/neutron/neutron/db/l3_dvrscheduler_db.py:426}}
Jul 13 04:15:37.301481 dv-neutron-848929-4-hyperv neutron-server[104925]: DEBUG neutron.db.l3_hamode_db [None req-d21b3c86-7062-4494-95ce-65ecd934a2cc None None] neutron.services.l3_router.l3_router_plugin.L3RouterPlugin method get_ha_sync_data_for_host called with arguments (, 'dv-neutron-848929-4-hyperv', Agent(admin_state_up=True,agent_type='L3 agent',availability_zone='nova',binary='neutron-l3-agent',configurations={"agent_mode": "legacy", "ex_gw_ports": 3, "extensions": [], "floating_ips": 0, "handle_internal_only_routers": true, "interface_driver": "openvswitch", "interfaces": 1, "log_agent_heartbeats": false, "routers": 3},created_at=2022-07-13T04:07:19Z,description=,heartbeat_timestamp=2022-07-13T04:15:19Z,host='dv-neutron-848929-4-hyperv',id=af3bc12c-e9b3-4c33-8894-e81ee824845f,load=0,resource_versions=,resources_synced=,started_at=2022-07-13T04:07:19Z,topic='l3_agent')) {'router_ids': ['27d72456-b432-4483-9539-402ca0b4e675'], 'active': True} {{(pid=104925) wrapper /usr/local/lib/python3.8/dist-packages/oslo_log/helpers.py:65}}
Jul 13 04:15:37.310556 dv-neutron-848929-4-hyperv neutron-server[104924]: DEBUG neutron.plugins.ml2.managers [None req-83e44bce-e37c-4a93-a0bc-4f769a2ff8d3 tempest-PortsAdminExtendedAttrsTestJSON-1862636925 tempest-PortsAdminExtendedAttrsTestJSON-1862636925-project-admin] Attempting to bind port c145b300-0638-403a-bc08-61b5c25497be on host hv-neutron-8489 for vnic_type normal with profile {{(pid=104924) bind_port /opt/stack/neutron/neutron/plugins/ml2/managers.py:810}}
Jul 13 04:15:37.311067 dv-neutron-848929-4-hyperv neutron-server[104924]: DEBUG neutron.plugins.ml2.managers [None req-83e44bce-e37c-4a93-a0bc-4f769a2ff8d3 tempest-PortsAdminExtendedAttrsTestJSON-1862636925 tempest-PortsAdminExtendedAttrsTestJSON-1862636925-project-admin] Attempting to bind port c145b300-0638-403a-bc08-61b5c25497be by drivers openvswitch,hyperv on host hv-neutron-8489 at level 0 using segments [{'id': 'c0a6a873-1999-475d-9801-d1d9d649a66a', 'network_type': 'vlan', 'physical_network': 'physnet1', 'segmentation_id': 148, 'network_id': '2ab0896b-1a19-4c5a-9ec3-a55d31ea0463'}] {{(pid=104924) _bind_port_level /opt/stack/neutron/neutron/plugins/ml2/managers.py:835}}
Jul 13 04:15:37.311669 dv-neutron-848929-4-hyperv neutron-server[104924]: DEBUG neutron.plugins.ml2.drivers.mech_agent [None req-83e44bce-e37c-4a93-a0bc-4f769a2ff8d3 tempest-PortsAdminExtendedAttrsTestJSON-1862636925 tempest-PortsAdminExtendedAttrsTestJSON-1862636925-project-admin] Attempting to bind port c145b300-0638-403a-bc08-61b5c25497be on network 2ab0896b-1a19-4c5a-9ec3-a55d31ea0463 {{(pid=104924) bind_port /opt/stack/neutron/neutron/plugins/ml2/drivers/mech_agent.py:91}}
Jul 13 04:15:37.316640 dv-neutron-848929-4-hyperv neutron-server[104924]: DEBUG neutron_lib.callbacks.manager [None req-9fd789a9-0df6-47f7-a590-abf018059d38 tempest-RoutersAdminTest-697483299 tempest-RoutersAdminTest-697483299-project-admin] Publish callbacks ['neutron.services.l3_router.l3_router_plugin.L3_HA_NAT_db_mixin._before_router_create_handler-16267391', 'neutron.services.l3_router.service_providers.driver_controller.DriverController._check_router_request-9142'] for router (5f976703-5aa0-46bd-aa59-1a36f0aaa3cd), before_create {{(pid=104924) _notify_loop /usr/local/lib/python3.8/dist-packages/neutron_lib/callbacks/manager.py:176}}
Jul 13 04:15:37.317765 dv-neutron-848929-4-hyperv neutron-server[104924]: DEBUG neutron_lib.callbacks.manager [None req-9fd789a9-0df6-47f7-a590-abf018059d38 tempest-RoutersAdminTest-697483299 tempest-RoutersAdminTest-697483299-project-admin] Publish callbacks ['neutron.services.l3_router.l3_router_plugin.L3_HA_NAT_db_mixin._precommit_router_create-16267215', 'neutron.services.l3_router.l3_router_plugin.DVRResourceOperationHandler._set_distributed_flag-16263259', 'neutron.services.l3_router.l3_router_plugin.RouterAvailabilityZoneMixin._process_az_request-16517492', 'neutron.services.l3_router.service_providers.driver_controller.DriverController._set_router_provider-9135'] for router (5f976703-5aa0-46bd-aa59-1a36f0aaa3cd), precommit_create {{(pid=104924) _notify_loop /usr/local/lib/python3.8/dist-packages/neutron_lib/callbacks/manager.py:176}}
Jul 13 04:15:37.380900 dv-neutron-848929-4-hyperv neutron-server[104924]: DEBUG neutron_lib.callbacks.manager [None req-9d5954ad-b4b5-4c7b-96dd-5ee98e5f284c tempest-NetworksTestDHCPv6-471849794 tempest-NetworksTestDHCPv6-471849794-project] Publish callbacks ['neutron.plugins.ml2.ovo_rpc._ObjectChangeHandler.handle_event-16559399', 'neutron.api.rpc.agentnotifiers.dhcp_rpc_agent_api.DhcpAgentNotifyAPI._native_event_send_dhcp_notification-16265288', 'neutron.services.segments.plugin.NovaSegmentNotifier._notify_subnet_created-13272055', 'neutron.services.segments.plugin.SegmentHostRoutes.host_routes_after_create-13230272'] for subnet (36e8daf5-a769-4e73-8b60-eeee0db90b28), after_create {{(pid=104924) _notify_loop /usr/local/lib/python3.8/dist-packages/neutron_lib/callbacks/manager.py:176}}
Jul 13 04:15:37.486548 dv-neutron-848929-4-hyperv neutron-server[104924]: DEBUG neutron.plugins.ml2.drivers.mech_agent [None req-83e44bce-e37c-4a93-a0bc-4f769a2ff8d3 tempest-PortsAdminExtendedAttrsTestJSON-1862636925 tempest-PortsAdminExtendedAttrsTestJSON-1862636925-project-admin] Port c145b300-0638-403a-bc08-61b5c25497be on network 2ab0896b-1a19-4c5a-9ec3-a55d31ea0463 not bound, no agent of type Open vSwitch agent registered on host hv-neutron-8489 {{(pid=104924) bind_port /opt/stack/neutron/neutron/plugins/ml2/drivers/mech_agent.py:103}}
Jul 13 04:15:37.486936 dv-neutron-848929-4-hyperv neutron-server[104924]: ERROR neutron.plugins.ml2.managers [None req-83e44bce-e37c-4a93-a0bc-4f769a2ff8d3 tempest-PortsAdminExtendedAttrsTestJSON-1862636925 tempest-PortsAdminExtendedAttrsTestJSON-1862636925-project-admin] Failed to bind port c145b300-0638-403a-bc08-61b5c25497be on host hv-neutron-8489 for vnic_type normal using segments [{'id': 'c0a6a873-1999-475d-9801-d1d9d649a66a', 'network_type': 'vlan', 'physical_network': 'physnet1', 'segmentation_id': 148, 'network_id': '2ab0896b-1a19-4c5a-9ec3-a55d31ea0463'}]
Jul 13 04:15:37.510518 dv-neutron-848929-4-hyperv neutron-server[104925]: DEBUG neutron.db.l3_hamode_db [None req-d21b3c86-7062-4494-95ce-65ecd934a2cc None None] neutron.services.l3_router.l3_router_plugin.L3RouterPlugin method _process_sync_ha_data called with arguments (, [], 'dv-neutron-848929-4-hyperv', False) {} {{(pid=104925) wrapper /usr/local/lib/python3.8/dist-packages/oslo_log/helpers.py:65}}
Jul 13 04:15:37.511159 dv-neutron-848929-4-hyperv neutron-server[104925]: DEBUG neutron.api.rpc.handlers.l3_rpc [None req-d21b3c86-7062-4494-95ce-65ecd934a2cc None None] The sync data for ids ['27d72456-b432-4483-9539-402ca0b4e675'] in dv-neutron-848929-4-hyperv is: [] {{(pid=104925) sync_routers /opt/stack/neutron/neutron/api/rpc/handlers/l3_rpc.py:137}}
Jul 13 04:15:37.521773 dv-neutron-848929-4-hyperv neutron-server[104923]: INFO neutron.wsgi [req-d9981ca9-182d-4f1d-81d9-fc4fd0d10efe req-95996ffc-17c2-4ec5-b128-aafe15e6cbb6 tempest-ServerActionsTestJSON-2030362507 tempest-ServerActionsTestJSON-2030362507-project] 10.222.0.33 "GET /v2.0/ports?device_id=50857c96-5a63-4135-95ce-3a2cc9a18501 HTTP/1.1" status: 200 len: 210 time: 0.0753963
Jul 13 04:15:37.526462 dv-neutron-848929-4-hyperv neutron-server[104923]: INFO neutron.wsgi [None req-1d713742-a3ce-4b5a-8feb-9a34200191d7 tempest-FloatingIPAdminTestJSON-1166095964 tempest-FloatingIPAdminTestJSON-1166095964-project-admin] 10.222.0.33 "GET /v2.0/floatingips/035c6eab-df8d-4586-ae11-b3a481136571 HTTP/1.1" status: 200 len: 983 time: 0.2838056
Jul 13 04:15:37.550979 dv-neutron-848929-4-hyperv neutron-server[104923]: DEBUG neutron.wsgi [-] (104923) accepted ('10.222.0.33', 55054) {{(pid=104923) server /usr/local/lib/python3.8/dist-packages/eventlet/wsgi.py:1004}}
Jul 13 04:15:37.653666 dv-neutron-848929-4-hyperv neutron-server[104924]: DEBUG neutron_lib.callbacks.manager [None req-9fd789a9-0df6-47f7-a590-abf018059d38 tempest-RoutersAdminTest-697483299 tempest-RoutersAdminTest-697483299-project-admin] Publish callbacks [] for router_controller (5f976703-5aa0-46bd-aa59-1a36f0aaa3cd), precommit_add_association {{(pid=104924) _notify_loop /usr/local/lib/python3.8/dist-packages/neutron_lib/callbacks/manager.py:176}}
Jul 13 04:15:37.669857 dv-neutron-848929-4-hyperv neutron-server[104924]: INFO neutron.plugins.ml2.plugin [None req-83e44bce-e37c-4a93-a0bc-4f769a2ff8d3 tempest-PortsAdminExtendedAttrsTestJSON-1862636925 tempest-PortsAdminExtendedAttrsTestJSON-1862636925-project-admin] Attempt 5 to bind port c145b300-0638-403a-bc08-61b5c25497be
Jul 13 04:15:37.718580 dv-neutron-848929-4-hyperv neutron-server[104924]: INFO neutron.wsgi [req-83785c64-b8a6-4225-bd23-63189b2abb1b req-678bdaa6-d6d7-4a70-9361-a153acea41a8 tempest-ServersTestManualDisk-115193685 tempest-ServersTestManualDisk-115193685-project] 10.222.0.33 "GET /v2.0/ports?device_id=7b04123d-2d7e-4914-b945-fa8e03787b67 HTTP/1.1" status: 200 len: 210 time: 0.4007177
Jul 13 04:15:37.721505 dv-neutron-848929-4-hyperv neutron-server[104924]: DEBUG neutron.scheduler.dhcp_agent_scheduler [None req-9d5954ad-b4b5-4c7b-96dd-5ee98e5f284c tempest-NetworksTestDHCPv6-471849794 tempest-NetworksTestDHCPv6-471849794-project] Network 4d28db81-0183-4de2-9302-39fd3b1a2b4c is already hosted by enough agents. {{(pid=104924) _get_dhcp_agents_hosting_network /opt/stack/neutron/neutron/scheduler/dhcp_agent_scheduler.py:275}}
Jul 13 04:15:37.746036 dv-neutron-848929-4-hyperv neutron-server[104923]: DEBUG neutron.scheduler.l3_agent_scheduler [None req-01b5903a-65ab-4153-9b3d-d30d8a50b1a4 tempest-RoutersIpV6AdminTest-89268425 tempest-RoutersIpV6AdminTest-89268425-project] Router d284112f-c807-48c1-982c-c364f5779ed1 is scheduled to L3 agent af3bc12c-e9b3-4c33-8894-e81ee824845f with binding_index 1 {{(pid=104923) bind_router /opt/stack/neutron/neutron/scheduler/l3_agent_scheduler.py:209}}
Jul 13 04:15:37.766845 dv-neutron-848929-4-hyperv neutron-server[104923]: INFO neutron.wsgi [None req-fa141ca9-3dad-4c7d-9204-85c1092a22b3 tempest-FloatingIPAdminTestJSON-1166095964 tempest-FloatingIPAdminTestJSON-1166095964-project-admin] 10.222.0.33 "GET /v2.0/floatingips HTTP/1.1" status: 200 len: 2905 time: 0.2135501
Jul 13 04:15:37.775511 dv-neutron-848929-4-hyperv neutron-server[104923]: DEBUG neutron.wsgi [-] (104923) accepted ('10.222.0.33', 55060) {{(pid=104923) server /usr/local/lib/python3.8/dist-packages/eventlet/wsgi.py:1004}}
Jul 13 04:15:37.842613 dv-neutron-848929-4-hyperv neutron-server[104924]: DEBUG neutron.plugins.ml2.managers [None req-83e44bce-e37c-4a93-a0bc-4f769a2ff8d3 tempest-PortsAdminExtendedAttrsTestJSON-1862636925 tempest-PortsAdminExtendedAttrsTestJSON-1862636925-project-admin] Attempting to bind port c145b300-0638-403a-bc08-61b5c25497be on host hv-neutron-8489 for vnic_type normal with profile {{(pid=104924) bind_port /opt/stack/neutron/neutron/plugins/ml2/managers.py:810}}
Jul 13 04:15:37.845418 dv-neutron-848929-4-hyperv neutron-server[104924]: DEBUG neutron.plugins.ml2.managers [None req-83e44bce-e37c-4a93-a0bc-4f769a2ff8d3 tempest-PortsAdminExtendedAttrsTestJSON-1862636925 tempest-PortsAdminExtendedAttrsTestJSON-1862636925-project-admin] Attempting to bind port c145b300-0638-403a-bc08-61b5c25497be by drivers openvswitch,hyperv on host hv-neutron-8489 at level 0 using segments [{'id': 'c0a6a873-1999-475d-9801-d1d9d649a66a', 'network_type': 'vlan', 'physical_network': 'physnet1', 'segmentation_id': 148, 'network_id': '2ab0896b-1a19-4c5a-9ec3-a55d31ea0463'}] {{(pid=104924) _bind_port_level /opt/stack/neutron/neutron/plugins/ml2/managers.py:835}}
Jul 13 04:15:37.845744 dv-neutron-848929-4-hyperv neutron-server[104924]: DEBUG neutron.plugins.ml2.drivers.mech_agent [None req-83e44bce-e37c-4a93-a0bc-4f769a2ff8d3 tempest-PortsAdminExtendedAttrsTestJSON-1862636925 tempest-PortsAdminExtendedAttrsTestJSON-1862636925-project-admin] Attempting to bind port c145b300-0638-403a-bc08-61b5c25497be on network 2ab0896b-1a19-4c5a-9ec3-a55d31ea0463 {{(pid=104924) bind_port /opt/stack/neutron/neutron/plugins/ml2/drivers/mech_agent.py:91}}
Jul 13 04:15:37.854843 dv-neutron-848929-4-hyperv neutron-server[104924]: DEBUG neutron.pecan_wsgi.hooks.quota_enforcement [req-be9b9804-530e-4881-86d2-c06bafecbe01 req-2f192cb5-f75c-4ed5-9ea8-48086b2f7467 tempest-ServersTestJSON-1956649584 tempest-ServersTestJSON-1956649584-project] Made reservation on behalf of 3ed296a639b74ff8b6646cc736a645d4 for: {'port': 1} {{(pid=104924) before /opt/stack/neutron/neutron/pecan_wsgi/hooks/quota_enforcement.py:53}}
Jul 13 04:15:37.861881 dv-neutron-848929-4-hyperv neutron-server[104924]: DEBUG neutron_lib.callbacks.manager [req-be9b9804-530e-4881-86d2-c06bafecbe01 req-2f192cb5-f75c-4ed5-9ea8-48086b2f7467 tempest-ServersTestJSON-1956649584 tempest-ServersTestJSON-1956649584-project] Publish callbacks ['neutron.plugins.ml2.plugin.SecurityGroupDbMixin._ensure_default_security_group_handler-674893'] for port (None), before_create {{(pid=104924) _notify_loop /usr/local/lib/python3.8/dist-packages/neutron_lib/callbacks/manager.py:176}}
Jul 13 04:15:37.879837 dv-neutron-848929-4-hyperv neutron-server[104924]: DEBUG neutron.scheduler.base_scheduler [None req-9d5954ad-b4b5-4c7b-96dd-5ee98e5f284c tempest-NetworksTestDHCPv6-471849794 tempest-NetworksTestDHCPv6-471849794-project] Resources bound (agent type, host, resource id): {{(pid=104924) schedule /opt/stack/neutron/neutron/scheduler/base_scheduler.py:57}}
Jul 13 04:15:37.892456 dv-neutron-848929-4-hyperv neutron-server[104925]: DEBUG neutron.api.rpc.handlers.dhcp_rpc [None req-5500f84d-9605-44f5-9114-81478bae1112 None None] Network 4d28db81-0183-4de2-9302-39fd3b1a2b4c requested from dv-neutron-848929-4-hyperv {{(pid=104925) get_network_info /opt/stack/neutron/neutron/api/rpc/handlers/dhcp_rpc.py:191}}
Jul 13 04:15:37.908389 dv-neutron-848929-4-hyperv neutron-server[104924]: DEBUG neutron.api.rpc.handlers.resources_rpc [None req-9d5954ad-b4b5-4c7b-96dd-5ee98e5f284c tempest-NetworksTestDHCPv6-471849794 tempest-NetworksTestDHCPv6-471849794-project] Pushing event updated for resources: {'Subnet': ['ID=36e8daf5-a769-4e73-8b60-eeee0db90b28,revision_number=0']} {{(pid=104924) push /opt/stack/neutron/neutron/api/rpc/handlers/resources_rpc.py:237}}
Jul 13 04:15:37.923041 dv-neutron-848929-4-hyperv neutron-server[104924]: DEBUG neutron.pecan_wsgi.hooks.policy_enforcement [None req-9d5954ad-b4b5-4c7b-96dd-5ee98e5f284c tempest-NetworksTestDHCPv6-471849794 tempest-NetworksTestDHCPv6-471849794-project] Attributes excluded by policy engine: ['standard_attr_id', 'shared', 'segment_id', 'network'] {{(pid=104924) _exclude_attributes_by_policy /opt/stack/neutron/neutron/pecan_wsgi/hooks/policy_enforcement.py:259}}
Jul 13 04:15:37.926521 dv-neutron-848929-4-hyperv neutron-server[104924]: DEBUG neutron_lib.callbacks.manager [None req-9d5954ad-b4b5-4c7b-96dd-5ee98e5f284c tempest-NetworksTestDHCPv6-471849794 tempest-NetworksTestDHCPv6-471849794-project] Publish callbacks ['neutron.api.rpc.agentnotifiers.dhcp_rpc_agent_api.DhcpAgentNotifyAPI._send_dhcp_notification-16265310'] for subnet (None), before_response {{(pid=104924) _notify_loop /usr/local/lib/python3.8/dist-packages/neutron_lib/callbacks/manager.py:176}}
Jul 13 04:15:37.944051 dv-neutron-848929-4-hyperv neutron-server[104924]: DEBUG neutron.plugins.ml2.drivers.mech_agent [None req-83e44bce-e37c-4a93-a0bc-4f769a2ff8d3 tempest-PortsAdminExtendedAttrsTestJSON-1862636925 tempest-PortsAdminExtendedAttrsTestJSON-1862636925-project-admin] Port c145b300-0638-403a-bc08-61b5c25497be on network 2ab0896b-1a19-4c5a-9ec3-a55d31ea0463 not bound, no agent of type Open vSwitch agent registered on host hv-neutron-8489 {{(pid=104924) bind_port /opt/stack/neutron/neutron/plugins/ml2/drivers/mech_agent.py:103}}
Jul 13 04:15:37.944770 dv-neutron-848929-4-hyperv neutron-server[104924]: ERROR neutron.plugins.ml2.managers [None req-83e44bce-e37c-4a93-a0bc-4f769a2ff8d3 tempest-PortsAdminExtendedAttrsTestJSON-1862636925 tempest-PortsAdminExtendedAttrsTestJSON-1862636925-project-admin] Failed to bind port c145b300-0638-403a-bc08-61b5c25497be on host hv-neutron-8489 for vnic_type normal using segments [{'id': 'c0a6a873-1999-475d-9801-d1d9d649a66a', 'network_type': 'vlan', 'physical_network': 'physnet1', 'segmentation_id': 148, 'network_id': '2ab0896b-1a19-4c5a-9ec3-a55d31ea0463'}]
Jul 13 04:15:38.034564 dv-neutron-848929-4-hyperv neutron-server[104924]: INFO neutron.plugins.ml2.plugin [None req-83e44bce-e37c-4a93-a0bc-4f769a2ff8d3 tempest-PortsAdminExtendedAttrsTestJSON-1862636925 tempest-PortsAdminExtendedAttrsTestJSON-1862636925-project-admin] Attempt 6 to bind port c145b300-0638-403a-bc08-61b5c25497be
Jul 13 04:15:38.199492 dv-neutron-848929-4-hyperv neutron-server[104925]: DEBUG dbcounter [-] [104925] Writing DB stats neutron:SELECT=97,neutron:UPDATE=1,neutron:DELETE=2 {{(pid=104925) stat_writer /usr/local/lib/python3.8/dist-packages/dbcounter.py:114}}
Jul 13 04:15:38.295799 dv-neutron-848929-4-hyperv neutron-server[104923]: DEBUG dbcounter [-] [104923] Writing DB stats neutron:SELECT=97,neutron:DELETE=2,neutron:INSERT=1 {{(pid=104923) stat_writer /usr/local/lib/python3.8/dist-packages/dbcounter.py:114}}
Jul 13 04:15:38.404529 dv-neutron-848929-4-hyperv neutron-server[104925]: DEBUG neutron.api.rpc.handlers.dhcp_rpc [None req-d6a83363-0661-40de-b789-61ba8b8ad815 None None] Create dhcp port {'port': {'name': '', 'admin_state_up': True, 'device_id': 'dhcp9484453f-004a-5ed7-9c3a-9b51baf4ecfa-4d28db81-0183-4de2-9302-39fd3b1a2b4c', 'network_id': '4d28db81-0183-4de2-9302-39fd3b1a2b4c', 'project_id': '35fd213c5c894ffd8d0940df58412486', 'fixed_ips': [{'subnet_id': '36e8daf5-a769-4e73-8b60-eeee0db90b28'}]}} from dv-neutron-848929-4-hyperv. {{(pid=104925) create_dhcp_port /opt/stack/neutron/neutron/api/rpc/handlers/dhcp_rpc.py:268}}
Jul 13 04:15:38.408013 dv-neutron-848929-4-hyperv neutron-server[104925]: DEBUG neutron_lib.callbacks.manager [None req-d6a83363-0661-40de-b789-61ba8b8ad815 None None] Publish callbacks ['neutron.plugins.ml2.plugin.SecurityGroupDbMixin._ensure_default_security_group_handler-674893'] for port (None), before_create {{(pid=104925) _notify_loop /usr/local/lib/python3.8/dist-packages/neutron_lib/callbacks/manager.py:176}}
Jul 13 04:15:38.516270 dv-neutron-848929-4-hyperv neutron-server[104924]: DEBUG neutron.db.db_base_plugin_common [req-be9b9804-530e-4881-86d2-c06bafecbe01 req-2f192cb5-f75c-4ed5-9ea8-48086b2f7467 tempest-ServersTestJSON-1956649584 tempest-ServersTestJSON-1956649584-project] Allocated IP 172.20.0.5 (91a39a6f-c64e-4498-b8f2-d773c03117d3/9a15b1ce-171f-4486-b581-4ecec4aaa79a/c58501fb-7136-4541-9593-0b522dd4e265) {{(pid=104924) _store_ip_allocation /opt/stack/neutron/neutron/db/db_base_plugin_common.py:131}}
Jul 13 04:15:38.721865 dv-neutron-848929-4-hyperv neutron-server[104923]: INFO neutron.wsgi [req-1510ee05-1719-4291-a3b1-8a513bf7ad06 req-d7c4dc0d-5cd5-4d71-8547-bc002c989a10 tempest-ServersTestJSON-1956649584 tempest-ServersTestJSON-1956649584-project] 10.222.0.33 "GET /v2.0/ports?device_id=81ed0199-5f25-46c9-acf1-902e73d419aa HTTP/1.1" status: 200 len: 210 time: 0.1047819
Jul 13 04:15:38.725442 dv-neutron-848929-4-hyperv neutron-server[104923]: DEBUG neutron.api.rpc.agentnotifiers.l3_rpc_agent_api [None req-01b5903a-65ab-4153-9b3d-d30d8a50b1a4 tempest-RoutersIpV6AdminTest-89268425 tempest-RoutersIpV6AdminTest-89268425-project] Notify agent at l3_agent.dv-neutron-848929-4-hyperv the message routers_updated {{(pid=104923) _agent_notification /opt/stack/neutron/neutron/api/rpc/agentnotifiers/l3_rpc_agent_api.py:65}}
Jul 13 04:15:38.739420 dv-neutron-848929-4-hyperv neutron-server[104926]: DEBUG neutron.api.rpc.handlers.l3_rpc [None req-2d4ce9fc-01ab-4fee-9026-4ff151cebbc0 None None] Sync routers for ids ['d284112f-c807-48c1-982c-c364f5779ed1'] in dv-neutron-848929-4-hyperv {{(pid=104926) sync_routers /opt/stack/neutron/neutron/api/rpc/handlers/l3_rpc.py:125}}
Jul 13 04:15:38.754170 dv-neutron-848929-4-hyperv neutron-server[104925]: DEBUG neutron.db.db_base_plugin_common [None req-d6a83363-0661-40de-b789-61ba8b8ad815 None None] Allocated IP 2001:db8::2 (4d28db81-0183-4de2-9302-39fd3b1a2b4c/36e8daf5-a769-4e73-8b60-eeee0db90b28/66935800-bfa2-4e30-89c7-e253ef3c9152) {{(pid=104925) _store_ip_allocation /opt/stack/neutron/neutron/db/db_base_plugin_common.py:131}}
Jul 13 04:15:38.759087 dv-neutron-848929-4-hyperv neutron-server[104926]: DEBUG neutron.db.l3_dvrscheduler_db [None req-2d4ce9fc-01ab-4fee-9026-4ff151cebbc0 None None] Routers {'d284112f-c807-48c1-982c-c364f5779ed1'} bound to L3 agent in host dv-neutron-848929-4-hyperv {{(pid=104926) _get_router_ids_for_agent /opt/stack/neutron/neutron/db/l3_dvrscheduler_db.py:426}}
Jul 13 04:15:38.763615 dv-neutron-848929-4-hyperv neutron-server[104926]: DEBUG neutron.db.l3_hamode_db [None req-2d4ce9fc-01ab-4fee-9026-4ff151cebbc0 None None] neutron.services.l3_router.l3_router_plugin.L3RouterPlugin method get_ha_sync_data_for_host called with arguments (, 'dv-neutron-848929-4-hyperv', Agent(admin_state_up=True,agent_type='L3 agent',availability_zone='nova',binary='neutron-l3-agent',configurations={"agent_mode": "legacy", "ex_gw_ports": 3, "extensions": [], "floating_ips": 0, "handle_internal_only_routers": true, "interface_driver": "openvswitch", "interfaces": 1, "log_agent_heartbeats": false, "routers": 3},created_at=2022-07-13T04:07:19Z,description=,heartbeat_timestamp=2022-07-13T04:15:19Z,host='dv-neutron-848929-4-hyperv',id=af3bc12c-e9b3-4c33-8894-e81ee824845f,load=0,resource_versions=,resources_synced=,started_at=2022-07-13T04:07:19Z,topic='l3_agent')) {'router_ids': ['d284112f-c807-48c1-982c-c364f5779ed1'], 'active': True} {{(pid=104926) wrapper /usr/local/lib/python3.8/dist-packages/oslo_log/helpers.py:65}}
Jul 13 04:15:38.764643 dv-neutron-848929-4-hyperv neutron-server[104924]: DEBUG neutron_lib.callbacks.manager [req-be9b9804-530e-4881-86d2-c06bafecbe01 req-2f192cb5-f75c-4ed5-9ea8-48086b2f7467 tempest-ServersTestJSON-1956649584 tempest-ServersTestJSON-1956649584-project] Publish callbacks [] for port (c58501fb-7136-4541-9593-0b522dd4e265), precommit_create {{(pid=104924) _notify_loop /usr/local/lib/python3.8/dist-packages/neutron_lib/callbacks/manager.py:176}}
Jul 13 04:15:38.774736 dv-neutron-848929-4-hyperv neutron-server[104923]: DEBUG neutron.plugins.ml2.plugin [None req-02a79cb2-6898-45e1-8693-92128442e3b3 tempest-FloatingIPAdminTestJSON-690456990 tempest-FloatingIPAdminTestJSON-690456990-project] Deleting port 84a615ba-5587-4343-8fc9-85fc795fcff8 {{(pid=104923) _pre_delete_port /opt/stack/neutron/neutron/plugins/ml2/plugin.py:2037}}
Jul 13 04:15:38.775120 dv-neutron-848929-4-hyperv neutron-server[104923]: DEBUG neutron_lib.callbacks.manager [None req-02a79cb2-6898-45e1-8693-92128442e3b3 tempest-FloatingIPAdminTestJSON-690456990 tempest-FloatingIPAdminTestJSON-690456990-project] Publish callbacks ['neutron.db.l3_db.L3_NAT_dbonly_mixin._prevent_l3_port_delete_callback-8776388590210'] for port (84a615ba-5587-4343-8fc9-85fc795fcff8), before_delete {{(pid=104923) _notify_loop /usr/local/lib/python3.8/dist-packages/neutron_lib/callbacks/manager.py:176}}
Jul 13 04:15:38.780813 dv-neutron-848929-4-hyperv neutron-server[104923]: DEBUG neutron_lib.callbacks.manager [None req-01b5903a-65ab-4153-9b3d-d30d8a50b1a4 tempest-RoutersIpV6AdminTest-89268425 tempest-RoutersIpV6AdminTest-89268425-project] Publish callbacks [] for router (None), before_response {{(pid=104923) _notify_loop /usr/local/lib/python3.8/dist-packages/neutron_lib/callbacks/manager.py:176}}
Jul 13 04:15:38.782312 dv-neutron-848929-4-hyperv neutron-server[104923]: INFO neutron.wsgi [None req-01b5903a-65ab-4153-9b3d-d30d8a50b1a4 tempest-RoutersIpV6AdminTest-89268425 tempest-RoutersIpV6AdminTest-89268425-project] 10.222.0.33 "POST /v2.0/routers HTTP/1.1" status: 201 len: 889 time: 9.1077530
Jul 13 04:15:38.793475 dv-neutron-848929-4-hyperv neutron-server[104923]: DEBUG neutron.wsgi [-] (104923) accepted ('10.222.0.33', 55078) {{(pid=104923) server /usr/local/lib/python3.8/dist-packages/eventlet/wsgi.py:1004}}
Jul 13 04:15:38.814038 dv-neutron-848929-4-hyperv neutron-server[104924]: DEBUG dbcounter [-] [104924] Writing DB stats neutron:SELECT=92,neutron:INSERT=6,neutron:UPDATE=1,neutron:DELETE=1 {{(pid=104924) stat_writer /usr/local/lib/python3.8/dist-packages/dbcounter.py:114}}
Jul 13 04:15:38.815048 dv-neutron-848929-4-hyperv neutron-server[104924]: DEBUG dbcounter [-] [104924] Writing DB stats neutron:SELECT=85,neutron:INSERT=9,neutron:UPDATE=5,neutron:DELETE=1 {{(pid=104924) stat_writer /usr/local/lib/python3.8/dist-packages/dbcounter.py:114}}
Jul 13 04:15:38.839268 dv-neutron-848929-4-hyperv neutron-server[104924]: INFO neutron.wsgi [None req-9d5954ad-b4b5-4c7b-96dd-5ee98e5f284c tempest-NetworksTestDHCPv6-471849794 tempest-NetworksTestDHCPv6-471849794-project] 10.222.0.33 "POST /v2.0/subnets HTTP/1.1" status: 201 len: 834 time: 3.0683391
Jul 13 04:15:38.846047 dv-neutron-848929-4-hyperv neutron-server[104924]: DEBUG neutron_lib.callbacks.manager [req-be9b9804-530e-4881-86d2-c06bafecbe01 req-2f192cb5-f75c-4ed5-9ea8-48086b2f7467 tempest-ServersTestJSON-1956649584 tempest-ServersTestJSON-1956649584-project] Publish callbacks ['neutron.plugins.ml2.plugin.SecurityGroupServerNotifierRpcMixin._notify_sg_on_port_change-674828', 'neutron.plugins.ml2.ovo_rpc._ObjectChangeHandler.handle_event-438765', 'neutron.api.rpc.agentnotifiers.dhcp_rpc_agent_api.DhcpAgentNotifyAPI._native_event_send_dhcp_notification-16265288', 'neutron.db.l3_dvrscheduler_db._notify_l3_agent_new_port-8776388050881', 'neutron.services.segments.plugin.NovaSegmentNotifier._notify_port_created_or_deleted-13271811'] for port (c58501fb-7136-4541-9593-0b522dd4e265), after_create {{(pid=104924) _notify_loop /usr/local/lib/python3.8/dist-packages/neutron_lib/callbacks/manager.py:176}}
Jul 13 04:15:38.862178 dv-neutron-848929-4-hyperv neutron-server[104923]: DEBUG neutron.wsgi [-] (104923) accepted ('10.222.0.33', 55080) {{(pid=104923) server /usr/local/lib/python3.8/dist-packages/eventlet/wsgi.py:1004}}
Jul 13 04:15:38.900911 dv-neutron-848929-4-hyperv neutron-server[104923]: DEBUG neutron.api.v2.base [None req-55292861-2cbc-4f23-9a5c-8f86195e08be tempest-NetworksTestDHCPv6-471849794 tempest-NetworksTestDHCPv6-471849794-project] Request body: {'port': {'network_id': '4d28db81-0183-4de2-9302-39fd3b1a2b4c', 'fixed_ips': [{'subnet_id': '36e8daf5-a769-4e73-8b60-eeee0db90b28', 'ip_address': '2001:db8::aee7:1d86:9c27:8a57'}], 'name': 'tempest-NetworksTestDHCPv6-1283749379'}} {{(pid=104923) prepare_request_body /opt/stack/neutron/neutron/api/v2/base.py:730}}
Jul 13 04:15:38.911160 dv-neutron-848929-4-hyperv neutron-server[104926]: DEBUG neutron.db.l3_hamode_db [None req-2d4ce9fc-01ab-4fee-9026-4ff151cebbc0 None None] neutron.services.l3_router.l3_router_plugin.L3RouterPlugin method _process_sync_ha_data called with arguments (, [], 'dv-neutron-848929-4-hyperv', False) {} {{(pid=104926) wrapper /usr/local/lib/python3.8/dist-packages/oslo_log/helpers.py:65}}
Jul 13 04:15:38.911936 dv-neutron-848929-4-hyperv neutron-server[104924]: DEBUG neutron.plugins.ml2.managers [None req-83e44bce-e37c-4a93-a0bc-4f769a2ff8d3 tempest-PortsAdminExtendedAttrsTestJSON-1862636925 tempest-PortsAdminExtendedAttrsTestJSON-1862636925-project-admin] Attempting to bind port c145b300-0638-403a-bc08-61b5c25497be on host hv-neutron-8489 for vnic_type normal with profile {{(pid=104924) bind_port /opt/stack/neutron/neutron/plugins/ml2/managers.py:810}}
Jul 13 04:15:38.913414 dv-neutron-848929-4-hyperv neutron-server[104924]: DEBUG neutron.plugins.ml2.managers [None req-83e44bce-e37c-4a93-a0bc-4f769a2ff8d3 tempest-PortsAdminExtendedAttrsTestJSON-1862636925 tempest-PortsAdminExtendedAttrsTestJSON-1862636925-project-admin] Attempting to bind port c145b300-0638-403a-bc08-61b5c25497be by drivers openvswitch,hyperv on host hv-neutron-8489 at level 0 using segments [{'id': 'c0a6a873-1999-475d-9801-d1d9d649a66a', 'network_type': 'vlan', 'physical_network': 'physnet1', 'segmentation_id': 148, 'network_id': '2ab0896b-1a19-4c5a-9ec3-a55d31ea0463'}] {{(pid=104924) _bind_port_level /opt/stack/neutron/neutron/plugins/ml2/managers.py:835}}
Jul 13 04:15:38.913841 dv-neutron-848929-4-hyperv neutron-server[104924]: DEBUG neutron.plugins.ml2.drivers.mech_agent [None req-83e44bce-e37c-4a93-a0bc-4f769a2ff8d3 tempest-PortsAdminExtendedAttrsTestJSON-1862636925 tempest-PortsAdminExtendedAttrsTestJSON-1862636925-project-admin] Attempting to bind port c145b300-0638-403a-bc08-61b5c25497be on network 2ab0896b-1a19-4c5a-9ec3-a55d31ea0463 {{(pid=104924) bind_port /opt/stack/neutron/neutron/plugins/ml2/drivers/mech_agent.py:91}}
Jul 13 04:15:38.952646 dv-neutron-848929-4-hyperv neutron-server[104926]: DEBUG neutron.db.l3_dvrscheduler_db [None req-2d4ce9fc-01ab-4fee-9026-4ff151cebbc0 None None] Routers {'d284112f-c807-48c1-982c-c364f5779ed1'} bound to L3 agent in host dv-neutron-848929-4-hyperv {{(pid=104926) _get_router_ids_for_agent /opt/stack/neutron/neutron/db/l3_dvrscheduler_db.py:426}}
Jul 13 04:15:38.953504 dv-neutron-848929-4-hyperv neutron-server[104926]: DEBUG neutron.db.l3_hamode_db [None req-2d4ce9fc-01ab-4fee-9026-4ff151cebbc0 None None] neutron.services.l3_router.l3_router_plugin.L3RouterPlugin method get_ha_sync_data_for_host called with arguments (, 'dv-neutron-848929-4-hyperv', Agent(admin_state_up=True,agent_type='L3 agent',availability_zone='nova',binary='neutron-l3-agent',configurations={"agent_mode": "legacy", "ex_gw_ports": 3, "extensions": [], "floating_ips": 0, "handle_internal_only_routers": true, "interface_driver": "openvswitch", "interfaces": 1, "log_agent_heartbeats": false, "routers": 3},created_at=2022-07-13T04:07:19Z,description=,heartbeat_timestamp=2022-07-13T04:15:19Z,host='dv-neutron-848929-4-hyperv',id=af3bc12c-e9b3-4c33-8894-e81ee824845f,load=0,resource_versions=,resources_synced=,started_at=2022-07-13T04:07:19Z,topic='l3_agent')) {'router_ids': ['d284112f-c807-48c1-982c-c364f5779ed1'], 'active': True} {{(pid=104926) wrapper /usr/local/lib/python3.8/dist-packages/oslo_log/helpers.py:65}}
Jul 13 04:15:39.024181 dv-neutron-848929-4-hyperv neutron-server[104926]: DEBUG neutron.db.l3_hamode_db [None req-2d4ce9fc-01ab-4fee-9026-4ff151cebbc0 None None] neutron.services.l3_router.l3_router_plugin.L3RouterPlugin method _process_sync_ha_data called with arguments (, [], 'dv-neutron-848929-4-hyperv', False) {} {{(pid=104926) wrapper /usr/local/lib/python3.8/dist-packages/oslo_log/helpers.py:65}}
Jul 13 04:15:39.024593 dv-neutron-848929-4-hyperv neutron-server[104924]: DEBUG neutron_lib.callbacks.manager [None req-9fd789a9-0df6-47f7-a590-abf018059d38 tempest-RoutersAdminTest-697483299 tempest-RoutersAdminTest-697483299-project-admin] Publish callbacks [] for router_gateway (5f976703-5aa0-46bd-aa59-1a36f0aaa3cd), precommit_update {{(pid=104924) _notify_loop /usr/local/lib/python3.8/dist-packages/neutron_lib/callbacks/manager.py:176}}
Jul 13 04:15:39.032390 dv-neutron-848929-4-hyperv neutron-server[104926]: DEBUG neutron.api.rpc.handlers.l3_rpc [None req-2d4ce9fc-01ab-4fee-9026-4ff151cebbc0 None None] The sync data for ids ['d284112f-c807-48c1-982c-c364f5779ed1'] in dv-neutron-848929-4-hyperv is: [] {{(pid=104926) sync_routers /opt/stack/neutron/neutron/api/rpc/handlers/l3_rpc.py:137}}
Jul 13 04:15:39.052228 dv-neutron-848929-4-hyperv neutron-server[104924]: INFO neutron.wsgi [req-7c039a4b-138b-4da1-9ca2-5e9392b3aded req-20ba0f38-8b8a-45cb-9f7d-c032732f54f8 tempest-ServerActionsTestJSON-2030362507 tempest-ServerActionsTestJSON-2030362507-project] 10.222.0.33 "GET /v2.0/ports?device_id=50857c96-5a63-4135-95ce-3a2cc9a18501 HTTP/1.1" status: 200 len: 210 time: 0.2317495
Jul 13 04:15:39.095090 dv-neutron-848929-4-hyperv neutron-server[104924]: DEBUG neutron.plugins.ml2.drivers.mech_agent [None req-83e44bce-e37c-4a93-a0bc-4f769a2ff8d3 tempest-PortsAdminExtendedAttrsTestJSON-1862636925 tempest-PortsAdminExtendedAttrsTestJSON-1862636925-project-admin] Port c145b300-0638-403a-bc08-61b5c25497be on network 2ab0896b-1a19-4c5a-9ec3-a55d31ea0463 not bound, no agent of type Open vSwitch agent registered on host hv-neutron-8489 {{(pid=104924) bind_port /opt/stack/neutron/neutron/plugins/ml2/drivers/mech_agent.py:103}}
Jul 13 04:15:39.095335 dv-neutron-848929-4-hyperv neutron-server[104924]: ERROR neutron.plugins.ml2.managers [None req-83e44bce-e37c-4a93-a0bc-4f769a2ff8d3 tempest-PortsAdminExtendedAttrsTestJSON-1862636925 tempest-PortsAdminExtendedAttrsTestJSON-1862636925-project-admin] Failed to bind port c145b300-0638-403a-bc08-61b5c25497be on host hv-neutron-8489 for vnic_type normal using segments [{'id': 'c0a6a873-1999-475d-9801-d1d9d649a66a', 'network_type': 'vlan', 'physical_network': 'physnet1', 'segmentation_id': 148, 'network_id': '2ab0896b-1a19-4c5a-9ec3-a55d31ea0463'}]
Jul 13 04:15:39.103712 dv-neutron-848929-4-hyperv neutron-server[104925]: DEBUG neutron_lib.callbacks.manager [None req-d6a83363-0661-40de-b789-61ba8b8ad815 None None] Publish callbacks [] for port (66935800-bfa2-4e30-89c7-e253ef3c9152), precommit_create {{(pid=104925) _notify_loop /usr/local/lib/python3.8/dist-packages/neutron_lib/callbacks/manager.py:176}}
Jul 13 04:15:39.113387 dv-neutron-848929-4-hyperv neutron-server[104924]: INFO neutron.plugins.ml2.plugin [None req-83e44bce-e37c-4a93-a0bc-4f769a2ff8d3 tempest-PortsAdminExtendedAttrsTestJSON-1862636925 tempest-PortsAdminExtendedAttrsTestJSON-1862636925-project-admin] Attempt 7 to bind port c145b300-0638-403a-bc08-61b5c25497be
Jul 13 04:15:39.116357 dv-neutron-848929-4-hyperv neutron-server[104925]: DEBUG neutron_lib.callbacks.manager [None req-d6a83363-0661-40de-b789-61ba8b8ad815 None None] Publish callbacks ['neutron.plugins.ml2.plugin.SecurityGroupServerNotifierRpcMixin._notify_sg_on_port_change-674828', 'neutron.plugins.ml2.ovo_rpc._ObjectChangeHandler.handle_event-438765', 'neutron.api.rpc.agentnotifiers.dhcp_rpc_agent_api.DhcpAgentNotifyAPI._native_event_send_dhcp_notification-16265288', 'neutron.db.l3_dvrscheduler_db._notify_l3_agent_new_port-8776388050881'] for port (66935800-bfa2-4e30-89c7-e253ef3c9152), after_create {{(pid=104925) _notify_loop /usr/local/lib/python3.8/dist-packages/neutron_lib/callbacks/manager.py:176}}
Jul 13 04:15:39.158186 dv-neutron-848929-4-hyperv neutron-server[104923]: INFO neutron.wsgi [req-11b440b5-cd5b-43d5-82a7-ee30dbd343d1 req-665379e6-fd67-48c7-aaf9-9d16ee8bf3c8 tempest-ServersTestManualDisk-115193685 tempest-ServersTestManualDisk-115193685-project] 10.222.0.33 "GET /v2.0/ports?device_id=7b04123d-2d7e-4914-b945-fa8e03787b67 HTTP/1.1" status: 200 len: 210 time: 0.1668768
Jul 13 04:15:39.164194 dv-neutron-848929-4-hyperv neutron-server[104924]: DEBUG neutron.scheduler.dhcp_agent_scheduler [req-be9b9804-530e-4881-86d2-c06bafecbe01 req-2f192cb5-f75c-4ed5-9ea8-48086b2f7467 tempest-ServersTestJSON-1956649584 tempest-ServersTestJSON-1956649584-project] Network 91a39a6f-c64e-4498-b8f2-d773c03117d3 is already hosted by enough agents. {{(pid=104924) _get_dhcp_agents_hosting_network /opt/stack/neutron/neutron/scheduler/dhcp_agent_scheduler.py:275}}
Jul 13 04:15:39.196566 dv-neutron-848929-4-hyperv neutron-server[104925]: DEBUG dbcounter [-] [104925] Writing DB stats neutron:SELECT=89,neutron:DELETE=3,neutron:INSERT=4,neutron:UPDATE=4 {{(pid=104925) stat_writer /usr/local/lib/python3.8/dist-packages/dbcounter.py:114}}
Jul 13 04:15:39.203718 dv-neutron-848929-4-hyperv neutron-server[104925]: DEBUG neutron.api.rpc.handlers.resources_rpc [None req-d6a83363-0661-40de-b789-61ba8b8ad815 None None] Pushing event updated for resources: {'Port': ['ID=66935800-bfa2-4e30-89c7-e253ef3c9152,revision_number=1']} {{(pid=104925) push /opt/stack/neutron/neutron/api/rpc/handlers/resources_rpc.py:237}}
Jul 13 04:15:39.207400 dv-neutron-848929-4-hyperv neutron-server[104924]: DEBUG neutron.scheduler.base_scheduler [req-be9b9804-530e-4881-86d2-c06bafecbe01 req-2f192cb5-f75c-4ed5-9ea8-48086b2f7467 tempest-ServersTestJSON-1956649584 tempest-ServersTestJSON-1956649584-project] Resources bound (agent type, host, resource id): {{(pid=104924) schedule /opt/stack/neutron/neutron/scheduler/base_scheduler.py:57}}
Jul 13 04:15:39.229232 dv-neutron-848929-4-hyperv neutron-server[104924]: DEBUG neutron.db.l3_dvrscheduler_db [req-be9b9804-530e-4881-86d2-c06bafecbe01 req-2f192cb5-f75c-4ed5-9ea8-48086b2f7467 tempest-ServersTestJSON-1956649584 tempest-ServersTestJSON-1956649584-project] Received port after_create {{(pid=104924) _notify_l3_agent_new_port /opt/stack/neutron/neutron/db/l3_dvrscheduler_db.py:542}}
Jul 13 04:15:39.237287 dv-neutron-848929-4-hyperv neutron-server[104925]: DEBUG neutron.scheduler.dhcp_agent_scheduler [None req-d6a83363-0661-40de-b789-61ba8b8ad815 None None] Network 4d28db81-0183-4de2-9302-39fd3b1a2b4c is already hosted by enough agents. {{(pid=104925) _get_dhcp_agents_hosting_network /opt/stack/neutron/neutron/scheduler/dhcp_agent_scheduler.py:275}}
Jul 13 04:15:39.239822 dv-neutron-848929-4-hyperv neutron-server[104925]: DEBUG neutron.scheduler.base_scheduler [None req-d6a83363-0661-40de-b789-61ba8b8ad815 None None] Resources bound (agent type, host, resource id): {{(pid=104925) schedule /opt/stack/neutron/neutron/scheduler/base_scheduler.py:57}}
Jul 13 04:15:39.242747 dv-neutron-848929-4-hyperv neutron-server[104925]: DEBUG neutron.db.l3_dvrscheduler_db [None req-d6a83363-0661-40de-b789-61ba8b8ad815 None None] Received port after_create {{(pid=104925) _notify_l3_agent_new_port /opt/stack/neutron/neutron/db/l3_dvrscheduler_db.py:542}}
Jul 13 04:15:39.257675 dv-neutron-848929-4-hyperv neutron-server[104923]: DEBUG neutron_lib.callbacks.manager [None req-02a79cb2-6898-45e1-8693-92128442e3b3 tempest-FloatingIPAdminTestJSON-690456990 tempest-FloatingIPAdminTestJSON-690456990-project] Publish callbacks ['neutron.services.l3_router.l3_router_plugin.L3_NAT_dbonly_mixin._precommit_delete_port_callback-16262585'] for port (84a615ba-5587-4343-8fc9-85fc795fcff8), precommit_delete {{(pid=104923) _notify_loop /usr/local/lib/python3.8/dist-packages/neutron_lib/callbacks/manager.py:176}}
Jul 13 04:15:39.257996 dv-neutron-848929-4-hyperv neutron-server[104923]: DEBUG neutron_lib.callbacks.manager [None req-02a79cb2-6898-45e1-8693-92128442e3b3 tempest-FloatingIPAdminTestJSON-690456990 tempest-FloatingIPAdminTestJSON-690456990-project] Publish callbacks [] for floatingip (84a615ba-5587-4343-8fc9-85fc795fcff8), precommit_delete {{(pid=104923) _notify_loop /usr/local/lib/python3.8/dist-packages/neutron_lib/callbacks/manager.py:176}}
Jul 13 04:15:39.350635 dv-neutron-848929-4-hyperv neutron-server[104923]: DEBUG neutron.plugins.ml2.plugin [None req-02a79cb2-6898-45e1-8693-92128442e3b3 tempest-FloatingIPAdminTestJSON-690456990 tempest-FloatingIPAdminTestJSON-690456990-project] Calling delete_port for 84a615ba-5587-4343-8fc9-85fc795fcff8 owned by network:floatingip {{(pid=104923) delete_port /opt/stack/neutron/neutron/plugins/ml2/plugin.py:2116}}
Jul 13 04:15:39.398176 dv-neutron-848929-4-hyperv neutron-server[104923]: INFO neutron.wsgi [None req-5ae8a0b5-6598-4a3f-9d1f-5180e4af9ded tempest-RoutersIpV6AdminTest-261359584 tempest-RoutersIpV6AdminTest-261359584-project-admin] 10.222.0.33 "GET /v2.0/routers/d284112f-c807-48c1-982c-c364f5779ed1 HTTP/1.1" status: 200 len: 925 time: 0.6000550
Jul 13 04:15:39.403900 dv-neutron-848929-4-hyperv neutron-server[104924]: DEBUG neutron.plugins.ml2.managers [None req-83e44bce-e37c-4a93-a0bc-4f769a2ff8d3 tempest-PortsAdminExtendedAttrsTestJSON-1862636925 tempest-PortsAdminExtendedAttrsTestJSON-1862636925-project-admin] Attempting to bind port c145b300-0638-403a-bc08-61b5c25497be on host hv-neutron-8489 for vnic_type normal with profile {{(pid=104924) bind_port /opt/stack/neutron/neutron/plugins/ml2/managers.py:810}}
Jul 13 04:15:39.404248 dv-neutron-848929-4-hyperv neutron-server[104924]: DEBUG neutron.plugins.ml2.managers [None req-83e44bce-e37c-4a93-a0bc-4f769a2ff8d3 tempest-PortsAdminExtendedAttrsTestJSON-1862636925 tempest-PortsAdminExtendedAttrsTestJSON-1862636925-project-admin] Attempting to bind port c145b300-0638-403a-bc08-61b5c25497be by drivers openvswitch,hyperv on host hv-neutron-8489 at level 0 using segments [{'id': 'c0a6a873-1999-475d-9801-d1d9d649a66a', 'network_type': 'vlan', 'physical_network': 'physnet1', 'segmentation_id': 148, 'network_id': '2ab0896b-1a19-4c5a-9ec3-a55d31ea0463'}] {{(pid=104924) _bind_port_level /opt/stack/neutron/neutron/plugins/ml2/managers.py:835}}
Jul 13 04:15:39.410598 dv-neutron-848929-4-hyperv neutron-server[104923]: DEBUG neutron.wsgi [-] (104923) accepted ('10.222.0.33', 55084) {{(pid=104923) server /usr/local/lib/python3.8/dist-packages/eventlet/wsgi.py:1004}}
Jul 13 04:15:39.411423 dv-neutron-848929-4-hyperv neutron-server[104923]: DEBUG neutron.wsgi [-] (104923) accepted ('10.222.0.36', 51185) {{(pid=104923) server /usr/local/lib/python3.8/dist-packages/eventlet/wsgi.py:1004}}
Jul 13 04:15:39.411530 dv-neutron-848929-4-hyperv neutron-server[104925]: DEBUG neutron.plugins.ml2.managers [None req-d6a83363-0661-40de-b789-61ba8b8ad815 None None] Attempting to bind port 66935800-bfa2-4e30-89c7-e253ef3c9152 on host dv-neutron-848929-4-hyperv for vnic_type normal with profile {{(pid=104925) bind_port /opt/stack/neutron/neutron/plugins/ml2/managers.py:810}}
Jul 13 04:15:39.411530 dv-neutron-848929-4-hyperv neutron-server[104925]: DEBUG neutron.plugins.ml2.managers [None req-d6a83363-0661-40de-b789-61ba8b8ad815 None None] Attempting to bind port 66935800-bfa2-4e30-89c7-e253ef3c9152 by drivers openvswitch,hyperv on host dv-neutron-848929-4-hyperv at level 0 using segments [{'id': 'f337d06c-5ee4-40ab-9d15-574c70a97d6b', 'network_type': 'vlan', 'physical_network': 'physnet1', 'segmentation_id': 122, 'network_id': '4d28db81-0183-4de2-9302-39fd3b1a2b4c'}] {{(pid=104925) _bind_port_level /opt/stack/neutron/neutron/plugins/ml2/managers.py:835}}
Jul 13 04:15:39.411882 dv-neutron-848929-4-hyperv neutron-server[104925]: DEBUG neutron.plugins.ml2.drivers.mech_agent [None req-d6a83363-0661-40de-b789-61ba8b8ad815 None None] Attempting to bind port 66935800-bfa2-4e30-89c7-e253ef3c9152 on network 4d28db81-0183-4de2-9302-39fd3b1a2b4c {{(pid=104925) bind_port /opt/stack/neutron/neutron/plugins/ml2/drivers/mech_agent.py:91}}
Jul 13 04:15:39.412909 dv-neutron-848929-4-hyperv neutron-server[104924]: DEBUG neutron.plugins.ml2.drivers.mech_agent [None req-83e44bce-e37c-4a93-a0bc-4f769a2ff8d3 tempest-PortsAdminExtendedAttrsTestJSON-1862636925 tempest-PortsAdminExtendedAttrsTestJSON-1862636925-project-admin] Attempting to bind port c145b300-0638-403a-bc08-61b5c25497be on network 2ab0896b-1a19-4c5a-9ec3-a55d31ea0463 {{(pid=104924) bind_port /opt/stack/neutron/neutron/plugins/ml2/drivers/mech_agent.py:91}}
Jul 13 04:15:39.438602 dv-neutron-848929-4-hyperv neutron-server[104925]: DEBUG neutron.plugins.ml2.drivers.mech_agent [None req-d6a83363-0661-40de-b789-61ba8b8ad815 None None] Checking agent: {'id': '34c09f97-577c-4d15-b043-3c4e3fcfafb0', 'agent_type': 'Open vSwitch agent', 'binary': 'neutron-openvswitch-agent', 'topic': 'N/A', 'host': 'dv-neutron-848929-4-hyperv', 'admin_state_up': True, 'created_at': datetime.datetime(2022, 7, 13, 4, 7, 22), 'started_at': datetime.datetime(2022, 7, 13, 4, 7, 52), 'heartbeat_timestamp': datetime.datetime(2022, 7, 13, 4, 15, 22), 'description': None, 'resources_synced': None, 'availability_zone': None, 'alive': True, 'configurations': {'arp_responder_enabled': False, 'baremetal_smartnic': False, 'bridge_mappings': {'physnet1': 'br-data'}, 'datapath_type': 'system', 'devices': 0, 'enable_distributed_routing': False, 'extensions': [], 'in_distributed_mode': False, 'integration_bridge': 'br-int', 'l2_population': False, 'log_agent_heartbeats': False, 'ovs_capabilities': {'datapath_types': ['netdev', 'system'], 'iface_types': ['erspan', 'geneve', 'gre', 'internal', 'ip6erspan', 'ip6gre', 'lisp', 'patch', 'stt', 'system', 'tap', 'vxlan']}, 'ovs_hybrid_plug': False, 'resource_provider_bandwidths': {}, 'resource_provider_hypervisors': {'br-data': 'dv-neutron-848929-4-hyperv'}, 'resource_provider_inventory_defaults': {'allocation_ratio': 1.0, 'min_unit': 1, 'step_size': 1, 'reserved': 0}, 'resource_provider_packet_processing_inventory_defaults': {'allocation_ratio': 1.0, 'min_unit': 1, 'step_size': 1, 'reserved': 0}, 'resource_provider_packet_processing_with_direction': {}, 'resource_provider_packet_processing_without_direction': {}, 'tunnel_types': [], 'tunneling_ip': None, 'vhostuser_socket_dir': '/var/run/openvswitch'}, 'resource_versions': {'AddressGroup': '1.2', 'Agent': '1.1', 'ConntrackHelper': '1.0', 'LocalIPAssociation': '1.0', 'Log': '1.0', 'NDPProxy': '1.0', 'Network': '1.1', 'Port': '1.7', 'PortForwarding': '1.3', 'QosPolicy': '1.10', 'SecurityGroup': '1.5', 'SecurityGroupRule': '1.2', 'SubPort': '1.0', 'Subnet': '1.1', 'Trunk': '1.1'}} {{(pid=104925) bind_port /opt/stack/neutron/neutron/plugins/ml2/drivers/mech_agent.py:110}}
Jul 13 04:15:39.441450 dv-neutron-848929-4-hyperv neutron-server[104925]: DEBUG neutron.plugins.ml2.drivers.mech_agent [None req-d6a83363-0661-40de-b789-61ba8b8ad815 None None] Checking segment: {'id': 'f337d06c-5ee4-40ab-9d15-574c70a97d6b', 'network_type': 'vlan', 'physical_network': 'physnet1', 'segmentation_id': 122, 'network_id': '4d28db81-0183-4de2-9302-39fd3b1a2b4c'} for mappings: {'physnet1': 'br-data'} with network types: ['local', 'flat', 'vlan'] {{(pid=104925) check_segment_for_agent /opt/stack/neutron/neutron/plugins/ml2/drivers/mech_agent.py:373}}
Jul 13 04:15:39.444342 dv-neutron-848929-4-hyperv neutron-server[104925]: DEBUG neutron_lib.callbacks.manager [None req-d6a83363-0661-40de-b789-61ba8b8ad815 None None] Publish callbacks [] for ovs_bridge_name (None), before_read {{(pid=104925) _notify_loop /usr/local/lib/python3.8/dist-packages/neutron_lib/callbacks/manager.py:176}}
Jul 13 04:15:39.445015 dv-neutron-848929-4-hyperv neutron-server[104925]: DEBUG neutron.plugins.ml2.drivers.mech_agent [None req-d6a83363-0661-40de-b789-61ba8b8ad815 None None] Bound using segment: {'id': 'f337d06c-5ee4-40ab-9d15-574c70a97d6b', 'network_type': 'vlan', 'physical_network': 'physnet1', 'segmentation_id': 122, 'network_id': '4d28db81-0183-4de2-9302-39fd3b1a2b4c'} {{(pid=104925) bind_port /opt/stack/neutron/neutron/plugins/ml2/drivers/mech_agent.py:120}}
