Jul 06 12:29:14.075810 dv-neutron-848839-1-hyperv devstack@placement-api.service[105148]: DEBUG placement.objects.research_context [req-489b4463-e099-4a5f-9905-b534075d1d5b req-7d0a092c-5b62-4729-8318-d595e83fec77 service placement] found 1 providers after filtering by previous result {{(pid=105148) get_provider_ids_matching /opt/stack/placement/placement/objects/research_context.py:594}}
Jul 06 12:29:14.093136 dv-neutron-848839-1-hyperv devstack@placement-api.service[105148]: DEBUG placement.objects.allocation_candidate [req-489b4463-e099-4a5f-9905-b534075d1d5b req-7d0a092c-5b62-4729-8318-d595e83fec77 service placement] RequestGroup(use_same_provider=False, resources={DISK_GB:1, MEMORY_MB:1024, VCPU:1}, traits=(), aggregates=[]) (suffix '') returned 1 matches {{(pid=105148) _get_by_requests /opt/stack/placement/placement/objects/allocation_candidate.py:156}}
Jul 06 12:29:14.093847 dv-neutron-848839-1-hyperv devstack@placement-api.service[105148]: DEBUG placement.objects.allocation_candidate [req-489b4463-e099-4a5f-9905-b534075d1d5b req-7d0a092c-5b62-4729-8318-d595e83fec77 service placement] Merging candidates yields 1 allocation requests and 1 provider summaries {{(pid=105148) _merge_candidates /opt/stack/placement/placement/objects/allocation_candidate.py:809}}
Jul 06 12:29:14.096377 dv-neutron-848839-1-hyperv devstack@placement-api.service[105148]: INFO placement.requestlog [req-489b4463-e099-4a5f-9905-b534075d1d5b req-7d0a092c-5b62-4729-8318-d595e83fec77 service placement] 10.222.0.23 "GET /placement/allocation_candidates?limit=1000&resources=DISK_GB%3A1%2CMEMORY_MB%3A1024%2CVCPU%3A1&root_required=%21COMPUTE_STATUS_DISABLED" status: 200 len: 764 microversion: 1.36
Jul 06 12:29:14.106426 dv-neutron-848839-1-hyperv devstack@placement-api.service[105148]: [pid: 105148|app: 0|req: 12/24] 10.222.0.23 () {60 vars in 1506 bytes} [Wed Jul 6 12:29:13 2022] GET /placement/allocation_candidates?limit=1000&resources=DISK_GB%3A1%2CMEMORY_MB%3A1024%2CVCPU%3A1&root_required=%21COMPUTE_STATUS_DISABLED => generated 764 bytes in 343 msecs (HTTP/1.1 200) 8 headers in 296 bytes (1 switches on core 0)
Jul 06 12:29:14.182822 dv-neutron-848839-1-hyperv devstack@placement-api.service[105147]: DEBUG placement.objects.research_context [req-b782f006-ec93-490f-bac6-4d5e73b14ab1 req-eb929f67-a01b-443f-91d0-a4345ce5b39a service placement] getting providers with 1 DISK_GB {{(pid=105147) __init__ /opt/stack/placement/placement/objects/research_context.py:136}}
Jul 06 12:29:14.189361 dv-neutron-848839-1-hyperv devstack@placement-api.service[105148]: DEBUG placement.requestlog [None req-ebb427cb-8362-446c-b2ad-2bfbe2c6caf1 None None] Starting request: 10.222.0.23 "GET /placement/resource_providers/aeee1050-e432-4ce9-8995-b9b9eba3e6ab/aggregates" {{(pid=105148) __call__ /opt/stack/placement/placement/requestlog.py:55}}
Jul 06 12:29:14.195324 dv-neutron-848839-1-hyperv devstack@placement-api.service[105147]: DEBUG placement.objects.research_context [req-b782f006-ec93-490f-bac6-4d5e73b14ab1 req-eb929f67-a01b-443f-91d0-a4345ce5b39a service placement] getting providers with 1024 MEMORY_MB {{(pid=105147) __init__ /opt/stack/placement/placement/objects/research_context.py:136}}
Jul 06 12:29:14.202495 dv-neutron-848839-1-hyperv devstack@placement-api.service[105148]: INFO placement.requestlog [None req-ebb427cb-8362-446c-b2ad-2bfbe2c6caf1 service placement] 10.222.0.23 "GET /placement/resource_providers/aeee1050-e432-4ce9-8995-b9b9eba3e6ab/aggregates" status: 404 len: 235 microversion: 1.1
Jul 06 12:29:14.203273 dv-neutron-848839-1-hyperv devstack@placement-api.service[105147]: DEBUG placement.objects.research_context [req-b782f006-ec93-490f-bac6-4d5e73b14ab1 req-eb929f67-a01b-443f-91d0-a4345ce5b39a service placement] getting providers with 1 VCPU {{(pid=105147) __init__ /opt/stack/placement/placement/objects/research_context.py:136}}
Jul 06 12:29:14.209137 dv-neutron-848839-1-hyperv devstack@placement-api.service[105148]: [pid: 105148|app: 0|req: 13/25] 10.222.0.23 () {58 vars in 1362 bytes} [Wed Jul 6 12:29:14 2022] GET /placement/resource_providers/aeee1050-e432-4ce9-8995-b9b9eba3e6ab/aggregates => generated 235 bytes in 20 msecs (HTTP/1.1 404) 5 headers in 202 bytes (1 switches on core 0)
Jul 06 12:29:14.213115 dv-neutron-848839-1-hyperv devstack@placement-api.service[105147]: DEBUG placement.objects.research_context [req-b782f006-ec93-490f-bac6-4d5e73b14ab1 req-eb929f67-a01b-443f-91d0-a4345ce5b39a service placement] found 1 providers with available 1 DISK_GB {{(pid=105147) get_provider_ids_matching /opt/stack/placement/placement/objects/research_context.py:563}}
Jul 06 12:29:14.213554 dv-neutron-848839-1-hyperv devstack@placement-api.service[105147]: DEBUG placement.objects.research_context [req-b782f006-ec93-490f-bac6-4d5e73b14ab1 req-eb929f67-a01b-443f-91d0-a4345ce5b39a service placement] found 1 providers with available 1024 MEMORY_MB {{(pid=105147) get_provider_ids_matching /opt/stack/placement/placement/objects/research_context.py:563}}
Jul 06 12:29:14.214159 dv-neutron-848839-1-hyperv devstack@placement-api.service[105147]: DEBUG placement.objects.research_context [req-b782f006-ec93-490f-bac6-4d5e73b14ab1 req-eb929f67-a01b-443f-91d0-a4345ce5b39a service placement] found 1 providers after filtering by previous result {{(pid=105147) get_provider_ids_matching /opt/stack/placement/placement/objects/research_context.py:594}}
Jul 06 12:29:14.214551 dv-neutron-848839-1-hyperv devstack@placement-api.service[105147]: DEBUG placement.objects.research_context [req-b782f006-ec93-490f-bac6-4d5e73b14ab1 req-eb929f67-a01b-443f-91d0-a4345ce5b39a service placement] found 1 providers with available 1 VCPU {{(pid=105147) get_provider_ids_matching /opt/stack/placement/placement/objects/research_context.py:563}}
Jul 06 12:29:14.214943 dv-neutron-848839-1-hyperv devstack@placement-api.service[105147]: DEBUG placement.objects.research_context [req-b782f006-ec93-490f-bac6-4d5e73b14ab1 req-eb929f67-a01b-443f-91d0-a4345ce5b39a service placement] found 1 providers after filtering by previous result {{(pid=105147) get_provider_ids_matching /opt/stack/placement/placement/objects/research_context.py:594}}
Jul 06 12:29:14.231810 dv-neutron-848839-1-hyperv devstack@placement-api.service[105147]: DEBUG placement.objects.allocation_candidate [req-b782f006-ec93-490f-bac6-4d5e73b14ab1 req-eb929f67-a01b-443f-91d0-a4345ce5b39a service placement] RequestGroup(use_same_provider=False, resources={DISK_GB:1, MEMORY_MB:1024, VCPU:1}, traits=(), aggregates=[]) (suffix '') returned 1 matches {{(pid=105147) _get_by_requests /opt/stack/placement/placement/objects/allocation_candidate.py:156}}
Jul 06 12:29:14.232287 dv-neutron-848839-1-hyperv devstack@placement-api.service[105147]: DEBUG placement.objects.allocation_candidate [req-b782f006-ec93-490f-bac6-4d5e73b14ab1 req-eb929f67-a01b-443f-91d0-a4345ce5b39a service placement] Merging candidates yields 1 allocation requests and 1 provider summaries {{(pid=105147) _merge_candidates /opt/stack/placement/placement/objects/allocation_candidate.py:809}}
Jul 06 12:29:14.234202 dv-neutron-848839-1-hyperv devstack@placement-api.service[105147]: INFO placement.requestlog [req-b782f006-ec93-490f-bac6-4d5e73b14ab1 req-eb929f67-a01b-443f-91d0-a4345ce5b39a service placement] 10.222.0.23 "GET /placement/allocation_candidates?limit=1000&resources=DISK_GB%3A1%2CMEMORY_MB%3A1024%2CVCPU%3A1&root_required=%21COMPUTE_STATUS_DISABLED" status: 200 len: 764 microversion: 1.36
Jul 06 12:29:14.244476 dv-neutron-848839-1-hyperv devstack@placement-api.service[105147]: [pid: 105147|app: 0|req: 13/26] 10.222.0.23 () {60 vars in 1506 bytes} [Wed Jul 6 12:29:13 2022] GET /placement/allocation_candidates?limit=1000&resources=DISK_GB%3A1%2CMEMORY_MB%3A1024%2CVCPU%3A1&root_required=%21COMPUTE_STATUS_DISABLED => generated 764 bytes in 515 msecs (HTTP/1.1 200) 8 headers in 296 bytes (1 switches on core 0)
Jul 06 12:29:14.277183 dv-neutron-848839-1-hyperv devstack@placement-api.service[105148]: DEBUG placement.requestlog [req-489b4463-e099-4a5f-9905-b534075d1d5b req-fd8a7267-6590-44c1-a5de-7440f35939d9 None None] Starting request: 10.222.0.23 "GET /placement/allocations/8a1e64c6-5324-4cbe-8350-59122cee8ea7" {{(pid=105148) __call__ /opt/stack/placement/placement/requestlog.py:55}}
Jul 06 12:29:14.295006 dv-neutron-848839-1-hyperv devstack@placement-api.service[105148]: INFO placement.requestlog [req-489b4463-e099-4a5f-9905-b534075d1d5b req-fd8a7267-6590-44c1-a5de-7440f35939d9 service placement] 10.222.0.23 "GET /placement/allocations/8a1e64c6-5324-4cbe-8350-59122cee8ea7" status: 200 len: 19 microversion: 1.28
Jul 06 12:29:14.301962 dv-neutron-848839-1-hyperv devstack@placement-api.service[105148]: [pid: 105148|app: 0|req: 14/27] 10.222.0.23 () {60 vars in 1380 bytes} [Wed Jul 6 12:29:14 2022] GET /placement/allocations/8a1e64c6-5324-4cbe-8350-59122cee8ea7 => generated 19 bytes in 25 msecs (HTTP/1.1 200) 8 headers in 295 bytes (1 switches on core 0)
Jul 06 12:29:14.303219 dv-neutron-848839-1-hyperv devstack@placement-api.service[105147]: DEBUG placement.requestlog [req-489b4463-e099-4a5f-9905-b534075d1d5b req-0cd8f06e-d3d7-4969-afb8-1ccd1a1856eb None None] Starting request: 10.222.0.23 "PUT /placement/allocations/8a1e64c6-5324-4cbe-8350-59122cee8ea7" {{(pid=105147) __call__ /opt/stack/placement/placement/requestlog.py:55}}
Jul 06 12:29:14.314251 dv-neutron-848839-1-hyperv devstack@placement-api.service[105148]: DEBUG placement.requestlog [None req-bb82a211-8ce5-45d5-9b87-cf9162c54575 None None] Starting request: 10.222.0.23 "DELETE /placement/resource_providers/aeee1050-e432-4ce9-8995-b9b9eba3e6ab" {{(pid=105148) __call__ /opt/stack/placement/placement/requestlog.py:55}}
Jul 06 12:29:14.355328 dv-neutron-848839-1-hyperv devstack@placement-api.service[105148]: DEBUG placement.wsgi_wrapper [None req-bb82a211-8ce5-45d5-9b87-cf9162c54575 service placement] Placement API returning an error response: No resource provider with uuid aeee1050-e432-4ce9-8995-b9b9eba3e6ab found for delete {{(pid=105148) call_func /opt/stack/placement/placement/wsgi_wrapper.py:31}}
Jul 06 12:29:14.356364 dv-neutron-848839-1-hyperv devstack@placement-api.service[105148]: INFO placement.requestlog [None req-bb82a211-8ce5-45d5-9b87-cf9162c54575 service placement] 10.222.0.23 "DELETE /placement/resource_providers/aeee1050-e432-4ce9-8995-b9b9eba3e6ab" status: 404 len: 246 microversion: 1.1
Jul 06 12:29:14.359712 dv-neutron-848839-1-hyperv devstack@placement-api.service[105148]: [pid: 105148|app: 0|req: 15/28] 10.222.0.23 () {60 vars in 1351 bytes} [Wed Jul 6 12:29:14 2022] DELETE /placement/resource_providers/aeee1050-e432-4ce9-8995-b9b9eba3e6ab => generated 246 bytes in 47 msecs (HTTP/1.1 404) 6 headers in 231 bytes (1 switches on core 0)
Jul 06 12:29:14.431328 dv-neutron-848839-1-hyperv devstack@placement-api.service[105148]: DEBUG placement.requestlog [req-b782f006-ec93-490f-bac6-4d5e73b14ab1 req-24879388-9d1c-4613-80d0-dc3628beee49 None None] Starting request: 10.222.0.23 "GET /placement/allocations/73574d5f-5513-4e5b-86dd-e3e207e3036d" {{(pid=105148) __call__ /opt/stack/placement/placement/requestlog.py:55}}
Jul 06 12:29:14.442764 dv-neutron-848839-1-hyperv devstack@placement-api.service[105147]: DEBUG placement.handlers.allocation [req-489b4463-e099-4a5f-9905-b534075d1d5b req-0cd8f06e-d3d7-4969-afb8-1ccd1a1856eb service placement] Successfully wrote allocations [, , ] {{(pid=105147) _update_consumers_and_create_allocations /opt/stack/placement/placement/handlers/allocation.py:462}}
Jul 06 12:29:14.448357 dv-neutron-848839-1-hyperv devstack@placement-api.service[105148]: INFO placement.requestlog [req-b782f006-ec93-490f-bac6-4d5e73b14ab1 req-24879388-9d1c-4613-80d0-dc3628beee49 service placement] 10.222.0.23 "GET /placement/allocations/73574d5f-5513-4e5b-86dd-e3e207e3036d" status: 200 len: 19 microversion: 1.28
Jul 06 12:29:14.448856 dv-neutron-848839-1-hyperv devstack@placement-api.service[105148]: [pid: 105148|app: 0|req: 16/29] 10.222.0.23 () {60 vars in 1380 bytes} [Wed Jul 6 12:29:14 2022] GET /placement/allocations/73574d5f-5513-4e5b-86dd-e3e207e3036d => generated 19 bytes in 18 msecs (HTTP/1.1 200) 8 headers in 295 bytes (2 switches on core 0)
Jul 06 12:29:14.461754 dv-neutron-848839-1-hyperv devstack@placement-api.service[105148]: DEBUG placement.requestlog [req-b782f006-ec93-490f-bac6-4d5e73b14ab1 req-9b015df7-d09c-4b98-9b75-dc9f59b73863 None None] Starting request: 10.222.0.23 "PUT /placement/allocations/73574d5f-5513-4e5b-86dd-e3e207e3036d" {{(pid=105148) __call__ /opt/stack/placement/placement/requestlog.py:55}}
Jul 06 12:29:14.492727 dv-neutron-848839-1-hyperv devstack@placement-api.service[105147]: INFO placement.requestlog [req-489b4463-e099-4a5f-9905-b534075d1d5b req-0cd8f06e-d3d7-4969-afb8-1ccd1a1856eb service placement] 10.222.0.23 "PUT /placement/allocations/8a1e64c6-5324-4cbe-8350-59122cee8ea7" status: 204 len: 0 microversion: 1.36
Jul 06 12:29:14.493199 dv-neutron-848839-1-hyperv devstack@placement-api.service[105147]: [pid: 105147|app: 0|req: 14/30] 10.222.0.23 () {64 vars in 1433 bytes} [Wed Jul 6 12:29:14 2022] PUT /placement/allocations/8a1e64c6-5324-4cbe-8350-59122cee8ea7 => generated 0 bytes in 191 msecs (HTTP/1.1 204) 5 headers in 199 bytes (2 switches on core 0)
Jul 06 12:29:14.638884 dv-neutron-848839-1-hyperv devstack@placement-api.service[105148]: DEBUG placement.handlers.allocation [req-b782f006-ec93-490f-bac6-4d5e73b14ab1 req-9b015df7-d09c-4b98-9b75-dc9f59b73863 service placement] Successfully wrote allocations [, , ] {{(pid=105148) _update_consumers_and_create_allocations /opt/stack/placement/placement/handlers/allocation.py:462}}
Jul 06 12:29:14.649282 dv-neutron-848839-1-hyperv devstack@placement-api.service[105148]: INFO placement.requestlog [req-b782f006-ec93-490f-bac6-4d5e73b14ab1 req-9b015df7-d09c-4b98-9b75-dc9f59b73863 service placement] 10.222.0.23 "PUT /placement/allocations/73574d5f-5513-4e5b-86dd-e3e207e3036d" status: 204 len: 0 microversion: 1.36
Jul 06 12:29:14.650336 dv-neutron-848839-1-hyperv devstack@placement-api.service[105148]: [pid: 105148|app: 0|req: 17/31] 10.222.0.23 () {64 vars in 1433 bytes} [Wed Jul 6 12:29:14 2022] PUT /placement/allocations/73574d5f-5513-4e5b-86dd-e3e207e3036d => generated 0 bytes in 189 msecs (HTTP/1.1 204) 5 headers in 199 bytes (1 switches on core 0)
Jul 06 12:29:15.684336 dv-neutron-848839-1-hyperv devstack@placement-api.service[105147]: DEBUG placement.requestlog [req-489b4463-e099-4a5f-9905-b534075d1d5b req-2202c4c3-2d4e-43ae-ac23-35f09c66a4f1 None None] Starting request: 10.222.0.13 "GET /placement/allocations/8a1e64c6-5324-4cbe-8350-59122cee8ea7" {{(pid=105147) __call__ /opt/stack/placement/placement/requestlog.py:55}}
Jul 06 12:29:15.719013 dv-neutron-848839-1-hyperv devstack@placement-api.service[105147]: INFO placement.requestlog [req-489b4463-e099-4a5f-9905-b534075d1d5b req-2202c4c3-2d4e-43ae-ac23-35f09c66a4f1 service placement] 10.222.0.13 "GET /placement/allocations/8a1e64c6-5324-4cbe-8350-59122cee8ea7" status: 200 len: 258 microversion: 1.28
Jul 06 12:29:15.719932 dv-neutron-848839-1-hyperv devstack@placement-api.service[105147]: [pid: 105147|app: 0|req: 15/32] 10.222.0.13 () {60 vars in 1377 bytes} [Wed Jul 6 12:29:15 2022] GET /placement/allocations/8a1e64c6-5324-4cbe-8350-59122cee8ea7 => generated 258 bytes in 36 msecs (HTTP/1.1 200) 8 headers in 296 bytes (1 switches on core 0)
Jul 06 12:29:15.742523 dv-neutron-848839-1-hyperv devstack@placement-api.service[105148]: DEBUG placement.requestlog [req-b782f006-ec93-490f-bac6-4d5e73b14ab1 req-207fdc00-8733-44a8-9895-39ecd3d316f6 None None] Starting request: 10.222.0.13 "GET /placement/allocations/73574d5f-5513-4e5b-86dd-e3e207e3036d" {{(pid=105148) __call__ /opt/stack/placement/placement/requestlog.py:55}}
Jul 06 12:29:15.754271 dv-neutron-848839-1-hyperv devstack@placement-api.service[105148]: DEBUG dbcounter [-] [105148] Writing DB stats placement:SELECT=50,placement:INSERT=6,placement:DELETE=2,placement:UPDATE=2 {{(pid=105148) stat_writer /usr/local/lib/python3.8/dist-packages/dbcounter.py:114}}
Jul 06 12:29:15.767470 dv-neutron-848839-1-hyperv devstack@placement-api.service[105148]: INFO placement.requestlog [req-b782f006-ec93-490f-bac6-4d5e73b14ab1 req-207fdc00-8733-44a8-9895-39ecd3d316f6 service placement] 10.222.0.13 "GET /placement/allocations/73574d5f-5513-4e5b-86dd-e3e207e3036d" status: 200 len: 258 microversion: 1.28
Jul 06 12:29:15.768525 dv-neutron-848839-1-hyperv devstack@placement-api.service[105148]: [pid: 105148|app: 0|req: 18/33] 10.222.0.13 () {60 vars in 1377 bytes} [Wed Jul 6 12:29:15 2022] GET /placement/allocations/73574d5f-5513-4e5b-86dd-e3e207e3036d => generated 258 bytes in 26 msecs (HTTP/1.1 200) 8 headers in 296 bytes (1 switches on core 0)
Jul 06 12:29:16.256840 dv-neutron-848839-1-hyperv devstack@placement-api.service[105147]: DEBUG placement.requestlog [None req-3bb5257a-1044-4f09-ba17-e4492ffa5c36 None None] Starting request: 10.222.0.23 "GET /placement/resource_providers/d45643f8-c2db-487b-86b1-4c0617aa1b6a/aggregates" {{(pid=105147) __call__ /opt/stack/placement/placement/requestlog.py:55}}
Jul 06 12:29:16.269127 dv-neutron-848839-1-hyperv devstack@placement-api.service[105147]: INFO placement.requestlog [None req-3bb5257a-1044-4f09-ba17-e4492ffa5c36 service placement] 10.222.0.23 "GET /placement/resource_providers/d45643f8-c2db-487b-86b1-4c0617aa1b6a/aggregates" status: 404 len: 235 microversion: 1.1
Jul 06 12:29:16.270772 dv-neutron-848839-1-hyperv devstack@placement-api.service[105147]: [pid: 105147|app: 0|req: 16/34] 10.222.0.23 () {58 vars in 1362 bytes} [Wed Jul 6 12:29:16 2022] GET /placement/resource_providers/d45643f8-c2db-487b-86b1-4c0617aa1b6a/aggregates => generated 235 bytes in 14 msecs (HTTP/1.1 404) 5 headers in 202 bytes (1 switches on core 0)
Jul 06 12:29:16.293778 dv-neutron-848839-1-hyperv devstack@placement-api.service[105148]: DEBUG placement.requestlog [None req-822fc3b4-373d-4f9d-bbad-bbdd7701407d None None] Starting request: 10.222.0.23 "DELETE /placement/resource_providers/d45643f8-c2db-487b-86b1-4c0617aa1b6a" {{(pid=105148) __call__ /opt/stack/placement/placement/requestlog.py:55}}
Jul 06 12:29:16.304293 dv-neutron-848839-1-hyperv devstack@placement-api.service[105148]: DEBUG placement.wsgi_wrapper [None req-822fc3b4-373d-4f9d-bbad-bbdd7701407d service placement] Placement API returning an error response: No resource provider with uuid d45643f8-c2db-487b-86b1-4c0617aa1b6a found for delete {{(pid=105148) call_func /opt/stack/placement/placement/wsgi_wrapper.py:31}}
Jul 06 12:29:16.305321 dv-neutron-848839-1-hyperv devstack@placement-api.service[105148]: INFO placement.requestlog [None req-822fc3b4-373d-4f9d-bbad-bbdd7701407d service placement] 10.222.0.23 "DELETE /placement/resource_providers/d45643f8-c2db-487b-86b1-4c0617aa1b6a" status: 404 len: 246 microversion: 1.1
Jul 06 12:29:16.306195 dv-neutron-848839-1-hyperv devstack@placement-api.service[105148]: [pid: 105148|app: 0|req: 19/35] 10.222.0.23 () {60 vars in 1351 bytes} [Wed Jul 6 12:29:16 2022] DELETE /placement/resource_providers/d45643f8-c2db-487b-86b1-4c0617aa1b6a => generated 246 bytes in 13 msecs (HTTP/1.1 404) 6 headers in 231 bytes (1 switches on core 0)
Jul 06 12:29:17.253249 dv-neutron-848839-1-hyperv devstack@placement-api.service[105147]: DEBUG placement.requestlog [None req-a66bc26d-c5c2-46e4-99c8-fa0eb1892bde None None] Starting request: 10.222.0.23 "GET /placement/resource_providers/aeee1050-e432-4ce9-8995-b9b9eba3e6ab/aggregates" {{(pid=105147) __call__ /opt/stack/placement/placement/requestlog.py:55}}
Jul 06 12:29:17.271052 dv-neutron-848839-1-hyperv devstack@placement-api.service[105147]: INFO placement.requestlog [None req-a66bc26d-c5c2-46e4-99c8-fa0eb1892bde service placement] 10.222.0.23 "GET /placement/resource_providers/aeee1050-e432-4ce9-8995-b9b9eba3e6ab/aggregates" status: 404 len: 235 microversion: 1.1
Jul 06 12:29:17.271623 dv-neutron-848839-1-hyperv devstack@placement-api.service[105147]: [pid: 105147|app: 0|req: 17/36] 10.222.0.23 () {58 vars in 1362 bytes} [Wed Jul 6 12:29:17 2022] GET /placement/resource_providers/aeee1050-e432-4ce9-8995-b9b9eba3e6ab/aggregates => generated 235 bytes in 18 msecs (HTTP/1.1 404) 5 headers in 202 bytes (1 switches on core 0)
Jul 06 12:29:17.300987 dv-neutron-848839-1-hyperv devstack@placement-api.service[105148]: DEBUG placement.requestlog [None req-214442aa-b521-4b18-8d75-dffcf4e79df2 None None] Starting request: 10.222.0.23 "DELETE /placement/resource_providers/aeee1050-e432-4ce9-8995-b9b9eba3e6ab" {{(pid=105148) __call__ /opt/stack/placement/placement/requestlog.py:55}}
Jul 06 12:29:17.316257 dv-neutron-848839-1-hyperv devstack@placement-api.service[105148]: DEBUG placement.wsgi_wrapper [None req-214442aa-b521-4b18-8d75-dffcf4e79df2 service placement] Placement API returning an error response: No resource provider with uuid aeee1050-e432-4ce9-8995-b9b9eba3e6ab found for delete {{(pid=105148) call_func /opt/stack/placement/placement/wsgi_wrapper.py:31}}
Jul 06 12:29:17.317154 dv-neutron-848839-1-hyperv devstack@placement-api.service[105148]: INFO placement.requestlog [None req-214442aa-b521-4b18-8d75-dffcf4e79df2 service placement] 10.222.0.23 "DELETE /placement/resource_providers/aeee1050-e432-4ce9-8995-b9b9eba3e6ab" status: 404 len: 246 microversion: 1.1
Jul 06 12:29:17.317508 dv-neutron-848839-1-hyperv devstack@placement-api.service[105148]: [pid: 105148|app: 0|req: 20/37] 10.222.0.23 () {60 vars in 1351 bytes} [Wed Jul 6 12:29:17 2022] DELETE /placement/resource_providers/aeee1050-e432-4ce9-8995-b9b9eba3e6ab => generated 246 bytes in 17 msecs (HTTP/1.1 404) 6 headers in 231 bytes (1 switches on core 0)
Jul 06 12:29:18.061499 dv-neutron-848839-1-hyperv devstack@placement-api.service[105147]: DEBUG placement.requestlog [req-c8df5837-4907-41ff-aae0-0e6f879e1a3f req-4d87d1f2-53cd-4bf4-a0bf-6f05e526b134 None None] Starting request: 10.222.0.23 "GET /placement/allocation_candidates?limit=1000&resources=DISK_GB%3A1%2CMEMORY_MB%3A1024%2CVCPU%3A1&root_required=%21COMPUTE_STATUS_DISABLED" {{(pid=105147) __call__ /opt/stack/placement/placement/requestlog.py:55}}
Jul 06 12:29:18.121534 dv-neutron-848839-1-hyperv devstack@placement-api.service[105147]: DEBUG placement.objects.research_context [req-c8df5837-4907-41ff-aae0-0e6f879e1a3f req-4d87d1f2-53cd-4bf4-a0bf-6f05e526b134 service placement] getting providers with 1 DISK_GB {{(pid=105147) __init__ /opt/stack/placement/placement/objects/research_context.py:136}}
Jul 06 12:29:18.141001 dv-neutron-848839-1-hyperv devstack@placement-api.service[105147]: DEBUG placement.objects.research_context [req-c8df5837-4907-41ff-aae0-0e6f879e1a3f req-4d87d1f2-53cd-4bf4-a0bf-6f05e526b134 service placement] getting providers with 1024 MEMORY_MB {{(pid=105147) __init__ /opt/stack/placement/placement/objects/research_context.py:136}}
Jul 06 12:29:18.162886 dv-neutron-848839-1-hyperv devstack@placement-api.service[105147]: DEBUG placement.objects.research_context [req-c8df5837-4907-41ff-aae0-0e6f879e1a3f req-4d87d1f2-53cd-4bf4-a0bf-6f05e526b134 service placement] getting providers with 1 VCPU {{(pid=105147) __init__ /opt/stack/placement/placement/objects/research_context.py:136}}
Jul 06 12:29:18.183095 dv-neutron-848839-1-hyperv devstack@placement-api.service[105147]: DEBUG placement.objects.research_context [req-c8df5837-4907-41ff-aae0-0e6f879e1a3f req-4d87d1f2-53cd-4bf4-a0bf-6f05e526b134 service placement] found 1 providers with available 1 DISK_GB {{(pid=105147) get_provider_ids_matching /opt/stack/placement/placement/objects/research_context.py:563}}
Jul 06 12:29:18.183433 dv-neutron-848839-1-hyperv devstack@placement-api.service[105147]: DEBUG placement.objects.research_context [req-c8df5837-4907-41ff-aae0-0e6f879e1a3f req-4d87d1f2-53cd-4bf4-a0bf-6f05e526b134 service placement] found 1 providers with available 1024 MEMORY_MB {{(pid=105147) get_provider_ids_matching /opt/stack/placement/placement/objects/research_context.py:563}}
Jul 06 12:29:18.184028 dv-neutron-848839-1-hyperv devstack@placement-api.service[105147]: DEBUG placement.objects.research_context [req-c8df5837-4907-41ff-aae0-0e6f879e1a3f req-4d87d1f2-53cd-4bf4-a0bf-6f05e526b134 service placement] found 1 providers after filtering by previous result {{(pid=105147) get_provider_ids_matching /opt/stack/placement/placement/objects/research_context.py:594}}
Jul 06 12:29:18.184606 dv-neutron-848839-1-hyperv devstack@placement-api.service[105147]: DEBUG placement.objects.research_context [req-c8df5837-4907-41ff-aae0-0e6f879e1a3f req-4d87d1f2-53cd-4bf4-a0bf-6f05e526b134 service placement] found 1 providers with available 1 VCPU {{(pid=105147) get_provider_ids_matching /opt/stack/placement/placement/objects/research_context.py:563}}
Jul 06 12:29:18.185058 dv-neutron-848839-1-hyperv devstack@placement-api.service[105147]: DEBUG placement.objects.research_context [req-c8df5837-4907-41ff-aae0-0e6f879e1a3f req-4d87d1f2-53cd-4bf4-a0bf-6f05e526b134 service placement] found 1 providers after filtering by previous result {{(pid=105147) get_provider_ids_matching /opt/stack/placement/placement/objects/research_context.py:594}}
Jul 06 12:29:18.204280 dv-neutron-848839-1-hyperv devstack@placement-api.service[105147]: DEBUG placement.objects.allocation_candidate [req-c8df5837-4907-41ff-aae0-0e6f879e1a3f req-4d87d1f2-53cd-4bf4-a0bf-6f05e526b134 service placement] RequestGroup(use_same_provider=False, resources={DISK_GB:1, MEMORY_MB:1024, VCPU:1}, traits=(), aggregates=[]) (suffix '') returned 1 matches {{(pid=105147) _get_by_requests /opt/stack/placement/placement/objects/allocation_candidate.py:156}}
Jul 06 12:29:18.204719 dv-neutron-848839-1-hyperv devstack@placement-api.service[105147]: DEBUG placement.objects.allocation_candidate [req-c8df5837-4907-41ff-aae0-0e6f879e1a3f req-4d87d1f2-53cd-4bf4-a0bf-6f05e526b134 service placement] Merging candidates yields 1 allocation requests and 1 provider summaries {{(pid=105147) _merge_candidates /opt/stack/placement/placement/objects/allocation_candidate.py:809}}
Jul 06 12:29:18.207338 dv-neutron-848839-1-hyperv devstack@placement-api.service[105147]: INFO placement.requestlog [req-c8df5837-4907-41ff-aae0-0e6f879e1a3f req-4d87d1f2-53cd-4bf4-a0bf-6f05e526b134 service placement] 10.222.0.23 "GET /placement/allocation_candidates?limit=1000&resources=DISK_GB%3A1%2CMEMORY_MB%3A1024%2CVCPU%3A1&root_required=%21COMPUTE_STATUS_DISABLED" status: 200 len: 767 microversion: 1.36
Jul 06 12:29:18.208292 dv-neutron-848839-1-hyperv devstack@placement-api.service[105147]: [pid: 105147|app: 0|req: 18/38] 10.222.0.23 () {60 vars in 1506 bytes} [Wed Jul 6 12:29:18 2022] GET /placement/allocation_candidates?limit=1000&resources=DISK_GB%3A1%2CMEMORY_MB%3A1024%2CVCPU%3A1&root_required=%21COMPUTE_STATUS_DISABLED => generated 767 bytes in 156 msecs (HTTP/1.1 200) 8 headers in 296 bytes (1 switches on core 0)
Jul 06 12:29:18.275383 dv-neutron-848839-1-hyperv devstack@placement-api.service[105148]: DEBUG placement.requestlog [req-c8df5837-4907-41ff-aae0-0e6f879e1a3f req-31d3c7c3-839d-42ab-8e15-da573a9b3889 None None] Starting request: 10.222.0.23 "GET /placement/allocations/5fa2f685-c6a8-45b5-82d1-cec98411837c" {{(pid=105148) __call__ /opt/stack/placement/placement/requestlog.py:55}}
Jul 06 12:29:18.292363 dv-neutron-848839-1-hyperv devstack@placement-api.service[105148]: INFO placement.requestlog [req-c8df5837-4907-41ff-aae0-0e6f879e1a3f req-31d3c7c3-839d-42ab-8e15-da573a9b3889 service placement] 10.222.0.23 "GET /placement/allocations/5fa2f685-c6a8-45b5-82d1-cec98411837c" status: 200 len: 19 microversion: 1.28
Jul 06 12:29:18.298638 dv-neutron-848839-1-hyperv devstack@placement-api.service[105148]: [pid: 105148|app: 0|req: 21/39] 10.222.0.23 () {60 vars in 1380 bytes} [Wed Jul 6 12:29:18 2022] GET /placement/allocations/5fa2f685-c6a8-45b5-82d1-cec98411837c => generated 19 bytes in 23 msecs (HTTP/1.1 200) 8 headers in 295 bytes (1 switches on core 0)
Jul 06 12:29:18.301909 dv-neutron-848839-1-hyperv devstack@placement-api.service[105147]: DEBUG placement.requestlog [req-c8df5837-4907-41ff-aae0-0e6f879e1a3f req-9ea2fd01-0859-474c-bfd8-b8f9e05a0e4f None None] Starting request: 10.222.0.23 "PUT /placement/allocations/5fa2f685-c6a8-45b5-82d1-cec98411837c" {{(pid=105147) __call__ /opt/stack/placement/placement/requestlog.py:55}}
Jul 06 12:29:18.449049 dv-neutron-848839-1-hyperv devstack@placement-api.service[105147]: DEBUG placement.handlers.allocation [req-c8df5837-4907-41ff-aae0-0e6f879e1a3f req-9ea2fd01-0859-474c-bfd8-b8f9e05a0e4f service placement] Successfully wrote allocations [, , ] {{(pid=105147) _update_consumers_and_create_allocations /opt/stack/placement/placement/handlers/allocation.py:462}}
Jul 06 12:29:18.458945 dv-neutron-848839-1-hyperv devstack@placement-api.service[105147]: INFO placement.requestlog [req-c8df5837-4907-41ff-aae0-0e6f879e1a3f req-9ea2fd01-0859-474c-bfd8-b8f9e05a0e4f service placement] 10.222.0.23 "PUT /placement/allocations/5fa2f685-c6a8-45b5-82d1-cec98411837c" status: 204 len: 0 microversion: 1.36
Jul 06 12:29:18.460779 dv-neutron-848839-1-hyperv devstack@placement-api.service[105147]: [pid: 105147|app: 0|req: 19/40] 10.222.0.23 () {64 vars in 1433 bytes} [Wed Jul 6 12:29:18 2022] PUT /placement/allocations/5fa2f685-c6a8-45b5-82d1-cec98411837c => generated 0 bytes in 161 msecs (HTTP/1.1 204) 5 headers in 199 bytes (2 switches on core 0)
Jul 06 12:29:19.196220 dv-neutron-848839-1-hyperv devstack@placement-api.service[105148]: DEBUG placement.requestlog [req-c8df5837-4907-41ff-aae0-0e6f879e1a3f req-e83575b3-8a07-4d5e-9b98-48e922d28b7b None None] Starting request: 10.222.0.13 "GET /placement/allocations/5fa2f685-c6a8-45b5-82d1-cec98411837c" {{(pid=105148) __call__ /opt/stack/placement/placement/requestlog.py:55}}
Jul 06 12:29:19.231178 dv-neutron-848839-1-hyperv devstack@placement-api.service[105148]: INFO placement.requestlog [req-c8df5837-4907-41ff-aae0-0e6f879e1a3f req-e83575b3-8a07-4d5e-9b98-48e922d28b7b service placement] 10.222.0.13 "GET /placement/allocations/5fa2f685-c6a8-45b5-82d1-cec98411837c" status: 200 len: 258 microversion: 1.28
Jul 06 12:29:19.232336 dv-neutron-848839-1-hyperv devstack@placement-api.service[105148]: [pid: 105148|app: 0|req: 22/41] 10.222.0.13 () {60 vars in 1377 bytes} [Wed Jul 6 12:29:19 2022] GET /placement/allocations/5fa2f685-c6a8-45b5-82d1-cec98411837c => generated 258 bytes in 36 msecs (HTTP/1.1 200) 8 headers in 296 bytes (1 switches on core 0)
Jul 06 12:29:19.386611 dv-neutron-848839-1-hyperv devstack@placement-api.service[105147]: DEBUG placement.requestlog [None req-94cbcae7-5eb6-4fdc-a344-900c83cc88d7 None None] Starting request: 10.222.0.23 "GET /placement/resource_providers/0e869cd6-62ff-48d7-bdad-8870af7b2db1/aggregates" {{(pid=105147) __call__ /opt/stack/placement/placement/requestlog.py:55}}
Jul 06 12:29:19.440874 dv-neutron-848839-1-hyperv devstack@placement-api.service[105147]: INFO placement.requestlog [None req-94cbcae7-5eb6-4fdc-a344-900c83cc88d7 service placement] 10.222.0.23 "GET /placement/resource_providers/0e869cd6-62ff-48d7-bdad-8870af7b2db1/aggregates" status: 404 len: 235 microversion: 1.1
Jul 06 12:29:19.446477 dv-neutron-848839-1-hyperv devstack@placement-api.service[105147]: [pid: 105147|app: 0|req: 20/42] 10.222.0.23 () {58 vars in 1362 bytes} [Wed Jul 6 12:29:19 2022] GET /placement/resource_providers/0e869cd6-62ff-48d7-bdad-8870af7b2db1/aggregates => generated 235 bytes in 60 msecs (HTTP/1.1 404) 5 headers in 202 bytes (1 switches on core 0)
Jul 06 12:29:19.520846 dv-neutron-848839-1-hyperv devstack@placement-api.service[105148]: DEBUG placement.requestlog [None req-a04649ad-ceb2-4fae-bc7f-c6df697e9ae1 None None] Starting request: 10.222.0.23 "DELETE /placement/resource_providers/0e869cd6-62ff-48d7-bdad-8870af7b2db1" {{(pid=105148) __call__ /opt/stack/placement/placement/requestlog.py:55}}
Jul 06 12:29:19.535902 dv-neutron-848839-1-hyperv devstack@placement-api.service[105148]: DEBUG placement.wsgi_wrapper [None req-a04649ad-ceb2-4fae-bc7f-c6df697e9ae1 service placement] Placement API returning an error response: No resource provider with uuid 0e869cd6-62ff-48d7-bdad-8870af7b2db1 found for delete {{(pid=105148) call_func /opt/stack/placement/placement/wsgi_wrapper.py:31}}
Jul 06 12:29:19.542816 dv-neutron-848839-1-hyperv devstack@placement-api.service[105148]: INFO placement.requestlog [None req-a04649ad-ceb2-4fae-bc7f-c6df697e9ae1 service placement] 10.222.0.23 "DELETE /placement/resource_providers/0e869cd6-62ff-48d7-bdad-8870af7b2db1" status: 404 len: 246 microversion: 1.1
Jul 06 12:29:19.542816 dv-neutron-848839-1-hyperv devstack@placement-api.service[105148]: [pid: 105148|app: 0|req: 23/43] 10.222.0.23 () {60 vars in 1351 bytes} [Wed Jul 6 12:29:19 2022] DELETE /placement/resource_providers/0e869cd6-62ff-48d7-bdad-8870af7b2db1 => generated 246 bytes in 19 msecs (HTTP/1.1 404) 6 headers in 231 bytes (1 switches on core 0)
Jul 06 12:29:26.248385 dv-neutron-848839-1-hyperv devstack@placement-api.service[105147]: DEBUG placement.requestlog [None req-c0c0fe2c-6d3e-4bdc-9be2-25fb7816154c None None] Starting request: 10.222.0.23 "GET /placement/resource_providers/c00c587b-9e5b-4070-9bd7-d48d9510f27c/aggregates" {{(pid=105147) __call__ /opt/stack/placement/placement/requestlog.py:55}}
Jul 06 12:29:26.274933 dv-neutron-848839-1-hyperv devstack@placement-api.service[105147]: DEBUG dbcounter [-] [105147] Writing DB stats placement:SELECT=75,placement:INSERT=12,placement:DELETE=4,placement:UPDATE=4 {{(pid=105147) stat_writer /usr/local/lib/python3.8/dist-packages/dbcounter.py:114}}
Jul 06 12:29:26.293962 dv-neutron-848839-1-hyperv devstack@placement-api.service[105147]: INFO placement.requestlog [None req-c0c0fe2c-6d3e-4bdc-9be2-25fb7816154c service placement] 10.222.0.23 "GET /placement/resource_providers/c00c587b-9e5b-4070-9bd7-d48d9510f27c/aggregates" status: 404 len: 235 microversion: 1.1
Jul 06 12:29:26.299077 dv-neutron-848839-1-hyperv devstack@placement-api.service[105147]: [pid: 105147|app: 0|req: 21/44] 10.222.0.23 () {58 vars in 1362 bytes} [Wed Jul 6 12:29:26 2022] GET /placement/resource_providers/c00c587b-9e5b-4070-9bd7-d48d9510f27c/aggregates => generated 235 bytes in 53 msecs (HTTP/1.1 404) 5 headers in 202 bytes (1 switches on core 0)
Jul 06 12:29:26.469565 dv-neutron-848839-1-hyperv devstack@placement-api.service[105148]: DEBUG placement.requestlog [None req-1efb1bc6-38c3-49fb-9296-472f1861468a None None] Starting request: 10.222.0.23 "DELETE /placement/resource_providers/c00c587b-9e5b-4070-9bd7-d48d9510f27c" {{(pid=105148) __call__ /opt/stack/placement/placement/requestlog.py:55}}
Jul 06 12:29:26.488708 dv-neutron-848839-1-hyperv devstack@placement-api.service[105148]: DEBUG placement.wsgi_wrapper [None req-1efb1bc6-38c3-49fb-9296-472f1861468a service placement] Placement API returning an error response: No resource provider with uuid c00c587b-9e5b-4070-9bd7-d48d9510f27c found for delete {{(pid=105148) call_func /opt/stack/placement/placement/wsgi_wrapper.py:31}}
Jul 06 12:29:26.489935 dv-neutron-848839-1-hyperv devstack@placement-api.service[105148]: INFO placement.requestlog [None req-1efb1bc6-38c3-49fb-9296-472f1861468a service placement] 10.222.0.23 "DELETE /placement/resource_providers/c00c587b-9e5b-4070-9bd7-d48d9510f27c" status: 404 len: 246 microversion: 1.1
Jul 06 12:29:26.492239 dv-neutron-848839-1-hyperv devstack@placement-api.service[105148]: [pid: 105148|app: 0|req: 24/45] 10.222.0.23 () {60 vars in 1351 bytes} [Wed Jul 6 12:29:26 2022] DELETE /placement/resource_providers/c00c587b-9e5b-4070-9bd7-d48d9510f27c => generated 246 bytes in 24 msecs (HTTP/1.1 404) 6 headers in 231 bytes (1 switches on core 0)
Jul 06 12:29:28.602377 dv-neutron-848839-1-hyperv devstack@placement-api.service[105147]: DEBUG placement.requestlog [None req-ba133969-d276-4be5-a261-c9ac9087c6ba None None] Starting request: 10.222.0.23 "GET /placement/resource_providers/c00c587b-9e5b-4070-9bd7-d48d9510f27c/aggregates" {{(pid=105147) __call__ /opt/stack/placement/placement/requestlog.py:55}}
Jul 06 12:29:28.620151 dv-neutron-848839-1-hyperv devstack@placement-api.service[105147]: INFO placement.requestlog [None req-ba133969-d276-4be5-a261-c9ac9087c6ba service placement] 10.222.0.23 "GET /placement/resource_providers/c00c587b-9e5b-4070-9bd7-d48d9510f27c/aggregates" status: 404 len: 235 microversion: 1.1
Jul 06 12:29:28.620819 dv-neutron-848839-1-hyperv devstack@placement-api.service[105147]: [pid: 105147|app: 0|req: 22/46] 10.222.0.23 () {58 vars in 1362 bytes} [Wed Jul 6 12:29:28 2022] GET /placement/resource_providers/c00c587b-9e5b-4070-9bd7-d48d9510f27c/aggregates => generated 235 bytes in 19 msecs (HTTP/1.1 404) 5 headers in 202 bytes (1 switches on core 0)
Jul 06 12:29:28.647850 dv-neutron-848839-1-hyperv devstack@placement-api.service[105148]: DEBUG placement.requestlog [None req-b1e33359-accc-4e70-8e39-642957c05c18 None None] Starting request: 10.222.0.23 "DELETE /placement/resource_providers/c00c587b-9e5b-4070-9bd7-d48d9510f27c" {{(pid=105148) __call__ /opt/stack/placement/placement/requestlog.py:55}}
Jul 06 12:29:28.667438 dv-neutron-848839-1-hyperv devstack@placement-api.service[105148]: DEBUG placement.wsgi_wrapper [None req-b1e33359-accc-4e70-8e39-642957c05c18 service placement] Placement API returning an error response: No resource provider with uuid c00c587b-9e5b-4070-9bd7-d48d9510f27c found for delete {{(pid=105148) call_func /opt/stack/placement/placement/wsgi_wrapper.py:31}}
Jul 06 12:29:28.668725 dv-neutron-848839-1-hyperv devstack@placement-api.service[105148]: INFO placement.requestlog [None req-b1e33359-accc-4e70-8e39-642957c05c18 service placement] 10.222.0.23 "DELETE /placement/resource_providers/c00c587b-9e5b-4070-9bd7-d48d9510f27c" status: 404 len: 246 microversion: 1.1
Jul 06 12:29:28.669697 dv-neutron-848839-1-hyperv devstack@placement-api.service[105148]: [pid: 105148|app: 0|req: 25/47] 10.222.0.23 () {60 vars in 1351 bytes} [Wed Jul 6 12:29:28 2022] DELETE /placement/resource_providers/c00c587b-9e5b-4070-9bd7-d48d9510f27c => generated 246 bytes in 22 msecs (HTTP/1.1 404) 6 headers in 231 bytes (2 switches on core 0)
Jul 06 12:29:34.734804 dv-neutron-848839-1-hyperv devstack@placement-api.service[105147]: DEBUG placement.requestlog [None req-534d3daf-e75b-4bf8-8af7-9e78a2d05946 None None] Starting request: 10.222.0.23 "GET /placement/resource_providers/c64335ec-c8ef-4605-a1cb-747cc541bdde/aggregates" {{(pid=105147) __call__ /opt/stack/placement/placement/requestlog.py:55}}
Jul 06 12:29:34.750177 dv-neutron-848839-1-hyperv devstack@placement-api.service[105147]: INFO placement.requestlog [None req-534d3daf-e75b-4bf8-8af7-9e78a2d05946 service placement] 10.222.0.23 "GET /placement/resource_providers/c64335ec-c8ef-4605-a1cb-747cc541bdde/aggregates" status: 404 len: 235 microversion: 1.1
Jul 06 12:29:34.750963 dv-neutron-848839-1-hyperv devstack@placement-api.service[105147]: [pid: 105147|app: 0|req: 23/48] 10.222.0.23 () {58 vars in 1362 bytes} [Wed Jul 6 12:29:34 2022] GET /placement/resource_providers/c64335ec-c8ef-4605-a1cb-747cc541bdde/aggregates => generated 235 bytes in 17 msecs (HTTP/1.1 404) 5 headers in 202 bytes (1 switches on core 0)
Jul 06 12:29:34.798497 dv-neutron-848839-1-hyperv devstack@placement-api.service[105148]: DEBUG placement.requestlog [None req-6215afbe-c81e-48e7-b62a-f344df14874c None None] Starting request: 10.222.0.23 "DELETE /placement/resource_providers/c64335ec-c8ef-4605-a1cb-747cc541bdde" {{(pid=105148) __call__ /opt/stack/placement/placement/requestlog.py:55}}
Jul 06 12:29:34.820169 dv-neutron-848839-1-hyperv devstack@placement-api.service[105148]: DEBUG placement.wsgi_wrapper [None req-6215afbe-c81e-48e7-b62a-f344df14874c service placement] Placement API returning an error response: No resource provider with uuid c64335ec-c8ef-4605-a1cb-747cc541bdde found for delete {{(pid=105148) call_func /opt/stack/placement/placement/wsgi_wrapper.py:31}}
Jul 06 12:29:34.821623 dv-neutron-848839-1-hyperv devstack@placement-api.service[105148]: INFO placement.requestlog [None req-6215afbe-c81e-48e7-b62a-f344df14874c service placement] 10.222.0.23 "DELETE /placement/resource_providers/c64335ec-c8ef-4605-a1cb-747cc541bdde" status: 404 len: 246 microversion: 1.1
Jul 06 12:29:34.822626 dv-neutron-848839-1-hyperv devstack@placement-api.service[105148]: [pid: 105148|app: 0|req: 26/49] 10.222.0.23 () {60 vars in 1351 bytes} [Wed Jul 6 12:29:34 2022] DELETE /placement/resource_providers/c64335ec-c8ef-4605-a1cb-747cc541bdde => generated 246 bytes in 25 msecs (HTTP/1.1 404) 6 headers in 231 bytes (1 switches on core 0)
Jul 06 12:29:36.872906 dv-neutron-848839-1-hyperv devstack@placement-api.service[105147]: DEBUG placement.requestlog [None req-2e06c9bc-bcb2-4eb5-a7a8-e64e1223a3df None None] Starting request: 10.222.0.23 "GET /placement/resource_providers/77d7d9ac-794d-4a87-bca8-84c8deeda005/aggregates" {{(pid=105147) __call__ /opt/stack/placement/placement/requestlog.py:55}}
Jul 06 12:29:36.888804 dv-neutron-848839-1-hyperv devstack@placement-api.service[105147]: INFO placement.requestlog [None req-2e06c9bc-bcb2-4eb5-a7a8-e64e1223a3df service placement] 10.222.0.23 "GET /placement/resource_providers/77d7d9ac-794d-4a87-bca8-84c8deeda005/aggregates" status: 404 len: 235 microversion: 1.1
Jul 06 12:29:36.889832 dv-neutron-848839-1-hyperv devstack@placement-api.service[105147]: [pid: 105147|app: 0|req: 24/50] 10.222.0.23 () {58 vars in 1362 bytes} [Wed Jul 6 12:29:36 2022] GET /placement/resource_providers/77d7d9ac-794d-4a87-bca8-84c8deeda005/aggregates => generated 235 bytes in 18 msecs (HTTP/1.1 404) 5 headers in 202 bytes (1 switches on core 0)
Jul 06 12:29:36.944632 dv-neutron-848839-1-hyperv devstack@placement-api.service[105148]: DEBUG placement.requestlog [None req-8fc436fc-b58f-4724-ba89-9b9f9e078c3a None None] Starting request: 10.222.0.23 "DELETE /placement/resource_providers/77d7d9ac-794d-4a87-bca8-84c8deeda005" {{(pid=105148) __call__ /opt/stack/placement/placement/requestlog.py:55}}
Jul 06 12:29:36.976113 dv-neutron-848839-1-hyperv devstack@placement-api.service[105148]: DEBUG placement.wsgi_wrapper [None req-8fc436fc-b58f-4724-ba89-9b9f9e078c3a service placement] Placement API returning an error response: No resource provider with uuid 77d7d9ac-794d-4a87-bca8-84c8deeda005 found for delete {{(pid=105148) call_func /opt/stack/placement/placement/wsgi_wrapper.py:31}}
Jul 06 12:29:36.976877 dv-neutron-848839-1-hyperv devstack@placement-api.service[105148]: INFO placement.requestlog [None req-8fc436fc-b58f-4724-ba89-9b9f9e078c3a service placement] 10.222.0.23 "DELETE /placement/resource_providers/77d7d9ac-794d-4a87-bca8-84c8deeda005" status: 404 len: 246 microversion: 1.1
Jul 06 12:29:36.977475 dv-neutron-848839-1-hyperv devstack@placement-api.service[105148]: [pid: 105148|app: 0|req: 27/51] 10.222.0.23 () {60 vars in 1351 bytes} [Wed Jul 6 12:29:36 2022] DELETE /placement/resource_providers/77d7d9ac-794d-4a87-bca8-84c8deeda005 => generated 246 bytes in 33 msecs (HTTP/1.1 404) 6 headers in 231 bytes (1 switches on core 0)
Jul 06 12:29:43.517075 dv-neutron-848839-1-hyperv devstack@placement-api.service[105147]: DEBUG placement.requestlog [None req-4de469bf-cf36-4990-bd08-c02f5fdd44cb None None] Starting request: 10.222.0.23 "GET /placement/resource_providers/00987029-c5c9-48d1-8605-2261dfc656e0/aggregates" {{(pid=105147) __call__ /opt/stack/placement/placement/requestlog.py:55}}
Jul 06 12:29:43.540401 dv-neutron-848839-1-hyperv devstack@placement-api.service[105147]: INFO placement.requestlog [None req-4de469bf-cf36-4990-bd08-c02f5fdd44cb service placement] 10.222.0.23 "GET /placement/resource_providers/00987029-c5c9-48d1-8605-2261dfc656e0/aggregates" status: 404 len: 235 microversion: 1.1
Jul 06 12:29:43.541086 dv-neutron-848839-1-hyperv devstack@placement-api.service[105147]: [pid: 105147|app: 0|req: 25/52] 10.222.0.23 () {58 vars in 1362 bytes} [Wed Jul 6 12:29:43 2022] GET /placement/resource_providers/00987029-c5c9-48d1-8605-2261dfc656e0/aggregates => generated 235 bytes in 25 msecs (HTTP/1.1 404) 5 headers in 202 bytes (1 switches on core 0)
Jul 06 12:29:43.565144 dv-neutron-848839-1-hyperv devstack@placement-api.service[105148]: DEBUG placement.requestlog [None req-e4dfd019-8ed9-4649-ac84-fc72ff706e26 None None] Starting request: 10.222.0.23 "DELETE /placement/resource_providers/00987029-c5c9-48d1-8605-2261dfc656e0" {{(pid=105148) __call__ /opt/stack/placement/placement/requestlog.py:55}}
Jul 06 12:29:43.584262 dv-neutron-848839-1-hyperv devstack@placement-api.service[105148]: DEBUG placement.wsgi_wrapper [None req-e4dfd019-8ed9-4649-ac84-fc72ff706e26 service placement] Placement API returning an error response: No resource provider with uuid 00987029-c5c9-48d1-8605-2261dfc656e0 found for delete {{(pid=105148) call_func /opt/stack/placement/placement/wsgi_wrapper.py:31}}
Jul 06 12:29:43.585222 dv-neutron-848839-1-hyperv devstack@placement-api.service[105148]: INFO placement.requestlog [None req-e4dfd019-8ed9-4649-ac84-fc72ff706e26 service placement] 10.222.0.23 "DELETE /placement/resource_providers/00987029-c5c9-48d1-8605-2261dfc656e0" status: 404 len: 246 microversion: 1.1
Jul 06 12:29:43.585661 dv-neutron-848839-1-hyperv devstack@placement-api.service[105148]: [pid: 105148|app: 0|req: 28/53] 10.222.0.23 () {60 vars in 1351 bytes} [Wed Jul 6 12:29:43 2022] DELETE /placement/resource_providers/00987029-c5c9-48d1-8605-2261dfc656e0 => generated 246 bytes in 21 msecs (HTTP/1.1 404) 6 headers in 231 bytes (1 switches on core 0)
Jul 06 12:29:48.428338 dv-neutron-848839-1-hyperv devstack@placement-api.service[105147]: DEBUG placement.requestlog [None req-28daa863-9be9-4eb9-aaf0-e999dcb5a374 None None] Starting request: 10.222.0.23 "GET /placement/resource_providers/d437563b-7e18-491b-b145-68cbe1619c65/aggregates" {{(pid=105147) __call__ /opt/stack/placement/placement/requestlog.py:55}}
Jul 06 12:29:48.439446 dv-neutron-848839-1-hyperv devstack@placement-api.service[105147]: INFO placement.requestlog [None req-28daa863-9be9-4eb9-aaf0-e999dcb5a374 service placement] 10.222.0.23 "GET /placement/resource_providers/d437563b-7e18-491b-b145-68cbe1619c65/aggregates" status: 404 len: 235 microversion: 1.1
Jul 06 12:29:48.440215 dv-neutron-848839-1-hyperv devstack@placement-api.service[105147]: [pid: 105147|app: 0|req: 26/54] 10.222.0.23 () {58 vars in 1362 bytes} [Wed Jul 6 12:29:48 2022] GET /placement/resource_providers/d437563b-7e18-491b-b145-68cbe1619c65/aggregates => generated 235 bytes in 12 msecs (HTTP/1.1 404) 5 headers in 202 bytes (1 switches on core 0)
Jul 06 12:29:48.452324 dv-neutron-848839-1-hyperv devstack@placement-api.service[105148]: DEBUG placement.requestlog [None req-6cb30573-eb6c-4d9d-b941-f0137adee191 None None] Starting request: 10.222.0.23 "DELETE /placement/resource_providers/d437563b-7e18-491b-b145-68cbe1619c65" {{(pid=105148) __call__ /opt/stack/placement/placement/requestlog.py:55}}
Jul 06 12:29:48.464789 dv-neutron-848839-1-hyperv devstack@placement-api.service[105148]: DEBUG dbcounter [-] [105148] Writing DB stats placement:SELECT=26 {{(pid=105148) stat_writer /usr/local/lib/python3.8/dist-packages/dbcounter.py:114}}
Jul 06 12:29:48.468542 dv-neutron-848839-1-hyperv devstack@placement-api.service[105148]: DEBUG placement.wsgi_wrapper [None req-6cb30573-eb6c-4d9d-b941-f0137adee191 service placement] Placement API returning an error response: No resource provider with uuid d437563b-7e18-491b-b145-68cbe1619c65 found for delete {{(pid=105148) call_func /opt/stack/placement/placement/wsgi_wrapper.py:31}}
Jul 06 12:29:48.469626 dv-neutron-848839-1-hyperv devstack@placement-api.service[105148]: INFO placement.requestlog [None req-6cb30573-eb6c-4d9d-b941-f0137adee191 service placement] 10.222.0.23 "DELETE /placement/resource_providers/d437563b-7e18-491b-b145-68cbe1619c65" status: 404 len: 246 microversion: 1.1
Jul 06 12:29:48.470819 dv-neutron-848839-1-hyperv devstack@placement-api.service[105148]: [pid: 105148|app: 0|req: 29/55] 10.222.0.23 () {60 vars in 1351 bytes} [Wed Jul 6 12:29:48 2022] DELETE /placement/resource_providers/d437563b-7e18-491b-b145-68cbe1619c65 => generated 246 bytes in 19 msecs (HTTP/1.1 404) 6 headers in 231 bytes (1 switches on core 0)
Jul 06 12:29:50.504706 dv-neutron-848839-1-hyperv devstack@placement-api.service[105147]: DEBUG placement.requestlog [None req-43ce9b79-bae9-4877-bd1d-25b672508466 None None] Starting request: 10.222.0.23 "GET /placement/resource_providers/49cc5375-3934-4046-bceb-a79520f34586/aggregates" {{(pid=105147) __call__ /opt/stack/placement/placement/requestlog.py:55}}
Jul 06 12:29:50.515872 dv-neutron-848839-1-hyperv devstack@placement-api.service[105147]: INFO placement.requestlog [None req-43ce9b79-bae9-4877-bd1d-25b672508466 service placement] 10.222.0.23 "GET /placement/resource_providers/49cc5375-3934-4046-bceb-a79520f34586/aggregates" status: 404 len: 235 microversion: 1.1
Jul 06 12:29:50.516561 dv-neutron-848839-1-hyperv devstack@placement-api.service[105147]: [pid: 105147|app: 0|req: 27/56] 10.222.0.23 () {58 vars in 1362 bytes} [Wed Jul 6 12:29:50 2022] GET /placement/resource_providers/49cc5375-3934-4046-bceb-a79520f34586/aggregates => generated 235 bytes in 12 msecs (HTTP/1.1 404) 5 headers in 202 bytes (1 switches on core 0)
Jul 06 12:29:50.534566 dv-neutron-848839-1-hyperv devstack@placement-api.service[105148]: DEBUG placement.requestlog [None req-b01760b9-e79e-4360-aa1a-db481a838bb9 None None] Starting request: 10.222.0.23 "DELETE /placement/resource_providers/49cc5375-3934-4046-bceb-a79520f34586" {{(pid=105148) __call__ /opt/stack/placement/placement/requestlog.py:55}}
Jul 06 12:29:50.546283 dv-neutron-848839-1-hyperv devstack@placement-api.service[105148]: DEBUG placement.wsgi_wrapper [None req-b01760b9-e79e-4360-aa1a-db481a838bb9 service placement] Placement API returning an error response: No resource provider with uuid 49cc5375-3934-4046-bceb-a79520f34586 found for delete {{(pid=105148) call_func /opt/stack/placement/placement/wsgi_wrapper.py:31}}
