Jul 05 10:01:31.066918 dv-neutron-848730-1-hyperv neutron-server[104560]: DEBUG neutron_lib.callbacks.manager [None req-446a1c13-9cc3-4838-aaa9-aabaa8c4de51 tempest-RoutersAdminTest-460990583 tempest-RoutersAdminTest-460990583-project-admin] Publish callbacks ['neutron.services.l3_router.l3_router_plugin.DVRResourceOperationHandler._delete_dvr_internal_ports-510276'] for router_gateway (4e36e685-ca57-4827-876a-d57d61ef94c2), after_delete {{(pid=104560) _notify_loop /usr/local/lib/python3.8/dist-packages/neutron_lib/callbacks/manager.py:176}}
Jul 05 10:01:31.125381 dv-neutron-848730-1-hyperv neutron-server[104560]: DEBUG neutron.scheduler.l3_agent_scheduler [None req-119f92c4-042e-46df-b53e-afdab5b833c7 tempest-FloatingIPAdminTestJSON-1807989082 tempest-FloatingIPAdminTestJSON-1807989082-project] Router ec857cf9-bc2a-463d-8b88-a8b650af5bf6 is scheduled to L3 agent a9d962cf-e55c-4970-944a-4e676b0371c0 with binding_index 1 {{(pid=104560) bind_router /opt/stack/neutron/neutron/scheduler/l3_agent_scheduler.py:209}}
Jul 05 10:01:31.221840 dv-neutron-848730-1-hyperv neutron-server[104559]: DEBUG neutron_lib.callbacks.manager [None req-a1c472be-472b-4fb9-ac8f-47e4eff2c565 tempest-PortsAdminExtendedAttrsIpV6TestJSON-2041879305 tempest-PortsAdminExtendedAttrsIpV6TestJSON-2041879305-project-admin] Publish callbacks [] for security_group (None), before_create {{(pid=104559) _notify_loop /usr/local/lib/python3.8/dist-packages/neutron_lib/callbacks/manager.py:176}}
Jul 05 10:01:31.236544 dv-neutron-848730-1-hyperv neutron-server[104559]: DEBUG neutron.api.rpc.handlers.resources_rpc [None req-f28aa64f-ec32-4b0a-aa33-b4f65762d9f9 tempest-ExternalNetworksTestJSON-2022317796 tempest-ExternalNetworksTestJSON-2022317796-project-admin] Pushing event updated for resources: {'Network': ['ID=23ac0322-20b2-4f26-8c6a-79fe358a0671,revision_number=1']} {{(pid=104559) push /opt/stack/neutron/neutron/api/rpc/handlers/resources_rpc.py:237}}
Jul 05 10:01:31.250819 dv-neutron-848730-1-hyperv neutron-server[104561]: DEBUG neutron.plugins.ml2.rpc [None req-6f6ac0a4-c4a9-4831-988c-e060711b0cb9 None None] Network 23ac0322-20b2-4f26-8c6a-79fe358a0671 details requested by agent ovs-agent-dv-neutron-848730-1-hyperv with host dv-neutron-848730-1-hyperv {{(pid=104561) get_network_details /opt/stack/neutron/neutron/plugins/ml2/rpc.py:248}}
Jul 05 10:01:31.286212 dv-neutron-848730-1-hyperv neutron-server[104559]: DEBUG neutron_lib.callbacks.manager [None req-698bfb63-e524-42eb-9eea-191f259f3b74 tempest-RoutersAdminNegativeTest-585240723 tempest-RoutersAdminNegativeTest-585240723-project-admin] Publish callbacks ['neutron.services.l3_router.l3_router_plugin.L3_HA_NAT_db_mixin._cleanup_ha_network_handler-516907'] for router (595d4a23-9313-43d4-a705-80d62d96d300), after_delete {{(pid=104559) _notify_loop /usr/local/lib/python3.8/dist-packages/neutron_lib/callbacks/manager.py:176}}
Jul 05 10:01:31.286968 dv-neutron-848730-1-hyperv neutron-server[104559]: DEBUG neutron.api.rpc.agentnotifiers.l3_rpc_agent_api [None req-698bfb63-e524-42eb-9eea-191f259f3b74 tempest-RoutersAdminNegativeTest-585240723 tempest-RoutersAdminNegativeTest-585240723-project-admin] Fanout notify agent at l3_agent the message router_deleted on router 595d4a23-9313-43d4-a705-80d62d96d300 {{(pid=104559) _notification_fanout /opt/stack/neutron/neutron/api/rpc/agentnotifiers/l3_rpc_agent_api.py:114}}
Jul 05 10:01:31.369058 dv-neutron-848730-1-hyperv neutron-server[104561]: DEBUG neutron_lib.callbacks.manager [None req-33b61bd9-6d11-446d-9b7d-fc804e0c5ff2 None None] Publish callbacks ['neutron.services.segments.db._update_segment_host_mapping_for_agent-8751585440871', 'neutron.plugins.ml2.plugin.Ml2Plugin._retry_binding_revived_agents-1401059'] for agent (fb52dc88-18ff-4454-ac47-073eb0f92f45), after_update {{(pid=104561) _notify_loop /usr/local/lib/python3.8/dist-packages/neutron_lib/callbacks/manager.py:176}}
Jul 05 10:01:31.400479 dv-neutron-848730-1-hyperv neutron-server[104560]: DEBUG dbcounter [-] [104560] Writing DB stats neutron:SELECT=97,neutron:DELETE=2,neutron:UPDATE=1 {{(pid=104560) stat_writer /usr/local/lib/python3.8/dist-packages/dbcounter.py:114}}
Jul 05 10:01:31.425054 dv-neutron-848730-1-hyperv neutron-server[104559]: INFO neutron.api.v2.resource [None req-698bfb63-e524-42eb-9eea-191f259f3b74 tempest-RoutersAdminNegativeTest-585240723 tempest-RoutersAdminNegativeTest-585240723-project-admin] create failed (client error): There was a conflict when trying to complete your request.
Jul 05 10:01:31.428801 dv-neutron-848730-1-hyperv neutron-server[104559]: INFO neutron.wsgi [None req-698bfb63-e524-42eb-9eea-191f259f3b74 tempest-RoutersAdminNegativeTest-585240723 tempest-RoutersAdminNegativeTest-585240723-project-admin] 10.222.0.66 "POST /v2.0/routers HTTP/1.1" status: 409 len: 372 time: 2.2596989
Jul 05 10:01:31.436716 dv-neutron-848730-1-hyperv neutron-server[104559]: DEBUG neutron.wsgi [-] (104559) accepted ('10.222.0.66', 54654) {{(pid=104559) server /usr/local/lib/python3.8/dist-packages/eventlet/wsgi.py:1004}}
Jul 05 10:01:31.504377 dv-neutron-848730-1-hyperv neutron-server[104560]: DEBUG neutron_lib.callbacks.manager [None req-446a1c13-9cc3-4838-aaa9-aabaa8c4de51 tempest-RoutersAdminTest-460990583 tempest-RoutersAdminTest-460990583-project-admin] Publish callbacks ['neutron.services.l3_router.l3_router_plugin.L3_HA_NAT_db_mixin._release_router_vr_id-516924', 'neutron.services.l3_router.service_providers.driver_controller.DriverController._clear_router_provider-44701'] for router (4e36e685-ca57-4827-876a-d57d61ef94c2), precommit_delete {{(pid=104560) _notify_loop /usr/local/lib/python3.8/dist-packages/neutron_lib/callbacks/manager.py:176}}
Jul 05 10:01:31.507398 dv-neutron-848730-1-hyperv neutron-server[104560]: DEBUG neutron_lib.callbacks.manager [None req-446a1c13-9cc3-4838-aaa9-aabaa8c4de51 tempest-RoutersAdminTest-460990583 tempest-RoutersAdminTest-460990583-project-admin] Publish callbacks [] for router_controller (4e36e685-ca57-4827-876a-d57d61ef94c2), precommit_delete_associations {{(pid=104560) _notify_loop /usr/local/lib/python3.8/dist-packages/neutron_lib/callbacks/manager.py:176}}
Jul 05 10:01:31.518315 dv-neutron-848730-1-hyperv neutron-server[104559]: DEBUG neutron.pecan_wsgi.hooks.policy_enforcement [None req-aaa58c85-a4b2-4d10-92aa-2711dc6dd4a8 tempest-ExternalNetworksTestJSON-739014695 tempest-ExternalNetworksTestJSON-739014695-project] Attributes excluded by policy engine: ['standard_attr_id', 'vlan_transparent', 'provider:network_type', 'provider:physical_network', 'provider:segmentation_id'] {{(pid=104559) _exclude_attributes_by_policy /opt/stack/neutron/neutron/pecan_wsgi/hooks/policy_enforcement.py:259}}
Jul 05 10:01:31.523999 dv-neutron-848730-1-hyperv neutron-server[104559]: DEBUG neutron.pecan_wsgi.hooks.policy_enforcement [None req-aaa58c85-a4b2-4d10-92aa-2711dc6dd4a8 tempest-ExternalNetworksTestJSON-739014695 tempest-ExternalNetworksTestJSON-739014695-project] Attributes excluded by policy engine: ['standard_attr_id', 'vlan_transparent', 'provider:network_type', 'provider:physical_network', 'provider:segmentation_id'] {{(pid=104559) _exclude_attributes_by_policy /opt/stack/neutron/neutron/pecan_wsgi/hooks/policy_enforcement.py:259}}
Jul 05 10:01:31.529309 dv-neutron-848730-1-hyperv neutron-server[104559]: DEBUG neutron.pecan_wsgi.hooks.policy_enforcement [None req-aaa58c85-a4b2-4d10-92aa-2711dc6dd4a8 tempest-ExternalNetworksTestJSON-739014695 tempest-ExternalNetworksTestJSON-739014695-project] Attributes excluded by policy engine: ['standard_attr_id', 'vlan_transparent', 'provider:network_type', 'provider:physical_network', 'provider:segmentation_id'] {{(pid=104559) _exclude_attributes_by_policy /opt/stack/neutron/neutron/pecan_wsgi/hooks/policy_enforcement.py:259}}
Jul 05 10:01:31.534347 dv-neutron-848730-1-hyperv neutron-server[104559]: DEBUG neutron.pecan_wsgi.hooks.policy_enforcement [None req-aaa58c85-a4b2-4d10-92aa-2711dc6dd4a8 tempest-ExternalNetworksTestJSON-739014695 tempest-ExternalNetworksTestJSON-739014695-project] Attributes excluded by policy engine: ['standard_attr_id', 'vlan_transparent', 'provider:network_type', 'provider:physical_network', 'provider:segmentation_id'] {{(pid=104559) _exclude_attributes_by_policy /opt/stack/neutron/neutron/pecan_wsgi/hooks/policy_enforcement.py:259}}
Jul 05 10:01:31.540656 dv-neutron-848730-1-hyperv neutron-server[104559]: DEBUG neutron.pecan_wsgi.hooks.policy_enforcement [None req-aaa58c85-a4b2-4d10-92aa-2711dc6dd4a8 tempest-ExternalNetworksTestJSON-739014695 tempest-ExternalNetworksTestJSON-739014695-project] Attributes excluded by policy engine: ['standard_attr_id', 'vlan_transparent', 'provider:network_type', 'provider:physical_network', 'provider:segmentation_id'] {{(pid=104559) _exclude_attributes_by_policy /opt/stack/neutron/neutron/pecan_wsgi/hooks/policy_enforcement.py:259}}
Jul 05 10:01:31.543711 dv-neutron-848730-1-hyperv neutron-server[104560]: DEBUG dbcounter [-] [104560] Writing DB stats neutron:SELECT=96,neutron:DELETE=2,neutron:INSERT=1,neutron:UPDATE=1 {{(pid=104560) stat_writer /usr/local/lib/python3.8/dist-packages/dbcounter.py:114}}
Jul 05 10:01:31.544508 dv-neutron-848730-1-hyperv neutron-server[104560]: DEBUG neutron.wsgi [-] (104560) accepted ('10.222.0.66', 54660) {{(pid=104560) server /usr/local/lib/python3.8/dist-packages/eventlet/wsgi.py:1004}}
Jul 05 10:01:31.546202 dv-neutron-848730-1-hyperv neutron-server[104559]: DEBUG neutron.pecan_wsgi.hooks.policy_enforcement [None req-aaa58c85-a4b2-4d10-92aa-2711dc6dd4a8 tempest-ExternalNetworksTestJSON-739014695 tempest-ExternalNetworksTestJSON-739014695-project] Attributes excluded by policy engine: ['standard_attr_id', 'vlan_transparent', 'provider:network_type', 'provider:physical_network', 'provider:segmentation_id'] {{(pid=104559) _exclude_attributes_by_policy /opt/stack/neutron/neutron/pecan_wsgi/hooks/policy_enforcement.py:259}}
Jul 05 10:01:31.550980 dv-neutron-848730-1-hyperv neutron-server[104559]: INFO neutron.wsgi [None req-aaa58c85-a4b2-4d10-92aa-2711dc6dd4a8 tempest-ExternalNetworksTestJSON-739014695 tempest-ExternalNetworksTestJSON-739014695-project] 10.222.0.66 "GET /v2.0/networks HTTP/1.1" status: 200 len: 3664 time: 0.6254394
Jul 05 10:01:31.553423 dv-neutron-848730-1-hyperv neutron-server[104559]: DEBUG neutron.wsgi [-] (104559) accepted ('10.222.0.66', 54662) {{(pid=104559) server /usr/local/lib/python3.8/dist-packages/eventlet/wsgi.py:1004}}
Jul 05 10:01:31.672173 dv-neutron-848730-1-hyperv neutron-server[104560]: INFO neutron.wsgi [req-92f31790-09c6-4b8c-b16c-9f9294ab5139 req-74eab10f-76ed-4506-a5e9-5845f3e5f72e service neutron] 10.222.0.66 "GET /v2.0/networks/7c4f9af5-8118-4893-8181-3b3b63beb954?fields=provider%3Aphysical_network&fields=provider%3Anetwork_type HTTP/1.1" status: 200 len: 281 time: 0.6188009
Jul 05 10:01:31.674355 dv-neutron-848730-1-hyperv neutron-server[104559]: DEBUG neutron.plugins.ml2.plugin [None req-57a8f8eb-1296-4773-83eb-2b8981c961d5 tempest-RoutersAdminNegativeTest-585240723 tempest-RoutersAdminNegativeTest-585240723-project-admin] Deleting port 82d17790-b01a-41aa-8bd4-8063f117c214 {{(pid=104559) _pre_delete_port /opt/stack/neutron/neutron/plugins/ml2/plugin.py:2037}}
Jul 05 10:01:31.674497 dv-neutron-848730-1-hyperv neutron-server[104559]: DEBUG neutron_lib.callbacks.manager [None req-57a8f8eb-1296-4773-83eb-2b8981c961d5 tempest-RoutersAdminNegativeTest-585240723 tempest-RoutersAdminNegativeTest-585240723-project-admin] Publish callbacks ['neutron.db.l3_db.L3_NAT_dbonly_mixin._prevent_l3_port_delete_callback-8751585678376'] for port (82d17790-b01a-41aa-8bd4-8063f117c214), before_delete {{(pid=104559) _notify_loop /usr/local/lib/python3.8/dist-packages/neutron_lib/callbacks/manager.py:176}}
Jul 05 10:01:31.677481 dv-neutron-848730-1-hyperv neutron-server[104559]: DEBUG neutron_lib.callbacks.manager [None req-a1c472be-472b-4fb9-ac8f-47e4eff2c565 tempest-PortsAdminExtendedAttrsIpV6TestJSON-2041879305 tempest-PortsAdminExtendedAttrsIpV6TestJSON-2041879305-project-admin] Publish callbacks [] for security_group (d3bcb50c-6e24-49a7-88a6-6ceeb1af9d15), precommit_create {{(pid=104559) _notify_loop /usr/local/lib/python3.8/dist-packages/neutron_lib/callbacks/manager.py:176}}
Jul 05 10:01:31.677586 dv-neutron-848730-1-hyperv neutron-server[104560]: DEBUG neutron_lib.callbacks.manager [None req-446a1c13-9cc3-4838-aaa9-aabaa8c4de51 tempest-RoutersAdminTest-460990583 tempest-RoutersAdminTest-460990583-project-admin] Publish callbacks ['neutron.services.l3_router.l3_router_plugin.L3_HA_NAT_db_mixin._cleanup_ha_network_handler-516907'] for router (4e36e685-ca57-4827-876a-d57d61ef94c2), after_delete {{(pid=104560) _notify_loop /usr/local/lib/python3.8/dist-packages/neutron_lib/callbacks/manager.py:176}}
Jul 05 10:01:31.678191 dv-neutron-848730-1-hyperv neutron-server[104560]: DEBUG neutron.api.rpc.agentnotifiers.l3_rpc_agent_api [None req-446a1c13-9cc3-4838-aaa9-aabaa8c4de51 tempest-RoutersAdminTest-460990583 tempest-RoutersAdminTest-460990583-project-admin] Fanout notify agent at l3_agent the message router_deleted on router 4e36e685-ca57-4827-876a-d57d61ef94c2 {{(pid=104560) _notification_fanout /opt/stack/neutron/neutron/api/rpc/agentnotifiers/l3_rpc_agent_api.py:114}}
Jul 05 10:01:31.687932 dv-neutron-848730-1-hyperv neutron-server[104560]: DEBUG neutron_lib.callbacks.manager [None req-446a1c13-9cc3-4838-aaa9-aabaa8c4de51 tempest-RoutersAdminTest-460990583 tempest-RoutersAdminTest-460990583-project-admin] Publish callbacks [] for router (None), before_response {{(pid=104560) _notify_loop /usr/local/lib/python3.8/dist-packages/neutron_lib/callbacks/manager.py:176}}
Jul 05 10:01:31.691788 dv-neutron-848730-1-hyperv neutron-server[104560]: INFO neutron.wsgi [None req-446a1c13-9cc3-4838-aaa9-aabaa8c4de51 tempest-RoutersAdminTest-460990583 tempest-RoutersAdminTest-460990583-project-admin] 10.222.0.66 "DELETE /v2.0/routers/4e36e685-ca57-4827-876a-d57d61ef94c2 HTTP/1.1" status: 204 len: 168 time: 5.7119427
Jul 05 10:01:31.694201 dv-neutron-848730-1-hyperv neutron-server[104559]: DEBUG neutron.wsgi [-] (104559) accepted ('10.222.0.66', 54664) {{(pid=104559) server /usr/local/lib/python3.8/dist-packages/eventlet/wsgi.py:1004}}
Jul 05 10:01:31.701652 dv-neutron-848730-1-hyperv neutron-server[104559]: DEBUG neutron_lib.callbacks.manager [None req-a1c472be-472b-4fb9-ac8f-47e4eff2c565 tempest-PortsAdminExtendedAttrsIpV6TestJSON-2041879305 tempest-PortsAdminExtendedAttrsIpV6TestJSON-2041879305-project-admin] Publish callbacks ['neutron.plugins.ml2.ovo_rpc._ObjectChangeHandler.handle_event-388583'] for security_group (d3bcb50c-6e24-49a7-88a6-6ceeb1af9d15), after_create {{(pid=104559) _notify_loop /usr/local/lib/python3.8/dist-packages/neutron_lib/callbacks/manager.py:176}}
Jul 05 10:01:31.705891 dv-neutron-848730-1-hyperv neutron-server[104559]: DEBUG neutron.notifiers.nova [None req-a1c472be-472b-4fb9-ac8f-47e4eff2c565 tempest-PortsAdminExtendedAttrsIpV6TestJSON-2041879305 tempest-PortsAdminExtendedAttrsIpV6TestJSON-2041879305-project-admin] device_id is not set on port 712075f7-0ca6-40fc-8261-6f4b4d423434 yet. {{(pid=104559) _can_notify /opt/stack/neutron/neutron/notifiers/nova.py:199}}
Jul 05 10:01:31.706114 dv-neutron-848730-1-hyperv neutron-server[104560]: DEBUG neutron_lib.callbacks.manager [None req-ab477801-1b20-48e2-8999-f890d1d81bf3 tempest-RoutersIpV6AdminTest-1264649710 tempest-RoutersIpV6AdminTest-1264649710-project-admin] Publish callbacks [] for router_gateway (59a7e1f1-a822-419a-a834-c612dc851aef), before_create {{(pid=104560) _notify_loop /usr/local/lib/python3.8/dist-packages/neutron_lib/callbacks/manager.py:176}}
Jul 05 10:01:31.769529 dv-neutron-848730-1-hyperv neutron-server[104560]: DEBUG neutron_lib.callbacks.manager [None req-ab477801-1b20-48e2-8999-f890d1d81bf3 tempest-RoutersIpV6AdminTest-1264649710 tempest-RoutersIpV6AdminTest-1264649710-project-admin] Publish callbacks ['neutron.plugins.ml2.plugin.SecurityGroupDbMixin._ensure_default_security_group_handler-1541361'] for port (None), before_create {{(pid=104560) _notify_loop /usr/local/lib/python3.8/dist-packages/neutron_lib/callbacks/manager.py:176}}
Jul 05 10:01:31.790088 dv-neutron-848730-1-hyperv neutron-server[104560]: INFO neutron.wsgi [req-b5c741d1-8d9b-4365-9996-fc6e30bc092b req-d00b0051-b5b5-4858-9d49-08972c62b925 tempest-ServersTestJSON-1667848127 tempest-ServersTestJSON-1667848127-project] 10.222.0.66 "GET /v2.0/security-groups?name=tempest-securitygroup--1790183008&fields=id&tenant_id=946bf7e5d9bb4fe191b887e1dad34af7 HTTP/1.1" status: 200 len: 267 time: 0.2118559
Jul 05 10:01:31.834727 dv-neutron-848730-1-hyperv neutron-server[104559]: DEBUG dbcounter [-] [104559] Writing DB stats neutron:SELECT=84,neutron:DELETE=4,neutron:UPDATE=3,neutron:INSERT=9 {{(pid=104559) stat_writer /usr/local/lib/python3.8/dist-packages/dbcounter.py:114}}
Jul 05 10:01:31.835337 dv-neutron-848730-1-hyperv neutron-server[104559]: DEBUG dbcounter [-] [104559] Writing DB stats neutron:SELECT=78,neutron:INSERT=13,neutron:UPDATE=5,neutron:DELETE=4 {{(pid=104559) stat_writer /usr/local/lib/python3.8/dist-packages/dbcounter.py:114}}
Jul 05 10:01:31.876995 dv-neutron-848730-1-hyperv neutron-server[104560]: DEBUG neutron.api.rpc.agentnotifiers.l3_rpc_agent_api [None req-119f92c4-042e-46df-b53e-afdab5b833c7 tempest-FloatingIPAdminTestJSON-1807989082 tempest-FloatingIPAdminTestJSON-1807989082-project] Notify agent at l3_agent.dv-neutron-848730-1-hyperv the message routers_updated {{(pid=104560) _agent_notification /opt/stack/neutron/neutron/api/rpc/agentnotifiers/l3_rpc_agent_api.py:65}}
Jul 05 10:01:31.879588 dv-neutron-848730-1-hyperv neutron-server[104559]: DEBUG neutron_lib.callbacks.manager [None req-af519024-bd7a-41de-975b-d3206d0a0f5f tempest-ExternalNetworksTestJSON-2022317796 tempest-ExternalNetworksTestJSON-2022317796-project-admin] Publish callbacks ['neutron.plugins.ml2.plugin.External_net_db_mixin._before_network_delete_handler-1310902'] for network (23ac0322-20b2-4f26-8c6a-79fe358a0671), before_delete {{(pid=104559) _notify_loop /usr/local/lib/python3.8/dist-packages/neutron_lib/callbacks/manager.py:176}}
Jul 05 10:01:31.909674 dv-neutron-848730-1-hyperv neutron-server[104561]: DEBUG neutron.api.rpc.handlers.l3_rpc [None req-35c503ce-2fe3-4c53-9a1a-b85278a6f807 None None] Sync routers for ids ['ec857cf9-bc2a-463d-8b88-a8b650af5bf6'] in dv-neutron-848730-1-hyperv {{(pid=104561) sync_routers /opt/stack/neutron/neutron/api/rpc/handlers/l3_rpc.py:125}}
Jul 05 10:01:31.935400 dv-neutron-848730-1-hyperv neutron-server[104561]: DEBUG neutron.db.l3_dvrscheduler_db [None req-35c503ce-2fe3-4c53-9a1a-b85278a6f807 None None] Routers {'ec857cf9-bc2a-463d-8b88-a8b650af5bf6'} bound to L3 agent in host dv-neutron-848730-1-hyperv {{(pid=104561) _get_router_ids_for_agent /opt/stack/neutron/neutron/db/l3_dvrscheduler_db.py:426}}
Jul 05 10:01:31.935737 dv-neutron-848730-1-hyperv neutron-server[104561]: DEBUG neutron.db.l3_hamode_db [None req-35c503ce-2fe3-4c53-9a1a-b85278a6f807 None None] neutron.services.l3_router.l3_router_plugin.L3RouterPlugin method get_ha_sync_data_for_host called with arguments (, 'dv-neutron-848730-1-hyperv', Agent(admin_state_up=True,agent_type='L3 agent',availability_zone='nova',binary='neutron-l3-agent',configurations={"agent_mode": "legacy", "ex_gw_ports": 3, "extensions": [], "floating_ips": 0, "handle_internal_only_routers": true, "interface_driver": "openvswitch", "interfaces": 2, "log_agent_heartbeats": false, "routers": 3},created_at=2022-07-05T09:53:54Z,description=,heartbeat_timestamp=2022-07-05T10:01:24Z,host='dv-neutron-848730-1-hyperv',id=a9d962cf-e55c-4970-944a-4e676b0371c0,load=0,resource_versions=,resources_synced=,started_at=2022-07-05T09:53:54Z,topic='l3_agent')) {'router_ids': ['ec857cf9-bc2a-463d-8b88-a8b650af5bf6'], 'active': True} {{(pid=104561) wrapper /usr/local/lib/python3.8/dist-packages/oslo_log/helpers.py:65}}
Jul 05 10:01:31.977165 dv-neutron-848730-1-hyperv neutron-server[104561]: DEBUG neutron.db.l3_hamode_db [None req-35c503ce-2fe3-4c53-9a1a-b85278a6f807 None None] neutron.services.l3_router.l3_router_plugin.L3RouterPlugin method _process_sync_ha_data called with arguments (, [], 'dv-neutron-848730-1-hyperv', False) {} {{(pid=104561) wrapper /usr/local/lib/python3.8/dist-packages/oslo_log/helpers.py:65}}
Jul 05 10:01:31.988602 dv-neutron-848730-1-hyperv neutron-server[104561]: DEBUG neutron.db.l3_dvrscheduler_db [None req-35c503ce-2fe3-4c53-9a1a-b85278a6f807 None None] Routers {'ec857cf9-bc2a-463d-8b88-a8b650af5bf6'} bound to L3 agent in host dv-neutron-848730-1-hyperv {{(pid=104561) _get_router_ids_for_agent /opt/stack/neutron/neutron/db/l3_dvrscheduler_db.py:426}}
Jul 05 10:01:31.989750 dv-neutron-848730-1-hyperv neutron-server[104561]: DEBUG neutron.db.l3_hamode_db [None req-35c503ce-2fe3-4c53-9a1a-b85278a6f807 None None] neutron.services.l3_router.l3_router_plugin.L3RouterPlugin method get_ha_sync_data_for_host called with arguments (, 'dv-neutron-848730-1-hyperv', Agent(admin_state_up=True,agent_type='L3 agent',availability_zone='nova',binary='neutron-l3-agent',configurations={"agent_mode": "legacy", "ex_gw_ports": 3, "extensions": [], "floating_ips": 0, "handle_internal_only_routers": true, "interface_driver": "openvswitch", "interfaces": 2, "log_agent_heartbeats": false, "routers": 3},created_at=2022-07-05T09:53:54Z,description=,heartbeat_timestamp=2022-07-05T10:01:24Z,host='dv-neutron-848730-1-hyperv',id=a9d962cf-e55c-4970-944a-4e676b0371c0,load=0,resource_versions=,resources_synced=,started_at=2022-07-05T09:53:54Z,topic='l3_agent')) {'router_ids': ['ec857cf9-bc2a-463d-8b88-a8b650af5bf6'], 'active': True} {{(pid=104561) wrapper /usr/local/lib/python3.8/dist-packages/oslo_log/helpers.py:65}}
Jul 05 10:01:32.046775 dv-neutron-848730-1-hyperv neutron-server[104559]: DEBUG neutron.api.rpc.handlers.resources_rpc [None req-a1c472be-472b-4fb9-ac8f-47e4eff2c565 tempest-PortsAdminExtendedAttrsIpV6TestJSON-2041879305 tempest-PortsAdminExtendedAttrsIpV6TestJSON-2041879305-project-admin] Pushing event updated for resources: {'SecurityGroup': ['ID=d3bcb50c-6e24-49a7-88a6-6ceeb1af9d15,revision_number=1']} {{(pid=104559) push /opt/stack/neutron/neutron/api/rpc/handlers/resources_rpc.py:237}}
Jul 05 10:01:32.048667 dv-neutron-848730-1-hyperv neutron-server[104561]: DEBUG neutron.db.l3_hamode_db [None req-35c503ce-2fe3-4c53-9a1a-b85278a6f807 None None] neutron.services.l3_router.l3_router_plugin.L3RouterPlugin method _process_sync_ha_data called with arguments (, [], 'dv-neutron-848730-1-hyperv', False) {} {{(pid=104561) wrapper /usr/local/lib/python3.8/dist-packages/oslo_log/helpers.py:65}}
Jul 05 10:01:32.050425 dv-neutron-848730-1-hyperv neutron-server[104561]: DEBUG neutron.api.rpc.handlers.l3_rpc [None req-35c503ce-2fe3-4c53-9a1a-b85278a6f807 None None] The sync data for ids ['ec857cf9-bc2a-463d-8b88-a8b650af5bf6'] in dv-neutron-848730-1-hyperv is: [] {{(pid=104561) sync_routers /opt/stack/neutron/neutron/api/rpc/handlers/l3_rpc.py:137}}
Jul 05 10:01:32.064924 dv-neutron-848730-1-hyperv neutron-server[104559]: DEBUG neutron.db.db_base_plugin_v2 [None req-1b70e103-86d7-4c16-bbdd-24e4ea133bfd tempest-RoutersAdminTest-460990583 tempest-RoutersAdminTest-460990583-project-admin] Deleting subnet b522f51f-2a2f-4678-890a-65b4217f01c9 {{(pid=104559) delete_subnet /opt/stack/neutron/neutron/db/db_base_plugin_v2.py:1067}}
Jul 05 10:01:32.091493 dv-neutron-848730-1-hyperv neutron-server[104559]: DEBUG neutron_lib.callbacks.manager [None req-1b70e103-86d7-4c16-bbdd-24e4ea133bfd tempest-RoutersAdminTest-460990583 tempest-RoutersAdminTest-460990583-project-admin] Publish callbacks [] for subnet (b522f51f-2a2f-4678-890a-65b4217f01c9), before_delete {{(pid=104559) _notify_loop /usr/local/lib/python3.8/dist-packages/neutron_lib/callbacks/manager.py:176}}
Jul 05 10:01:32.093873 dv-neutron-848730-1-hyperv neutron-server[104560]: INFO neutron.wsgi [req-f8204d04-2c49-47f8-bb3b-8a10dc0abe98 req-05b78c29-160c-4198-a1ff-853ecf4eb36f tempest-ServerActionsTestJSON-2029207464 tempest-ServerActionsTestJSON-2029207464-project] 10.222.0.66 "GET /v2.0/ports?device_id=df3d9a49-c1b6-49bb-a45d-552242febace HTTP/1.1" status: 200 len: 210 time: 0.1500263
Jul 05 10:01:32.101918 dv-neutron-848730-1-hyperv neutron-server[104560]: DEBUG neutron_lib.callbacks.manager [None req-119f92c4-042e-46df-b53e-afdab5b833c7 tempest-FloatingIPAdminTestJSON-1807989082 tempest-FloatingIPAdminTestJSON-1807989082-project] Publish callbacks [] for router (None), before_response {{(pid=104560) _notify_loop /usr/local/lib/python3.8/dist-packages/neutron_lib/callbacks/manager.py:176}}
Jul 05 10:01:32.105733 dv-neutron-848730-1-hyperv neutron-server[104560]: INFO neutron.wsgi [None req-119f92c4-042e-46df-b53e-afdab5b833c7 tempest-FloatingIPAdminTestJSON-1807989082 tempest-FloatingIPAdminTestJSON-1807989082-project] 10.222.0.66 "POST /v2.0/routers HTTP/1.1" status: 201 len: 890 time: 8.5816801
Jul 05 10:01:32.105865 dv-neutron-848730-1-hyperv neutron-server[104560]: DEBUG neutron.wsgi [-] (104560) accepted ('10.222.0.66', 54682) {{(pid=104560) server /usr/local/lib/python3.8/dist-packages/eventlet/wsgi.py:1004}}
Jul 05 10:01:32.119135 dv-neutron-848730-1-hyperv neutron-server[104560]: DEBUG neutron.pecan_wsgi.hooks.policy_enforcement [req-b5c741d1-8d9b-4365-9996-fc6e30bc092b req-5c993572-d3b5-41be-afbb-a37457e24b04 tempest-ServersTestJSON-1667848127 tempest-ServersTestJSON-1667848127-project] Attributes excluded by policy engine: ['standard_attr_id', 'vlan_transparent', 'provider:network_type', 'provider:physical_network', 'provider:segmentation_id'] {{(pid=104560) _exclude_attributes_by_policy /opt/stack/neutron/neutron/pecan_wsgi/hooks/policy_enforcement.py:259}}
Jul 05 10:01:32.132698 dv-neutron-848730-1-hyperv neutron-server[104560]: INFO neutron.wsgi [req-b5c741d1-8d9b-4365-9996-fc6e30bc092b req-5c993572-d3b5-41be-afbb-a37457e24b04 tempest-ServersTestJSON-1667848127 tempest-ServersTestJSON-1667848127-project] 10.222.0.66 "GET /v2.0/networks?id=dbac6048-7b03-4606-89e5-593242991fd6 HTTP/1.1" status: 200 len: 805 time: 0.3348875
Jul 05 10:01:32.171890 dv-neutron-848730-1-hyperv neutron-server[104559]: DEBUG neutron_lib.callbacks.manager [None req-57a8f8eb-1296-4773-83eb-2b8981c961d5 tempest-RoutersAdminNegativeTest-585240723 tempest-RoutersAdminNegativeTest-585240723-project-admin] Publish callbacks ['neutron.services.l3_router.l3_router_plugin.L3_NAT_dbonly_mixin._precommit_delete_port_callback-521075'] for port (82d17790-b01a-41aa-8bd4-8063f117c214), precommit_delete {{(pid=104559) _notify_loop /usr/local/lib/python3.8/dist-packages/neutron_lib/callbacks/manager.py:176}}
Jul 05 10:01:32.193318 dv-neutron-848730-1-hyperv neutron-server[104560]: INFO neutron.wsgi [req-b5c741d1-8d9b-4365-9996-fc6e30bc092b req-a98b163b-12c5-4be3-a313-880167550e05 tempest-ServersTestJSON-1667848127 tempest-ServersTestJSON-1667848127-project] 10.222.0.66 "GET /v2.0/quotas/946bf7e5d9bb4fe191b887e1dad34af7 HTTP/1.1" status: 200 len: 375 time: 0.0667398
Jul 05 10:01:32.205236 dv-neutron-848730-1-hyperv neutron-server[104559]: DEBUG neutron.notifiers.nova [None req-a1c472be-472b-4fb9-ac8f-47e4eff2c565 tempest-PortsAdminExtendedAttrsIpV6TestJSON-2041879305 tempest-PortsAdminExtendedAttrsIpV6TestJSON-2041879305-project-admin] device_id is not set on port 712075f7-0ca6-40fc-8261-6f4b4d423434 yet. {{(pid=104559) _can_notify /opt/stack/neutron/neutron/notifiers/nova.py:199}}
Jul 05 10:01:32.213462 dv-neutron-848730-1-hyperv neutron-server[104559]: DEBUG neutron.plugins.ml2.plugin [None req-57a8f8eb-1296-4773-83eb-2b8981c961d5 tempest-RoutersAdminNegativeTest-585240723 tempest-RoutersAdminNegativeTest-585240723-project-admin] Calling delete_port for 82d17790-b01a-41aa-8bd4-8063f117c214 owned by {{(pid=104559) delete_port /opt/stack/neutron/neutron/plugins/ml2/plugin.py:2116}}
Jul 05 10:01:32.217806 dv-neutron-848730-1-hyperv neutron-server[104559]: DEBUG neutron_lib.callbacks.manager [None req-1b70e103-86d7-4c16-bbdd-24e4ea133bfd tempest-RoutersAdminTest-460990583 tempest-RoutersAdminTest-460990583-project-admin] Publish callbacks ['neutron.services.segments.plugin.Plugin._validate_auto_address_subnet_delete-2545122'] for subnet (b522f51f-2a2f-4678-890a-65b4217f01c9), precommit_delete_associations {{(pid=104559) _notify_loop /usr/local/lib/python3.8/dist-packages/neutron_lib/callbacks/manager.py:176}}
Jul 05 10:01:32.246648 dv-neutron-848730-1-hyperv neutron-server[104559]: DEBUG neutron_lib.callbacks.manager [None req-af519024-bd7a-41de-975b-d3206d0a0f5f tempest-ExternalNetworksTestJSON-2022317796 tempest-ExternalNetworksTestJSON-2022317796-project-admin] Publish callbacks ['neutron.plugins.ml2.plugin.Ml2Plugin._network_delete_precommit_handler-1482022', 'neutron.services.segments.db._delete_segments_for_network-8751585440889'] for network (23ac0322-20b2-4f26-8c6a-79fe358a0671), precommit_delete {{(pid=104559) _notify_loop /usr/local/lib/python3.8/dist-packages/neutron_lib/callbacks/manager.py:176}}
Jul 05 10:01:32.284474 dv-neutron-848730-1-hyperv neutron-server[104559]: DEBUG neutron_lib.callbacks.manager [None req-a1c472be-472b-4fb9-ac8f-47e4eff2c565 tempest-PortsAdminExtendedAttrsIpV6TestJSON-2041879305 tempest-PortsAdminExtendedAttrsIpV6TestJSON-2041879305-project-admin] Publish callbacks [] for port (712075f7-0ca6-40fc-8261-6f4b4d423434), precommit_create {{(pid=104559) _notify_loop /usr/local/lib/python3.8/dist-packages/neutron_lib/callbacks/manager.py:176}}
Jul 05 10:01:32.306695 dv-neutron-848730-1-hyperv neutron-server[104560]: INFO neutron.wsgi [req-b5c741d1-8d9b-4365-9996-fc6e30bc092b req-817a740c-33fb-4ad5-9c42-c8dadcb8795d tempest-ServersTestJSON-1667848127 tempest-ServersTestJSON-1667848127-project] 10.222.0.66 "GET /v2.0/ports?tenant_id=946bf7e5d9bb4fe191b887e1dad34af7&fields=id HTTP/1.1" status: 200 len: 302 time: 0.1125085
Jul 05 10:01:32.312445 dv-neutron-848730-1-hyperv neutron-server[104559]: DEBUG neutron_lib.callbacks.manager [None req-a1c472be-472b-4fb9-ac8f-47e4eff2c565 tempest-PortsAdminExtendedAttrsIpV6TestJSON-2041879305 tempest-PortsAdminExtendedAttrsIpV6TestJSON-2041879305-project-admin] Publish callbacks ['neutron.plugins.ml2.plugin.SecurityGroupServerNotifierRpcMixin._notify_sg_on_port_change-1541428', 'neutron.plugins.ml2.ovo_rpc._ObjectChangeHandler.handle_event-201758', 'neutron.api.rpc.agentnotifiers.dhcp_rpc_agent_api.DhcpAgentNotifyAPI._native_event_send_dhcp_notification-530236', 'neutron.db.l3_dvrscheduler_db._notify_l3_agent_new_port-8751585123449', 'neutron.services.segments.plugin.NovaSegmentNotifier._notify_port_created_or_deleted-26444970'] for port (712075f7-0ca6-40fc-8261-6f4b4d423434), after_create {{(pid=104559) _notify_loop /usr/local/lib/python3.8/dist-packages/neutron_lib/callbacks/manager.py:176}}
Jul 05 10:01:32.317779 dv-neutron-848730-1-hyperv neutron-server[104559]: DEBUG neutron.services.segments.db [None req-af519024-bd7a-41de-975b-d3206d0a0f5f tempest-ExternalNetworksTestJSON-2022317796 tempest-ExternalNetworksTestJSON-2022317796-project-admin] neutron.services.segments.plugin.Plugin method get_segments called with arguments (,) {'filters': {'network_id': ['23ac0322-20b2-4f26-8c6a-79fe358a0671']}} {{(pid=104559) wrapper /usr/local/lib/python3.8/dist-packages/oslo_log/helpers.py:65}}
Jul 05 10:01:32.325164 dv-neutron-848730-1-hyperv neutron-server[104560]: DEBUG neutron.db.db_base_plugin_common [None req-ab477801-1b20-48e2-8999-f890d1d81bf3 tempest-RoutersIpV6AdminTest-1264649710 tempest-RoutersIpV6AdminTest-1264649710-project-admin] Allocated IP 2001:db8::1a3 (bd8333ef-fe26-4512-8d5e-1a6ce181908d/7b05f310-1b90-4e60-88ea-d340c32f35bf/84a48528-7b9d-430e-9324-0d1e1683f01e) {{(pid=104560) _store_ip_allocation /opt/stack/neutron/neutron/db/db_base_plugin_common.py:131}}
Jul 05 10:01:32.355429 dv-neutron-848730-1-hyperv neutron-server[104560]: DEBUG dbcounter [-] [104560] Writing DB stats neutron:SELECT=91,neutron:DELETE=4,neutron:INSERT=3,neutron:UPDATE=2 {{(pid=104560) stat_writer /usr/local/lib/python3.8/dist-packages/dbcounter.py:114}}
Jul 05 10:01:32.373610 dv-neutron-848730-1-hyperv neutron-server[104559]: DEBUG neutron.services.segments.db [None req-af519024-bd7a-41de-975b-d3206d0a0f5f tempest-ExternalNetworksTestJSON-2022317796 tempest-ExternalNetworksTestJSON-2022317796-project-admin] neutron.services.segments.plugin.Plugin method delete_segment called with arguments (, 'ddddae71-d239-490f-b384-d169a092a12d') {'for_net_delete': True} {{(pid=104559) wrapper /usr/local/lib/python3.8/dist-packages/oslo_log/helpers.py:65}}
Jul 05 10:01:32.373908 dv-neutron-848730-1-hyperv neutron-server[104559]: DEBUG neutron.services.segments.db [None req-af519024-bd7a-41de-975b-d3206d0a0f5f tempest-ExternalNetworksTestJSON-2022317796 tempest-ExternalNetworksTestJSON-2022317796-project-admin] neutron.services.segments.plugin.Plugin method get_segment called with arguments (, 'ddddae71-d239-490f-b384-d169a092a12d') {} {{(pid=104559) wrapper /usr/local/lib/python3.8/dist-packages/oslo_log/helpers.py:65}}
Jul 05 10:01:32.418075 dv-neutron-848730-1-hyperv neutron-server[104559]: DEBUG dbcounter [-] [104559] Writing DB stats neutron:SELECT=96,neutron:INSERT=2,neutron:UPDATE=2 {{(pid=104559) stat_writer /usr/local/lib/python3.8/dist-packages/dbcounter.py:114}}
Jul 05 10:01:32.422329 dv-neutron-848730-1-hyperv neutron-server[104559]: DEBUG neutron_lib.callbacks.manager [None req-af519024-bd7a-41de-975b-d3206d0a0f5f tempest-ExternalNetworksTestJSON-2022317796 tempest-ExternalNetworksTestJSON-2022317796-project-admin] Publish callbacks ['neutron.plugins.ml2.db._prevent_segment_delete_with_port_bound-8751585442178', 'neutron.services.segments.plugin.Plugin._prevent_segment_delete_with_subnet_associated-2545129'] for segment (ddddae71-d239-490f-b384-d169a092a12d), before_delete {{(pid=104559) _notify_loop /usr/local/lib/python3.8/dist-packages/neutron_lib/callbacks/manager.py:176}}
Jul 05 10:01:32.440538 dv-neutron-848730-1-hyperv neutron-server[104559]: DEBUG neutron_lib.callbacks.manager [None req-1b70e103-86d7-4c16-bbdd-24e4ea133bfd tempest-RoutersAdminTest-460990583 tempest-RoutersAdminTest-460990583-project-admin] Publish callbacks ['neutron.plugins.ml2.plugin.Ml2Plugin._subnet_delete_precommit_handler-1401292'] for subnet (b522f51f-2a2f-4678-890a-65b4217f01c9), precommit_delete {{(pid=104559) _notify_loop /usr/local/lib/python3.8/dist-packages/neutron_lib/callbacks/manager.py:176}}
Jul 05 10:01:32.480484 dv-neutron-848730-1-hyperv neutron-server[104559]: DEBUG neutron_lib.callbacks.manager [None req-af519024-bd7a-41de-975b-d3206d0a0f5f tempest-ExternalNetworksTestJSON-2022317796 tempest-ExternalNetworksTestJSON-2022317796-project-admin] Publish callbacks ['neutron.plugins.ml2.plugin.Ml2Plugin._handle_segment_change-1480391'] for segment (ddddae71-d239-490f-b384-d169a092a12d), precommit_delete {{(pid=104559) _notify_loop /usr/local/lib/python3.8/dist-packages/neutron_lib/callbacks/manager.py:176}}
Jul 05 10:01:32.517552 dv-neutron-848730-1-hyperv neutron-server[104559]: DEBUG neutron.plugins.ml2.drivers.type_vlan [None req-af519024-bd7a-41de-975b-d3206d0a0f5f tempest-ExternalNetworksTestJSON-2022317796 tempest-ExternalNetworksTestJSON-2022317796-project-admin] Releasing vlan 112 on physical network physnet1 to pool {{(pid=104559) release_segment /opt/stack/neutron/neutron/plugins/ml2/drivers/type_vlan.py:304}}
Jul 05 10:01:32.518756 dv-neutron-848730-1-hyperv neutron-server[104559]: DEBUG neutron_lib.callbacks.manager [None req-af519024-bd7a-41de-975b-d3206d0a0f5f tempest-ExternalNetworksTestJSON-2022317796 tempest-ExternalNetworksTestJSON-2022317796-project-admin] Publish callbacks ['neutron.plugins.ml2.plugin.Ml2Plugin._handle_segment_change-1480391', 'neutron.services.segments.plugin.NovaSegmentNotifier._notify_segment_deleted-26444935'] for segment (ddddae71-d239-490f-b384-d169a092a12d), after_delete {{(pid=104559) _notify_loop /usr/local/lib/python3.8/dist-packages/neutron_lib/callbacks/manager.py:176}}
Jul 05 10:01:32.527797 dv-neutron-848730-1-hyperv neutron-server[104559]: DEBUG neutron.api.rpc.handlers.resources_rpc [None req-a1c472be-472b-4fb9-ac8f-47e4eff2c565 tempest-PortsAdminExtendedAttrsIpV6TestJSON-2041879305 tempest-PortsAdminExtendedAttrsIpV6TestJSON-2041879305-project-admin] Pushing event updated for resources: {'Port': ['ID=712075f7-0ca6-40fc-8261-6f4b4d423434,revision_number=1']} {{(pid=104559) push /opt/stack/neutron/neutron/api/rpc/handlers/resources_rpc.py:237}}
Jul 05 10:01:32.573052 dv-neutron-848730-1-hyperv neutron-server[104560]: DEBUG neutron_lib.callbacks.manager [None req-ab477801-1b20-48e2-8999-f890d1d81bf3 tempest-RoutersIpV6AdminTest-1264649710 tempest-RoutersIpV6AdminTest-1264649710-project-admin] Publish callbacks [] for port (84a48528-7b9d-430e-9324-0d1e1683f01e), precommit_create {{(pid=104560) _notify_loop /usr/local/lib/python3.8/dist-packages/neutron_lib/callbacks/manager.py:176}}
Jul 05 10:01:32.579611 dv-neutron-848730-1-hyperv neutron-server[104560]: DEBUG neutron.wsgi [req-b5c741d1-8d9b-4365-9996-fc6e30bc092b req-bb24948e-af3d-4758-99de-e3ab053c2681 service neutron] http://10.222.0.66:9696/v2.0/extensions returned with HTTP 200 {{(pid=104560) __call__ /opt/stack/neutron/neutron/wsgi.py:730}}
Jul 05 10:01:32.587308 dv-neutron-848730-1-hyperv neutron-server[104560]: INFO neutron.wsgi [req-b5c741d1-8d9b-4365-9996-fc6e30bc092b req-bb24948e-af3d-4758-99de-e3ab053c2681 service neutron] 10.222.0.66 "GET /v2.0/extensions HTTP/1.1" status: 200 len: 14320 time: 0.1318712
Jul 05 10:01:32.592901 dv-neutron-848730-1-hyperv neutron-server[104559]: INFO neutron.services.segments.plugin [-] Segment ddddae71-d239-490f-b384-d169a092a12d resource provider aggregate not found
Jul 05 10:01:32.608955 dv-neutron-848730-1-hyperv neutron-server[104559]: DEBUG neutron_lib.callbacks.manager [None req-1b70e103-86d7-4c16-bbdd-24e4ea133bfd tempest-RoutersAdminTest-460990583 tempest-RoutersAdminTest-460990583-project-admin] Publish callbacks ['neutron.plugins.ml2.plugin.Ml2Plugin._subnet_delete_after_delete_handler-1401287', 'neutron.plugins.ml2.ovo_rpc._ObjectChangeHandler.handle_event-243529', 'neutron.api.rpc.agentnotifiers.dhcp_rpc_agent_api.DhcpAgentNotifyAPI._native_event_send_dhcp_notification-530236', 'neutron.services.segments.plugin.NovaSegmentNotifier._notify_subnet_deleted-26444925', 'neutron.services.segments.plugin.SegmentHostRoutes.host_routes_after_delete-2188393'] for subnet (b522f51f-2a2f-4678-890a-65b4217f01c9), after_delete {{(pid=104559) _notify_loop /usr/local/lib/python3.8/dist-packages/neutron_lib/callbacks/manager.py:176}}
Jul 05 10:01:32.628557 dv-neutron-848730-1-hyperv neutron-server[104559]: INFO neutron.services.segments.plugin [-] Segment ddddae71-d239-490f-b384-d169a092a12d resource provider not found; error: Placement Client Error (4xx): {"errors": [{"status": 404, "title": "Not Found", "detail": "The resource could not be found.\n\n No resource provider with uuid ddddae71-d239-490f-b384-d169a092a12d found for delete ", "request_id": "req-ad6f607a-4e6b-45cc-b853-8025139cc233"}]}
Jul 05 10:01:32.678842 dv-neutron-848730-1-hyperv neutron-server[104559]: DEBUG neutron.plugins.ml2.drivers.mech_agent [None req-a1c472be-472b-4fb9-ac8f-47e4eff2c565 tempest-PortsAdminExtendedAttrsIpV6TestJSON-2041879305 tempest-PortsAdminExtendedAttrsIpV6TestJSON-2041879305-project-admin] Checking segment: {'id': '5786d63b-1525-4525-b0ac-0226861067d5', 'network_type': 'vlan', 'physical_network': 'physnet1', 'segmentation_id': 128, 'network_id': '103b877c-eccf-4575-a7d3-c32d14b83892'} for mappings: {'physnet1': 'br-data'} with network types: ['local', 'flat', 'vlan'] {{(pid=104559) check_segment_for_agent /opt/stack/neutron/neutron/plugins/ml2/drivers/mech_agent.py:373}}
Jul 05 10:01:32.679324 dv-neutron-848730-1-hyperv neutron-server[104559]: DEBUG neutron.scheduler.dhcp_agent_scheduler [None req-a1c472be-472b-4fb9-ac8f-47e4eff2c565 tempest-PortsAdminExtendedAttrsIpV6TestJSON-2041879305 tempest-PortsAdminExtendedAttrsIpV6TestJSON-2041879305-project-admin] Network hostable DHCP agents. Network: 103b877c-eccf-4575-a7d3-c32d14b83892, hostable agents: ['8661d449-1294-4db9-b0c1-d592a40dbea9'], hosted agents: [] {{(pid=104559) _get_network_hostable_dhcp_agents /opt/stack/neutron/neutron/scheduler/dhcp_agent_scheduler.py:329}}
Jul 05 10:01:32.685494 dv-neutron-848730-1-hyperv neutron-server[104559]: DEBUG neutron.api.rpc.handlers.resources_rpc [None req-1b70e103-86d7-4c16-bbdd-24e4ea133bfd tempest-RoutersAdminTest-460990583 tempest-RoutersAdminTest-460990583-project-admin] Pushing event deleted for resources: {'Subnet': ['ID=b522f51f-2a2f-4678-890a-65b4217f01c9,revision_number=None']} {{(pid=104559) push /opt/stack/neutron/neutron/api/rpc/handlers/resources_rpc.py:237}}
Jul 05 10:01:32.693264 dv-neutron-848730-1-hyperv neutron-server[104559]: DEBUG neutron_lib.callbacks.manager [None req-1b70e103-86d7-4c16-bbdd-24e4ea133bfd tempest-RoutersAdminTest-460990583 tempest-RoutersAdminTest-460990583-project-admin] Publish callbacks [] for subnet (None), before_response {{(pid=104559) _notify_loop /usr/local/lib/python3.8/dist-packages/neutron_lib/callbacks/manager.py:176}}
Jul 05 10:01:32.699792 dv-neutron-848730-1-hyperv neutron-server[104559]: INFO neutron.wsgi [None req-1b70e103-86d7-4c16-bbdd-24e4ea133bfd tempest-RoutersAdminTest-460990583 tempest-RoutersAdminTest-460990583-project-admin] 10.222.0.66 "DELETE /v2.0/subnets/b522f51f-2a2f-4678-890a-65b4217f01c9 HTTP/1.1" status: 204 len: 168 time: 0.9991782
Jul 05 10:01:32.699946 dv-neutron-848730-1-hyperv neutron-server[104560]: DEBUG neutron.wsgi [-] (104560) accepted ('10.222.0.66', 54708) {{(pid=104560) server /usr/local/lib/python3.8/dist-packages/eventlet/wsgi.py:1004}}
Jul 05 10:01:32.716487 dv-neutron-848730-1-hyperv neutron-server[104560]: DEBUG dbcounter [-] [104560] Writing DB stats neutron:SELECT=95,neutron:DELETE=1,neutron:UPDATE=2,neutron:INSERT=2 {{(pid=104560) stat_writer /usr/local/lib/python3.8/dist-packages/dbcounter.py:114}}
Jul 05 10:01:32.750663 dv-neutron-848730-1-hyperv neutron-server[104559]: DEBUG neutron_lib.callbacks.manager [None req-af519024-bd7a-41de-975b-d3206d0a0f5f tempest-ExternalNetworksTestJSON-2022317796 tempest-ExternalNetworksTestJSON-2022317796-project-admin] Publish callbacks ['neutron.plugins.ml2.plugin.Ml2Plugin._network_delete_after_delete_handler-1482031', 'neutron.plugins.ml2.ovo_rpc._ObjectChangeHandler.handle_event-386353', 'neutron.api.rpc.agentnotifiers.dhcp_rpc_agent_api.DhcpAgentNotifyAPI._native_event_send_dhcp_notification-530236', 'neutron.services.l3_router.l3_router_plugin.DVRResourceOperationHandler.delete_fip_namespaces_for_ext_net-511493'] for network (23ac0322-20b2-4f26-8c6a-79fe358a0671), after_delete {{(pid=104559) _notify_loop /usr/local/lib/python3.8/dist-packages/neutron_lib/callbacks/manager.py:176}}
Jul 05 10:01:32.761078 dv-neutron-848730-1-hyperv neutron-server[104559]: DEBUG neutron.api.rpc.agentnotifiers.l3_rpc_agent_api [None req-af519024-bd7a-41de-975b-d3206d0a0f5f tempest-ExternalNetworksTestJSON-2022317796 tempest-ExternalNetworksTestJSON-2022317796-project-admin] Fanout notify agent at l3_agent the message fipnamespace_delete_on_ext_net for external_network 23ac0322-20b2-4f26-8c6a-79fe358a0671 {{(pid=104559) _notification_fanout /opt/stack/neutron/neutron/api/rpc/agentnotifiers/l3_rpc_agent_api.py:120}}
Jul 05 10:01:32.769056 dv-neutron-848730-1-hyperv neutron-server[104559]: DEBUG neutron_lib.callbacks.manager [None req-af519024-bd7a-41de-975b-d3206d0a0f5f tempest-ExternalNetworksTestJSON-2022317796 tempest-ExternalNetworksTestJSON-2022317796-project-admin] Publish callbacks ['neutron.api.rpc.agentnotifiers.dhcp_rpc_agent_api.DhcpAgentNotifyAPI._send_dhcp_notification-530382'] for network (None), before_response {{(pid=104559) _notify_loop /usr/local/lib/python3.8/dist-packages/neutron_lib/callbacks/manager.py:176}}
Jul 05 10:01:32.779120 dv-neutron-848730-1-hyperv neutron-server[104559]: INFO neutron.wsgi [None req-af519024-bd7a-41de-975b-d3206d0a0f5f tempest-ExternalNetworksTestJSON-2022317796 tempest-ExternalNetworksTestJSON-2022317796-project-admin] 10.222.0.66 "DELETE /v2.0/networks/23ac0322-20b2-4f26-8c6a-79fe358a0671 HTTP/1.1" status: 204 len: 168 time: 1.2208366
Jul 05 10:01:32.780213 dv-neutron-848730-1-hyperv neutron-server[104559]: DEBUG neutron.scheduler.dhcp_agent_scheduler [None req-a1c472be-472b-4fb9-ac8f-47e4eff2c565 tempest-PortsAdminExtendedAttrsIpV6TestJSON-2041879305 tempest-PortsAdminExtendedAttrsIpV6TestJSON-2041879305-project-admin] Network 103b877c-eccf-4575-a7d3-c32d14b83892 is scheduled to be hosted by DHCP agent 8661d449-1294-4db9-b0c1-d592a40dbea9 with binding_index 1 {{(pid=104559) bind /opt/stack/neutron/neutron/scheduler/dhcp_agent_scheduler.py:227}}
Jul 05 10:01:32.790926 dv-neutron-848730-1-hyperv neutron-server[104560]: DEBUG neutron_lib.callbacks.manager [None req-ab477801-1b20-48e2-8999-f890d1d81bf3 tempest-RoutersIpV6AdminTest-1264649710 tempest-RoutersIpV6AdminTest-1264649710-project-admin] Publish callbacks ['neutron.plugins.ml2.plugin.SecurityGroupServerNotifierRpcMixin._notify_sg_on_port_change-1541428', 'neutron.plugins.ml2.ovo_rpc._ObjectChangeHandler.handle_event-201758', 'neutron.api.rpc.agentnotifiers.dhcp_rpc_agent_api.DhcpAgentNotifyAPI._native_event_send_dhcp_notification-530236', 'neutron.db.l3_dvrscheduler_db._notify_l3_agent_new_port-8751585123449', 'neutron.services.segments.plugin.NovaSegmentNotifier._notify_port_created_or_deleted-27175617'] for port (84a48528-7b9d-430e-9324-0d1e1683f01e), after_create {{(pid=104560) _notify_loop /usr/local/lib/python3.8/dist-packages/neutron_lib/callbacks/manager.py:176}}
Jul 05 10:01:32.795001 dv-neutron-848730-1-hyperv neutron-server[104560]: DEBUG neutron.wsgi [-] (104560) accepted ('10.222.0.66', 54712) {{(pid=104560) server /usr/local/lib/python3.8/dist-packages/eventlet/wsgi.py:1004}}
Jul 05 10:01:32.801622 dv-neutron-848730-1-hyperv neutron-server[104559]: DEBUG neutron.api.rpc.handlers.resources_rpc [None req-af519024-bd7a-41de-975b-d3206d0a0f5f tempest-ExternalNetworksTestJSON-2022317796 tempest-ExternalNetworksTestJSON-2022317796-project-admin] Pushing event deleted for resources: {'Network': ['ID=23ac0322-20b2-4f26-8c6a-79fe358a0671,revision_number=None']} {{(pid=104559) push /opt/stack/neutron/neutron/api/rpc/handlers/resources_rpc.py:237}}
Jul 05 10:01:32.808381 dv-neutron-848730-1-hyperv neutron-server[104559]: DEBUG neutron.scheduler.base_scheduler [None req-a1c472be-472b-4fb9-ac8f-47e4eff2c565 tempest-PortsAdminExtendedAttrsIpV6TestJSON-2041879305 tempest-PortsAdminExtendedAttrsIpV6TestJSON-2041879305-project-admin] Resources bound (agent type, host, resource id): (DHCP agent, dv-neutron-848730-1-hyperv, 103b877c-eccf-4575-a7d3-c32d14b83892) {{(pid=104559) schedule /opt/stack/neutron/neutron/scheduler/base_scheduler.py:57}}
Jul 05 10:01:32.808524 dv-neutron-848730-1-hyperv neutron-server[104560]: DEBUG neutron.api.v2.base [None req-3bbf44fa-58bc-4aa8-b8dc-8e7da2b351a4 tempest-ExternalNetworksTestJSON-2022317796 tempest-ExternalNetworksTestJSON-2022317796-project-admin] Request body: {'network': {'name': 'tempest-network--355393791', 'router:external': True}} {{(pid=104560) prepare_request_body /opt/stack/neutron/neutron/api/v2/base.py:730}}
Jul 05 10:01:32.812310 dv-neutron-848730-1-hyperv neutron-server[104559]: DEBUG neutron_lib.callbacks.manager [None req-57a8f8eb-1296-4773-83eb-2b8981c961d5 tempest-RoutersAdminNegativeTest-585240723 tempest-RoutersAdminNegativeTest-585240723-project-admin] Publish callbacks ['neutron.plugins.ml2.plugin.SecurityGroupServerNotifierRpcMixin._notify_sg_on_port_change-1541428', 'neutron.plugins.ml2.ovo_rpc._ObjectChangeHandler.handle_event-201758', 'neutron.api.rpc.agentnotifiers.dhcp_rpc_agent_api.DhcpAgentNotifyAPI._native_event_send_dhcp_notification-530236', 'neutron.db.l3_db.L3RpcNotifierMixin._notify_routers_callback-8751585682423', 'neutron.db.l3_dvrscheduler_db._notify_port_delete-8751585123458', 'neutron.services.segments.plugin.NovaSegmentNotifier._notify_port_created_or_deleted-26444970'] for port (82d17790-b01a-41aa-8bd4-8063f117c214), after_delete {{(pid=104559) _notify_loop /usr/local/lib/python3.8/dist-packages/neutron_lib/callbacks/manager.py:176}}
Jul 05 10:01:32.820188 dv-neutron-848730-1-hyperv neutron-server[104561]: DEBUG neutron.api.rpc.handlers.dhcp_rpc [None req-8b720f10-39ee-4a9b-bb12-9d3b82ed7245 None None] Network 103b877c-eccf-4575-a7d3-c32d14b83892 requested from dv-neutron-848730-1-hyperv {{(pid=104561) get_network_info /opt/stack/neutron/neutron/api/rpc/handlers/dhcp_rpc.py:191}}
Jul 05 10:01:32.828393 dv-neutron-848730-1-hyperv neutron-server[104559]: DEBUG neutron.db.l3_dvrscheduler_db [None req-a1c472be-472b-4fb9-ac8f-47e4eff2c565 tempest-PortsAdminExtendedAttrsIpV6TestJSON-2041879305 tempest-PortsAdminExtendedAttrsIpV6TestJSON-2041879305-project-admin] Received port after_create {{(pid=104559) _notify_l3_agent_new_port /opt/stack/neutron/neutron/db/l3_dvrscheduler_db.py:542}}
Jul 05 10:01:32.874040 dv-neutron-848730-1-hyperv neutron-server[104559]: DEBUG neutron.api.rpc.handlers.resources_rpc [None req-57a8f8eb-1296-4773-83eb-2b8981c961d5 tempest-RoutersAdminNegativeTest-585240723 tempest-RoutersAdminNegativeTest-585240723-project-admin] Pushing event deleted for resources: {'Port': ['ID=82d17790-b01a-41aa-8bd4-8063f117c214,revision_number=None']} {{(pid=104559) push /opt/stack/neutron/neutron/api/rpc/handlers/resources_rpc.py:237}}
Jul 05 10:01:32.890449 dv-neutron-848730-1-hyperv neutron-server[104559]: DEBUG neutron.plugins.ml2.managers [None req-a1c472be-472b-4fb9-ac8f-47e4eff2c565 tempest-PortsAdminExtendedAttrsIpV6TestJSON-2041879305 tempest-PortsAdminExtendedAttrsIpV6TestJSON-2041879305-project-admin] Attempting to bind port 712075f7-0ca6-40fc-8261-6f4b4d423434 on host hv-neutron-8487 for vnic_type normal with profile {{(pid=104559) bind_port /opt/stack/neutron/neutron/plugins/ml2/managers.py:810}}
