Jul 04 06:52:30.811278 dv-neutron-848563-1-hyperv devstack@placement-api.service[105143]: DEBUG placement.wsgi [-] profiler.socket_timeout = 0.1 {{(pid=105143) log_opt_values /usr/local/lib/python3.8/dist-packages/oslo_config/cfg.py:2609}}
Jul 04 06:52:30.811370 dv-neutron-848563-1-hyperv devstack@placement-api.service[105144]: DEBUG placement.wsgi [-] profiler.socket_timeout = 0.1 {{(pid=105144) log_opt_values /usr/local/lib/python3.8/dist-packages/oslo_config/cfg.py:2609}}
Jul 04 06:52:30.811462 dv-neutron-848563-1-hyperv devstack@placement-api.service[105143]: DEBUG placement.wsgi [-] profiler.trace_sqlalchemy = False {{(pid=105143) log_opt_values /usr/local/lib/python3.8/dist-packages/oslo_config/cfg.py:2609}}
Jul 04 06:52:30.811549 dv-neutron-848563-1-hyperv devstack@placement-api.service[105144]: DEBUG placement.wsgi [-] profiler.trace_sqlalchemy = False {{(pid=105144) log_opt_values /usr/local/lib/python3.8/dist-packages/oslo_config/cfg.py:2609}}
Jul 04 06:52:30.811636 dv-neutron-848563-1-hyperv devstack@placement-api.service[105143]: DEBUG placement.wsgi [-] ******************************************************************************** {{(pid=105143) log_opt_values /usr/local/lib/python3.8/dist-packages/oslo_config/cfg.py:2613}}
Jul 04 06:52:30.811731 dv-neutron-848563-1-hyperv devstack@placement-api.service[105144]: DEBUG placement.wsgi [-] ******************************************************************************** {{(pid=105144) log_opt_values /usr/local/lib/python3.8/dist-packages/oslo_config/cfg.py:2613}}
Jul 04 06:52:30.820638 dv-neutron-848563-1-hyperv devstack@placement-api.service[105144]: WARNING keystonemiddleware.auth_token [-] AuthToken middleware is set with keystone_authtoken.service_token_roles_required set to False. This is backwards compatible but deprecated behaviour. Please set this to True.
Jul 04 06:52:30.820772 dv-neutron-848563-1-hyperv devstack@placement-api.service[105143]: WARNING keystonemiddleware.auth_token [-] AuthToken middleware is set with keystone_authtoken.service_token_roles_required set to False. This is backwards compatible but deprecated behaviour. Please set this to True.
Jul 04 06:52:30.939975 dv-neutron-848563-1-hyperv devstack@placement-api.service[105144]: WARNING keystonemiddleware.auth_token [-] Configuring www_authenticate_uri to point to the public identity endpoint is required; clients may not be able to authenticate against an admin endpoint
Jul 04 06:52:30.942026 dv-neutron-848563-1-hyperv devstack@placement-api.service[105143]: WARNING keystonemiddleware.auth_token [-] Configuring www_authenticate_uri to point to the public identity endpoint is required; clients may not be able to authenticate against an admin endpoint
Jul 04 06:52:30.946756 dv-neutron-848563-1-hyperv devstack@placement-api.service[105144]: DEBUG oslo_concurrency.lockutils [-] Acquired lock "trait_sync" {{(pid=105144) lock /usr/local/lib/python3.8/dist-packages/oslo_concurrency/lockutils.py:294}}
Jul 04 06:52:30.948779 dv-neutron-848563-1-hyperv devstack@placement-api.service[105143]: DEBUG oslo_concurrency.lockutils [-] Acquired lock "trait_sync" {{(pid=105143) lock /usr/local/lib/python3.8/dist-packages/oslo_concurrency/lockutils.py:294}}
Jul 04 06:52:31.003844 dv-neutron-848563-1-hyperv devstack@placement-api.service[105144]: INFO dbcounter [-] Registered counter for database placement
Jul 04 06:52:31.006014 dv-neutron-848563-1-hyperv devstack@placement-api.service[105143]: INFO dbcounter [-] Registered counter for database placement
Jul 04 06:52:31.036904 dv-neutron-848563-1-hyperv devstack@placement-api.service[105144]: DEBUG oslo_db.sqlalchemy.engines [-] MySQL server mode set to STRICT_TRANS_TABLES,STRICT_ALL_TABLES,NO_ZERO_IN_DATE,NO_ZERO_DATE,ERROR_FOR_DIVISION_BY_ZERO,TRADITIONAL,NO_ENGINE_SUBSTITUTION {{(pid=105144) _check_effective_sql_mode /usr/local/lib/python3.8/dist-packages/oslo_db/sqlalchemy/engines.py:314}}
Jul 04 06:52:31.041048 dv-neutron-848563-1-hyperv devstack@placement-api.service[105143]: DEBUG oslo_db.sqlalchemy.engines [-] MySQL server mode set to STRICT_TRANS_TABLES,STRICT_ALL_TABLES,NO_ZERO_IN_DATE,NO_ZERO_DATE,ERROR_FOR_DIVISION_BY_ZERO,TRADITIONAL,NO_ENGINE_SUBSTITUTION {{(pid=105143) _check_effective_sql_mode /usr/local/lib/python3.8/dist-packages/oslo_db/sqlalchemy/engines.py:314}}
Jul 04 06:52:31.043931 dv-neutron-848563-1-hyperv devstack@placement-api.service[105144]: DEBUG dbcounter [-] [105144] Writer thread running {{(pid=105144) stat_writer /usr/local/lib/python3.8/dist-packages/dbcounter.py:99}}
Jul 04 06:52:31.048131 dv-neutron-848563-1-hyperv devstack@placement-api.service[105143]: DEBUG dbcounter [-] [105143] Writer thread running {{(pid=105143) stat_writer /usr/local/lib/python3.8/dist-packages/dbcounter.py:99}}
Jul 04 06:52:31.077187 dv-neutron-848563-1-hyperv devstack@placement-api.service[105144]: DEBUG placement.objects.trait [-] Synced traits from os_traits into API DB: {'HW_GPU_API_OPENGL_V3_0', 'HW_GPU_API_OPENGL_V4_5', 'COMPUTE_VOLUME_EXTEND', 'HW_GPU_CUDA_COMPUTE_CAPABILITY_V3_0', 'HW_CPU_X86_PDPE1GB', 'HW_GPU_API_DIRECT3D_V8_1', 'HW_NIC_OFFLOAD_SG', 'HW_GPU_CUDA_COMPUTE_CAPABILITY_V5_0', 'HW_CPU_X86_AVX512GFNI', 'COMPUTE_SAME_HOST_COLD_MIGRATE', 'HW_GPU_API_DIRECT3D_V11_3', 'HW_GPU_CUDA_SDK_V6_5', 'HW_CPU_AARCH64_ASIMDHP', 'COMPUTE_ARCH_PPC64LE', 'HW_CPU_PPC64LE_POWER8', 'HW_CPU_X86_TSX', 'COMPUTE_RESCUE_BFV', 'COMPUTE_STORAGE_BUS_XEN', 'HW_ARCH_MIPS64', 'HW_GPU_API_DIRECT3D_V12_0', 'HW_GPU_API_OPENCL_V2_1', 'HW_CPU_AARCH64_SM4', 'HW_CPU_AARCH64_SHA2', 'COMPUTE_ARCH_MIPSEL', 'HW_GPU_API_DIRECTX_V12', 'HW_ARCH_UNICORE32', 'HW_CPU_X86_AVX512PF', 'HW_ARCH_I686', 'HW_ARCH_IA64', 'COMPUTE_FIRMWARE_UEFI', 'HW_GPU_CUDA_SDK_V7_5', 'HW_GPU_CUDA_COMPUTE_CAPABILITY_V1_0', 'HW_GPU_RESOLUTION_W1680H1050', 'HW_GPU_API_OPENCL_V1_0', 'COMPUTE_SECURITY_TPM_2_0', 'COMPUTE_VOLUME_ATTACH_WITH_TAG', 'HW_CPU_AARCH64_CRC32', 'HW_GPU_API_DIRECT3D_V10_1', 'HW_ARCH_XTENSAEB', 'HW_GPU_MAX_DISPLAY_HEADS_4', 'HW_GPU_CUDA_SDK_V8_0', 'HW_CPU_AARCH64_FPHP', 'HW_CPU_PPC64LE_POWER9', 'HW_CPU_X86_SSE3', 'COMPUTE_ARCH_S390X', 'HW_NIC_OFFLOAD_LSO', 'HW_GPU_RESOLUTION_W1366H768', 'COMPUTE_NET_VIF_MODEL_VIRTIO', 'HW_CPU_X86_AVX512VPCLMULQDQ', 'HW_CPU_X86_AVX512VBMI2', 'HW_CPU_AARCH64_CPUID', 'COMPUTE_GRAPHICS_MODEL_NONE', 'HW_GPU_CUDA_COMPUTE_CAPABILITY_V5_2', 'COMPUTE_STORAGE_BUS_FDC', 'HW_GPU_API_OPENGL_V1_3', 'HW_GPU_RESOLUTION_W1360H768', 'HW_GPU_API_OPENCL_V2_2', 'HW_CPU_X86_AVX512VAES', 'HW_GPU_API_OPENGL_V1_2', 'HW_ARCH_PARISC64', 'HW_GPU_API_DIRECTX_V10', 'HW_NIC_OFFLOAD_TXVLAN', 'HW_ARCH_PPC64', 'HW_NIC_DCB_QCN', 'COMPUTE_IMAGE_TYPE_ARI', 'HW_ARCH_MICROBLAZEEL', 'HW_GPU_API_DIRECT3D_V11_1', 'HW_GPU_CUDA_COMPUTE_CAPABILITY_V6_2', 'HW_GPU_API_OPENGL_V2_1', 'HW_ARCH_M68K', 'HW_CPU_AARCH64_PMULL', 'HW_NIC_OFFLOAD_FDF', 'HW_GPU_API_DIRECT3D_V10_0', 'COMPUTE_GRAPHICS_MODEL_VMVGA', 'COMPUTE_MIGRATE_AUTO_CONVERGE', 'HW_CPU_X86_AVX512BW', 'HW_CPU_AARCH64_SHA1', 'HW_CPU_AARCH64_AES', 'HW_CPU_X86_MPX', 'COMPUTE_FIRMWARE_BIOS', 'COMPUTE_EPHEMERAL_ENCRYPTION_LUKS', 'HW_NIC_VMDQ', 'HW_CPU_AARCH64_FCMA', 'STORAGE_DISK_SSD', 'HW_NIC_ACCEL_RSA', 'COMPUTE_GRAPHICS_MODEL_VGA', 'COMPUTE_GRAPHICS_MODEL_QXL', 'COMPUTE_GRAPHICS_MODEL_XEN', 'HW_NIC_OFFLOAD_TSO', 'HW_NUMA_ROOT', 'COMPUTE_GRAPHICS_MODEL_GOP', 'HW_GPU_API_OPENGL_V4_1', 'COMPUTE_NET_VIF_MODEL_SPAPR_VLAN', 'HW_CPU_X86_SSE41', 'HW_CPU_X86_F16C', 'HW_GPU_CUDA_COMPUTE_CAPABILITY_V7_2', 'COMPUTE_NET_VIF_MODEL_NE2K_PCI', 'HW_CPU_X86_AVX2', 'COMPUTE_IMAGE_TYPE_VDI', 'HW_CPU_X86_AVX512F', 'HW_NIC_SRIOV', 'COMPUTE_STORAGE_BUS_VIRTIO', 'HW_GPU_RESOLUTION_W640H480', 'HW_ARCH_PARISC', 'HW_CPU_X86_FMA4', 'COMPUTE_STORAGE_BUS_USB', 'HW_CPU_X86_SGX', 'COMPUTE_GRAPHICS_MODEL_VIRTIO', 'HW_CPU_X86_AVX', 'HW_ARCH_X86_64', 'HW_NIC_OFFLOAD_QINQ', 'HW_GPU_RESOLUTION_W3840H2160', 'HW_GPU_API_DIRECT3D_V8_0', 'HW_GPU_API_OPENCL_V1_1', 'HW_NIC_PROGRAMMABLE_PIPELINE', 'HW_GPU_MAX_DISPLAY_HEADS_2', 'COMPUTE_IMAGE_TYPE_VHD', 'HW_GPU_RESOLUTION_W1920H1080', 'COMPUTE_IMAGE_TYPE_QCOW2', 'HW_ARCH_PPCEMB', 'COMPUTE_NET_VIF_MODEL_NETFRONT', 'HW_NIC_OFFLOAD_GSO', 'HW_CPU_HYPERTHREADING', 'COMPUTE_STORAGE_BUS_LXC', 'COMPUTE_NET_VIF_MODEL_E1000E', 'COMPUTE_EPHEMERAL_ENCRYPTION', 'COMPUTE_IMAGE_TYPE_RAW', 'HW_GPU_RESOLUTION_W7680H4320', 'HW_ARCH_ARMV6', 'COMPUTE_NET_VIF_MODEL_PCNET', 'HW_GPU_CUDA_SDK_V10_0', 'HW_CPU_X86_MMX', 'COMPUTE_GRAPHICS_MODEL_CIRRUS', 'HW_GPU_MAX_DISPLAY_HEADS_8', 'HW_CPU_X86_AMD_IBPB', 'HW_ARCH_ARMV7', 'HW_CPU_X86_XOP', 'HW_CPU_X86_INTEL_SPEC_CTRL', 'HW_GPU_API_OPENGL_V3_1', 'HW_GPU_API_OPENGL_V4_2', 'HW_NIC_ACCEL_LZS', 'HW_NIC_OFFLOAD_RDMA', 'HW_GPU_RESOLUTION_W2560H1600', 'HW_GPU_API_OPENCL_V1_2', 'HW_CPU_X86_SSSE3', 'HW_ARCH_SPARC', 'HW_GPU_API_OPENGL_V4_3', 'HW_CPU_X86_AVX512VPOPCNTDQ', 'HW_ARCH_S390', 'HW_CPU_X86_AVX512VBMI', 'HW_CPU_X86_AVX512ER', 'COMPUTE_NET_VIF_MODEL_RTL8139', 'HW_NIC_DCB_ETS', 'HW_ARCH_ALPHA', 'COMPUTE_DEVICE_TAGGING', 'HW_ARCH_SPARC64', 'COMPUTE_EPHEMERAL_ENCRYPTION_LUKSV2', 'HW_CPU_X86_AVX512VL', 'HW_CPU_X86_STIBP', 'HW_ARCH_PPC64LE', 'HW_GPU_CUDA_SDK_V9_0', 'HW_GPU_RESOLUTION_W1280H768', 'HW_GPU_API_OPENGL_V1_1', 'COMPUTE_MIGRATE_POST_COPY', 'HW_GPU_RESOLUTION_W1280H1024', 'STORAGE_DISK_HDD', 'HW_GPU_CUDA_COMPUTE_CAPABILITY_V1_2', 'HW_CPU_X86_INTEL_MD_CLEAR', 'HW_GPU_CUDA_COMPUTE_CAPABILITY_V5_3', 'HW_CPU_X86_FMA3', 'HW_CPU_X86_AMD_SVM', 'HW_GPU_API_OPENGL_V2_0', 'HW_NIC_OFFLOAD_TXUDP', 'COMPUTE_IMAGE_TYPE_AKI', 'COMPUTE_NET_VIF_MODEL_LAN9118', 'HW_CPU_X86_SHA', 'HW_CPU_X86_AVX512BITALG', 'HW_CPU_X86_AMD_VIRT_SSBD', 'COMPUTE_SECURITY_UEFI_SECURE_BOOT', 'HW_GPU_RESOLUTION_W1152H864', 'COMPUTE_IMAGE_TYPE_ISO', 'COMPUTE_REMOTE_MANAGED_PORTS', 'HW_GPU_API_DIRECT3D_V9_0C', 'COMPUTE_IMAGE_TYPE_VHDX', 'HW_CPU_AARCH64_ASIMD', 'HW_GPU_CUDA_COMPUTE_CAPABILITY_V3_2', 'COMPUTE_IMAGE_TYPE_VMDK', 'HW_ARCH_PPC', 'HW_GPU_CUDA_SDK_V9_1', 'HW_CPU_X86_AVX512VNNI', 'HW_NIC_SRIOV_TRUSTED', 'HW_GPU_API_DIRECT3D_V9_0', 'HW_GPU_MAX_DISPLAY_HEADS_6', 'MISC_SHARES_VIA_AGGREGATE', 'HW_CPU_X86_AVX512IFMA', 'HW_GPU_API_VULKAN', 'COMPUTE_SOCKET_PCI_NUMA_AFFINITY', 'HW_CPU_X86_AESNI', 'HW_NIC_SRIOV_MULTIQUEUE', 'COMPUTE_STORAGE_BUS_SCSI', 'HW_GPU_API_DIRECT3D_V9_0L', 'HW_CPU_X86_CLMUL', 'HW_NIC_OFFLOAD_TCS', 'HW_CPU_X86_VMX', 'COMPUTE_NET_VIF_MODEL_SRIOV', 'HW_CPU_X86_ASF', 'HW_GPU_API_DXVA', 'HW_GPU_CUDA_COMPUTE_CAPABILITY_V2_1', 'COMPUTE_TRUSTED_CERTS', 'COMPUTE_IMAGE_TYPE_AMI', 'HW_CPU_X86_AMD_NO_SSB', 'HW_GPU_API_DIRECT3D_V11_2', 'HW_GPU_RESOLUTION_W1600H900', 'HW_GPU_CUDA_SDK_V9_2', 'HW_ARCH_SH4', 'HW_GPU_CUDA_COMPUTE_CAPABILITY_V1_1', 'HW_GPU_RESOLUTION_W1600H1200', 'COMPUTE_ARCH_AARCH64', 'HW_GPU_CUDA_COMPUTE_CAPABILITY_V1_3', 'HW_CPU_AARCH64_SHA3', 'HW_GPU_API_OPENGL_V4_0', 'HW_CPU_X86_INTEL_SSBD', 'COMPUTE_ACCELERATORS', 'HW_ARCH_CRIS', 'HW_GPU_CUDA_COMPUTE_CAPABILITY_V6_1', 'HW_GPU_API_OPENGL_V3_3', 'HW_ARCH_LM32', 'HW_CPU_AARCH64_EVTSTRM', 'HW_CPU_AARCH64_SVE', 'COMPUTE_NET_VIF_MODEL_E1000', 'HW_ARCH_ARMV7B', 'HW_CPU_X86_BMI', 'HW_ARCH_OPENRISC', 'HW_CPU_X86_3DNOW', 'COMPUTE_ARCH_X86_64', 'HW_NIC_MULTIQUEUE', 'HW_CPU_X86_ABM', 'HW_GPU_API_OPENGL_V4_4', 'COMPUTE_GRAPHICS_MODEL_BOCHS', 'HW_GPU_RESOLUTION_W2560H1440', 'HW_ARCH_MIPS64EL', 'HW_CPU_X86_SSE2', 'COMPUTE_STORAGE_BUS_IDE', 'HW_GPU_RESOLUTION_W1440H900', 'COMPUTE_STORAGE_BUS_UML', 'HW_NIC_OFFLOAD_L2CRC', 'HW_CPU_X86_AMD_SEV', 'COMPUTE_STORAGE_BUS_SATA', 'HW_CPU_X86_SSE42', 'HW_GPU_CUDA_COMPUTE_CAPABILITY_V2_0', 'HW_ARCH_MIPSEL', 'HW_NIC_OFFLOAD_RXHASH', 'HW_CPU_X86_INTEL_VMX', 'HW_GPU_CUDA_COMPUTE_CAPABILITY_V6_0', 'HW_GPU_RESOLUTION_W320H240', 'HW_NIC_OFFLOAD_GRE', 'HW_GPU_API_DIRECT3D_V7_0', 'HW_NIC_OFFLOAD_TX', 'HW_CPU_AARCH64_FP', 'HW_GPU_RESOLUTION_W1280H800', 'HW_CPU_X86_INTEL_PCID', 'HW_CPU_AARCH64_DCPOP', 'HW_GPU_CUDA_COMPUTE_CAPABILITY_V7_1', 'HW_GPU_API_OPENGL_V3_2', 'HW_ARCH_SH4EB', 'HW_GPU_RESOLUTION_W1280H720', 'HW_GPU_CUDA_COMPUTE_CAPABILITY_V3_7', 'HW_ARCH_MIPS', 'HW_GPU_RESOLUTION_W1024H768', 'HW_NIC_OFFLOAD_LRO', 'COMPUTE_VOLUME_ATTACH', 'COMPUTE_NET_VIF_MODEL_VMXNET3', 'HW_CPU_AARCH64_ASIMDDP', 'HW_ARCH_MICROBLAZE', 'HW_CPU_AARCH64_SHA512', 'HW_NIC_SRIOV_QOS_TX', 'HW_NIC_ACCEL_DIFFIEH', 'HW_CPU_X86_TBM', 'HW_ARCH_S390X', 'HW_CPU_AMD_SEV', 'HW_GPU_RESOLUTION_W800H600', 'HW_CPU_X86_AMD_SSBD', 'COMPUTE_ARCH_RISCV64', 'HW_GPU_CUDA_COMPUTE_CAPABILITY_V3_5', 'HW_NIC_OFFLOAD_RX', 'COMPUTE_NET_ATTACH_INTERFACE', 'HW_NIC_OFFLOAD_UFO', 'COMPUTE_EPHEMERAL_ENCRYPTION_PLAIN', 'HW_CPU_AARCH64_SM3', 'HW_CPU_AARCH64_ASIMDRDM', 'COMPUTE_NET_VIF_MODEL_VMXNET', 'HW_GPU_CUDA_COMPUTE_CAPABILITY_V7_0', 'HW_NIC_OFFLOAD_SWITCHDEV', 'COMPUTE_STATUS_DISABLED', 'HW_NIC_OFFLOAD_GENEVE', 'HW_NIC_DCB_PFC', 'HW_CPU_AARCH64_ATOMICS', 'HW_GPU_RESOLUTION_W1920H1200', 'HW_ARCH_AARCH64', 'HW_GPU_API_DIRECT3D_V9_0B', 'HW_NIC_SRIOV_QOS_RX', 'HW_NIC_ACCEL_TLS', 'HW_GPU_API_OPENGL_V1_5', 'HW_ARCH_PPCLE', 'HW_GPU_API_DIRECT3D_V6_0', 'HW_CPU_AARCH64_LRCPC', 'HW_CPU_X86_SVM', 'HW_GPU_MAX_DISPLAY_HEADS_1', 'HW_NIC_OFFLOAD_UCS', 'HW_NIC_OFFLOAD_VXLAN', 'HW_CPU_X86_BMI2', 'HW_GPU_API_OPENCL_V2_0', 'HW_CPU_X86_SSE', 'HW_NIC_OFFLOAD_RXVLAN', 'COMPUTE_VOLUME_MULTI_ATTACH', 'HW_CPU_X86_AVX512CD', 'HW_CPU_X86_AVX512DQ', 'COMPUTE_IMAGE_TYPE_PLOOP', 'HW_GPU_API_DIRECT3D_V11_0', 'HW_NIC_ACCEL_DEFLATE', 'HW_NIC_ACCEL_IPSEC', 'HW_NIC_OFFLOAD_GRO', 'HW_NIC_OFFLOAD_SCS', 'HW_ARCH_XTENSA', 'HW_GPU_RESOLUTION_W1024H600', 'HW_NIC_ACCEL_SSL', 'HW_CPU_AARCH64_JSCVT', 'COMPUTE_NODE', 'HW_GPU_API_DIRECT2D', 'HW_NIC_ACCEL_ECC', 'COMPUTE_SECURITY_TPM_1_2', 'HW_CPU_X86_SSE4A', 'COMPUTE_NET_ATTACH_INTERFACE_WITH_TAG', 'HW_GPU_API_DIRECTX_V11', 'HW_GPU_API_OPENGL_V1_4'} {{(pid=105144) _trait_sync /opt/stack/placement/placement/objects/trait.py:296}}
Jul 04 06:52:31.081956 dv-neutron-848563-1-hyperv devstack@placement-api.service[105144]: DEBUG oslo_concurrency.lockutils [-] Releasing lock "trait_sync" {{(pid=105144) lock /usr/local/lib/python3.8/dist-packages/oslo_concurrency/lockutils.py:312}}
Jul 04 06:52:31.082318 dv-neutron-848563-1-hyperv devstack@placement-api.service[105144]: DEBUG oslo_concurrency.lockutils [-] Acquired lock "resource_classes_sync" {{(pid=105144) lock /usr/local/lib/python3.8/dist-packages/oslo_concurrency/lockutils.py:294}}
Jul 04 06:52:31.084456 dv-neutron-848563-1-hyperv devstack@placement-api.service[105143]: DEBUG oslo_concurrency.lockutils [-] Releasing lock "trait_sync" {{(pid=105143) lock /usr/local/lib/python3.8/dist-packages/oslo_concurrency/lockutils.py:312}}
Jul 04 06:52:31.084891 dv-neutron-848563-1-hyperv devstack@placement-api.service[105143]: DEBUG oslo_concurrency.lockutils [-] Acquired lock "resource_classes_sync" {{(pid=105143) lock /usr/local/lib/python3.8/dist-packages/oslo_concurrency/lockutils.py:294}}
Jul 04 06:52:31.147841 dv-neutron-848563-1-hyperv devstack@placement-api.service[105144]: DEBUG placement.objects.resource_class [-] Found existing resource classes in db: [] {{(pid=105144) _resource_classes_sync /opt/stack/placement/placement/objects/resource_class.py:233}}
Jul 04 06:52:31.148107 dv-neutron-848563-1-hyperv devstack@placement-api.service[105143]: DEBUG placement.objects.resource_class [-] Found existing resource classes in db: [] {{(pid=105143) _resource_classes_sync /opt/stack/placement/placement/objects/resource_class.py:233}}
Jul 04 06:52:31.151838 dv-neutron-848563-1-hyperv devstack@placement-api.service[105144]: DEBUG placement.objects.resource_class [-] Synced resource_classes from os_resource_classes: [{'name': 'VCPU', 'id': 0}, {'name': 'MEMORY_MB', 'id': 1}, {'name': 'DISK_GB', 'id': 2}, {'name': 'PCI_DEVICE', 'id': 3}, {'name': 'SRIOV_NET_VF', 'id': 4}, {'name': 'NUMA_SOCKET', 'id': 5}, {'name': 'NUMA_CORE', 'id': 6}, {'name': 'NUMA_THREAD', 'id': 7}, {'name': 'NUMA_MEMORY_MB', 'id': 8}, {'name': 'IPV4_ADDRESS', 'id': 9}, {'name': 'VGPU', 'id': 10}, {'name': 'VGPU_DISPLAY_HEAD', 'id': 11}, {'name': 'NET_BW_EGR_KILOBIT_PER_SEC', 'id': 12}, {'name': 'NET_BW_IGR_KILOBIT_PER_SEC', 'id': 13}, {'name': 'PCPU', 'id': 14}, {'name': 'MEM_ENCRYPTION_CONTEXT', 'id': 15}, {'name': 'FPGA', 'id': 16}, {'name': 'PGPU', 'id': 17}, {'name': 'NET_PACKET_RATE_KILOPACKET_PER_SEC', 'id': 18}, {'name': 'NET_PACKET_RATE_EGR_KILOPACKET_PER_SEC', 'id': 19}, {'name': 'NET_PACKET_RATE_IGR_KILOPACKET_PER_SEC', 'id': 20}] {{(pid=105144) _resource_classes_sync /opt/stack/placement/placement/objects/resource_class.py:250}}
Jul 04 06:52:31.156038 dv-neutron-848563-1-hyperv devstack@placement-api.service[105144]: DEBUG oslo_concurrency.lockutils [-] Releasing lock "resource_classes_sync" {{(pid=105144) lock /usr/local/lib/python3.8/dist-packages/oslo_concurrency/lockutils.py:312}}
Jul 04 06:52:31.156303 dv-neutron-848563-1-hyperv devstack@placement-api.service[105144]: WSGI app 0 (mountpoint='') ready in 3 seconds on interpreter 0x55ff91f459c0 pid: 105144 (default app)
Jul 04 06:52:31.157023 dv-neutron-848563-1-hyperv devstack@placement-api.service[105143]: DEBUG oslo_concurrency.lockutils [-] Releasing lock "resource_classes_sync" {{(pid=105143) lock /usr/local/lib/python3.8/dist-packages/oslo_concurrency/lockutils.py:312}}
Jul 04 06:52:31.157223 dv-neutron-848563-1-hyperv devstack@placement-api.service[105143]: WSGI app 0 (mountpoint='') ready in 3 seconds on interpreter 0x55ff91f459c0 pid: 105143 (default app)
Jul 04 06:52:31.158129 dv-neutron-848563-1-hyperv devstack@placement-api.service[105144]: DEBUG placement.requestlog [None req-4c42665a-3954-4c2d-bae8-05904b917ea5 None None] Starting request: 10.222.0.59 "GET /placement/" {{(pid=105144) __call__ /opt/stack/placement/placement/requestlog.py:55}}
Jul 04 06:52:31.172464 dv-neutron-848563-1-hyperv devstack@placement-api.service[105144]: INFO placement.requestlog [None req-4c42665a-3954-4c2d-bae8-05904b917ea5 None None] 10.222.0.59 "GET /placement/" status: 200 len: 136 microversion: 1.0
Jul 04 06:52:31.172803 dv-neutron-848563-1-hyperv devstack@placement-api.service[105144]: [pid: 105144|app: 0|req: 1/1] 10.222.0.59 () {50 vars in 776 bytes} [Mon Jul 4 06:52:31 2022] GET /placement => generated 136 bytes in 16 msecs (HTTP/1.1 200) 6 headers in 224 bytes (1 switches on core 0)
Jul 04 06:52:41.151781 dv-neutron-848563-1-hyperv devstack@placement-api.service[105143]: DEBUG dbcounter [-] [105143] Writing DB stats placement:SELECT=5,placement:INSERT=2,placement:SET=1 {{(pid=105143) stat_writer /usr/local/lib/python3.8/dist-packages/dbcounter.py:114}}
Jul 04 06:52:41.152781 dv-neutron-848563-1-hyperv devstack@placement-api.service[105144]: DEBUG dbcounter [-] [105144] Writing DB stats placement:SELECT=5,placement:INSERT=2,placement:SET=1 {{(pid=105144) stat_writer /usr/local/lib/python3.8/dist-packages/dbcounter.py:114}}
Jul 04 06:53:24.811554 dv-neutron-848563-1-hyperv devstack@placement-api.service[105143]: DEBUG placement.requestlog [None req-c9f8d509-1955-4921-ad5f-1498d8a37d39 None None] Starting request: 10.222.0.59 "GET /placement/" {{(pid=105143) __call__ /opt/stack/placement/placement/requestlog.py:55}}
Jul 04 06:53:24.826772 dv-neutron-848563-1-hyperv devstack@placement-api.service[105143]: INFO placement.requestlog [None req-c9f8d509-1955-4921-ad5f-1498d8a37d39 None None] 10.222.0.59 "GET /placement/" status: 200 len: 136 microversion: 1.0
Jul 04 06:53:24.836133 dv-neutron-848563-1-hyperv devstack@placement-api.service[105143]: [pid: 105143|app: 0|req: 1/2] 10.222.0.59 () {54 vars in 916 bytes} [Mon Jul 4 06:53:24 2022] GET /placement => generated 136 bytes in 24 msecs (HTTP/1.1 200) 6 headers in 224 bytes (1 switches on core 0)
Jul 04 06:53:29.079606 dv-neutron-848563-1-hyperv devstack@placement-api.service[105144]: DEBUG placement.requestlog [None req-3d81a683-db61-40dd-92f8-26d076944bec None None] Starting request: 10.222.0.59 "GET /placement/" {{(pid=105144) __call__ /opt/stack/placement/placement/requestlog.py:55}}
Jul 04 06:53:29.080706 dv-neutron-848563-1-hyperv devstack@placement-api.service[105144]: INFO placement.requestlog [None req-3d81a683-db61-40dd-92f8-26d076944bec None None] 10.222.0.59 "GET /placement/" status: 200 len: 136 microversion: 1.0
Jul 04 06:53:29.081229 dv-neutron-848563-1-hyperv devstack@placement-api.service[105144]: [pid: 105144|app: 0|req: 2/3] 10.222.0.59 () {54 vars in 916 bytes} [Mon Jul 4 06:53:29 2022] GET /placement => generated 136 bytes in 2 msecs (HTTP/1.1 200) 6 headers in 224 bytes (1 switches on core 0)
Jul 04 06:53:30.406211 dv-neutron-848563-1-hyperv devstack@placement-api.service[105143]: DEBUG placement.requestlog [None req-aa9beb44-e7e4-4454-9799-f3b9104b152a None None] Starting request: 10.222.0.59 "GET /placement/" {{(pid=105143) __call__ /opt/stack/placement/placement/requestlog.py:55}}
Jul 04 06:53:30.407161 dv-neutron-848563-1-hyperv devstack@placement-api.service[105143]: INFO placement.requestlog [None req-aa9beb44-e7e4-4454-9799-f3b9104b152a None None] 10.222.0.59 "GET /placement/" status: 200 len: 136 microversion: 1.0
Jul 04 06:53:30.407473 dv-neutron-848563-1-hyperv devstack@placement-api.service[105143]: [pid: 105143|app: 0|req: 2/4] 10.222.0.59 () {54 vars in 916 bytes} [Mon Jul 4 06:53:30 2022] GET /placement => generated 136 bytes in 2 msecs (HTTP/1.1 200) 6 headers in 224 bytes (1 switches on core 0)
Jul 04 06:54:25.799811 dv-neutron-848563-1-hyperv devstack@placement-api.service[105144]: DEBUG placement.requestlog [None req-1df66ece-666f-47c7-8d2d-418d1ff8525b None None] Starting request: 10.222.0.59 "GET /placement//" {{(pid=105144) __call__ /opt/stack/placement/placement/requestlog.py:55}}
Jul 04 06:54:25.800819 dv-neutron-848563-1-hyperv devstack@placement-api.service[105144]: INFO placement.requestlog [None req-1df66ece-666f-47c7-8d2d-418d1ff8525b None None] 10.222.0.59 "GET /placement//" status: 200 len: 136 microversion: 1.0
Jul 04 06:54:25.801138 dv-neutron-848563-1-hyperv devstack@placement-api.service[105144]: [pid: 105144|app: 0|req: 3/5] 10.222.0.59 () {56 vars in 1106 bytes} [Mon Jul 4 06:54:25 2022] GET /placement/ => generated 136 bytes in 2 msecs (HTTP/1.1 200) 6 headers in 224 bytes (1 switches on core 0)
Jul 04 06:58:23.367624 dv-neutron-848563-1-hyperv devstack@placement-api.service[105143]: DEBUG placement.requestlog [None req-2e2b22c8-ecd1-4d9c-9785-2068a5026741 None None] Starting request: 10.222.0.26 "GET /placement/" {{(pid=105143) __call__ /opt/stack/placement/placement/requestlog.py:55}}
Jul 04 06:58:23.368572 dv-neutron-848563-1-hyperv devstack@placement-api.service[105143]: INFO placement.requestlog [None req-2e2b22c8-ecd1-4d9c-9785-2068a5026741 None None] 10.222.0.26 "GET /placement/" status: 200 len: 136 microversion: 1.0
Jul 04 06:58:23.368898 dv-neutron-848563-1-hyperv devstack@placement-api.service[105143]: [pid: 105143|app: 0|req: 3/6] 10.222.0.26 () {54 vars in 913 bytes} [Mon Jul 4 06:58:23 2022] GET /placement => generated 136 bytes in 2 msecs (HTTP/1.1 200) 6 headers in 224 bytes (1 switches on core 0)
Jul 04 06:58:26.814000 dv-neutron-848563-1-hyperv devstack@placement-api.service[105144]: DEBUG placement.requestlog [req-2bfb9c39-cb57-4b0c-a83e-dd51351813b5 req-ee569d8b-75b3-4d1b-913b-0531bbfbaad9 None None] Starting request: 10.222.0.26 "GET /placement/resource_providers?in_tree=c5a920be-3807-42d2-9788-c9c1582a591a" {{(pid=105144) __call__ /opt/stack/placement/placement/requestlog.py:55}}
Jul 04 06:58:27.188930 dv-neutron-848563-1-hyperv devstack@placement-api.service[105144]: INFO placement.requestlog [req-2bfb9c39-cb57-4b0c-a83e-dd51351813b5 req-ee569d8b-75b3-4d1b-913b-0531bbfbaad9 service placement] 10.222.0.26 "GET /placement/resource_providers?in_tree=c5a920be-3807-42d2-9788-c9c1582a591a" status: 200 len: 26 microversion: 1.14
Jul 04 06:58:27.189231 dv-neutron-848563-1-hyperv devstack@placement-api.service[105144]: [pid: 105144|app: 0|req: 4/7] 10.222.0.26 () {60 vars in 1376 bytes} [Mon Jul 4 06:58:26 2022] GET /placement/resource_providers?in_tree=c5a920be-3807-42d2-9788-c9c1582a591a => generated 26 bytes in 376 msecs (HTTP/1.1 200) 6 headers in 224 bytes (1 switches on core 0)
Jul 04 06:58:27.197604 dv-neutron-848563-1-hyperv devstack@placement-api.service[105143]: DEBUG placement.requestlog [req-2bfb9c39-cb57-4b0c-a83e-dd51351813b5 req-50afb555-7301-4dc0-9085-1b72d358d59f None None] Starting request: 10.222.0.26 "POST /placement/resource_providers" {{(pid=105143) __call__ /opt/stack/placement/placement/requestlog.py:55}}
Jul 04 06:58:27.495788 dv-neutron-848563-1-hyperv devstack@placement-api.service[105143]: INFO placement.requestlog [req-2bfb9c39-cb57-4b0c-a83e-dd51351813b5 req-50afb555-7301-4dc0-9085-1b72d358d59f service placement] 10.222.0.26 "POST /placement/resource_providers" status: 200 len: 838 microversion: 1.20
Jul 04 06:58:27.497014 dv-neutron-848563-1-hyperv devstack@placement-api.service[105143]: [pid: 105143|app: 0|req: 4/8] 10.222.0.26 () {64 vars in 1340 bytes} [Mon Jul 4 06:58:27 2022] POST /placement/resource_providers => generated 838 bytes in 300 msecs (HTTP/1.1 200) 9 headers in 392 bytes (1 switches on core 0)
Jul 04 06:58:27.708534 dv-neutron-848563-1-hyperv devstack@placement-api.service[105144]: DEBUG placement.requestlog [req-2bfb9c39-cb57-4b0c-a83e-dd51351813b5 req-0b3b8bd7-9e69-45b1-a19f-3db6e6bb3cd4 None None] Starting request: 10.222.0.26 "PUT /placement/resource_providers/c5a920be-3807-42d2-9788-c9c1582a591a/inventories" {{(pid=105144) __call__ /opt/stack/placement/placement/requestlog.py:55}}
Jul 04 06:58:27.744277 dv-neutron-848563-1-hyperv devstack@placement-api.service[105144]: INFO placement.requestlog [req-2bfb9c39-cb57-4b0c-a83e-dd51351813b5 req-0b3b8bd7-9e69-45b1-a19f-3db6e6bb3cd4 service placement] 10.222.0.26 "PUT /placement/resource_providers/c5a920be-3807-42d2-9788-c9c1582a591a/inventories" status: 200 len: 397 microversion: 1.26
Jul 04 06:58:27.744647 dv-neutron-848563-1-hyperv devstack@placement-api.service[105144]: [pid: 105144|app: 0|req: 5/9] 10.222.0.26 () {64 vars in 1487 bytes} [Mon Jul 4 06:58:27 2022] PUT /placement/resource_providers/c5a920be-3807-42d2-9788-c9c1582a591a/inventories => generated 397 bytes in 37 msecs (HTTP/1.1 200) 8 headers in 296 bytes (1 switches on core 0)
Jul 04 06:58:27.755186 dv-neutron-848563-1-hyperv devstack@placement-api.service[105143]: DEBUG placement.requestlog [req-2bfb9c39-cb57-4b0c-a83e-dd51351813b5 req-6a5c5ecd-e241-44bd-9f04-92e8970a3fd8 None None] Starting request: 10.222.0.26 "GET /placement/traits?name=in:COMPUTE_IMAGE_TYPE_VHDX,COMPUTE_VOLUME_ATTACH_WITH_TAG,COMPUTE_NET_ATTACH_INTERFACE,COMPUTE_IMAGE_TYPE_VHD,COMPUTE_VOLUME_EXTEND,COMPUTE_DEVICE_TAGGING,COMPUTE_TRUSTED_CERTS,COMPUTE_NET_ATTACH_INTERFACE_WITH_TAG,COMPUTE_NODE" {{(pid=105143) __call__ /opt/stack/placement/placement/requestlog.py:55}}
Jul 04 06:58:27.768779 dv-neutron-848563-1-hyperv devstack@placement-api.service[105143]: INFO placement.requestlog [req-2bfb9c39-cb57-4b0c-a83e-dd51351813b5 req-6a5c5ecd-e241-44bd-9f04-92e8970a3fd8 service placement] 10.222.0.26 "GET /placement/traits?name=in:COMPUTE_IMAGE_TYPE_VHDX,COMPUTE_VOLUME_ATTACH_WITH_TAG,COMPUTE_NET_ATTACH_INTERFACE,COMPUTE_IMAGE_TYPE_VHD,COMPUTE_VOLUME_EXTEND,COMPUTE_DEVICE_TAGGING,COMPUTE_TRUSTED_CERTS,COMPUTE_NET_ATTACH_INTERFACE_WITH_TAG,COMPUTE_NODE" status: 200 len: 264 microversion: 1.6
Jul 04 06:58:27.769130 dv-neutron-848563-1-hyperv devstack@placement-api.service[105143]: [pid: 105143|app: 0|req: 5/10] 10.222.0.26 () {60 vars in 1715 bytes} [Mon Jul 4 06:58:27 2022] GET /placement/traits?name=in:COMPUTE_IMAGE_TYPE_VHDX,COMPUTE_VOLUME_ATTACH_WITH_TAG,COMPUTE_NET_ATTACH_INTERFACE,COMPUTE_IMAGE_TYPE_VHD,COMPUTE_VOLUME_EXTEND,COMPUTE_DEVICE_TAGGING,COMPUTE_TRUSTED_CERTS,COMPUTE_NET_ATTACH_INTERFACE_WITH_TAG,COMPUTE_NODE => generated 264 bytes in 14 msecs (HTTP/1.1 200) 6 headers in 224 bytes (2 switches on core 0)
Jul 04 06:58:27.776784 dv-neutron-848563-1-hyperv devstack@placement-api.service[105144]: DEBUG placement.requestlog [req-2bfb9c39-cb57-4b0c-a83e-dd51351813b5 req-e7e1698c-c4d5-4bd0-9892-5bc3ffd11ab9 None None] Starting request: 10.222.0.26 "PUT /placement/resource_providers/c5a920be-3807-42d2-9788-c9c1582a591a/traits" {{(pid=105144) __call__ /opt/stack/placement/placement/requestlog.py:55}}
Jul 04 06:58:27.828810 dv-neutron-848563-1-hyperv devstack@placement-api.service[105144]: INFO placement.requestlog [req-2bfb9c39-cb57-4b0c-a83e-dd51351813b5 req-e7e1698c-c4d5-4bd0-9892-5bc3ffd11ab9 service placement] 10.222.0.26 "PUT /placement/resource_providers/c5a920be-3807-42d2-9788-c9c1582a591a/traits" status: 200 len: 299 microversion: 1.6
Jul 04 06:58:27.829674 dv-neutron-848563-1-hyperv devstack@placement-api.service[105144]: [pid: 105144|app: 0|req: 6/11] 10.222.0.26 () {64 vars in 1471 bytes} [Mon Jul 4 06:58:27 2022] PUT /placement/resource_providers/c5a920be-3807-42d2-9788-c9c1582a591a/traits => generated 299 bytes in 53 msecs (HTTP/1.1 200) 6 headers in 224 bytes (1 switches on core 0)
Jul 04 06:58:37.765828 dv-neutron-848563-1-hyperv devstack@placement-api.service[105143]: DEBUG dbcounter [-] [105143] Writing DB stats placement:SELECT=3,placement:INSERT=1,placement:UPDATE=1 {{(pid=105143) stat_writer /usr/local/lib/python3.8/dist-packages/dbcounter.py:114}}
Jul 04 06:58:37.824223 dv-neutron-848563-1-hyperv devstack@placement-api.service[105144]: DEBUG dbcounter [-] [105144] Writing DB stats placement:SELECT=13,placement:INSERT=12,placement:UPDATE=2 {{(pid=105144) stat_writer /usr/local/lib/python3.8/dist-packages/dbcounter.py:114}}
Jul 04 06:59:23.524336 dv-neutron-848563-1-hyperv devstack@placement-api.service[105143]: DEBUG placement.requestlog [req-1eef4b52-07c9-43ba-be73-46f675372431 req-ca12a2fa-878c-4aaa-9149-4ec091934867 None None] Starting request: 10.222.0.26 "GET /placement/resource_providers/c5a920be-3807-42d2-9788-c9c1582a591a/allocations" {{(pid=105143) __call__ /opt/stack/placement/placement/requestlog.py:55}}
Jul 04 06:59:23.550948 dv-neutron-848563-1-hyperv devstack@placement-api.service[105143]: INFO placement.requestlog [req-1eef4b52-07c9-43ba-be73-46f675372431 req-ca12a2fa-878c-4aaa-9149-4ec091934867 service placement] 10.222.0.26 "GET /placement/resource_providers/c5a920be-3807-42d2-9788-c9c1582a591a/allocations" status: 200 len: 54 microversion: 1.0
Jul 04 06:59:23.551486 dv-neutron-848563-1-hyperv devstack@placement-api.service[105143]: [pid: 105143|app: 0|req: 6/12] 10.222.0.26 () {58 vars in 1390 bytes} [Mon Jul 4 06:59:23 2022] GET /placement/resource_providers/c5a920be-3807-42d2-9788-c9c1582a591a/allocations => generated 54 bytes in 27 msecs (HTTP/1.1 200) 6 headers in 223 bytes (1 switches on core 0)
Jul 04 06:59:33.546164 dv-neutron-848563-1-hyperv devstack@placement-api.service[105143]: DEBUG dbcounter [-] [105143] Writing DB stats placement:SELECT=4 {{(pid=105143) stat_writer /usr/local/lib/python3.8/dist-packages/dbcounter.py:114}}
Jul 04 07:00:07.142456 dv-neutron-848563-1-hyperv devstack@placement-api.service[105144]: DEBUG placement.requestlog [None req-fa811a0b-b65e-4855-9e46-7b82a07708e5 None None] Starting request: 10.222.0.59 "GET /placement/resource_providers/60d9d1e1-86fc-48ed-a616-96871436d0df/aggregates" {{(pid=105144) __call__ /opt/stack/placement/placement/requestlog.py:55}}
Jul 04 07:00:07.256098 dv-neutron-848563-1-hyperv devstack@placement-api.service[105144]: INFO placement.requestlog [None req-fa811a0b-b65e-4855-9e46-7b82a07708e5 service placement] 10.222.0.59 "GET /placement/resource_providers/60d9d1e1-86fc-48ed-a616-96871436d0df/aggregates" status: 404 len: 235 microversion: 1.1
Jul 04 07:00:07.256773 dv-neutron-848563-1-hyperv devstack@placement-api.service[105144]: [pid: 105144|app: 0|req: 7/13] 10.222.0.59 () {58 vars in 1362 bytes} [Mon Jul 4 07:00:07 2022] GET /placement/resource_providers/60d9d1e1-86fc-48ed-a616-96871436d0df/aggregates => generated 235 bytes in 114 msecs (HTTP/1.1 404) 5 headers in 202 bytes (1 switches on core 0)
Jul 04 07:00:07.291885 dv-neutron-848563-1-hyperv devstack@placement-api.service[105143]: DEBUG placement.requestlog [None req-a5372e6d-a133-4d39-a5f5-372e63f7231a None None] Starting request: 10.222.0.59 "DELETE /placement/resource_providers/60d9d1e1-86fc-48ed-a616-96871436d0df" {{(pid=105143) __call__ /opt/stack/placement/placement/requestlog.py:55}}
Jul 04 07:00:07.308499 dv-neutron-848563-1-hyperv devstack@placement-api.service[105143]: DEBUG placement.wsgi_wrapper [None req-a5372e6d-a133-4d39-a5f5-372e63f7231a service placement] Placement API returning an error response: No resource provider with uuid 60d9d1e1-86fc-48ed-a616-96871436d0df found for delete {{(pid=105143) call_func /opt/stack/placement/placement/wsgi_wrapper.py:31}}
Jul 04 07:00:07.309528 dv-neutron-848563-1-hyperv devstack@placement-api.service[105143]: INFO placement.requestlog [None req-a5372e6d-a133-4d39-a5f5-372e63f7231a service placement] 10.222.0.59 "DELETE /placement/resource_providers/60d9d1e1-86fc-48ed-a616-96871436d0df" status: 404 len: 246 microversion: 1.1
Jul 04 07:00:07.313449 dv-neutron-848563-1-hyperv devstack@placement-api.service[105143]: [pid: 105143|app: 0|req: 7/14] 10.222.0.59 () {60 vars in 1351 bytes} [Mon Jul 4 07:00:07 2022] DELETE /placement/resource_providers/60d9d1e1-86fc-48ed-a616-96871436d0df => generated 246 bytes in 22 msecs (HTTP/1.1 404) 6 headers in 231 bytes (1 switches on core 0)
Jul 04 07:00:17.243403 dv-neutron-848563-1-hyperv devstack@placement-api.service[105144]: DEBUG dbcounter [-] [105144] Writing DB stats placement:SELECT=2 {{(pid=105144) stat_writer /usr/local/lib/python3.8/dist-packages/dbcounter.py:114}}
Jul 04 07:00:17.307355 dv-neutron-848563-1-hyperv devstack@placement-api.service[105143]: DEBUG dbcounter [-] [105143] Writing DB stats placement:SELECT=2 {{(pid=105143) stat_writer /usr/local/lib/python3.8/dist-packages/dbcounter.py:114}}
Jul 04 07:00:17.815050 dv-neutron-848563-1-hyperv devstack@placement-api.service[105144]: DEBUG placement.requestlog [None req-e9b733c5-77b1-4bec-a8ca-f7705c7603ac None None] Starting request: 10.222.0.59 "GET /placement/resource_providers/176be9a9-a9c4-423d-befd-be4b48492b90/aggregates" {{(pid=105144) __call__ /opt/stack/placement/placement/requestlog.py:55}}
Jul 04 07:00:17.838766 dv-neutron-848563-1-hyperv devstack@placement-api.service[105144]: INFO placement.requestlog [None req-e9b733c5-77b1-4bec-a8ca-f7705c7603ac service placement] 10.222.0.59 "GET /placement/resource_providers/176be9a9-a9c4-423d-befd-be4b48492b90/aggregates" status: 404 len: 235 microversion: 1.1
Jul 04 07:00:17.841361 dv-neutron-848563-1-hyperv devstack@placement-api.service[105144]: [pid: 105144|app: 0|req: 8/15] 10.222.0.59 () {58 vars in 1362 bytes} [Mon Jul 4 07:00:17 2022] GET /placement/resource_providers/176be9a9-a9c4-423d-befd-be4b48492b90/aggregates => generated 235 bytes in 27 msecs (HTTP/1.1 404) 5 headers in 202 bytes (1 switches on core 0)
Jul 04 07:00:17.901352 dv-neutron-848563-1-hyperv devstack@placement-api.service[105143]: DEBUG placement.requestlog [None req-fc13547d-6f15-4070-b603-020ed26855c1 None None] Starting request: 10.222.0.59 "DELETE /placement/resource_providers/176be9a9-a9c4-423d-befd-be4b48492b90" {{(pid=105143) __call__ /opt/stack/placement/placement/requestlog.py:55}}
Jul 04 07:00:17.911842 dv-neutron-848563-1-hyperv devstack@placement-api.service[105143]: DEBUG placement.wsgi_wrapper [None req-fc13547d-6f15-4070-b603-020ed26855c1 service placement] Placement API returning an error response: No resource provider with uuid 176be9a9-a9c4-423d-befd-be4b48492b90 found for delete {{(pid=105143) call_func /opt/stack/placement/placement/wsgi_wrapper.py:31}}
Jul 04 07:00:17.912712 dv-neutron-848563-1-hyperv devstack@placement-api.service[105143]: INFO placement.requestlog [None req-fc13547d-6f15-4070-b603-020ed26855c1 service placement] 10.222.0.59 "DELETE /placement/resource_providers/176be9a9-a9c4-423d-befd-be4b48492b90" status: 404 len: 246 microversion: 1.1
Jul 04 07:00:17.914770 dv-neutron-848563-1-hyperv devstack@placement-api.service[105143]: [pid: 105143|app: 0|req: 8/16] 10.222.0.59 () {60 vars in 1351 bytes} [Mon Jul 4 07:00:17 2022] DELETE /placement/resource_providers/176be9a9-a9c4-423d-befd-be4b48492b90 => generated 246 bytes in 19 msecs (HTTP/1.1 404) 6 headers in 231 bytes (1 switches on core 0)
Jul 04 07:00:18.270061 dv-neutron-848563-1-hyperv devstack@placement-api.service[105144]: DEBUG placement.requestlog [None req-4e4f7dad-8f27-4761-9f14-c41f209e4ecd None None] Starting request: 10.222.0.59 "GET /placement/resource_providers/e2de6e90-9c5e-4884-8dd3-86cc6f1efd68/aggregates" {{(pid=105144) __call__ /opt/stack/placement/placement/requestlog.py:55}}
Jul 04 07:00:18.390407 dv-neutron-848563-1-hyperv devstack@placement-api.service[105144]: INFO placement.requestlog [None req-4e4f7dad-8f27-4761-9f14-c41f209e4ecd service placement] 10.222.0.59 "GET /placement/resource_providers/e2de6e90-9c5e-4884-8dd3-86cc6f1efd68/aggregates" status: 404 len: 235 microversion: 1.1
Jul 04 07:00:18.390756 dv-neutron-848563-1-hyperv devstack@placement-api.service[105144]: [pid: 105144|app: 0|req: 9/17] 10.222.0.59 () {58 vars in 1362 bytes} [Mon Jul 4 07:00:18 2022] GET /placement/resource_providers/e2de6e90-9c5e-4884-8dd3-86cc6f1efd68/aggregates => generated 235 bytes in 121 msecs (HTTP/1.1 404) 5 headers in 202 bytes (1 switches on core 0)
Jul 04 07:00:18.412753 dv-neutron-848563-1-hyperv devstack@placement-api.service[105143]: DEBUG placement.requestlog [None req-651c26f6-6c72-4954-a81c-17a1eee98f71 None None] Starting request: 10.222.0.59 "DELETE /placement/resource_providers/e2de6e90-9c5e-4884-8dd3-86cc6f1efd68" {{(pid=105143) __call__ /opt/stack/placement/placement/requestlog.py:55}}
Jul 04 07:00:18.431109 dv-neutron-848563-1-hyperv devstack@placement-api.service[105143]: DEBUG placement.wsgi_wrapper [None req-651c26f6-6c72-4954-a81c-17a1eee98f71 service placement] Placement API returning an error response: No resource provider with uuid e2de6e90-9c5e-4884-8dd3-86cc6f1efd68 found for delete {{(pid=105143) call_func /opt/stack/placement/placement/wsgi_wrapper.py:31}}
Jul 04 07:00:18.432156 dv-neutron-848563-1-hyperv devstack@placement-api.service[105143]: INFO placement.requestlog [None req-651c26f6-6c72-4954-a81c-17a1eee98f71 service placement] 10.222.0.59 "DELETE /placement/resource_providers/e2de6e90-9c5e-4884-8dd3-86cc6f1efd68" status: 404 len: 246 microversion: 1.1
Jul 04 07:00:18.432996 dv-neutron-848563-1-hyperv devstack@placement-api.service[105143]: [pid: 105143|app: 0|req: 9/18] 10.222.0.59 () {60 vars in 1351 bytes} [Mon Jul 4 07:00:18 2022] DELETE /placement/resource_providers/e2de6e90-9c5e-4884-8dd3-86cc6f1efd68 => generated 246 bytes in 20 msecs (HTTP/1.1 404) 6 headers in 231 bytes (2 switches on core 0)
Jul 04 07:00:21.651246 dv-neutron-848563-1-hyperv devstack@placement-api.service[105144]: DEBUG placement.requestlog [None req-4366efe4-ddc5-4a17-9eee-5cb216fdbbea None None] Starting request: 10.222.0.59 "GET /placement/resource_providers/9023cf23-7b59-4757-88d7-2310b0c5c4f6/aggregates" {{(pid=105144) __call__ /opt/stack/placement/placement/requestlog.py:55}}
Jul 04 07:00:21.668736 dv-neutron-848563-1-hyperv devstack@placement-api.service[105144]: INFO placement.requestlog [None req-4366efe4-ddc5-4a17-9eee-5cb216fdbbea service placement] 10.222.0.59 "GET /placement/resource_providers/9023cf23-7b59-4757-88d7-2310b0c5c4f6/aggregates" status: 404 len: 235 microversion: 1.1
Jul 04 07:00:21.669819 dv-neutron-848563-1-hyperv devstack@placement-api.service[105144]: [pid: 105144|app: 0|req: 10/19] 10.222.0.59 () {58 vars in 1362 bytes} [Mon Jul 4 07:00:21 2022] GET /placement/resource_providers/9023cf23-7b59-4757-88d7-2310b0c5c4f6/aggregates => generated 235 bytes in 19 msecs (HTTP/1.1 404) 5 headers in 202 bytes (1 switches on core 0)
Jul 04 07:00:21.698959 dv-neutron-848563-1-hyperv devstack@placement-api.service[105143]: DEBUG placement.requestlog [None req-4cbcfc3e-5de5-46ed-b3e1-5d7d4978195a None None] Starting request: 10.222.0.59 "DELETE /placement/resource_providers/9023cf23-7b59-4757-88d7-2310b0c5c4f6" {{(pid=105143) __call__ /opt/stack/placement/placement/requestlog.py:55}}
Jul 04 07:00:21.708954 dv-neutron-848563-1-hyperv devstack@placement-api.service[105143]: DEBUG placement.wsgi_wrapper [None req-4cbcfc3e-5de5-46ed-b3e1-5d7d4978195a service placement] Placement API returning an error response: No resource provider with uuid 9023cf23-7b59-4757-88d7-2310b0c5c4f6 found for delete {{(pid=105143) call_func /opt/stack/placement/placement/wsgi_wrapper.py:31}}
Jul 04 07:00:21.709994 dv-neutron-848563-1-hyperv devstack@placement-api.service[105143]: INFO placement.requestlog [None req-4cbcfc3e-5de5-46ed-b3e1-5d7d4978195a service placement] 10.222.0.59 "DELETE /placement/resource_providers/9023cf23-7b59-4757-88d7-2310b0c5c4f6" status: 404 len: 246 microversion: 1.1
Jul 04 07:00:21.710871 dv-neutron-848563-1-hyperv devstack@placement-api.service[105143]: [pid: 105143|app: 0|req: 10/20] 10.222.0.59 () {60 vars in 1351 bytes} [Mon Jul 4 07:00:21 2022] DELETE /placement/resource_providers/9023cf23-7b59-4757-88d7-2310b0c5c4f6 => generated 246 bytes in 12 msecs (HTTP/1.1 404) 6 headers in 231 bytes (1 switches on core 0)
Jul 04 07:00:23.563680 dv-neutron-848563-1-hyperv devstack@placement-api.service[105144]: DEBUG placement.requestlog [req-f66dbfb6-4693-427e-ba25-3196985c39db req-50b04b27-d3a2-4fc0-b293-da2c99e5903b None None] Starting request: 10.222.0.59 "GET /placement/allocation_candidates?limit=1000&resources=DISK_GB%3A1%2CMEMORY_MB%3A1024%2CVCPU%3A1&root_required=%21COMPUTE_STATUS_DISABLED" {{(pid=105144) __call__ /opt/stack/placement/placement/requestlog.py:55}}
Jul 04 07:00:23.744709 dv-neutron-848563-1-hyperv devstack@placement-api.service[105144]: DEBUG placement.objects.research_context [req-f66dbfb6-4693-427e-ba25-3196985c39db req-50b04b27-d3a2-4fc0-b293-da2c99e5903b service placement] getting providers with 1 DISK_GB {{(pid=105144) __init__ /opt/stack/placement/placement/objects/research_context.py:136}}
Jul 04 07:00:23.776586 dv-neutron-848563-1-hyperv devstack@placement-api.service[105144]: DEBUG placement.objects.research_context [req-f66dbfb6-4693-427e-ba25-3196985c39db req-50b04b27-d3a2-4fc0-b293-da2c99e5903b service placement] getting providers with 1024 MEMORY_MB {{(pid=105144) __init__ /opt/stack/placement/placement/objects/research_context.py:136}}
Jul 04 07:00:23.779815 dv-neutron-848563-1-hyperv devstack@placement-api.service[105143]: DEBUG placement.requestlog [None req-648cff60-8748-43ea-a666-06e1ab0a2f5e None None] Starting request: 10.222.0.59 "GET /placement/resource_providers/69cf2274-da7d-41e3-bed3-081d118b6b67/aggregates" {{(pid=105143) __call__ /opt/stack/placement/placement/requestlog.py:55}}
Jul 04 07:00:23.782733 dv-neutron-848563-1-hyperv devstack@placement-api.service[105144]: DEBUG placement.objects.research_context [req-f66dbfb6-4693-427e-ba25-3196985c39db req-50b04b27-d3a2-4fc0-b293-da2c99e5903b service placement] getting providers with 1 VCPU {{(pid=105144) __init__ /opt/stack/placement/placement/objects/research_context.py:136}}
Jul 04 07:00:23.788257 dv-neutron-848563-1-hyperv devstack@placement-api.service[105144]: DEBUG placement.objects.research_context [req-f66dbfb6-4693-427e-ba25-3196985c39db req-50b04b27-d3a2-4fc0-b293-da2c99e5903b service placement] found 1 providers with available 1 DISK_GB {{(pid=105144) get_provider_ids_matching /opt/stack/placement/placement/objects/research_context.py:563}}
Jul 04 07:00:23.788532 dv-neutron-848563-1-hyperv devstack@placement-api.service[105144]: DEBUG placement.objects.research_context [req-f66dbfb6-4693-427e-ba25-3196985c39db req-50b04b27-d3a2-4fc0-b293-da2c99e5903b service placement] found 1 providers with available 1024 MEMORY_MB {{(pid=105144) get_provider_ids_matching /opt/stack/placement/placement/objects/research_context.py:563}}
Jul 04 07:00:23.788992 dv-neutron-848563-1-hyperv devstack@placement-api.service[105144]: DEBUG placement.objects.research_context [req-f66dbfb6-4693-427e-ba25-3196985c39db req-50b04b27-d3a2-4fc0-b293-da2c99e5903b service placement] found 1 providers after filtering by previous result {{(pid=105144) get_provider_ids_matching /opt/stack/placement/placement/objects/research_context.py:594}}
Jul 04 07:00:23.789249 dv-neutron-848563-1-hyperv devstack@placement-api.service[105144]: DEBUG placement.objects.research_context [req-f66dbfb6-4693-427e-ba25-3196985c39db req-50b04b27-d3a2-4fc0-b293-da2c99e5903b service placement] found 1 providers with available 1 VCPU {{(pid=105144) get_provider_ids_matching /opt/stack/placement/placement/objects/research_context.py:563}}
Jul 04 07:00:23.789539 dv-neutron-848563-1-hyperv devstack@placement-api.service[105144]: DEBUG placement.objects.research_context [req-f66dbfb6-4693-427e-ba25-3196985c39db req-50b04b27-d3a2-4fc0-b293-da2c99e5903b service placement] found 1 providers after filtering by previous result {{(pid=105144) get_provider_ids_matching /opt/stack/placement/placement/objects/research_context.py:594}}
Jul 04 07:00:23.794950 dv-neutron-848563-1-hyperv devstack@placement-api.service[105143]: INFO placement.requestlog [None req-648cff60-8748-43ea-a666-06e1ab0a2f5e service placement] 10.222.0.59 "GET /placement/resource_providers/69cf2274-da7d-41e3-bed3-081d118b6b67/aggregates" status: 404 len: 235 microversion: 1.1
Jul 04 07:00:23.795377 dv-neutron-848563-1-hyperv devstack@placement-api.service[105143]: [pid: 105143|app: 0|req: 11/21] 10.222.0.59 () {58 vars in 1362 bytes} [Mon Jul 4 07:00:23 2022] GET /placement/resource_providers/69cf2274-da7d-41e3-bed3-081d118b6b67/aggregates => generated 235 bytes in 16 msecs (HTTP/1.1 404) 5 headers in 202 bytes (1 switches on core 0)
Jul 04 07:00:23.813238 dv-neutron-848563-1-hyperv devstack@placement-api.service[105144]: DEBUG placement.objects.allocation_candidate [req-f66dbfb6-4693-427e-ba25-3196985c39db req-50b04b27-d3a2-4fc0-b293-da2c99e5903b service placement] RequestGroup(use_same_provider=False, resources={DISK_GB:1, MEMORY_MB:1024, VCPU:1}, traits=(), aggregates=[]) (suffix '') returned 1 matches {{(pid=105144) _get_by_requests /opt/stack/placement/placement/objects/allocation_candidate.py:156}}
Jul 04 07:00:23.814012 dv-neutron-848563-1-hyperv devstack@placement-api.service[105144]: DEBUG placement.objects.allocation_candidate [req-f66dbfb6-4693-427e-ba25-3196985c39db req-50b04b27-d3a2-4fc0-b293-da2c99e5903b service placement] Merging candidates yields 1 allocation requests and 1 provider summaries {{(pid=105144) _merge_candidates /opt/stack/placement/placement/objects/allocation_candidate.py:809}}
Jul 04 07:00:23.816535 dv-neutron-848563-1-hyperv devstack@placement-api.service[105144]: INFO placement.requestlog [req-f66dbfb6-4693-427e-ba25-3196985c39db req-50b04b27-d3a2-4fc0-b293-da2c99e5903b service placement] 10.222.0.59 "GET /placement/allocation_candidates?limit=1000&resources=DISK_GB%3A1%2CMEMORY_MB%3A1024%2CVCPU%3A1&root_required=%21COMPUTE_STATUS_DISABLED" status: 200 len: 764 microversion: 1.36
Jul 04 07:00:23.820477 dv-neutron-848563-1-hyperv devstack@placement-api.service[105143]: DEBUG placement.requestlog [None req-f1131d1c-c155-48b1-b38e-9fb259c6cc27 None None] Starting request: 10.222.0.59 "DELETE /placement/resource_providers/69cf2274-da7d-41e3-bed3-081d118b6b67" {{(pid=105143) __call__ /opt/stack/placement/placement/requestlog.py:55}}
Jul 04 07:00:23.831816 dv-neutron-848563-1-hyperv devstack@placement-api.service[105144]: [pid: 105144|app: 0|req: 11/22] 10.222.0.59 () {60 vars in 1506 bytes} [Mon Jul 4 07:00:23 2022] GET /placement/allocation_candidates?limit=1000&resources=DISK_GB%3A1%2CMEMORY_MB%3A1024%2CVCPU%3A1&root_required=%21COMPUTE_STATUS_DISABLED => generated 764 bytes in 268 msecs (HTTP/1.1 200) 8 headers in 296 bytes (1 switches on core 0)
Jul 04 07:00:23.848963 dv-neutron-848563-1-hyperv devstack@placement-api.service[105143]: DEBUG placement.wsgi_wrapper [None req-f1131d1c-c155-48b1-b38e-9fb259c6cc27 service placement] Placement API returning an error response: No resource provider with uuid 69cf2274-da7d-41e3-bed3-081d118b6b67 found for delete {{(pid=105143) call_func /opt/stack/placement/placement/wsgi_wrapper.py:31}}
Jul 04 07:00:23.849961 dv-neutron-848563-1-hyperv devstack@placement-api.service[105143]: INFO placement.requestlog [None req-f1131d1c-c155-48b1-b38e-9fb259c6cc27 service placement] 10.222.0.59 "DELETE /placement/resource_providers/69cf2274-da7d-41e3-bed3-081d118b6b67" status: 404 len: 246 microversion: 1.1
Jul 04 07:00:23.852275 dv-neutron-848563-1-hyperv devstack@placement-api.service[105143]: [pid: 105143|app: 0|req: 12/23] 10.222.0.59 () {60 vars in 1351 bytes} [Mon Jul 4 07:00:23 2022] DELETE /placement/resource_providers/69cf2274-da7d-41e3-bed3-081d118b6b67 => generated 246 bytes in 32 msecs (HTTP/1.1 404) 6 headers in 231 bytes (1 switches on core 0)
Jul 04 07:00:23.986569 dv-neutron-848563-1-hyperv devstack@placement-api.service[105144]: DEBUG placement.requestlog [req-f66dbfb6-4693-427e-ba25-3196985c39db req-8cd47990-dd5b-488f-8b50-d5d9eff106f7 None None] Starting request: 10.222.0.59 "GET /placement/allocations/c5b3bded-461d-473a-bfbc-cf11af189ba6" {{(pid=105144) __call__ /opt/stack/placement/placement/requestlog.py:55}}
Jul 04 07:00:24.003141 dv-neutron-848563-1-hyperv devstack@placement-api.service[105144]: INFO placement.requestlog [req-f66dbfb6-4693-427e-ba25-3196985c39db req-8cd47990-dd5b-488f-8b50-d5d9eff106f7 service placement] 10.222.0.59 "GET /placement/allocations/c5b3bded-461d-473a-bfbc-cf11af189ba6" status: 200 len: 19 microversion: 1.28
Jul 04 07:00:24.014237 dv-neutron-848563-1-hyperv devstack@placement-api.service[105143]: DEBUG placement.requestlog [req-f66dbfb6-4693-427e-ba25-3196985c39db req-4a426376-d8ce-4de9-b634-87c5fc817026 None None] Starting request: 10.222.0.59 "PUT /placement/allocations/c5b3bded-461d-473a-bfbc-cf11af189ba6" {{(pid=105143) __call__ /opt/stack/placement/placement/requestlog.py:55}}
Jul 04 07:00:24.024851 dv-neutron-848563-1-hyperv devstack@placement-api.service[105144]: [pid: 105144|app: 0|req: 12/24] 10.222.0.59 () {60 vars in 1380 bytes} [Mon Jul 4 07:00:23 2022] GET /placement/allocations/c5b3bded-461d-473a-bfbc-cf11af189ba6 => generated 19 bytes in 38 msecs (HTTP/1.1 200) 8 headers in 295 bytes (1 switches on core 0)
