Jul 04 08:06:01.961437 dv-neutron-848509-1-hyperv devstack@n-api.service[119038]: DEBUG oslo_concurrency.lockutils [None req-9409a4a4-61fa-4d89-98c6-76d93599bc5b tempest-ServerActionsTestJSON-1456008656 tempest-ServerActionsTestJSON-1456008656-project] Lock "c8af2bf7-c59f-4bcf-a914-66558fd2b58b" acquired by "nova.context.set_target_cell..get_or_set_cached_cell_and_set_connections" :: waited 0.000s {{(pid=119038) inner /usr/local/lib/python3.8/dist-packages/oslo_concurrency/lockutils.py:386}}
Jul 04 08:06:01.962045 dv-neutron-848509-1-hyperv devstack@n-api.service[119038]: DEBUG oslo_concurrency.lockutils [None req-9409a4a4-61fa-4d89-98c6-76d93599bc5b tempest-ServerActionsTestJSON-1456008656 tempest-ServerActionsTestJSON-1456008656-project] Lock "c8af2bf7-c59f-4bcf-a914-66558fd2b58b" "released" by "nova.context.set_target_cell..get_or_set_cached_cell_and_set_connections" :: held 0.001s {{(pid=119038) inner /usr/local/lib/python3.8/dist-packages/oslo_concurrency/lockutils.py:400}}
Jul 04 08:06:02.058015 dv-neutron-848509-1-hyperv devstack@n-api.service[119037]: DEBUG nova.policy [None req-cae341d9-2616-4dd4-beee-a066f37e7e1d tempest-ServersTestManualDisk-1172695250 tempest-ServersTestManualDisk-1172695250-project] Policy check for os_compute_api:os-extended-server-attributes failed with credentials {'is_admin': False, 'user_id': '00471ab33a854be3b7b40840033c1208', 'user_domain_id': 'default', 'system_scope': None, 'domain_id': None, 'project_id': '3a666e963d384ccb8fa9ffa95fad3f63', 'project_domain_id': 'default', 'roles': ['member', 'reader'], 'is_admin_project': True, 'service_user_id': None, 'service_user_domain_id': None, 'service_project_id': None, 'service_project_domain_id': None, 'service_roles': []} {{(pid=119037) authorize /opt/stack/nova/nova/policy.py:199}}
Jul 04 08:06:02.071015 dv-neutron-848509-1-hyperv devstack@n-api.service[119037]: INFO nova.api.openstack.requestlog [None req-cae341d9-2616-4dd4-beee-a066f37e7e1d tempest-ServersTestManualDisk-1172695250 tempest-ServersTestManualDisk-1172695250-project] 10.222.0.58 "GET /compute/v2.1/servers/c6400735-c171-4e65-9c45-3f14371c4c1e" status: 200 len: 1714 microversion: 2.1 time: 0.545274
Jul 04 08:06:02.072716 dv-neutron-848509-1-hyperv devstack@n-api.service[119037]: [pid: 119037|app: 0|req: 60/117] 10.222.0.58 () {58 vars in 1235 bytes} [Mon Jul 4 08:06:01 2022] GET /compute/v2.1/servers/c6400735-c171-4e65-9c45-3f14371c4c1e => generated 1714 bytes in 548 msecs (HTTP/1.1 200) 9 headers in 358 bytes (1 switches on core 0)
Jul 04 08:06:02.449563 dv-neutron-848509-1-hyperv devstack@n-api.service[119038]: DEBUG nova.policy [None req-9409a4a4-61fa-4d89-98c6-76d93599bc5b tempest-ServerActionsTestJSON-1456008656 tempest-ServerActionsTestJSON-1456008656-project] Policy check for os_compute_api:os-extended-server-attributes failed with credentials {'is_admin': False, 'user_id': 'e35355109f104d518cbcf19215a16bd4', 'user_domain_id': 'default', 'system_scope': None, 'domain_id': None, 'project_id': 'b97af95367924963a8c8588b4264d708', 'project_domain_id': 'default', 'roles': ['member', 'reader'], 'is_admin_project': True, 'service_user_id': None, 'service_user_domain_id': None, 'service_project_id': None, 'service_project_domain_id': None, 'service_roles': []} {{(pid=119038) authorize /opt/stack/nova/nova/policy.py:199}}
Jul 04 08:06:02.459561 dv-neutron-848509-1-hyperv devstack@n-api.service[119038]: INFO nova.api.openstack.requestlog [None req-9409a4a4-61fa-4d89-98c6-76d93599bc5b tempest-ServerActionsTestJSON-1456008656 tempest-ServerActionsTestJSON-1456008656-project] 10.222.0.58 "GET /compute/v2.1/servers/98a1adb0-98de-4b1d-b3e7-f0aadd82d50f" status: 200 len: 1675 microversion: 2.1 time: 0.538299
Jul 04 08:06:02.460173 dv-neutron-848509-1-hyperv devstack@n-api.service[119038]: [pid: 119038|app: 0|req: 58/118] 10.222.0.58 () {58 vars in 1235 bytes} [Mon Jul 4 08:06:01 2022] GET /compute/v2.1/servers/98a1adb0-98de-4b1d-b3e7-f0aadd82d50f => generated 1675 bytes in 541 msecs (HTTP/1.1 200) 9 headers in 358 bytes (1 switches on core 0)
Jul 04 08:06:03.097931 dv-neutron-848509-1-hyperv devstack@n-api.service[119037]: DEBUG nova.api.openstack.wsgi [None req-d0f3d8f0-6302-474d-9fb3-d2b866e75f0f tempest-ServersTestManualDisk-1172695250 tempest-ServersTestManualDisk-1172695250-project] Calling method '>' {{(pid=119037) _process_stack /opt/stack/nova/nova/api/openstack/wsgi.py:513}}
Jul 04 08:06:03.098639 dv-neutron-848509-1-hyperv devstack@n-api.service[119037]: DEBUG nova.compute.api [None req-d0f3d8f0-6302-474d-9fb3-d2b866e75f0f tempest-ServersTestManualDisk-1172695250 tempest-ServersTestManualDisk-1172695250-project] [instance: c6400735-c171-4e65-9c45-3f14371c4c1e] Fetching instance by UUID {{(pid=119037) get /opt/stack/nova/nova/compute/api.py:2918}}
Jul 04 08:06:03.105888 dv-neutron-848509-1-hyperv devstack@n-api.service[119037]: DEBUG oslo_concurrency.lockutils [None req-d0f3d8f0-6302-474d-9fb3-d2b866e75f0f tempest-ServersTestManualDisk-1172695250 tempest-ServersTestManualDisk-1172695250-project] Lock "c8af2bf7-c59f-4bcf-a914-66558fd2b58b" acquired by "nova.context.set_target_cell..get_or_set_cached_cell_and_set_connections" :: waited 0.000s {{(pid=119037) inner /usr/local/lib/python3.8/dist-packages/oslo_concurrency/lockutils.py:386}}
Jul 04 08:06:03.107205 dv-neutron-848509-1-hyperv devstack@n-api.service[119037]: DEBUG oslo_concurrency.lockutils [None req-d0f3d8f0-6302-474d-9fb3-d2b866e75f0f tempest-ServersTestManualDisk-1172695250 tempest-ServersTestManualDisk-1172695250-project] Lock "c8af2bf7-c59f-4bcf-a914-66558fd2b58b" "released" by "nova.context.set_target_cell..get_or_set_cached_cell_and_set_connections" :: held 0.001s {{(pid=119037) inner /usr/local/lib/python3.8/dist-packages/oslo_concurrency/lockutils.py:400}}
Jul 04 08:06:03.108577 dv-neutron-848509-1-hyperv devstack@n-api.service[119037]: DEBUG oslo_concurrency.lockutils [None req-d0f3d8f0-6302-474d-9fb3-d2b866e75f0f tempest-ServersTestManualDisk-1172695250 tempest-ServersTestManualDisk-1172695250-project] Lock "c8af2bf7-c59f-4bcf-a914-66558fd2b58b" acquired by "nova.context.set_target_cell..get_or_set_cached_cell_and_set_connections" :: waited 0.000s {{(pid=119037) inner /usr/local/lib/python3.8/dist-packages/oslo_concurrency/lockutils.py:386}}
Jul 04 08:06:03.109040 dv-neutron-848509-1-hyperv devstack@n-api.service[119037]: DEBUG oslo_concurrency.lockutils [None req-d0f3d8f0-6302-474d-9fb3-d2b866e75f0f tempest-ServersTestManualDisk-1172695250 tempest-ServersTestManualDisk-1172695250-project] Lock "c8af2bf7-c59f-4bcf-a914-66558fd2b58b" "released" by "nova.context.set_target_cell..get_or_set_cached_cell_and_set_connections" :: held 0.000s {{(pid=119037) inner /usr/local/lib/python3.8/dist-packages/oslo_concurrency/lockutils.py:400}}
Jul 04 08:06:03.287633 dv-neutron-848509-1-hyperv devstack@n-api.service[119037]: DEBUG nova.policy [None req-d0f3d8f0-6302-474d-9fb3-d2b866e75f0f tempest-ServersTestManualDisk-1172695250 tempest-ServersTestManualDisk-1172695250-project] Policy check for os_compute_api:os-extended-server-attributes failed with credentials {'is_admin': False, 'user_id': '00471ab33a854be3b7b40840033c1208', 'user_domain_id': 'default', 'system_scope': None, 'domain_id': None, 'project_id': '3a666e963d384ccb8fa9ffa95fad3f63', 'project_domain_id': 'default', 'roles': ['member', 'reader'], 'is_admin_project': True, 'service_user_id': None, 'service_user_domain_id': None, 'service_project_id': None, 'service_project_domain_id': None, 'service_roles': []} {{(pid=119037) authorize /opt/stack/nova/nova/policy.py:199}}
Jul 04 08:06:03.304175 dv-neutron-848509-1-hyperv devstack@n-api.service[119037]: INFO nova.api.openstack.requestlog [None req-d0f3d8f0-6302-474d-9fb3-d2b866e75f0f tempest-ServersTestManualDisk-1172695250 tempest-ServersTestManualDisk-1172695250-project] 10.222.0.58 "GET /compute/v2.1/servers/c6400735-c171-4e65-9c45-3f14371c4c1e" status: 200 len: 1647 microversion: 2.1 time: 0.212612
Jul 04 08:06:03.304779 dv-neutron-848509-1-hyperv devstack@n-api.service[119037]: [pid: 119037|app: 0|req: 61/119] 10.222.0.58 () {58 vars in 1235 bytes} [Mon Jul 4 08:06:03 2022] GET /compute/v2.1/servers/c6400735-c171-4e65-9c45-3f14371c4c1e => generated 1647 bytes in 214 msecs (HTTP/1.1 200) 9 headers in 358 bytes (1 switches on core 0)
Jul 04 08:06:03.484669 dv-neutron-848509-1-hyperv devstack@n-api.service[119038]: DEBUG nova.api.openstack.wsgi [None req-92566dd0-9d68-4b8b-9017-0b6b097a1d1e tempest-ServerActionsTestJSON-1456008656 tempest-ServerActionsTestJSON-1456008656-project] Calling method '>' {{(pid=119038) _process_stack /opt/stack/nova/nova/api/openstack/wsgi.py:513}}
Jul 04 08:06:03.493444 dv-neutron-848509-1-hyperv devstack@n-api.service[119038]: DEBUG nova.compute.api [None req-92566dd0-9d68-4b8b-9017-0b6b097a1d1e tempest-ServerActionsTestJSON-1456008656 tempest-ServerActionsTestJSON-1456008656-project] [instance: 98a1adb0-98de-4b1d-b3e7-f0aadd82d50f] Fetching instance by UUID {{(pid=119038) get /opt/stack/nova/nova/compute/api.py:2918}}
Jul 04 08:06:03.501054 dv-neutron-848509-1-hyperv devstack@n-api.service[119038]: DEBUG oslo_concurrency.lockutils [None req-92566dd0-9d68-4b8b-9017-0b6b097a1d1e tempest-ServerActionsTestJSON-1456008656 tempest-ServerActionsTestJSON-1456008656-project] Lock "c8af2bf7-c59f-4bcf-a914-66558fd2b58b" acquired by "nova.context.set_target_cell..get_or_set_cached_cell_and_set_connections" :: waited 0.000s {{(pid=119038) inner /usr/local/lib/python3.8/dist-packages/oslo_concurrency/lockutils.py:386}}
Jul 04 08:06:03.503194 dv-neutron-848509-1-hyperv devstack@n-api.service[119038]: DEBUG oslo_concurrency.lockutils [None req-92566dd0-9d68-4b8b-9017-0b6b097a1d1e tempest-ServerActionsTestJSON-1456008656 tempest-ServerActionsTestJSON-1456008656-project] Lock "c8af2bf7-c59f-4bcf-a914-66558fd2b58b" "released" by "nova.context.set_target_cell..get_or_set_cached_cell_and_set_connections" :: held 0.002s {{(pid=119038) inner /usr/local/lib/python3.8/dist-packages/oslo_concurrency/lockutils.py:400}}
Jul 04 08:06:03.504216 dv-neutron-848509-1-hyperv devstack@n-api.service[119038]: DEBUG oslo_concurrency.lockutils [None req-92566dd0-9d68-4b8b-9017-0b6b097a1d1e tempest-ServerActionsTestJSON-1456008656 tempest-ServerActionsTestJSON-1456008656-project] Lock "c8af2bf7-c59f-4bcf-a914-66558fd2b58b" acquired by "nova.context.set_target_cell..get_or_set_cached_cell_and_set_connections" :: waited 0.000s {{(pid=119038) inner /usr/local/lib/python3.8/dist-packages/oslo_concurrency/lockutils.py:386}}
Jul 04 08:06:03.505917 dv-neutron-848509-1-hyperv devstack@n-api.service[119038]: DEBUG oslo_concurrency.lockutils [None req-92566dd0-9d68-4b8b-9017-0b6b097a1d1e tempest-ServerActionsTestJSON-1456008656 tempest-ServerActionsTestJSON-1456008656-project] Lock "c8af2bf7-c59f-4bcf-a914-66558fd2b58b" "released" by "nova.context.set_target_cell..get_or_set_cached_cell_and_set_connections" :: held 0.002s {{(pid=119038) inner /usr/local/lib/python3.8/dist-packages/oslo_concurrency/lockutils.py:400}}
Jul 04 08:06:03.567209 dv-neutron-848509-1-hyperv devstack@n-api.service[119037]: DEBUG nova.api.openstack.wsgi [None req-78bfb769-20a5-470d-8247-540e0da55b2f tempest-TestNetworkAdvancedServerOps-2093620566 tempest-TestNetworkAdvancedServerOps-2093620566-project] Action: 'create', calling method: >, body: {"server": {"name": "tempest-TestNetworkAdvancedServerOps-server-1372565778", "imageRef": "55ec6de8-c8a1-41e1-8eeb-20ba16da57e6", "flavorRef": "452", "networks": [{"uuid": "48d33851-0d7d-416a-95d8-4fdf9e35ed4c"}], "key_name": "tempest-TestNetworkAdvancedServerOps-742265950", "security_groups": [{"name": "tempest-secgroup-smoke-555473383"}]}} {{(pid=119037) _process_stack /opt/stack/nova/nova/api/openstack/wsgi.py:511}}
Jul 04 08:06:03.804329 dv-neutron-848509-1-hyperv devstack@n-api.service[119037]: DEBUG nova.network.neutron [None req-78bfb769-20a5-470d-8247-540e0da55b2f tempest-TestNetworkAdvancedServerOps-2093620566 tempest-TestNetworkAdvancedServerOps-2093620566-project] validate_networks() for [('48d33851-0d7d-416a-95d8-4fdf9e35ed4c', None, None, None, None, None)] {{(pid=119037) validate_networks /opt/stack/nova/nova/network/neutron.py:2632}}
Jul 04 08:06:04.218987 dv-neutron-848509-1-hyperv devstack@n-api.service[119038]: DEBUG nova.policy [None req-92566dd0-9d68-4b8b-9017-0b6b097a1d1e tempest-ServerActionsTestJSON-1456008656 tempest-ServerActionsTestJSON-1456008656-project] Policy check for os_compute_api:os-extended-server-attributes failed with credentials {'is_admin': False, 'user_id': 'e35355109f104d518cbcf19215a16bd4', 'user_domain_id': 'default', 'system_scope': None, 'domain_id': None, 'project_id': 'b97af95367924963a8c8588b4264d708', 'project_domain_id': 'default', 'roles': ['member', 'reader'], 'is_admin_project': True, 'service_user_id': None, 'service_user_domain_id': None, 'service_project_id': None, 'service_project_domain_id': None, 'service_roles': []} {{(pid=119038) authorize /opt/stack/nova/nova/policy.py:199}}
Jul 04 08:06:04.238338 dv-neutron-848509-1-hyperv devstack@n-api.service[119038]: INFO nova.api.openstack.requestlog [None req-92566dd0-9d68-4b8b-9017-0b6b097a1d1e tempest-ServerActionsTestJSON-1456008656 tempest-ServerActionsTestJSON-1456008656-project] 10.222.0.58 "GET /compute/v2.1/servers/98a1adb0-98de-4b1d-b3e7-f0aadd82d50f" status: 200 len: 1675 microversion: 2.1 time: 0.763566
Jul 04 08:06:04.241563 dv-neutron-848509-1-hyperv devstack@n-api.service[119038]: [pid: 119038|app: 0|req: 59/120] 10.222.0.58 () {58 vars in 1235 bytes} [Mon Jul 4 08:06:03 2022] GET /compute/v2.1/servers/98a1adb0-98de-4b1d-b3e7-f0aadd82d50f => generated 1675 bytes in 768 msecs (HTTP/1.1 200) 9 headers in 358 bytes (1 switches on core 0)
Jul 04 08:06:04.254295 dv-neutron-848509-1-hyperv devstack@n-api.service[119038]: DEBUG nova.api.openstack.wsgi [req-4c2cac24-d23e-4f74-afbe-cc505fd7b163 req-ec514f65-96b7-4703-a308-6b90fec0a0a5 service nova] Action: 'create', calling method: >, body: {"events": [{"server_uuid": "c6400735-c171-4e65-9c45-3f14371c4c1e", "name": "network-vif-deleted", "tag": "7e69a1cf-de54-42eb-8235-a16994992ae6"}]} {{(pid=119038) _process_stack /opt/stack/nova/nova/api/openstack/wsgi.py:511}}
Jul 04 08:06:04.280172 dv-neutron-848509-1-hyperv devstack@n-api.service[119038]: DEBUG oslo_concurrency.lockutils [req-4c2cac24-d23e-4f74-afbe-cc505fd7b163 req-ec514f65-96b7-4703-a308-6b90fec0a0a5 service nova] Lock "c8af2bf7-c59f-4bcf-a914-66558fd2b58b" acquired by "nova.context.set_target_cell..get_or_set_cached_cell_and_set_connections" :: waited 0.000s {{(pid=119038) inner /usr/local/lib/python3.8/dist-packages/oslo_concurrency/lockutils.py:386}}
Jul 04 08:06:04.281142 dv-neutron-848509-1-hyperv devstack@n-api.service[119038]: DEBUG oslo_concurrency.lockutils [req-4c2cac24-d23e-4f74-afbe-cc505fd7b163 req-ec514f65-96b7-4703-a308-6b90fec0a0a5 service nova] Lock "c8af2bf7-c59f-4bcf-a914-66558fd2b58b" "released" by "nova.context.set_target_cell..get_or_set_cached_cell_and_set_connections" :: held 0.001s {{(pid=119038) inner /usr/local/lib/python3.8/dist-packages/oslo_concurrency/lockutils.py:400}}
Jul 04 08:06:04.297820 dv-neutron-848509-1-hyperv devstack@n-api.service[119038]: INFO nova.api.openstack.compute.server_external_events [req-4c2cac24-d23e-4f74-afbe-cc505fd7b163 req-ec514f65-96b7-4703-a308-6b90fec0a0a5 service nova] Creating event network-vif-deleted:7e69a1cf-de54-42eb-8235-a16994992ae6 for instance c6400735-c171-4e65-9c45-3f14371c4c1e on hv-neutron-8485
Jul 04 08:06:04.313920 dv-neutron-848509-1-hyperv devstack@n-api.service[119038]: INFO nova.api.openstack.requestlog [req-4c2cac24-d23e-4f74-afbe-cc505fd7b163 req-ec514f65-96b7-4703-a308-6b90fec0a0a5 service nova] 10.222.0.58 "POST /compute/v2.1/os-server-external-events" status: 200 len: 183 microversion: 2.1 time: 0.070186
Jul 04 08:06:04.316446 dv-neutron-848509-1-hyperv devstack@n-api.service[119038]: [pid: 119038|app: 0|req: 60/121] 10.222.0.58 () {64 vars in 1317 bytes} [Mon Jul 4 08:06:04 2022] POST /compute/v2.1/os-server-external-events => generated 183 bytes in 74 msecs (HTTP/1.1 200) 9 headers in 357 bytes (1 switches on core 0)
Jul 04 08:06:04.323686 dv-neutron-848509-1-hyperv devstack@n-api.service[119038]: DEBUG nova.api.openstack.wsgi [None req-1e89f668-2025-42e6-b619-f77fd30e1ab1 tempest-ServersTestManualDisk-1172695250 tempest-ServersTestManualDisk-1172695250-project] Calling method '>' {{(pid=119038) _process_stack /opt/stack/nova/nova/api/openstack/wsgi.py:513}}
Jul 04 08:06:04.326446 dv-neutron-848509-1-hyperv devstack@n-api.service[119038]: DEBUG nova.compute.api [None req-1e89f668-2025-42e6-b619-f77fd30e1ab1 tempest-ServersTestManualDisk-1172695250 tempest-ServersTestManualDisk-1172695250-project] [instance: c6400735-c171-4e65-9c45-3f14371c4c1e] Fetching instance by UUID {{(pid=119038) get /opt/stack/nova/nova/compute/api.py:2918}}
Jul 04 08:06:04.346369 dv-neutron-848509-1-hyperv devstack@n-api.service[119038]: DEBUG oslo_concurrency.lockutils [None req-1e89f668-2025-42e6-b619-f77fd30e1ab1 tempest-ServersTestManualDisk-1172695250 tempest-ServersTestManualDisk-1172695250-project] Lock "c8af2bf7-c59f-4bcf-a914-66558fd2b58b" acquired by "nova.context.set_target_cell..get_or_set_cached_cell_and_set_connections" :: waited 0.000s {{(pid=119038) inner /usr/local/lib/python3.8/dist-packages/oslo_concurrency/lockutils.py:386}}
Jul 04 08:06:04.346721 dv-neutron-848509-1-hyperv devstack@n-api.service[119038]: DEBUG oslo_concurrency.lockutils [None req-1e89f668-2025-42e6-b619-f77fd30e1ab1 tempest-ServersTestManualDisk-1172695250 tempest-ServersTestManualDisk-1172695250-project] Lock "c8af2bf7-c59f-4bcf-a914-66558fd2b58b" "released" by "nova.context.set_target_cell..get_or_set_cached_cell_and_set_connections" :: held 0.005s {{(pid=119038) inner /usr/local/lib/python3.8/dist-packages/oslo_concurrency/lockutils.py:400}}
Jul 04 08:06:04.347599 dv-neutron-848509-1-hyperv devstack@n-api.service[119038]: DEBUG oslo_concurrency.lockutils [None req-1e89f668-2025-42e6-b619-f77fd30e1ab1 tempest-ServersTestManualDisk-1172695250 tempest-ServersTestManualDisk-1172695250-project] Lock "c8af2bf7-c59f-4bcf-a914-66558fd2b58b" acquired by "nova.context.set_target_cell..get_or_set_cached_cell_and_set_connections" :: waited 0.000s {{(pid=119038) inner /usr/local/lib/python3.8/dist-packages/oslo_concurrency/lockutils.py:386}}
Jul 04 08:06:04.348053 dv-neutron-848509-1-hyperv devstack@n-api.service[119038]: DEBUG oslo_concurrency.lockutils [None req-1e89f668-2025-42e6-b619-f77fd30e1ab1 tempest-ServersTestManualDisk-1172695250 tempest-ServersTestManualDisk-1172695250-project] Lock "c8af2bf7-c59f-4bcf-a914-66558fd2b58b" "released" by "nova.context.set_target_cell..get_or_set_cached_cell_and_set_connections" :: held 0.000s {{(pid=119038) inner /usr/local/lib/python3.8/dist-packages/oslo_concurrency/lockutils.py:400}}
Jul 04 08:06:04.427642 dv-neutron-848509-1-hyperv devstack@n-api.service[119038]: DEBUG oslo_concurrency.lockutils [None req-1e89f668-2025-42e6-b619-f77fd30e1ab1 tempest-ServersTestManualDisk-1172695250 tempest-ServersTestManualDisk-1172695250-project] Lock "c8af2bf7-c59f-4bcf-a914-66558fd2b58b" acquired by "nova.context.set_target_cell..get_or_set_cached_cell_and_set_connections" :: waited 0.000s {{(pid=119038) inner /usr/local/lib/python3.8/dist-packages/oslo_concurrency/lockutils.py:386}}
Jul 04 08:06:04.428102 dv-neutron-848509-1-hyperv devstack@n-api.service[119038]: DEBUG oslo_concurrency.lockutils [None req-1e89f668-2025-42e6-b619-f77fd30e1ab1 tempest-ServersTestManualDisk-1172695250 tempest-ServersTestManualDisk-1172695250-project] Lock "c8af2bf7-c59f-4bcf-a914-66558fd2b58b" "released" by "nova.context.set_target_cell..get_or_set_cached_cell_and_set_connections" :: held 0.001s {{(pid=119038) inner /usr/local/lib/python3.8/dist-packages/oslo_concurrency/lockutils.py:400}}
Jul 04 08:06:04.428581 dv-neutron-848509-1-hyperv devstack@n-api.service[119038]: DEBUG nova.objects.instance [None req-1e89f668-2025-42e6-b619-f77fd30e1ab1 tempest-ServersTestManualDisk-1172695250 tempest-ServersTestManualDisk-1172695250-project] Lazy-loading 'fault' on Instance uuid c6400735-c171-4e65-9c45-3f14371c4c1e {{(pid=119038) obj_load_attr /opt/stack/nova/nova/objects/instance.py:1099}}
Jul 04 08:06:04.551320 dv-neutron-848509-1-hyperv devstack@n-api.service[119038]: DEBUG nova.policy [None req-1e89f668-2025-42e6-b619-f77fd30e1ab1 tempest-ServersTestManualDisk-1172695250 tempest-ServersTestManualDisk-1172695250-project] Policy check for os_compute_api:os-extended-server-attributes failed with credentials {'is_admin': False, 'user_id': '00471ab33a854be3b7b40840033c1208', 'user_domain_id': 'default', 'system_scope': None, 'domain_id': None, 'project_id': '3a666e963d384ccb8fa9ffa95fad3f63', 'project_domain_id': 'default', 'roles': ['member', 'reader'], 'is_admin_project': True, 'service_user_id': None, 'service_user_domain_id': None, 'service_project_id': None, 'service_project_domain_id': None, 'service_roles': []} {{(pid=119038) authorize /opt/stack/nova/nova/policy.py:199}}
Jul 04 08:06:04.559433 dv-neutron-848509-1-hyperv devstack@n-api.service[119038]: INFO nova.api.openstack.requestlog [None req-1e89f668-2025-42e6-b619-f77fd30e1ab1 tempest-ServersTestManualDisk-1172695250 tempest-ServersTestManualDisk-1172695250-project] 10.222.0.58 "GET /compute/v2.1/servers/c6400735-c171-4e65-9c45-3f14371c4c1e" status: 200 len: 1367 microversion: 2.1 time: 0.240927
Jul 04 08:06:04.560204 dv-neutron-848509-1-hyperv devstack@n-api.service[119038]: [pid: 119038|app: 0|req: 61/122] 10.222.0.58 () {58 vars in 1235 bytes} [Mon Jul 4 08:06:04 2022] GET /compute/v2.1/servers/c6400735-c171-4e65-9c45-3f14371c4c1e => generated 1367 bytes in 242 msecs (HTTP/1.1 200) 9 headers in 358 bytes (2 switches on core 0)
Jul 04 08:06:05.259856 dv-neutron-848509-1-hyperv devstack@n-api.service[119038]: DEBUG nova.api.openstack.wsgi [None req-0e058933-a694-46fe-a933-c65c018a2e94 tempest-ServerActionsTestJSON-1456008656 tempest-ServerActionsTestJSON-1456008656-project] Calling method '>' {{(pid=119038) _process_stack /opt/stack/nova/nova/api/openstack/wsgi.py:513}}
Jul 04 08:06:05.259856 dv-neutron-848509-1-hyperv devstack@n-api.service[119038]: DEBUG nova.compute.api [None req-0e058933-a694-46fe-a933-c65c018a2e94 tempest-ServerActionsTestJSON-1456008656 tempest-ServerActionsTestJSON-1456008656-project] [instance: 98a1adb0-98de-4b1d-b3e7-f0aadd82d50f] Fetching instance by UUID {{(pid=119038) get /opt/stack/nova/nova/compute/api.py:2918}}
Jul 04 08:06:05.266240 dv-neutron-848509-1-hyperv devstack@n-api.service[119038]: DEBUG oslo_concurrency.lockutils [None req-0e058933-a694-46fe-a933-c65c018a2e94 tempest-ServerActionsTestJSON-1456008656 tempest-ServerActionsTestJSON-1456008656-project] Lock "c8af2bf7-c59f-4bcf-a914-66558fd2b58b" acquired by "nova.context.set_target_cell..get_or_set_cached_cell_and_set_connections" :: waited 0.000s {{(pid=119038) inner /usr/local/lib/python3.8/dist-packages/oslo_concurrency/lockutils.py:386}}
Jul 04 08:06:05.266715 dv-neutron-848509-1-hyperv devstack@n-api.service[119038]: DEBUG oslo_concurrency.lockutils [None req-0e058933-a694-46fe-a933-c65c018a2e94 tempest-ServerActionsTestJSON-1456008656 tempest-ServerActionsTestJSON-1456008656-project] Lock "c8af2bf7-c59f-4bcf-a914-66558fd2b58b" "released" by "nova.context.set_target_cell..get_or_set_cached_cell_and_set_connections" :: held 0.001s {{(pid=119038) inner /usr/local/lib/python3.8/dist-packages/oslo_concurrency/lockutils.py:400}}
Jul 04 08:06:05.271447 dv-neutron-848509-1-hyperv devstack@n-api.service[119038]: DEBUG oslo_concurrency.lockutils [None req-0e058933-a694-46fe-a933-c65c018a2e94 tempest-ServerActionsTestJSON-1456008656 tempest-ServerActionsTestJSON-1456008656-project] Lock "c8af2bf7-c59f-4bcf-a914-66558fd2b58b" acquired by "nova.context.set_target_cell..get_or_set_cached_cell_and_set_connections" :: waited 0.000s {{(pid=119038) inner /usr/local/lib/python3.8/dist-packages/oslo_concurrency/lockutils.py:386}}
Jul 04 08:06:05.271986 dv-neutron-848509-1-hyperv devstack@n-api.service[119038]: DEBUG oslo_concurrency.lockutils [None req-0e058933-a694-46fe-a933-c65c018a2e94 tempest-ServerActionsTestJSON-1456008656 tempest-ServerActionsTestJSON-1456008656-project] Lock "c8af2bf7-c59f-4bcf-a914-66558fd2b58b" "released" by "nova.context.set_target_cell..get_or_set_cached_cell_and_set_connections" :: held 0.001s {{(pid=119038) inner /usr/local/lib/python3.8/dist-packages/oslo_concurrency/lockutils.py:400}}
Jul 04 08:06:05.778943 dv-neutron-848509-1-hyperv devstack@n-api.service[119037]: DEBUG nova.virt.hardware [None req-78bfb769-20a5-470d-8247-540e0da55b2f tempest-TestNetworkAdvancedServerOps-2093620566 tempest-TestNetworkAdvancedServerOps-2093620566-project] Flavor limits 0:0:0 {{(pid=119037) get_cpu_topology_constraints /opt/stack/nova/nova/virt/hardware.py:343}}
Jul 04 08:06:05.781497 dv-neutron-848509-1-hyperv devstack@n-api.service[119037]: DEBUG nova.virt.hardware [None req-78bfb769-20a5-470d-8247-540e0da55b2f tempest-TestNetworkAdvancedServerOps-2093620566 tempest-TestNetworkAdvancedServerOps-2093620566-project] Image limits 0:0:0 {{(pid=119037) get_cpu_topology_constraints /opt/stack/nova/nova/virt/hardware.py:347}}
Jul 04 08:06:05.782209 dv-neutron-848509-1-hyperv devstack@n-api.service[119037]: DEBUG nova.virt.hardware [None req-78bfb769-20a5-470d-8247-540e0da55b2f tempest-TestNetworkAdvancedServerOps-2093620566 tempest-TestNetworkAdvancedServerOps-2093620566-project] Flavor pref 0:0:0 {{(pid=119037) get_cpu_topology_constraints /opt/stack/nova/nova/virt/hardware.py:383}}
Jul 04 08:06:05.782858 dv-neutron-848509-1-hyperv devstack@n-api.service[119037]: DEBUG nova.virt.hardware [None req-78bfb769-20a5-470d-8247-540e0da55b2f tempest-TestNetworkAdvancedServerOps-2093620566 tempest-TestNetworkAdvancedServerOps-2093620566-project] Image pref 0:0:0 {{(pid=119037) get_cpu_topology_constraints /opt/stack/nova/nova/virt/hardware.py:387}}
Jul 04 08:06:05.783702 dv-neutron-848509-1-hyperv devstack@n-api.service[119037]: DEBUG nova.virt.hardware [None req-78bfb769-20a5-470d-8247-540e0da55b2f tempest-TestNetworkAdvancedServerOps-2093620566 tempest-TestNetworkAdvancedServerOps-2093620566-project] Chose sockets=0, cores=0, threads=0; limits were sockets=65536, cores=65536, threads=65536 {{(pid=119037) get_cpu_topology_constraints /opt/stack/nova/nova/virt/hardware.py:425}}
Jul 04 08:06:05.811794 dv-neutron-848509-1-hyperv devstack@n-api.service[119038]: DEBUG nova.policy [None req-0e058933-a694-46fe-a933-c65c018a2e94 tempest-ServerActionsTestJSON-1456008656 tempest-ServerActionsTestJSON-1456008656-project] Policy check for os_compute_api:os-extended-server-attributes failed with credentials {'is_admin': False, 'user_id': 'e35355109f104d518cbcf19215a16bd4', 'user_domain_id': 'default', 'system_scope': None, 'domain_id': None, 'project_id': 'b97af95367924963a8c8588b4264d708', 'project_domain_id': 'default', 'roles': ['member', 'reader'], 'is_admin_project': True, 'service_user_id': None, 'service_user_domain_id': None, 'service_project_id': None, 'service_project_domain_id': None, 'service_roles': []} {{(pid=119038) authorize /opt/stack/nova/nova/policy.py:199}}
Jul 04 08:06:05.827729 dv-neutron-848509-1-hyperv devstack@n-api.service[119037]: DEBUG oslo_concurrency.lockutils [None req-78bfb769-20a5-470d-8247-540e0da55b2f tempest-TestNetworkAdvancedServerOps-2093620566 tempest-TestNetworkAdvancedServerOps-2093620566-project] Lock "00000000-0000-0000-0000-000000000000" acquired by "nova.context.set_target_cell..get_or_set_cached_cell_and_set_connections" :: waited 0.000s {{(pid=119037) inner /usr/local/lib/python3.8/dist-packages/oslo_concurrency/lockutils.py:386}}
Jul 04 08:06:05.828179 dv-neutron-848509-1-hyperv devstack@n-api.service[119037]: DEBUG oslo_concurrency.lockutils [None req-78bfb769-20a5-470d-8247-540e0da55b2f tempest-TestNetworkAdvancedServerOps-2093620566 tempest-TestNetworkAdvancedServerOps-2093620566-project] Lock "00000000-0000-0000-0000-000000000000" "released" by "nova.context.set_target_cell..get_or_set_cached_cell_and_set_connections" :: held 0.001s {{(pid=119037) inner /usr/local/lib/python3.8/dist-packages/oslo_concurrency/lockutils.py:400}}
Jul 04 08:06:05.828984 dv-neutron-848509-1-hyperv devstack@n-api.service[119037]: DEBUG oslo_concurrency.lockutils [None req-78bfb769-20a5-470d-8247-540e0da55b2f tempest-TestNetworkAdvancedServerOps-2093620566 tempest-TestNetworkAdvancedServerOps-2093620566-project] Lock "c8af2bf7-c59f-4bcf-a914-66558fd2b58b" acquired by "nova.context.set_target_cell..get_or_set_cached_cell_and_set_connections" :: waited 0.000s {{(pid=119037) inner /usr/local/lib/python3.8/dist-packages/oslo_concurrency/lockutils.py:386}}
Jul 04 08:06:05.829421 dv-neutron-848509-1-hyperv devstack@n-api.service[119037]: DEBUG oslo_concurrency.lockutils [None req-78bfb769-20a5-470d-8247-540e0da55b2f tempest-TestNetworkAdvancedServerOps-2093620566 tempest-TestNetworkAdvancedServerOps-2093620566-project] Lock "c8af2bf7-c59f-4bcf-a914-66558fd2b58b" "released" by "nova.context.set_target_cell..get_or_set_cached_cell_and_set_connections" :: held 0.000s {{(pid=119037) inner /usr/local/lib/python3.8/dist-packages/oslo_concurrency/lockutils.py:400}}
Jul 04 08:06:05.846414 dv-neutron-848509-1-hyperv devstack@n-api.service[119038]: INFO nova.api.openstack.requestlog [None req-0e058933-a694-46fe-a933-c65c018a2e94 tempest-ServerActionsTestJSON-1456008656 tempest-ServerActionsTestJSON-1456008656-project] 10.222.0.58 "GET /compute/v2.1/servers/98a1adb0-98de-4b1d-b3e7-f0aadd82d50f" status: 200 len: 1675 microversion: 2.1 time: 0.593411
Jul 04 08:06:05.858654 dv-neutron-848509-1-hyperv devstack@n-api.service[119038]: [pid: 119038|app: 0|req: 62/123] 10.222.0.58 () {58 vars in 1235 bytes} [Mon Jul 4 08:06:05 2022] GET /compute/v2.1/servers/98a1adb0-98de-4b1d-b3e7-f0aadd82d50f => generated 1675 bytes in 606 msecs (HTTP/1.1 200) 9 headers in 358 bytes (2 switches on core 0)
Jul 04 08:06:05.864111 dv-neutron-848509-1-hyperv devstack@n-api.service[119038]: DEBUG nova.api.openstack.wsgi [None req-0832d5fa-af53-4866-b183-69fd5e7075e1 tempest-ServersTestManualDisk-1172695250 tempest-ServersTestManualDisk-1172695250-project] Calling method '>' {{(pid=119038) _process_stack /opt/stack/nova/nova/api/openstack/wsgi.py:513}}
Jul 04 08:06:05.864900 dv-neutron-848509-1-hyperv devstack@n-api.service[119038]: DEBUG nova.compute.api [None req-0832d5fa-af53-4866-b183-69fd5e7075e1 tempest-ServersTestManualDisk-1172695250 tempest-ServersTestManualDisk-1172695250-project] [instance: c6400735-c171-4e65-9c45-3f14371c4c1e] Fetching instance by UUID {{(pid=119038) get /opt/stack/nova/nova/compute/api.py:2918}}
Jul 04 08:06:05.875340 dv-neutron-848509-1-hyperv devstack@n-api.service[119037]: DEBUG nova.quota [None req-78bfb769-20a5-470d-8247-540e0da55b2f tempest-TestNetworkAdvancedServerOps-2093620566 tempest-TestNetworkAdvancedServerOps-2093620566-project] Getting quotas for project 4f7f553728df4e719fc9c7700770c862. Resources: {'instances', 'cores', 'ram'} {{(pid=119037) _get_quotas /opt/stack/nova/nova/quota.py:393}}
Jul 04 08:06:05.878919 dv-neutron-848509-1-hyperv devstack@n-api.service[119038]: DEBUG oslo_concurrency.lockutils [None req-0832d5fa-af53-4866-b183-69fd5e7075e1 tempest-ServersTestManualDisk-1172695250 tempest-ServersTestManualDisk-1172695250-project] Lock "c8af2bf7-c59f-4bcf-a914-66558fd2b58b" acquired by "nova.context.set_target_cell..get_or_set_cached_cell_and_set_connections" :: waited 0.000s {{(pid=119038) inner /usr/local/lib/python3.8/dist-packages/oslo_concurrency/lockutils.py:386}}
Jul 04 08:06:05.879455 dv-neutron-848509-1-hyperv devstack@n-api.service[119038]: DEBUG oslo_concurrency.lockutils [None req-0832d5fa-af53-4866-b183-69fd5e7075e1 tempest-ServersTestManualDisk-1172695250 tempest-ServersTestManualDisk-1172695250-project] Lock "c8af2bf7-c59f-4bcf-a914-66558fd2b58b" "released" by "nova.context.set_target_cell..get_or_set_cached_cell_and_set_connections" :: held 0.001s {{(pid=119038) inner /usr/local/lib/python3.8/dist-packages/oslo_concurrency/lockutils.py:400}}
Jul 04 08:06:05.881878 dv-neutron-848509-1-hyperv devstack@n-api.service[119037]: DEBUG nova.quota [None req-78bfb769-20a5-470d-8247-540e0da55b2f tempest-TestNetworkAdvancedServerOps-2093620566 tempest-TestNetworkAdvancedServerOps-2093620566-project] Getting quotas for user 372147d3595c4686b3a596e0df34223d and project 4f7f553728df4e719fc9c7700770c862. Resources: {'instances', 'cores', 'ram'} {{(pid=119037) _get_quotas /opt/stack/nova/nova/quota.py:383}}
Jul 04 08:06:05.882969 dv-neutron-848509-1-hyperv devstack@n-api.service[119038]: DEBUG oslo_concurrency.lockutils [None req-0832d5fa-af53-4866-b183-69fd5e7075e1 tempest-ServersTestManualDisk-1172695250 tempest-ServersTestManualDisk-1172695250-project] Lock "c8af2bf7-c59f-4bcf-a914-66558fd2b58b" acquired by "nova.context.set_target_cell..get_or_set_cached_cell_and_set_connections" :: waited 0.000s {{(pid=119038) inner /usr/local/lib/python3.8/dist-packages/oslo_concurrency/lockutils.py:386}}
Jul 04 08:06:05.883482 dv-neutron-848509-1-hyperv devstack@n-api.service[119038]: DEBUG oslo_concurrency.lockutils [None req-0832d5fa-af53-4866-b183-69fd5e7075e1 tempest-ServersTestManualDisk-1172695250 tempest-ServersTestManualDisk-1172695250-project] Lock "c8af2bf7-c59f-4bcf-a914-66558fd2b58b" "released" by "nova.context.set_target_cell..get_or_set_cached_cell_and_set_connections" :: held 0.003s {{(pid=119038) inner /usr/local/lib/python3.8/dist-packages/oslo_concurrency/lockutils.py:400}}
Jul 04 08:06:05.898366 dv-neutron-848509-1-hyperv devstack@n-api.service[119037]: DEBUG nova.compute.api [None req-78bfb769-20a5-470d-8247-540e0da55b2f tempest-TestNetworkAdvancedServerOps-2093620566 tempest-TestNetworkAdvancedServerOps-2093620566-project] Going to run 1 instances... {{(pid=119037) _provision_instances /opt/stack/nova/nova/compute/api.py:1389}}
Jul 04 08:06:05.901508 dv-neutron-848509-1-hyperv devstack@n-api.service[119037]: DEBUG nova.compute.api [None req-78bfb769-20a5-470d-8247-540e0da55b2f tempest-TestNetworkAdvancedServerOps-2093620566 tempest-TestNetworkAdvancedServerOps-2093620566-project] [instance: f168e8bf-e36b-4d44-9d76-a3f2b83b1a14] block_device_mapping [BlockDeviceMapping(attachment_id=,boot_index=0,connection_info=None,created_at=,delete_on_termination=True,deleted=,deleted_at=,destination_type='local',device_name=None,device_type='disk',disk_bus=None,guest_format=None,id=,image_id='55ec6de8-c8a1-41e1-8eeb-20ba16da57e6',instance=,instance_uuid=,no_device=False,snapshot_id=None,source_type='image',tag=None,updated_at=,uuid=,volume_id=None,volume_size=None,volume_type=None)] {{(pid=119037) _bdm_validate_set_size_and_instance /opt/stack/nova/nova/compute/api.py:1807}}
Jul 04 08:06:05.927196 dv-neutron-848509-1-hyperv devstack@n-api.service[119038]: INFO nova.api.openstack.wsgi [None req-0832d5fa-af53-4866-b183-69fd5e7075e1 tempest-ServersTestManualDisk-1172695250 tempest-ServersTestManualDisk-1172695250-project] HTTP exception thrown: Instance c6400735-c171-4e65-9c45-3f14371c4c1e could not be found.
Jul 04 08:06:05.928252 dv-neutron-848509-1-hyperv devstack@n-api.service[119038]: DEBUG nova.api.openstack.wsgi [None req-0832d5fa-af53-4866-b183-69fd5e7075e1 tempest-ServersTestManualDisk-1172695250 tempest-ServersTestManualDisk-1172695250-project] Returning 404 to user: Instance c6400735-c171-4e65-9c45-3f14371c4c1e could not be found. {{(pid=119038) __call__ /opt/stack/nova/nova/api/openstack/wsgi.py:936}}
Jul 04 08:06:05.931237 dv-neutron-848509-1-hyperv devstack@n-api.service[119038]: INFO nova.api.openstack.requestlog [None req-0832d5fa-af53-4866-b183-69fd5e7075e1 tempest-ServersTestManualDisk-1172695250 tempest-ServersTestManualDisk-1172695250-project] 10.222.0.58 "GET /compute/v2.1/servers/c6400735-c171-4e65-9c45-3f14371c4c1e" status: 404 len: 111 microversion: 2.1 time: 0.070783
Jul 04 08:06:05.933253 dv-neutron-848509-1-hyperv devstack@n-api.service[119038]: [pid: 119038|app: 0|req: 63/124] 10.222.0.58 () {58 vars in 1235 bytes} [Mon Jul 4 08:06:05 2022] GET /compute/v2.1/servers/c6400735-c171-4e65-9c45-3f14371c4c1e => generated 111 bytes in 74 msecs (HTTP/1.1 404) 9 headers in 379 bytes (1 switches on core 0)
Jul 04 08:06:05.945411 dv-neutron-848509-1-hyperv devstack@n-api.service[119038]: DEBUG nova.api.openstack.wsgi [None req-f3d71ae7-536b-4609-9f43-54e6ffb14889 tempest-ServersTestManualDisk-1172695250 tempest-ServersTestManualDisk-1172695250-project] Calling method '.version_select at 0x7f2e210a3820>' {{(pid=119038) _process_stack /opt/stack/nova/nova/api/openstack/wsgi.py:513}}
Jul 04 08:06:06.069860 dv-neutron-848509-1-hyperv devstack@n-api.service[119037]: INFO nova.api.openstack.requestlog [None req-78bfb769-20a5-470d-8247-540e0da55b2f tempest-TestNetworkAdvancedServerOps-2093620566 tempest-TestNetworkAdvancedServerOps-2093620566-project] 10.222.0.58 "POST /compute/v2.1/servers" status: 202 len: 405 microversion: 2.1 time: 2.508619
Jul 04 08:06:06.076008 dv-neutron-848509-1-hyperv devstack@n-api.service[119038]: INFO nova.api.openstack.requestlog [None req-f3d71ae7-536b-4609-9f43-54e6ffb14889 tempest-ServersTestManualDisk-1172695250 tempest-ServersTestManualDisk-1172695250-project] 10.222.0.58 "DELETE /compute/v2.1/os-keypairs/tempest-keypair-1180448958" status: 202 len: 0 microversion: 2.1 time: 0.134804
Jul 04 08:06:06.076008 dv-neutron-848509-1-hyperv devstack@n-api.service[119038]: [pid: 119038|app: 0|req: 64/125] 10.222.0.58 () {58 vars in 1220 bytes} [Mon Jul 4 08:06:05 2022] DELETE /compute/v2.1/os-keypairs/tempest-keypair-1180448958 => generated 0 bytes in 137 msecs (HTTP/1.1 202) 9 headers in 361 bytes (1 switches on core 0)
Jul 04 08:06:06.077426 dv-neutron-848509-1-hyperv devstack@n-api.service[119037]: [pid: 119037|app: 0|req: 62/126] 10.222.0.58 () {60 vars in 1146 bytes} [Mon Jul 4 08:06:03 2022] POST /compute/v2.1/servers => generated 405 bytes in 2518 msecs (HTTP/1.1 202) 10 headers in 451 bytes (2 switches on core 0)
Jul 04 08:06:06.082618 dv-neutron-848509-1-hyperv devstack@n-api.service[119038]: DEBUG nova.api.openstack.wsgi [None req-9c642279-e203-4af0-8257-87d58ca5f353 tempest-TestNetworkAdvancedServerOps-2093620566 tempest-TestNetworkAdvancedServerOps-2093620566-project] Calling method '>' {{(pid=119038) _process_stack /opt/stack/nova/nova/api/openstack/wsgi.py:513}}
Jul 04 08:06:06.083342 dv-neutron-848509-1-hyperv devstack@n-api.service[119038]: DEBUG nova.compute.api [None req-9c642279-e203-4af0-8257-87d58ca5f353 tempest-TestNetworkAdvancedServerOps-2093620566 tempest-TestNetworkAdvancedServerOps-2093620566-project] [instance: f168e8bf-e36b-4d44-9d76-a3f2b83b1a14] Fetching instance by UUID {{(pid=119038) get /opt/stack/nova/nova/compute/api.py:2918}}
Jul 04 08:06:06.317794 dv-neutron-848509-1-hyperv devstack@n-api.service[119038]: DEBUG nova.policy [None req-9c642279-e203-4af0-8257-87d58ca5f353 tempest-TestNetworkAdvancedServerOps-2093620566 tempest-TestNetworkAdvancedServerOps-2093620566-project] Policy check for os_compute_api:os-extended-server-attributes failed with credentials {'is_admin': False, 'user_id': '372147d3595c4686b3a596e0df34223d', 'user_domain_id': 'default', 'system_scope': None, 'domain_id': None, 'project_id': '4f7f553728df4e719fc9c7700770c862', 'project_domain_id': 'default', 'roles': ['member', 'reader'], 'is_admin_project': True, 'service_user_id': None, 'service_user_domain_id': None, 'service_project_id': None, 'service_project_domain_id': None, 'service_roles': []} {{(pid=119038) authorize /opt/stack/nova/nova/policy.py:199}}
Jul 04 08:06:06.328161 dv-neutron-848509-1-hyperv devstack@n-api.service[119038]: INFO nova.api.openstack.requestlog [None req-9c642279-e203-4af0-8257-87d58ca5f353 tempest-TestNetworkAdvancedServerOps-2093620566 tempest-TestNetworkAdvancedServerOps-2093620566-project] 10.222.0.58 "GET /compute/v2.1/servers/f168e8bf-e36b-4d44-9d76-a3f2b83b1a14" status: 200 len: 1266 microversion: 2.1 time: 0.250536
Jul 04 08:06:06.329449 dv-neutron-848509-1-hyperv devstack@n-api.service[119038]: [pid: 119038|app: 0|req: 65/127] 10.222.0.58 () {58 vars in 1235 bytes} [Mon Jul 4 08:06:06 2022] GET /compute/v2.1/servers/f168e8bf-e36b-4d44-9d76-a3f2b83b1a14 => generated 1266 bytes in 252 msecs (HTTP/1.1 200) 9 headers in 358 bytes (1 switches on core 0)
Jul 04 08:06:06.866798 dv-neutron-848509-1-hyperv devstack@n-api.service[119037]: DEBUG nova.api.openstack.wsgi [None req-7857d73b-0ffd-4705-abfe-51c5031b501b tempest-ServerActionsTestJSON-1456008656 tempest-ServerActionsTestJSON-1456008656-project] Calling method '>' {{(pid=119037) _process_stack /opt/stack/nova/nova/api/openstack/wsgi.py:513}}
Jul 04 08:06:06.867397 dv-neutron-848509-1-hyperv devstack@n-api.service[119037]: DEBUG nova.compute.api [None req-7857d73b-0ffd-4705-abfe-51c5031b501b tempest-ServerActionsTestJSON-1456008656 tempest-ServerActionsTestJSON-1456008656-project] [instance: 98a1adb0-98de-4b1d-b3e7-f0aadd82d50f] Fetching instance by UUID {{(pid=119037) get /opt/stack/nova/nova/compute/api.py:2918}}
Jul 04 08:06:06.878579 dv-neutron-848509-1-hyperv devstack@n-api.service[119037]: DEBUG oslo_concurrency.lockutils [None req-7857d73b-0ffd-4705-abfe-51c5031b501b tempest-ServerActionsTestJSON-1456008656 tempest-ServerActionsTestJSON-1456008656-project] Lock "c8af2bf7-c59f-4bcf-a914-66558fd2b58b" acquired by "nova.context.set_target_cell..get_or_set_cached_cell_and_set_connections" :: waited 0.000s {{(pid=119037) inner /usr/local/lib/python3.8/dist-packages/oslo_concurrency/lockutils.py:386}}
Jul 04 08:06:06.880201 dv-neutron-848509-1-hyperv devstack@n-api.service[119037]: DEBUG oslo_concurrency.lockutils [None req-7857d73b-0ffd-4705-abfe-51c5031b501b tempest-ServerActionsTestJSON-1456008656 tempest-ServerActionsTestJSON-1456008656-project] Lock "c8af2bf7-c59f-4bcf-a914-66558fd2b58b" "released" by "nova.context.set_target_cell..get_or_set_cached_cell_and_set_connections" :: held 0.002s {{(pid=119037) inner /usr/local/lib/python3.8/dist-packages/oslo_concurrency/lockutils.py:400}}
Jul 04 08:06:06.887734 dv-neutron-848509-1-hyperv devstack@n-api.service[119037]: DEBUG oslo_concurrency.lockutils [None req-7857d73b-0ffd-4705-abfe-51c5031b501b tempest-ServerActionsTestJSON-1456008656 tempest-ServerActionsTestJSON-1456008656-project] Lock "c8af2bf7-c59f-4bcf-a914-66558fd2b58b" acquired by "nova.context.set_target_cell..get_or_set_cached_cell_and_set_connections" :: waited 0.000s {{(pid=119037) inner /usr/local/lib/python3.8/dist-packages/oslo_concurrency/lockutils.py:386}}
Jul 04 08:06:06.888509 dv-neutron-848509-1-hyperv devstack@n-api.service[119037]: DEBUG oslo_concurrency.lockutils [None req-7857d73b-0ffd-4705-abfe-51c5031b501b tempest-ServerActionsTestJSON-1456008656 tempest-ServerActionsTestJSON-1456008656-project] Lock "c8af2bf7-c59f-4bcf-a914-66558fd2b58b" "released" by "nova.context.set_target_cell..get_or_set_cached_cell_and_set_connections" :: held 0.001s {{(pid=119037) inner /usr/local/lib/python3.8/dist-packages/oslo_concurrency/lockutils.py:400}}
Jul 04 08:06:07.346959 dv-neutron-848509-1-hyperv devstack@n-api.service[119038]: DEBUG nova.api.openstack.wsgi [None req-144cb792-7f63-4b98-b8b0-6b8d505a05c1 tempest-TestNetworkAdvancedServerOps-2093620566 tempest-TestNetworkAdvancedServerOps-2093620566-project] Calling method '>' {{(pid=119038) _process_stack /opt/stack/nova/nova/api/openstack/wsgi.py:513}}
Jul 04 08:06:07.347539 dv-neutron-848509-1-hyperv devstack@n-api.service[119038]: DEBUG nova.compute.api [None req-144cb792-7f63-4b98-b8b0-6b8d505a05c1 tempest-TestNetworkAdvancedServerOps-2093620566 tempest-TestNetworkAdvancedServerOps-2093620566-project] [instance: f168e8bf-e36b-4d44-9d76-a3f2b83b1a14] Fetching instance by UUID {{(pid=119038) get /opt/stack/nova/nova/compute/api.py:2918}}
Jul 04 08:06:07.736296 dv-neutron-848509-1-hyperv devstack@n-api.service[119037]: DEBUG nova.policy [None req-7857d73b-0ffd-4705-abfe-51c5031b501b tempest-ServerActionsTestJSON-1456008656 tempest-ServerActionsTestJSON-1456008656-project] Policy check for os_compute_api:os-extended-server-attributes failed with credentials {'is_admin': False, 'user_id': 'e35355109f104d518cbcf19215a16bd4', 'user_domain_id': 'default', 'system_scope': None, 'domain_id': None, 'project_id': 'b97af95367924963a8c8588b4264d708', 'project_domain_id': 'default', 'roles': ['member', 'reader'], 'is_admin_project': True, 'service_user_id': None, 'service_user_domain_id': None, 'service_project_id': None, 'service_project_domain_id': None, 'service_roles': []} {{(pid=119037) authorize /opt/stack/nova/nova/policy.py:199}}
Jul 04 08:06:07.744593 dv-neutron-848509-1-hyperv devstack@n-api.service[119037]: INFO nova.api.openstack.requestlog [None req-7857d73b-0ffd-4705-abfe-51c5031b501b tempest-ServerActionsTestJSON-1456008656 tempest-ServerActionsTestJSON-1456008656-project] 10.222.0.58 "GET /compute/v2.1/servers/98a1adb0-98de-4b1d-b3e7-f0aadd82d50f" status: 200 len: 1675 microversion: 2.1 time: 0.881826
Jul 04 08:06:07.755686 dv-neutron-848509-1-hyperv devstack@n-api.service[119038]: DEBUG nova.policy [None req-144cb792-7f63-4b98-b8b0-6b8d505a05c1 tempest-TestNetworkAdvancedServerOps-2093620566 tempest-TestNetworkAdvancedServerOps-2093620566-project] Policy check for os_compute_api:os-extended-server-attributes failed with credentials {'is_admin': False, 'user_id': '372147d3595c4686b3a596e0df34223d', 'user_domain_id': 'default', 'system_scope': None, 'domain_id': None, 'project_id': '4f7f553728df4e719fc9c7700770c862', 'project_domain_id': 'default', 'roles': ['member', 'reader'], 'is_admin_project': True, 'service_user_id': None, 'service_user_domain_id': None, 'service_project_id': None, 'service_project_domain_id': None, 'service_roles': []} {{(pid=119038) authorize /opt/stack/nova/nova/policy.py:199}}
Jul 04 08:06:07.758744 dv-neutron-848509-1-hyperv devstack@n-api.service[119037]: [pid: 119037|app: 0|req: 63/128] 10.222.0.58 () {58 vars in 1235 bytes} [Mon Jul 4 08:06:06 2022] GET /compute/v2.1/servers/98a1adb0-98de-4b1d-b3e7-f0aadd82d50f => generated 1675 bytes in 897 msecs (HTTP/1.1 200) 9 headers in 358 bytes (1 switches on core 0)
Jul 04 08:06:07.788673 dv-neutron-848509-1-hyperv devstack@n-api.service[119038]: INFO nova.api.openstack.requestlog [None req-144cb792-7f63-4b98-b8b0-6b8d505a05c1 tempest-TestNetworkAdvancedServerOps-2093620566 tempest-TestNetworkAdvancedServerOps-2093620566-project] 10.222.0.58 "GET /compute/v2.1/servers/f168e8bf-e36b-4d44-9d76-a3f2b83b1a14" status: 200 len: 1266 microversion: 2.1 time: 0.447291
Jul 04 08:06:07.809747 dv-neutron-848509-1-hyperv devstack@n-api.service[119038]: [pid: 119038|app: 0|req: 66/129] 10.222.0.58 () {58 vars in 1235 bytes} [Mon Jul 4 08:06:07 2022] GET /compute/v2.1/servers/f168e8bf-e36b-4d44-9d76-a3f2b83b1a14 => generated 1266 bytes in 469 msecs (HTTP/1.1 200) 9 headers in 358 bytes (2 switches on core 0)
Jul 04 08:06:08.767524 dv-neutron-848509-1-hyperv devstack@n-api.service[119037]: DEBUG nova.api.openstack.wsgi [None req-d6146d4f-6d0b-4876-a89a-ae0dcb17c51a tempest-ServerActionsTestJSON-1456008656 tempest-ServerActionsTestJSON-1456008656-project] Calling method '>' {{(pid=119037) _process_stack /opt/stack/nova/nova/api/openstack/wsgi.py:513}}
Jul 04 08:06:08.768184 dv-neutron-848509-1-hyperv devstack@n-api.service[119037]: DEBUG nova.compute.api [None req-d6146d4f-6d0b-4876-a89a-ae0dcb17c51a tempest-ServerActionsTestJSON-1456008656 tempest-ServerActionsTestJSON-1456008656-project] [instance: 98a1adb0-98de-4b1d-b3e7-f0aadd82d50f] Fetching instance by UUID {{(pid=119037) get /opt/stack/nova/nova/compute/api.py:2918}}
Jul 04 08:06:08.779065 dv-neutron-848509-1-hyperv devstack@n-api.service[119037]: DEBUG oslo_concurrency.lockutils [None req-d6146d4f-6d0b-4876-a89a-ae0dcb17c51a tempest-ServerActionsTestJSON-1456008656 tempest-ServerActionsTestJSON-1456008656-project] Lock "c8af2bf7-c59f-4bcf-a914-66558fd2b58b" acquired by "nova.context.set_target_cell..get_or_set_cached_cell_and_set_connections" :: waited 0.000s {{(pid=119037) inner /usr/local/lib/python3.8/dist-packages/oslo_concurrency/lockutils.py:386}}
Jul 04 08:06:08.779417 dv-neutron-848509-1-hyperv devstack@n-api.service[119037]: DEBUG oslo_concurrency.lockutils [None req-d6146d4f-6d0b-4876-a89a-ae0dcb17c51a tempest-ServerActionsTestJSON-1456008656 tempest-ServerActionsTestJSON-1456008656-project] Lock "c8af2bf7-c59f-4bcf-a914-66558fd2b58b" "released" by "nova.context.set_target_cell..get_or_set_cached_cell_and_set_connections" :: held 0.001s {{(pid=119037) inner /usr/local/lib/python3.8/dist-packages/oslo_concurrency/lockutils.py:400}}
Jul 04 08:06:08.780219 dv-neutron-848509-1-hyperv devstack@n-api.service[119037]: DEBUG oslo_concurrency.lockutils [None req-d6146d4f-6d0b-4876-a89a-ae0dcb17c51a tempest-ServerActionsTestJSON-1456008656 tempest-ServerActionsTestJSON-1456008656-project] Lock "c8af2bf7-c59f-4bcf-a914-66558fd2b58b" acquired by "nova.context.set_target_cell..get_or_set_cached_cell_and_set_connections" :: waited 0.000s {{(pid=119037) inner /usr/local/lib/python3.8/dist-packages/oslo_concurrency/lockutils.py:386}}
Jul 04 08:06:08.780659 dv-neutron-848509-1-hyperv devstack@n-api.service[119037]: DEBUG oslo_concurrency.lockutils [None req-d6146d4f-6d0b-4876-a89a-ae0dcb17c51a tempest-ServerActionsTestJSON-1456008656 tempest-ServerActionsTestJSON-1456008656-project] Lock "c8af2bf7-c59f-4bcf-a914-66558fd2b58b" "released" by "nova.context.set_target_cell..get_or_set_cached_cell_and_set_connections" :: held 0.000s {{(pid=119037) inner /usr/local/lib/python3.8/dist-packages/oslo_concurrency/lockutils.py:400}}
Jul 04 08:06:08.811515 dv-neutron-848509-1-hyperv devstack@n-api.service[119038]: DEBUG nova.api.openstack.wsgi [None req-b4337066-12e3-42d6-a7f9-14570072bbc2 tempest-TestNetworkAdvancedServerOps-2093620566 tempest-TestNetworkAdvancedServerOps-2093620566-project] Calling method '>' {{(pid=119038) _process_stack /opt/stack/nova/nova/api/openstack/wsgi.py:513}}
