Jul 01 22:56:27.413779 dv-neutron-848475-1-hyperv neutron-server[116645]: DEBUG neutron_lib.callbacks.manager [None req-b20d7da2-b369-4b7c-a10e-f3dbf7fa80bb None None] Publish callbacks ['neutron.plugins.ml2.plugin.Ml2Plugin._port_provisioned-1764357'] for port (803025a2-d440-4d22-8259-149d2c0bf0c5), provisioning_complete {{(pid=116645) _notify_loop /usr/local/lib/python3.8/dist-packages/neutron_lib/callbacks/manager.py:176}}
Jul 01 22:56:27.467937 dv-neutron-848475-1-hyperv neutron-server[116645]: DEBUG dbcounter [-] [116645] Writing DB stats neutron:SELECT=98,neutron:UPDATE=2 {{(pid=116645) stat_writer /usr/local/lib/python3.8/dist-packages/dbcounter.py:114}}
Jul 01 22:56:27.486175 dv-neutron-848475-1-hyperv neutron-server[116644]: DEBUG neutron.plugins.ml2.managers [None req-821b2317-6a13-4677-bed4-fd30d699c4d8 tempest-PortsAdminExtendedAttrsIpV6TestJSON-251737051 tempest-PortsAdminExtendedAttrsIpV6TestJSON-251737051-project-admin] Attempting to bind port 550cd7ed-b7cd-4cba-a968-0953de99db21 on host hv-neutron-8484 for vnic_type normal with profile {{(pid=116644) bind_port /opt/stack/neutron/neutron/plugins/ml2/managers.py:811}}
Jul 01 22:56:27.486507 dv-neutron-848475-1-hyperv neutron-server[116644]: DEBUG neutron.plugins.ml2.managers [None req-821b2317-6a13-4677-bed4-fd30d699c4d8 tempest-PortsAdminExtendedAttrsIpV6TestJSON-251737051 tempest-PortsAdminExtendedAttrsIpV6TestJSON-251737051-project-admin] Attempting to bind port 550cd7ed-b7cd-4cba-a968-0953de99db21 by drivers openvswitch,hyperv on host hv-neutron-8484 at level 0 using segments [{'id': '063e5768-a1c7-480e-81c5-65e4ee3604fd', 'network_type': 'vlan', 'physical_network': 'physnet1', 'segmentation_id': 155, 'network_id': '1a763913-4e08-473e-9465-a20b4bcf4274'}] {{(pid=116644) _bind_port_level /opt/stack/neutron/neutron/plugins/ml2/managers.py:836}}
Jul 01 22:56:27.486847 dv-neutron-848475-1-hyperv neutron-server[116644]: DEBUG neutron.plugins.ml2.drivers.mech_agent [None req-821b2317-6a13-4677-bed4-fd30d699c4d8 tempest-PortsAdminExtendedAttrsIpV6TestJSON-251737051 tempest-PortsAdminExtendedAttrsIpV6TestJSON-251737051-project-admin] Attempting to bind port 550cd7ed-b7cd-4cba-a968-0953de99db21 on network 1a763913-4e08-473e-9465-a20b4bcf4274 {{(pid=116644) bind_port /opt/stack/neutron/neutron/plugins/ml2/drivers/mech_agent.py:91}}
Jul 01 22:56:27.505810 dv-neutron-848475-1-hyperv neutron-server[116644]: DEBUG neutron.plugins.ml2.drivers.mech_agent [None req-821b2317-6a13-4677-bed4-fd30d699c4d8 tempest-PortsAdminExtendedAttrsIpV6TestJSON-251737051 tempest-PortsAdminExtendedAttrsIpV6TestJSON-251737051-project-admin] Port 550cd7ed-b7cd-4cba-a968-0953de99db21 on network 1a763913-4e08-473e-9465-a20b4bcf4274 not bound, no agent of type Open vSwitch agent registered on host hv-neutron-8484 {{(pid=116644) bind_port /opt/stack/neutron/neutron/plugins/ml2/drivers/mech_agent.py:103}}
Jul 01 22:56:27.519647 dv-neutron-848475-1-hyperv neutron-server[116644]: ERROR neutron.plugins.ml2.managers [None req-821b2317-6a13-4677-bed4-fd30d699c4d8 tempest-PortsAdminExtendedAttrsIpV6TestJSON-251737051 tempest-PortsAdminExtendedAttrsIpV6TestJSON-251737051-project-admin] Failed to bind port 550cd7ed-b7cd-4cba-a968-0953de99db21 on host hv-neutron-8484 for vnic_type normal using segments [{'id': '063e5768-a1c7-480e-81c5-65e4ee3604fd', 'network_type': 'vlan', 'physical_network': 'physnet1', 'segmentation_id': 155, 'network_id': '1a763913-4e08-473e-9465-a20b4bcf4274'}]
Jul 01 22:56:27.554272 dv-neutron-848475-1-hyperv neutron-server[116644]: INFO neutron.plugins.ml2.plugin [None req-821b2317-6a13-4677-bed4-fd30d699c4d8 tempest-PortsAdminExtendedAttrsIpV6TestJSON-251737051 tempest-PortsAdminExtendedAttrsIpV6TestJSON-251737051-project-admin] Attempt 5 to bind port 550cd7ed-b7cd-4cba-a968-0953de99db21
Jul 01 22:56:27.571291 dv-neutron-848475-1-hyperv neutron-server[116645]: DEBUG neutron.plugins.ml2.managers [None req-de6cf656-637e-4bf1-9d09-45b0dfa096e2 None None] Attempting to bind port 092a11b6-cc2b-486f-91b1-5f542bf873a7 on host dv-neutron-848475-1-hyperv for vnic_type normal with profile {{(pid=116645) bind_port /opt/stack/neutron/neutron/plugins/ml2/managers.py:811}}
Jul 01 22:56:27.571495 dv-neutron-848475-1-hyperv neutron-server[116643]: DEBUG neutron_lib.callbacks.manager [None req-e9d6d069-93ef-46b6-93d1-d9d640a95112 tempest-ExtraDHCPOptionsIpV6TestJSON-966090261 tempest-ExtraDHCPOptionsIpV6TestJSON-966090261-project] Publish callbacks ['neutron.notifiers.nova.Notifier._send_nova_notification-67372'] for port (None), before_response {{(pid=116643) _notify_loop /usr/local/lib/python3.8/dist-packages/neutron_lib/callbacks/manager.py:176}}
Jul 01 22:56:27.572474 dv-neutron-848475-1-hyperv neutron-server[116645]: DEBUG neutron.plugins.ml2.managers [None req-de6cf656-637e-4bf1-9d09-45b0dfa096e2 None None] Attempting to bind port 092a11b6-cc2b-486f-91b1-5f542bf873a7 by drivers openvswitch,hyperv on host dv-neutron-848475-1-hyperv at level 0 using segments [{'id': '908ce38e-e796-4afa-860e-ea171b0ef189', 'network_type': 'vlan', 'physical_network': 'physnet1', 'segmentation_id': 170, 'network_id': '2dbe25a4-671a-4d31-9ac7-58ffb3de5f69'}] {{(pid=116645) _bind_port_level /opt/stack/neutron/neutron/plugins/ml2/managers.py:836}}
Jul 01 22:56:27.572858 dv-neutron-848475-1-hyperv neutron-server[116645]: DEBUG neutron.plugins.ml2.drivers.mech_agent [None req-de6cf656-637e-4bf1-9d09-45b0dfa096e2 None None] Attempting to bind port 092a11b6-cc2b-486f-91b1-5f542bf873a7 on network 2dbe25a4-671a-4d31-9ac7-58ffb3de5f69 {{(pid=116645) bind_port /opt/stack/neutron/neutron/plugins/ml2/drivers/mech_agent.py:91}}
Jul 01 22:56:27.573957 dv-neutron-848475-1-hyperv neutron-server[116644]: DEBUG neutron.plugins.ml2.managers [None req-821b2317-6a13-4677-bed4-fd30d699c4d8 tempest-PortsAdminExtendedAttrsIpV6TestJSON-251737051 tempest-PortsAdminExtendedAttrsIpV6TestJSON-251737051-project-admin] Attempting to bind port 550cd7ed-b7cd-4cba-a968-0953de99db21 on host hv-neutron-8484 for vnic_type normal with profile {{(pid=116644) bind_port /opt/stack/neutron/neutron/plugins/ml2/managers.py:811}}
Jul 01 22:56:27.574302 dv-neutron-848475-1-hyperv neutron-server[116644]: DEBUG neutron.plugins.ml2.managers [None req-821b2317-6a13-4677-bed4-fd30d699c4d8 tempest-PortsAdminExtendedAttrsIpV6TestJSON-251737051 tempest-PortsAdminExtendedAttrsIpV6TestJSON-251737051-project-admin] Attempting to bind port 550cd7ed-b7cd-4cba-a968-0953de99db21 by drivers openvswitch,hyperv on host hv-neutron-8484 at level 0 using segments [{'id': '063e5768-a1c7-480e-81c5-65e4ee3604fd', 'network_type': 'vlan', 'physical_network': 'physnet1', 'segmentation_id': 155, 'network_id': '1a763913-4e08-473e-9465-a20b4bcf4274'}] {{(pid=116644) _bind_port_level /opt/stack/neutron/neutron/plugins/ml2/managers.py:836}}
Jul 01 22:56:27.574634 dv-neutron-848475-1-hyperv neutron-server[116644]: DEBUG neutron.plugins.ml2.drivers.mech_agent [None req-821b2317-6a13-4677-bed4-fd30d699c4d8 tempest-PortsAdminExtendedAttrsIpV6TestJSON-251737051 tempest-PortsAdminExtendedAttrsIpV6TestJSON-251737051-project-admin] Attempting to bind port 550cd7ed-b7cd-4cba-a968-0953de99db21 on network 1a763913-4e08-473e-9465-a20b4bcf4274 {{(pid=116644) bind_port /opt/stack/neutron/neutron/plugins/ml2/drivers/mech_agent.py:91}}
Jul 01 22:56:27.576544 dv-neutron-848475-1-hyperv neutron-server[116643]: INFO neutron.wsgi [None req-e9d6d069-93ef-46b6-93d1-d9d640a95112 tempest-ExtraDHCPOptionsIpV6TestJSON-966090261 tempest-ExtraDHCPOptionsIpV6TestJSON-966090261-project] 10.222.0.61 "DELETE /v2.0/ports/18c91160-769d-4022-bbfc-a018c7e3ee07 HTTP/1.1" status: 204 len: 168 time: 2.0745969
Jul 01 22:56:27.578053 dv-neutron-848475-1-hyperv neutron-server[116643]: INFO neutron.api.v2.resource [None req-12a1eaf7-3c7c-4e7f-941b-a151bc25057a tempest-ExternalNetworksTestJSON-1004571758 tempest-ExternalNetworksTestJSON-1004571758-project-admin] delete failed (client error): The resource could not be found.
Jul 01 22:56:27.585262 dv-neutron-848475-1-hyperv neutron-server[116643]: INFO neutron.wsgi [None req-12a1eaf7-3c7c-4e7f-941b-a151bc25057a tempest-ExternalNetworksTestJSON-1004571758 tempest-ExternalNetworksTestJSON-1004571758-project-admin] 10.222.0.61 "DELETE /v2.0/floatingips/a343187f-f13d-4184-a5f1-d440e264f866 HTTP/1.1" status: 404 len: 345 time: 0.4401655
Jul 01 22:56:27.588835 dv-neutron-848475-1-hyperv neutron-server[116644]: DEBUG neutron.wsgi [-] (116644) accepted ('10.222.0.61', 43022) {{(pid=116644) server /usr/local/lib/python3.8/dist-packages/eventlet/wsgi.py:1004}}
Jul 01 22:56:27.589157 dv-neutron-848475-1-hyperv neutron-server[116644]: DEBUG neutron.wsgi [-] (116644) accepted ('10.222.0.61', 43024) {{(pid=116644) server /usr/local/lib/python3.8/dist-packages/eventlet/wsgi.py:1004}}
Jul 01 22:56:27.593461 dv-neutron-848475-1-hyperv neutron-server[116645]: DEBUG neutron.plugins.ml2.drivers.mech_agent [None req-de6cf656-637e-4bf1-9d09-45b0dfa096e2 None None] Checking agent: {'id': 'ddcc98bf-8bdf-4636-a24f-950967934f6a', 'agent_type': 'Open vSwitch agent', 'binary': 'neutron-openvswitch-agent', 'topic': 'N/A', 'host': 'dv-neutron-848475-1-hyperv', 'admin_state_up': True, 'created_at': datetime.datetime(2022, 7, 1, 22, 48, 8), 'started_at': datetime.datetime(2022, 7, 1, 22, 48, 38), 'heartbeat_timestamp': datetime.datetime(2022, 7, 1, 22, 56, 8), 'description': None, 'resources_synced': None, 'availability_zone': None, 'alive': True, 'configurations': {'arp_responder_enabled': False, 'baremetal_smartnic': False, 'bridge_mappings': {'physnet1': 'br-data'}, 'datapath_type': 'system', 'devices': 0, 'enable_distributed_routing': False, 'extensions': [], 'in_distributed_mode': False, 'integration_bridge': 'br-int', 'l2_population': False, 'log_agent_heartbeats': False, 'ovs_capabilities': {'datapath_types': ['netdev', 'system'], 'iface_types': ['erspan', 'geneve', 'gre', 'internal', 'ip6erspan', 'ip6gre', 'lisp', 'patch', 'stt', 'system', 'tap', 'vxlan']}, 'ovs_hybrid_plug': False, 'resource_provider_bandwidths': {}, 'resource_provider_hypervisors': {'br-data': 'dv-neutron-848475-1-hyperv'}, 'resource_provider_inventory_defaults': {'allocation_ratio': 1.0, 'min_unit': 1, 'step_size': 1, 'reserved': 0}, 'resource_provider_packet_processing_inventory_defaults': {'allocation_ratio': 1.0, 'min_unit': 1, 'step_size': 1, 'reserved': 0}, 'resource_provider_packet_processing_with_direction': {}, 'resource_provider_packet_processing_without_direction': {}, 'tunnel_types': [], 'tunneling_ip': None, 'vhostuser_socket_dir': '/var/run/openvswitch'}, 'resource_versions': {'AddressGroup': '1.2', 'Agent': '1.1', 'ConntrackHelper': '1.0', 'LocalIPAssociation': '1.0', 'Log': '1.0', 'NDPProxy': '1.0', 'Network': '1.1', 'Port': '1.7', 'PortForwarding': '1.3', 'QosPolicy': '1.10', 'SecurityGroup': '1.5', 'SecurityGroupRule': '1.2', 'SubPort': '1.0', 'Subnet': '1.1', 'Trunk': '1.1'}} {{(pid=116645) bind_port /opt/stack/neutron/neutron/plugins/ml2/drivers/mech_agent.py:110}}
Jul 01 22:56:27.593890 dv-neutron-848475-1-hyperv neutron-server[116645]: DEBUG neutron.plugins.ml2.drivers.mech_agent [None req-de6cf656-637e-4bf1-9d09-45b0dfa096e2 None None] Checking segment: {'id': '908ce38e-e796-4afa-860e-ea171b0ef189', 'network_type': 'vlan', 'physical_network': 'physnet1', 'segmentation_id': 170, 'network_id': '2dbe25a4-671a-4d31-9ac7-58ffb3de5f69'} for mappings: {'physnet1': 'br-data'} with network types: ['local', 'flat', 'vlan'] {{(pid=116645) check_segment_for_agent /opt/stack/neutron/neutron/plugins/ml2/drivers/mech_agent.py:373}}
Jul 01 22:56:27.594229 dv-neutron-848475-1-hyperv neutron-server[116645]: DEBUG neutron_lib.callbacks.manager [None req-de6cf656-637e-4bf1-9d09-45b0dfa096e2 None None] Publish callbacks [] for ovs_bridge_name (None), before_read {{(pid=116645) _notify_loop /usr/local/lib/python3.8/dist-packages/neutron_lib/callbacks/manager.py:176}}
Jul 01 22:56:27.594620 dv-neutron-848475-1-hyperv neutron-server[116645]: DEBUG neutron.plugins.ml2.drivers.mech_agent [None req-de6cf656-637e-4bf1-9d09-45b0dfa096e2 None None] Bound using segment: {'id': '908ce38e-e796-4afa-860e-ea171b0ef189', 'network_type': 'vlan', 'physical_network': 'physnet1', 'segmentation_id': 170, 'network_id': '2dbe25a4-671a-4d31-9ac7-58ffb3de5f69'} {{(pid=116645) bind_port /opt/stack/neutron/neutron/plugins/ml2/drivers/mech_agent.py:120}}
Jul 01 22:56:27.595443 dv-neutron-848475-1-hyperv neutron-server[116645]: DEBUG neutron.plugins.ml2.managers [None req-de6cf656-637e-4bf1-9d09-45b0dfa096e2 None None] Bound port: 092a11b6-cc2b-486f-91b1-5f542bf873a7, host: dv-neutron-848475-1-hyperv, vif_type: ovs, vif_details: {"connectivity": "l2", "port_filter": true, "ovs_hybrid_plug": false, "datapath_type": "system", "bridge_name": "br-int"}, binding_levels: [{'bound_driver': 'openvswitch', 'bound_segment': {'id': '908ce38e-e796-4afa-860e-ea171b0ef189', 'network_type': 'vlan', 'physical_network': 'physnet1', 'segmentation_id': 170, 'network_id': '2dbe25a4-671a-4d31-9ac7-58ffb3de5f69'}}] {{(pid=116645) _bind_port_level /opt/stack/neutron/neutron/plugins/ml2/managers.py:948}}
Jul 01 22:56:27.595761 dv-neutron-848475-1-hyperv neutron-server[116645]: DEBUG neutron_lib.callbacks.manager [None req-de6cf656-637e-4bf1-9d09-45b0dfa096e2 None None] Publish callbacks ['neutron.plugins.ml2.plugin.SecurityGroupDbMixin._ensure_default_security_group_handler-1719038'] for port (092a11b6-cc2b-486f-91b1-5f542bf873a7), before_update {{(pid=116645) _notify_loop /usr/local/lib/python3.8/dist-packages/neutron_lib/callbacks/manager.py:176}}
Jul 01 22:56:27.598116 dv-neutron-848475-1-hyperv neutron-server[116645]: DEBUG neutron.plugins.ml2.plugin [None req-f7d0aa1f-f081-4012-968b-cbe90406bdcd None None] Current status of the port 397e7e47-523b-44c1-9fc9-e02b09193467 is: ACTIVE; New status is: ACTIVE {{(pid=116645) _update_individual_port_db_status /opt/stack/neutron/neutron/plugins/ml2/plugin.py:2292}}
Jul 01 22:56:27.612018 dv-neutron-848475-1-hyperv neutron-server[116644]: DEBUG neutron.api.v2.base [None req-20e99ce4-1e10-4c27-ba4a-192d0c2a600a tempest-ExtraDHCPOptionsIpV6TestJSON-966090261 tempest-ExtraDHCPOptionsIpV6TestJSON-966090261-project] Request body: {'port': {'name': 'tempest-new-port-name-1692132547', 'extra_dhcp_opts': [{'opt_value': 'pxelinux.0', 'opt_name': 'bootfile-name'}, {'opt_value': '2015::dead', 'opt_name': 'tftp-server'}, {'opt_value': '2015::badd', 'opt_name': 'server-ip-address'}]}} {{(pid=116644) prepare_request_body /opt/stack/neutron/neutron/api/v2/base.py:730}}
Jul 01 22:56:27.612018 dv-neutron-848475-1-hyperv neutron-server[116644]: DEBUG neutron_lib.api.validators [None req-20e99ce4-1e10-4c27-ba4a-192d0c2a600a tempest-ExtraDHCPOptionsIpV6TestJSON-966090261 tempest-ExtraDHCPOptionsIpV6TestJSON-966090261-project] bootfile-name is not in valid_values {{(pid=116644) validate_values /usr/local/lib/python3.8/dist-packages/neutron_lib/api/validators/__init__.py:165}}
Jul 01 22:56:27.612018 dv-neutron-848475-1-hyperv neutron-server[116644]: DEBUG neutron_lib.api.validators [None req-20e99ce4-1e10-4c27-ba4a-192d0c2a600a tempest-ExtraDHCPOptionsIpV6TestJSON-966090261 tempest-ExtraDHCPOptionsIpV6TestJSON-966090261-project] tftp-server is not in valid_values {{(pid=116644) validate_values /usr/local/lib/python3.8/dist-packages/neutron_lib/api/validators/__init__.py:165}}
Jul 01 22:56:27.612018 dv-neutron-848475-1-hyperv neutron-server[116644]: DEBUG neutron_lib.api.validators [None req-20e99ce4-1e10-4c27-ba4a-192d0c2a600a tempest-ExtraDHCPOptionsIpV6TestJSON-966090261 tempest-ExtraDHCPOptionsIpV6TestJSON-966090261-project] server-ip-address is not in valid_values {{(pid=116644) validate_values /usr/local/lib/python3.8/dist-packages/neutron_lib/api/validators/__init__.py:165}}
Jul 01 22:56:27.652248 dv-neutron-848475-1-hyperv neutron-server[116643]: DEBUG neutron.db.db_base_plugin_common [None req-126933e6-7a8b-4d02-9957-0accc33db619 tempest-ServersTestManualDisk-1902100382 tempest-ServersTestManualDisk-1902100382-project] Allocated IP 172.26.9.118 (379e0006-1a26-4592-811c-f7f367fda629/9971782d-2ad1-4bb2-9cf2-75b53747e4eb/b2ec4fd8-6569-4025-8e0f-ec77e1cf8b03) {{(pid=116643) _store_ip_allocation /opt/stack/neutron/neutron/db/db_base_plugin_common.py:131}}
Jul 01 22:56:27.675353 dv-neutron-848475-1-hyperv neutron-server[116643]: DEBUG neutron.plugins.ml2.plugin [None req-e9d9dc24-97ad-460f-a41c-d15d608d5a9d tempest-NetworksTestDHCPv6-456495055 tempest-NetworksTestDHCPv6-456495055-project] Deleting port 3e17d1cc-a5d8-4d42-b17f-a6249787f268 {{(pid=116643) _pre_delete_port /opt/stack/neutron/neutron/plugins/ml2/plugin.py:2037}}
Jul 01 22:56:27.675705 dv-neutron-848475-1-hyperv neutron-server[116643]: DEBUG neutron_lib.callbacks.manager [None req-e9d9dc24-97ad-460f-a41c-d15d608d5a9d tempest-NetworksTestDHCPv6-456495055 tempest-NetworksTestDHCPv6-456495055-project] Publish callbacks ['neutron.db.l3_db.L3_NAT_dbonly_mixin._prevent_l3_port_delete_callback-8789718381060'] for port (3e17d1cc-a5d8-4d42-b17f-a6249787f268), before_delete {{(pid=116643) _notify_loop /usr/local/lib/python3.8/dist-packages/neutron_lib/callbacks/manager.py:176}}
Jul 01 22:56:27.678278 dv-neutron-848475-1-hyperv neutron-server[116645]: DEBUG neutron.plugins.ml2.plugin [None req-b20d7da2-b369-4b7c-a10e-f3dbf7fa80bb None None] Current status of the port 803025a2-d440-4d22-8259-149d2c0bf0c5 is: ACTIVE; New status is: ACTIVE {{(pid=116645) _update_individual_port_db_status /opt/stack/neutron/neutron/plugins/ml2/plugin.py:2292}}
Jul 01 22:56:27.701938 dv-neutron-848475-1-hyperv neutron-server[116645]: DEBUG neutron.plugins.ml2.db [None req-de6cf656-637e-4bf1-9d09-45b0dfa096e2 None None] For port 092a11b6-cc2b-486f-91b1-5f542bf873a7, host dv-neutron-848475-1-hyperv, cleared binding levels {{(pid=116645) clear_binding_levels /opt/stack/neutron/neutron/plugins/ml2/db.py:87}}
Jul 01 22:56:27.701938 dv-neutron-848475-1-hyperv neutron-server[116645]: DEBUG neutron.plugins.ml2.db [None req-de6cf656-637e-4bf1-9d09-45b0dfa096e2 None None] For port 092a11b6-cc2b-486f-91b1-5f542bf873a7, host dv-neutron-848475-1-hyperv, set binding levels [PortBindingLevel(driver='openvswitch',host='dv-neutron-848475-1-hyperv',level=0,port_id=092a11b6-cc2b-486f-91b1-5f542bf873a7,segment=NetworkSegment(908ce38e-e796-4afa-860e-ea171b0ef189),segment_id=908ce38e-e796-4afa-860e-ea171b0ef189)] {{(pid=116645) set_binding_levels /opt/stack/neutron/neutron/plugins/ml2/db.py:59}}
Jul 01 22:56:27.707105 dv-neutron-848475-1-hyperv neutron-server[116644]: INFO neutron.pecan_wsgi.hooks.translation [None req-62dfdf49-0a8c-4ded-8bd7-5d87cd2a28cf tempest-ExternalNetworksTestJSON-1004571758 tempest-ExternalNetworksTestJSON-1004571758-project-admin] DELETE failed (client error): The resource could not be found.
Jul 01 22:56:27.707875 dv-neutron-848475-1-hyperv neutron-server[116644]: DEBUG neutron.pecan_wsgi.hooks.notifier [None req-62dfdf49-0a8c-4ded-8bd7-5d87cd2a28cf tempest-ExternalNetworksTestJSON-1004571758 tempest-ExternalNetworksTestJSON-1004571758-project-admin] No notification will be sent due to unsuccessful status code: 404 {{(pid=116644) after /opt/stack/neutron/neutron/pecan_wsgi/hooks/notifier.py:78}}
Jul 01 22:56:27.714374 dv-neutron-848475-1-hyperv neutron-server[116644]: INFO neutron.wsgi [None req-62dfdf49-0a8c-4ded-8bd7-5d87cd2a28cf tempest-ExternalNetworksTestJSON-1004571758 tempest-ExternalNetworksTestJSON-1004571758-project-admin] 10.222.0.61 "DELETE /v2.0/networks/dccc0d8f-b278-4cbd-bf64-25f12f2dfc47 HTTP/1.1" status: 404 len: 339 time: 0.1125512
Jul 01 22:56:27.714374 dv-neutron-848475-1-hyperv neutron-server[116644]: DEBUG neutron_lib.callbacks.manager [None req-20e99ce4-1e10-4c27-ba4a-192d0c2a600a tempest-ExtraDHCPOptionsIpV6TestJSON-966090261 tempest-ExtraDHCPOptionsIpV6TestJSON-966090261-project] Publish callbacks ['neutron.plugins.ml2.plugin.SecurityGroupDbMixin._ensure_default_security_group_handler-1719038'] for port (99711ba6-0ef6-4cd6-bae5-c86777784e2b), before_update {{(pid=116644) _notify_loop /usr/local/lib/python3.8/dist-packages/neutron_lib/callbacks/manager.py:176}}
Jul 01 22:56:27.718169 dv-neutron-848475-1-hyperv neutron-server[116643]: DEBUG neutron.wsgi [-] (116643) accepted ('10.222.0.61', 43026) {{(pid=116643) server /usr/local/lib/python3.8/dist-packages/eventlet/wsgi.py:1004}}
Jul 01 22:56:27.726696 dv-neutron-848475-1-hyperv neutron-server[116645]: DEBUG neutron.db.provisioning_blocks [None req-e5644306-e652-43e1-8ee3-e1988334aaf7 None None] Provisioning complete for port 397e7e47-523b-44c1-9fc9-e02b09193467 triggered by entity DHCP. {{(pid=116645) provisioning_complete /opt/stack/neutron/neutron/db/provisioning_blocks.py:145}}
Jul 01 22:56:27.727198 dv-neutron-848475-1-hyperv neutron-server[116645]: DEBUG neutron_lib.callbacks.manager [None req-e5644306-e652-43e1-8ee3-e1988334aaf7 None None] Publish callbacks ['neutron.plugins.ml2.plugin.Ml2Plugin._port_provisioned-1764357'] for port (397e7e47-523b-44c1-9fc9-e02b09193467), provisioning_complete {{(pid=116645) _notify_loop /usr/local/lib/python3.8/dist-packages/neutron_lib/callbacks/manager.py:176}}
Jul 01 22:56:27.728694 dv-neutron-848475-1-hyperv neutron-server[116644]: DEBUG neutron.plugins.ml2.drivers.mech_agent [None req-821b2317-6a13-4677-bed4-fd30d699c4d8 tempest-PortsAdminExtendedAttrsIpV6TestJSON-251737051 tempest-PortsAdminExtendedAttrsIpV6TestJSON-251737051-project-admin] Port 550cd7ed-b7cd-4cba-a968-0953de99db21 on network 1a763913-4e08-473e-9465-a20b4bcf4274 not bound, no agent of type Open vSwitch agent registered on host hv-neutron-8484 {{(pid=116644) bind_port /opt/stack/neutron/neutron/plugins/ml2/drivers/mech_agent.py:103}}
Jul 01 22:56:27.729036 dv-neutron-848475-1-hyperv neutron-server[116644]: ERROR neutron.plugins.ml2.managers [None req-821b2317-6a13-4677-bed4-fd30d699c4d8 tempest-PortsAdminExtendedAttrsIpV6TestJSON-251737051 tempest-PortsAdminExtendedAttrsIpV6TestJSON-251737051-project-admin] Failed to bind port 550cd7ed-b7cd-4cba-a968-0953de99db21 on host hv-neutron-8484 for vnic_type normal using segments [{'id': '063e5768-a1c7-480e-81c5-65e4ee3604fd', 'network_type': 'vlan', 'physical_network': 'physnet1', 'segmentation_id': 155, 'network_id': '1a763913-4e08-473e-9465-a20b4bcf4274'}]
Jul 01 22:56:27.730630 dv-neutron-848475-1-hyperv neutron-server[116644]: DEBUG neutron_lib.callbacks.manager [None req-71e3ec92-7048-4bec-9f14-dd3f23815310 tempest-ServerActionsTestJSON-1237221007 tempest-ServerActionsTestJSON-1237221007-project] Publish callbacks [] for security_group (None), before_create {{(pid=116644) _notify_loop /usr/local/lib/python3.8/dist-packages/neutron_lib/callbacks/manager.py:176}}
Jul 01 22:56:27.731185 dv-neutron-848475-1-hyperv neutron-server[116643]: DEBUG neutron.api.v2.base [None req-e5448d22-bf03-4bf2-b57d-278899c3275a tempest-ExternalNetworksTestJSON-1004571758 tempest-ExternalNetworksTestJSON-1004571758-project-admin] Request body: {'network': {'name': 'tempest-network--2066771297', 'router:external': True}} {{(pid=116643) prepare_request_body /opt/stack/neutron/neutron/api/v2/base.py:730}}
Jul 01 22:56:27.732855 dv-neutron-848475-1-hyperv neutron-server[116644]: DEBUG dbcounter [-] [116644] Writing DB stats neutron:SELECT=89,neutron:UPDATE=6,neutron:INSERT=4,neutron:DELETE=1 {{(pid=116644) stat_writer /usr/local/lib/python3.8/dist-packages/dbcounter.py:114}}
Jul 01 22:56:27.738815 dv-neutron-848475-1-hyperv neutron-server[116644]: INFO neutron.plugins.ml2.plugin [None req-821b2317-6a13-4677-bed4-fd30d699c4d8 tempest-PortsAdminExtendedAttrsIpV6TestJSON-251737051 tempest-PortsAdminExtendedAttrsIpV6TestJSON-251737051-project-admin] Attempt 6 to bind port 550cd7ed-b7cd-4cba-a968-0953de99db21
Jul 01 22:56:27.788733 dv-neutron-848475-1-hyperv neutron-server[116645]: DEBUG neutron_lib.callbacks.manager [None req-de6cf656-637e-4bf1-9d09-45b0dfa096e2 None None] Publish callbacks ['neutron.plugins.ml2.plugin.SecurityGroupServerNotifierRpcMixin._notify_sg_on_port_change-1718961', 'neutron.plugins.ml2.ovo_rpc._ObjectChangeHandler.handle_event-138834', 'neutron.api.rpc.agentnotifiers.dhcp_rpc_agent_api.DhcpAgentNotifyAPI._native_event_send_dhcp_notification-528166', 'neutron.db.l3_db.L3RpcNotifierMixin._notify_gateway_port_ip_changed-8789718385098', 'neutron.db.l3_dvrscheduler_db._notify_l3_agent_port_update-8789717859687', 'neutron.db.l3_hascheduler_db._notify_l3_agent_ha_port_update-8789717859705'] for port (092a11b6-cc2b-486f-91b1-5f542bf873a7), after_update {{(pid=116645) _notify_loop /usr/local/lib/python3.8/dist-packages/neutron_lib/callbacks/manager.py:176}}
Jul 01 22:56:27.791970 dv-neutron-848475-1-hyperv neutron-server[116644]: DEBUG neutron_lib.callbacks.manager [None req-7c1cca9b-e164-4aae-ab47-f304db474aae tempest-ServersTestJSON-1604109778 tempest-ServersTestJSON-1604109778-project] Publish callbacks [] for floatingip (81683005-6153-48f8-8d51-a055927f87b3), precommit_create {{(pid=116644) _notify_loop /usr/local/lib/python3.8/dist-packages/neutron_lib/callbacks/manager.py:176}}
Jul 01 22:56:27.860678 dv-neutron-848475-1-hyperv neutron-server[116645]: DEBUG dbcounter [-] [116645] Writing DB stats neutron:SELECT=97,neutron:UPDATE=2,neutron:INSERT=1 {{(pid=116645) stat_writer /usr/local/lib/python3.8/dist-packages/dbcounter.py:114}}
Jul 01 22:56:27.871850 dv-neutron-848475-1-hyperv neutron-server[116644]: DEBUG neutron.plugins.ml2.managers [None req-821b2317-6a13-4677-bed4-fd30d699c4d8 tempest-PortsAdminExtendedAttrsIpV6TestJSON-251737051 tempest-PortsAdminExtendedAttrsIpV6TestJSON-251737051-project-admin] Attempting to bind port 550cd7ed-b7cd-4cba-a968-0953de99db21 on host hv-neutron-8484 for vnic_type normal with profile {{(pid=116644) bind_port /opt/stack/neutron/neutron/plugins/ml2/managers.py:811}}
Jul 01 22:56:27.872347 dv-neutron-848475-1-hyperv neutron-server[116644]: DEBUG neutron.plugins.ml2.managers [None req-821b2317-6a13-4677-bed4-fd30d699c4d8 tempest-PortsAdminExtendedAttrsIpV6TestJSON-251737051 tempest-PortsAdminExtendedAttrsIpV6TestJSON-251737051-project-admin] Attempting to bind port 550cd7ed-b7cd-4cba-a968-0953de99db21 by drivers openvswitch,hyperv on host hv-neutron-8484 at level 0 using segments [{'id': '063e5768-a1c7-480e-81c5-65e4ee3604fd', 'network_type': 'vlan', 'physical_network': 'physnet1', 'segmentation_id': 155, 'network_id': '1a763913-4e08-473e-9465-a20b4bcf4274'}] {{(pid=116644) _bind_port_level /opt/stack/neutron/neutron/plugins/ml2/managers.py:836}}
Jul 01 22:56:27.874101 dv-neutron-848475-1-hyperv neutron-server[116644]: DEBUG neutron.plugins.ml2.drivers.mech_agent [None req-821b2317-6a13-4677-bed4-fd30d699c4d8 tempest-PortsAdminExtendedAttrsIpV6TestJSON-251737051 tempest-PortsAdminExtendedAttrsIpV6TestJSON-251737051-project-admin] Attempting to bind port 550cd7ed-b7cd-4cba-a968-0953de99db21 on network 1a763913-4e08-473e-9465-a20b4bcf4274 {{(pid=116644) bind_port /opt/stack/neutron/neutron/plugins/ml2/drivers/mech_agent.py:91}}
Jul 01 22:56:27.904641 dv-neutron-848475-1-hyperv neutron-server[116643]: DEBUG neutron_lib.callbacks.manager [None req-e9d9dc24-97ad-460f-a41c-d15d608d5a9d tempest-NetworksTestDHCPv6-456495055 tempest-NetworksTestDHCPv6-456495055-project] Publish callbacks ['neutron.services.l3_router.l3_router_plugin.L3_NAT_dbonly_mixin._precommit_delete_port_callback-565907'] for port (3e17d1cc-a5d8-4d42-b17f-a6249787f268), precommit_delete {{(pid=116643) _notify_loop /usr/local/lib/python3.8/dist-packages/neutron_lib/callbacks/manager.py:176}}
Jul 01 22:56:27.923960 dv-neutron-848475-1-hyperv neutron-server[116643]: DEBUG neutron.plugins.ml2.plugin [None req-e9d9dc24-97ad-460f-a41c-d15d608d5a9d tempest-NetworksTestDHCPv6-456495055 tempest-NetworksTestDHCPv6-456495055-project] Calling delete_port for 3e17d1cc-a5d8-4d42-b17f-a6249787f268 owned by {{(pid=116643) delete_port /opt/stack/neutron/neutron/plugins/ml2/plugin.py:2116}}
Jul 01 22:56:27.934083 dv-neutron-848475-1-hyperv neutron-server[116645]: DEBUG neutron.api.rpc.handlers.resources_rpc [None req-de6cf656-637e-4bf1-9d09-45b0dfa096e2 None None] Pushing event updated for resources: {'Port': ['ID=092a11b6-cc2b-486f-91b1-5f542bf873a7,revision_number=2']} {{(pid=116645) push /opt/stack/neutron/neutron/api/rpc/handlers/resources_rpc.py:237}}
Jul 01 22:56:27.940648 dv-neutron-848475-1-hyperv neutron-server[116645]: DEBUG neutron.plugins.ml2.plugin [None req-e5644306-e652-43e1-8ee3-e1988334aaf7 None None] Current status of the port 397e7e47-523b-44c1-9fc9-e02b09193467 is: ACTIVE; New status is: ACTIVE {{(pid=116645) _update_individual_port_db_status /opt/stack/neutron/neutron/plugins/ml2/plugin.py:2292}}
Jul 01 22:56:27.951379 dv-neutron-848475-1-hyperv neutron-server[116644]: DEBUG neutron.plugins.ml2.drivers.mech_agent [None req-821b2317-6a13-4677-bed4-fd30d699c4d8 tempest-PortsAdminExtendedAttrsIpV6TestJSON-251737051 tempest-PortsAdminExtendedAttrsIpV6TestJSON-251737051-project-admin] Port 550cd7ed-b7cd-4cba-a968-0953de99db21 on network 1a763913-4e08-473e-9465-a20b4bcf4274 not bound, no agent of type Open vSwitch agent registered on host hv-neutron-8484 {{(pid=116644) bind_port /opt/stack/neutron/neutron/plugins/ml2/drivers/mech_agent.py:103}}
Jul 01 22:56:27.952540 dv-neutron-848475-1-hyperv neutron-server[116644]: ERROR neutron.plugins.ml2.managers [None req-821b2317-6a13-4677-bed4-fd30d699c4d8 tempest-PortsAdminExtendedAttrsIpV6TestJSON-251737051 tempest-PortsAdminExtendedAttrsIpV6TestJSON-251737051-project-admin] Failed to bind port 550cd7ed-b7cd-4cba-a968-0953de99db21 on host hv-neutron-8484 for vnic_type normal using segments [{'id': '063e5768-a1c7-480e-81c5-65e4ee3604fd', 'network_type': 'vlan', 'physical_network': 'physnet1', 'segmentation_id': 155, 'network_id': '1a763913-4e08-473e-9465-a20b4bcf4274'}]
Jul 01 22:56:27.961666 dv-neutron-848475-1-hyperv neutron-server[116644]: INFO neutron.plugins.ml2.plugin [None req-821b2317-6a13-4677-bed4-fd30d699c4d8 tempest-PortsAdminExtendedAttrsIpV6TestJSON-251737051 tempest-PortsAdminExtendedAttrsIpV6TestJSON-251737051-project-admin] Attempt 7 to bind port 550cd7ed-b7cd-4cba-a968-0953de99db21
Jul 01 22:56:27.997481 dv-neutron-848475-1-hyperv neutron-server[116645]: DEBUG neutron_lib.callbacks.manager [None req-d8031d82-9751-4964-a90b-a7b756b2e1e6 None None] Publish callbacks ['neutron.services.segments.db._update_segment_host_mapping_for_agent-8789718342476', 'neutron.plugins.ml2.plugin.Ml2Plugin._retry_binding_revived_agents-1764571'] for agent (3f348552-2d69-4b12-82e7-852604f6b150), after_update {{(pid=116645) _notify_loop /usr/local/lib/python3.8/dist-packages/neutron_lib/callbacks/manager.py:176}}
Jul 01 22:56:28.006475 dv-neutron-848475-1-hyperv neutron-server[116644]: DEBUG neutron_lib.callbacks.manager [None req-7c1cca9b-e164-4aae-ab47-f304db474aae tempest-ServersTestJSON-1604109778 tempest-ServersTestJSON-1604109778-project] Publish callbacks ['neutron.plugins.ml2.plugin.SecurityGroupDbMixin._ensure_default_security_group_handler-1719038'] for port (5d157f73-0284-4f4a-97fe-1ed888aff002), before_update {{(pid=116644) _notify_loop /usr/local/lib/python3.8/dist-packages/neutron_lib/callbacks/manager.py:176}}
Jul 01 22:56:28.010743 dv-neutron-848475-1-hyperv neutron-server[116643]: DEBUG neutron_lib.callbacks.manager [None req-126933e6-7a8b-4d02-9957-0accc33db619 tempest-ServersTestManualDisk-1902100382 tempest-ServersTestManualDisk-1902100382-project] Publish callbacks [] for port (b2ec4fd8-6569-4025-8e0f-ec77e1cf8b03), precommit_create {{(pid=116643) _notify_loop /usr/local/lib/python3.8/dist-packages/neutron_lib/callbacks/manager.py:176}}
Jul 01 22:56:28.016466 dv-neutron-848475-1-hyperv neutron-server[116643]: DEBUG neutron.pecan_wsgi.hooks.quota_enforcement [None req-e5448d22-bf03-4bf2-b57d-278899c3275a tempest-ExternalNetworksTestJSON-1004571758 tempest-ExternalNetworksTestJSON-1004571758-project-admin] Made reservation on behalf of 64145f400b664c238942c109f12bcb56 for: {'network': 1} {{(pid=116643) before /opt/stack/neutron/neutron/pecan_wsgi/hooks/quota_enforcement.py:53}}
Jul 01 22:56:28.018911 dv-neutron-848475-1-hyperv neutron-server[116643]: DEBUG neutron_lib.callbacks.manager [None req-e5448d22-bf03-4bf2-b57d-278899c3275a tempest-ExternalNetworksTestJSON-1004571758 tempest-ExternalNetworksTestJSON-1004571758-project-admin] Publish callbacks ['neutron.plugins.ml2.plugin.SecurityGroupDbMixin._ensure_default_security_group_handler-1719038'] for network (None), before_create {{(pid=116643) _notify_loop /usr/local/lib/python3.8/dist-packages/neutron_lib/callbacks/manager.py:176}}
Jul 01 22:56:28.048801 dv-neutron-848475-1-hyperv neutron-server[116645]: DEBUG neutron.plugins.ml2.rpc [None req-b20d7da2-b369-4b7c-a10e-f3dbf7fa80bb None None] Device 69d3b33f-0800-47c0-a114-fadbee77cdc7 up at agent ovs-agent-dv-neutron-848475-1-hyperv {{(pid=116645) update_device_up /opt/stack/neutron/neutron/plugins/ml2/rpc.py:296}}
Jul 01 22:56:28.065177 dv-neutron-848475-1-hyperv neutron-server[116644]: DEBUG neutron.plugins.ml2.managers [None req-821b2317-6a13-4677-bed4-fd30d699c4d8 tempest-PortsAdminExtendedAttrsIpV6TestJSON-251737051 tempest-PortsAdminExtendedAttrsIpV6TestJSON-251737051-project-admin] Attempting to bind port 550cd7ed-b7cd-4cba-a968-0953de99db21 on host hv-neutron-8484 for vnic_type normal with profile {{(pid=116644) bind_port /opt/stack/neutron/neutron/plugins/ml2/managers.py:811}}
Jul 01 22:56:28.071384 dv-neutron-848475-1-hyperv neutron-server[116644]: DEBUG neutron.plugins.ml2.managers [None req-821b2317-6a13-4677-bed4-fd30d699c4d8 tempest-PortsAdminExtendedAttrsIpV6TestJSON-251737051 tempest-PortsAdminExtendedAttrsIpV6TestJSON-251737051-project-admin] Attempting to bind port 550cd7ed-b7cd-4cba-a968-0953de99db21 by drivers openvswitch,hyperv on host hv-neutron-8484 at level 0 using segments [{'id': '063e5768-a1c7-480e-81c5-65e4ee3604fd', 'network_type': 'vlan', 'physical_network': 'physnet1', 'segmentation_id': 155, 'network_id': '1a763913-4e08-473e-9465-a20b4bcf4274'}] {{(pid=116644) _bind_port_level /opt/stack/neutron/neutron/plugins/ml2/managers.py:836}}
Jul 01 22:56:28.071384 dv-neutron-848475-1-hyperv neutron-server[116644]: DEBUG neutron.plugins.ml2.drivers.mech_agent [None req-821b2317-6a13-4677-bed4-fd30d699c4d8 tempest-PortsAdminExtendedAttrsIpV6TestJSON-251737051 tempest-PortsAdminExtendedAttrsIpV6TestJSON-251737051-project-admin] Attempting to bind port 550cd7ed-b7cd-4cba-a968-0953de99db21 on network 1a763913-4e08-473e-9465-a20b4bcf4274 {{(pid=116644) bind_port /opt/stack/neutron/neutron/plugins/ml2/drivers/mech_agent.py:91}}
Jul 01 22:56:28.133435 dv-neutron-848475-1-hyperv neutron-server[116645]: DEBUG neutron.db.provisioning_blocks [None req-b20d7da2-b369-4b7c-a10e-f3dbf7fa80bb None None] Provisioning complete for port 69d3b33f-0800-47c0-a114-fadbee77cdc7 triggered by entity L2. {{(pid=116645) provisioning_complete /opt/stack/neutron/neutron/db/provisioning_blocks.py:145}}
Jul 01 22:56:28.134473 dv-neutron-848475-1-hyperv neutron-server[116645]: DEBUG neutron_lib.callbacks.manager [None req-b20d7da2-b369-4b7c-a10e-f3dbf7fa80bb None None] Publish callbacks ['neutron.plugins.ml2.plugin.Ml2Plugin._port_provisioned-1764357'] for port (69d3b33f-0800-47c0-a114-fadbee77cdc7), provisioning_complete {{(pid=116645) _notify_loop /usr/local/lib/python3.8/dist-packages/neutron_lib/callbacks/manager.py:176}}
Jul 01 22:56:28.134580 dv-neutron-848475-1-hyperv neutron-server[116644]: DEBUG neutron.plugins.ml2.drivers.mech_agent [None req-821b2317-6a13-4677-bed4-fd30d699c4d8 tempest-PortsAdminExtendedAttrsIpV6TestJSON-251737051 tempest-PortsAdminExtendedAttrsIpV6TestJSON-251737051-project-admin] Port 550cd7ed-b7cd-4cba-a968-0953de99db21 on network 1a763913-4e08-473e-9465-a20b4bcf4274 not bound, no agent of type Open vSwitch agent registered on host hv-neutron-8484 {{(pid=116644) bind_port /opt/stack/neutron/neutron/plugins/ml2/drivers/mech_agent.py:103}}
Jul 01 22:56:28.134857 dv-neutron-848475-1-hyperv neutron-server[116644]: ERROR neutron.plugins.ml2.managers [None req-821b2317-6a13-4677-bed4-fd30d699c4d8 tempest-PortsAdminExtendedAttrsIpV6TestJSON-251737051 tempest-PortsAdminExtendedAttrsIpV6TestJSON-251737051-project-admin] Failed to bind port 550cd7ed-b7cd-4cba-a968-0953de99db21 on host hv-neutron-8484 for vnic_type normal using segments [{'id': '063e5768-a1c7-480e-81c5-65e4ee3604fd', 'network_type': 'vlan', 'physical_network': 'physnet1', 'segmentation_id': 155, 'network_id': '1a763913-4e08-473e-9465-a20b4bcf4274'}]
Jul 01 22:56:28.143083 dv-neutron-848475-1-hyperv neutron-server[116644]: INFO neutron.plugins.ml2.plugin [None req-821b2317-6a13-4677-bed4-fd30d699c4d8 tempest-PortsAdminExtendedAttrsIpV6TestJSON-251737051 tempest-PortsAdminExtendedAttrsIpV6TestJSON-251737051-project-admin] Attempt 8 to bind port 550cd7ed-b7cd-4cba-a968-0953de99db21
Jul 01 22:56:28.147396 dv-neutron-848475-1-hyperv neutron-server[116643]: DEBUG neutron.plugins.ml2.drivers.helpers [None req-e5448d22-bf03-4bf2-b57d-278899c3275a tempest-ExternalNetworksTestJSON-1004571758 tempest-ExternalNetworksTestJSON-1004571758-project-admin] vlan segment allocate from pool success with {'vlan_id': 187, 'physical_network': 'physnet1'} {{(pid=116643) allocate_partially_specified_segment /opt/stack/neutron/neutron/plugins/ml2/drivers/helpers.py:153}}
Jul 01 22:56:28.158617 dv-neutron-848475-1-hyperv neutron-server[116643]: DEBUG neutron_lib.callbacks.manager [None req-e5448d22-bf03-4bf2-b57d-278899c3275a tempest-ExternalNetworksTestJSON-1004571758 tempest-ExternalNetworksTestJSON-1004571758-project-admin] Publish callbacks ['neutron.plugins.ml2.plugin.Ml2Plugin._handle_segment_change-1808007'] for segment (c4a00251-b9f0-4014-9677-11ecc1a955b1), precommit_create {{(pid=116643) _notify_loop /usr/local/lib/python3.8/dist-packages/neutron_lib/callbacks/manager.py:176}}
Jul 01 22:56:28.159204 dv-neutron-848475-1-hyperv neutron-server[116643]: INFO neutron.db.segments_db [None req-e5448d22-bf03-4bf2-b57d-278899c3275a tempest-ExternalNetworksTestJSON-1004571758 tempest-ExternalNetworksTestJSON-1004571758-project-admin] Added segment c4a00251-b9f0-4014-9677-11ecc1a955b1 of type vlan for network e187481f-620d-4f8e-a390-6195184b57fb
Jul 01 22:56:28.179573 dv-neutron-848475-1-hyperv neutron-server[116644]: DEBUG neutron_lib.callbacks.manager [None req-71e3ec92-7048-4bec-9f14-dd3f23815310 tempest-ServerActionsTestJSON-1237221007 tempest-ServerActionsTestJSON-1237221007-project] Publish callbacks [] for security_group (20e4d8bc-0911-4c21-bff9-f7c0c133f079), precommit_create {{(pid=116644) _notify_loop /usr/local/lib/python3.8/dist-packages/neutron_lib/callbacks/manager.py:176}}
Jul 01 22:56:28.215953 dv-neutron-848475-1-hyperv neutron-server[116644]: DEBUG neutron.plugins.ml2.managers [None req-821b2317-6a13-4677-bed4-fd30d699c4d8 tempest-PortsAdminExtendedAttrsIpV6TestJSON-251737051 tempest-PortsAdminExtendedAttrsIpV6TestJSON-251737051-project-admin] Attempting to bind port 550cd7ed-b7cd-4cba-a968-0953de99db21 on host hv-neutron-8484 for vnic_type normal with profile {{(pid=116644) bind_port /opt/stack/neutron/neutron/plugins/ml2/managers.py:811}}
Jul 01 22:56:28.216382 dv-neutron-848475-1-hyperv neutron-server[116644]: DEBUG neutron.plugins.ml2.managers [None req-821b2317-6a13-4677-bed4-fd30d699c4d8 tempest-PortsAdminExtendedAttrsIpV6TestJSON-251737051 tempest-PortsAdminExtendedAttrsIpV6TestJSON-251737051-project-admin] Attempting to bind port 550cd7ed-b7cd-4cba-a968-0953de99db21 by drivers openvswitch,hyperv on host hv-neutron-8484 at level 0 using segments [{'id': '063e5768-a1c7-480e-81c5-65e4ee3604fd', 'network_type': 'vlan', 'physical_network': 'physnet1', 'segmentation_id': 155, 'network_id': '1a763913-4e08-473e-9465-a20b4bcf4274'}] {{(pid=116644) _bind_port_level /opt/stack/neutron/neutron/plugins/ml2/managers.py:836}}
Jul 01 22:56:28.216814 dv-neutron-848475-1-hyperv neutron-server[116644]: DEBUG neutron.plugins.ml2.drivers.mech_agent [None req-821b2317-6a13-4677-bed4-fd30d699c4d8 tempest-PortsAdminExtendedAttrsIpV6TestJSON-251737051 tempest-PortsAdminExtendedAttrsIpV6TestJSON-251737051-project-admin] Attempting to bind port 550cd7ed-b7cd-4cba-a968-0953de99db21 on network 1a763913-4e08-473e-9465-a20b4bcf4274 {{(pid=116644) bind_port /opt/stack/neutron/neutron/plugins/ml2/drivers/mech_agent.py:91}}
Jul 01 22:56:28.222208 dv-neutron-848475-1-hyperv neutron-server[116643]: DEBUG neutron_lib.callbacks.manager [None req-e5448d22-bf03-4bf2-b57d-278899c3275a tempest-ExternalNetworksTestJSON-1004571758 tempest-ExternalNetworksTestJSON-1004571758-project-admin] Publish callbacks ['neutron.services.auto_allocate.db._ensure_external_network_default_value_callback-8789717830804'] for network (e187481f-620d-4f8e-a390-6195184b57fb), precommit_create {{(pid=116643) _notify_loop /usr/local/lib/python3.8/dist-packages/neutron_lib/callbacks/manager.py:176}}
Jul 01 22:56:28.226067 dv-neutron-848475-1-hyperv neutron-server[116644]: DEBUG dbcounter [-] [116644] Writing DB stats neutron:UPDATE=2,neutron:DELETE=6,neutron:SELECT=91,neutron:INSERT=1 {{(pid=116644) stat_writer /usr/local/lib/python3.8/dist-packages/dbcounter.py:114}}
Jul 01 22:56:28.232048 dv-neutron-848475-1-hyperv neutron-server[116645]: DEBUG neutron.plugins.ml2.plugin [None req-b20d7da2-b369-4b7c-a10e-f3dbf7fa80bb None None] Current status of the port 69d3b33f-0800-47c0-a114-fadbee77cdc7 is: ACTIVE; New status is: ACTIVE {{(pid=116645) _update_individual_port_db_status /opt/stack/neutron/neutron/plugins/ml2/plugin.py:2292}}
Jul 01 22:56:28.233377 dv-neutron-848475-1-hyperv neutron-server[116645]: DEBUG neutron.plugins.ml2.rpc [None req-b20d7da2-b369-4b7c-a10e-f3dbf7fa80bb None None] Device 468ac045-3d52-4308-99a1-577d9fdd1735 up at agent ovs-agent-dv-neutron-848475-1-hyperv {{(pid=116645) update_device_up /opt/stack/neutron/neutron/plugins/ml2/rpc.py:296}}
Jul 01 22:56:28.255135 dv-neutron-848475-1-hyperv neutron-server[116644]: DEBUG neutron.plugins.ml2.drivers.mech_agent [None req-821b2317-6a13-4677-bed4-fd30d699c4d8 tempest-PortsAdminExtendedAttrsIpV6TestJSON-251737051 tempest-PortsAdminExtendedAttrsIpV6TestJSON-251737051-project-admin] Port 550cd7ed-b7cd-4cba-a968-0953de99db21 on network 1a763913-4e08-473e-9465-a20b4bcf4274 not bound, no agent of type Open vSwitch agent registered on host hv-neutron-8484 {{(pid=116644) bind_port /opt/stack/neutron/neutron/plugins/ml2/drivers/mech_agent.py:103}}
Jul 01 22:56:28.255135 dv-neutron-848475-1-hyperv neutron-server[116644]: ERROR neutron.plugins.ml2.managers [None req-821b2317-6a13-4677-bed4-fd30d699c4d8 tempest-PortsAdminExtendedAttrsIpV6TestJSON-251737051 tempest-PortsAdminExtendedAttrsIpV6TestJSON-251737051-project-admin] Failed to bind port 550cd7ed-b7cd-4cba-a968-0953de99db21 on host hv-neutron-8484 for vnic_type normal using segments [{'id': '063e5768-a1c7-480e-81c5-65e4ee3604fd', 'network_type': 'vlan', 'physical_network': 'physnet1', 'segmentation_id': 155, 'network_id': '1a763913-4e08-473e-9465-a20b4bcf4274'}]
Jul 01 22:56:28.262869 dv-neutron-848475-1-hyperv neutron-server[116644]: INFO neutron.plugins.ml2.plugin [None req-821b2317-6a13-4677-bed4-fd30d699c4d8 tempest-PortsAdminExtendedAttrsIpV6TestJSON-251737051 tempest-PortsAdminExtendedAttrsIpV6TestJSON-251737051-project-admin] Attempt 9 to bind port 550cd7ed-b7cd-4cba-a968-0953de99db21
Jul 01 22:56:28.281507 dv-neutron-848475-1-hyperv neutron-server[116643]: DEBUG dbcounter [-] [116643] Writing DB stats neutron:SELECT=92,neutron:INSERT=7,neutron:UPDATE=1 {{(pid=116643) stat_writer /usr/local/lib/python3.8/dist-packages/dbcounter.py:114}}
Jul 01 22:56:28.283686 dv-neutron-848475-1-hyperv neutron-server[116645]: DEBUG neutron.db.provisioning_blocks [None req-b20d7da2-b369-4b7c-a10e-f3dbf7fa80bb None None] Provisioning complete for port 468ac045-3d52-4308-99a1-577d9fdd1735 triggered by entity L2. {{(pid=116645) provisioning_complete /opt/stack/neutron/neutron/db/provisioning_blocks.py:145}}
Jul 01 22:56:28.284067 dv-neutron-848475-1-hyperv neutron-server[116645]: DEBUG neutron_lib.callbacks.manager [None req-b20d7da2-b369-4b7c-a10e-f3dbf7fa80bb None None] Publish callbacks ['neutron.plugins.ml2.plugin.Ml2Plugin._port_provisioned-1764357'] for port (468ac045-3d52-4308-99a1-577d9fdd1735), provisioning_complete {{(pid=116645) _notify_loop /usr/local/lib/python3.8/dist-packages/neutron_lib/callbacks/manager.py:176}}
Jul 01 22:56:28.285504 dv-neutron-848475-1-hyperv neutron-server[116644]: DEBUG neutron.plugins.ml2.managers [None req-821b2317-6a13-4677-bed4-fd30d699c4d8 tempest-PortsAdminExtendedAttrsIpV6TestJSON-251737051 tempest-PortsAdminExtendedAttrsIpV6TestJSON-251737051-project-admin] Attempting to bind port 550cd7ed-b7cd-4cba-a968-0953de99db21 on host hv-neutron-8484 for vnic_type normal with profile {{(pid=116644) bind_port /opt/stack/neutron/neutron/plugins/ml2/managers.py:811}}
Jul 01 22:56:28.285944 dv-neutron-848475-1-hyperv neutron-server[116644]: DEBUG neutron.plugins.ml2.managers [None req-821b2317-6a13-4677-bed4-fd30d699c4d8 tempest-PortsAdminExtendedAttrsIpV6TestJSON-251737051 tempest-PortsAdminExtendedAttrsIpV6TestJSON-251737051-project-admin] Attempting to bind port 550cd7ed-b7cd-4cba-a968-0953de99db21 by drivers openvswitch,hyperv on host hv-neutron-8484 at level 0 using segments [{'id': '063e5768-a1c7-480e-81c5-65e4ee3604fd', 'network_type': 'vlan', 'physical_network': 'physnet1', 'segmentation_id': 155, 'network_id': '1a763913-4e08-473e-9465-a20b4bcf4274'}] {{(pid=116644) _bind_port_level /opt/stack/neutron/neutron/plugins/ml2/managers.py:836}}
Jul 01 22:56:28.286782 dv-neutron-848475-1-hyperv neutron-server[116644]: DEBUG neutron.plugins.ml2.drivers.mech_agent [None req-821b2317-6a13-4677-bed4-fd30d699c4d8 tempest-PortsAdminExtendedAttrsIpV6TestJSON-251737051 tempest-PortsAdminExtendedAttrsIpV6TestJSON-251737051-project-admin] Attempting to bind port 550cd7ed-b7cd-4cba-a968-0953de99db21 on network 1a763913-4e08-473e-9465-a20b4bcf4274 {{(pid=116644) bind_port /opt/stack/neutron/neutron/plugins/ml2/drivers/mech_agent.py:91}}
Jul 01 22:56:28.298421 dv-neutron-848475-1-hyperv neutron-server[116644]: DEBUG neutron_lib.callbacks.manager [None req-71e3ec92-7048-4bec-9f14-dd3f23815310 tempest-ServerActionsTestJSON-1237221007 tempest-ServerActionsTestJSON-1237221007-project] Publish callbacks ['neutron.plugins.ml2.ovo_rpc._ObjectChangeHandler.handle_event-615165'] for security_group (20e4d8bc-0911-4c21-bff9-f7c0c133f079), after_create {{(pid=116644) _notify_loop /usr/local/lib/python3.8/dist-packages/neutron_lib/callbacks/manager.py:176}}
Jul 01 22:56:28.310864 dv-neutron-848475-1-hyperv neutron-server[116644]: DEBUG neutron.plugins.ml2.drivers.mech_agent [None req-821b2317-6a13-4677-bed4-fd30d699c4d8 tempest-PortsAdminExtendedAttrsIpV6TestJSON-251737051 tempest-PortsAdminExtendedAttrsIpV6TestJSON-251737051-project-admin] Port 550cd7ed-b7cd-4cba-a968-0953de99db21 on network 1a763913-4e08-473e-9465-a20b4bcf4274 not bound, no agent of type Open vSwitch agent registered on host hv-neutron-8484 {{(pid=116644) bind_port /opt/stack/neutron/neutron/plugins/ml2/drivers/mech_agent.py:103}}
Jul 01 22:56:28.311382 dv-neutron-848475-1-hyperv neutron-server[116644]: ERROR neutron.plugins.ml2.managers [None req-821b2317-6a13-4677-bed4-fd30d699c4d8 tempest-PortsAdminExtendedAttrsIpV6TestJSON-251737051 tempest-PortsAdminExtendedAttrsIpV6TestJSON-251737051-project-admin] Failed to bind port 550cd7ed-b7cd-4cba-a968-0953de99db21 on host hv-neutron-8484 for vnic_type normal using segments [{'id': '063e5768-a1c7-480e-81c5-65e4ee3604fd', 'network_type': 'vlan', 'physical_network': 'physnet1', 'segmentation_id': 155, 'network_id': '1a763913-4e08-473e-9465-a20b4bcf4274'}]
Jul 01 22:56:28.358324 dv-neutron-848475-1-hyperv neutron-server[116644]: INFO neutron.plugins.ml2.plugin [None req-821b2317-6a13-4677-bed4-fd30d699c4d8 tempest-PortsAdminExtendedAttrsIpV6TestJSON-251737051 tempest-PortsAdminExtendedAttrsIpV6TestJSON-251737051-project-admin] Attempt 10 to bind port 550cd7ed-b7cd-4cba-a968-0953de99db21
Jul 01 22:56:28.367142 dv-neutron-848475-1-hyperv neutron-server[116645]: DEBUG neutron.plugins.ml2.plugin [None req-b20d7da2-b369-4b7c-a10e-f3dbf7fa80bb None None] Current status of the port 468ac045-3d52-4308-99a1-577d9fdd1735 is: DOWN; New status is: ACTIVE {{(pid=116645) _update_individual_port_db_status /opt/stack/neutron/neutron/plugins/ml2/plugin.py:2292}}
Jul 01 22:56:28.367496 dv-neutron-848475-1-hyperv neutron-server[116645]: DEBUG neutron_lib.callbacks.manager [None req-b20d7da2-b369-4b7c-a10e-f3dbf7fa80bb None None] Publish callbacks ['neutron.plugins.ml2.plugin.SecurityGroupDbMixin._ensure_default_security_group_handler-1719038'] for port (468ac045-3d52-4308-99a1-577d9fdd1735), before_update {{(pid=116645) _notify_loop /usr/local/lib/python3.8/dist-packages/neutron_lib/callbacks/manager.py:176}}
Jul 01 22:56:28.374596 dv-neutron-848475-1-hyperv neutron-server[116643]: DEBUG neutron_lib.callbacks.manager [None req-126933e6-7a8b-4d02-9957-0accc33db619 tempest-ServersTestManualDisk-1902100382 tempest-ServersTestManualDisk-1902100382-project] Publish callbacks ['neutron.plugins.ml2.plugin.SecurityGroupServerNotifierRpcMixin._notify_sg_on_port_change-1718961', 'neutron.plugins.ml2.ovo_rpc._ObjectChangeHandler.handle_event-138834', 'neutron.api.rpc.agentnotifiers.dhcp_rpc_agent_api.DhcpAgentNotifyAPI._native_event_send_dhcp_notification-528166', 'neutron.db.l3_dvrscheduler_db._notify_l3_agent_new_port-8789717859669'] for port (b2ec4fd8-6569-4025-8e0f-ec77e1cf8b03), after_create {{(pid=116643) _notify_loop /usr/local/lib/python3.8/dist-packages/neutron_lib/callbacks/manager.py:176}}
