Jul 01 12:04:31.377383 dv-neutron-848431-1-hyperv neutron-server[88854]: DEBUG neutron_lib.callbacks.manager [None req-6e431333-a8b8-4dbf-87a9-1ac55901b002 admin admin] Notify callbacks ['neutron.plugins.ml2.ovo_rpc._ObjectChangeHandler.handle_event-650660'] for security_group, after_create {{(pid=88854) _notify_loop /usr/local/lib/python3.8/dist-packages/neutron_lib/callbacks/manager.py:192}}
Jul 01 12:04:31.434858 dv-neutron-848431-1-hyperv neutron-server[88854]: DEBUG neutron.db.quota.driver [None req-e8554a0a-bfd4-4f12-b252-5a30b08de4a4 tempest-ServersTestJSON-319216002 tempest-ServersTestJSON-319216002-project] Attempting to reserve 2 items for resource security_group_rule. Total usage: 4; quota limit: 100; headroom:96 {{(pid=88854) make_reservation /opt/stack/neutron/neutron/db/quota/driver.py:246}}
Jul 01 12:04:31.446083 dv-neutron-848431-1-hyperv neutron-server[88856]: DEBUG neutron.db.provisioning_blocks [None req-9284e376-3df0-4980-ac37-edaf4a0fdcbe None None] Provisioning for port 822dd710-82e0-41e2-8e1a-f3dcfed3f11f completed by entity L2. {{(pid=88856) provisioning_complete /opt/stack/neutron/neutron/db/provisioning_blocks.py:133}}
Jul 01 12:04:31.466835 dv-neutron-848431-1-hyperv neutron-server[88856]: DEBUG neutron.db.provisioning_blocks [None req-9284e376-3df0-4980-ac37-edaf4a0fdcbe None None] Provisioning complete for port 822dd710-82e0-41e2-8e1a-f3dcfed3f11f triggered by entity L2. {{(pid=88856) provisioning_complete /opt/stack/neutron/neutron/db/provisioning_blocks.py:139}}
Jul 01 12:04:31.467209 dv-neutron-848431-1-hyperv neutron-server[88856]: DEBUG neutron_lib.callbacks.manager [None req-9284e376-3df0-4980-ac37-edaf4a0fdcbe None None] Notify callbacks ['neutron.plugins.ml2.plugin.Ml2Plugin._port_provisioned-3743373'] for port, provisioning_complete {{(pid=88856) _notify_loop /usr/local/lib/python3.8/dist-packages/neutron_lib/callbacks/manager.py:192}}
Jul 01 12:04:31.467530 dv-neutron-848431-1-hyperv neutron-server[88854]: DEBUG neutron.api.rpc.handlers.resources_rpc [None req-6e431333-a8b8-4dbf-87a9-1ac55901b002 admin admin] Pushing event updated for resources: {'SecurityGroup': ['ID=dd4dc5b2-2359-4c15-8984-3f5885bd9718,revision_number=1']} {{(pid=88854) push /opt/stack/neutron/neutron/api/rpc/handlers/resources_rpc.py:237}}
Jul 01 12:04:31.490569 dv-neutron-848431-1-hyperv neutron-server[88854]: DEBUG neutron.scheduler.dhcp_agent_scheduler [None req-087debff-6511-4f7b-b56c-793b5c754a78 tempest-FloatingIPNegativeTestJSON-1660695127 tempest-FloatingIPNegativeTestJSON-1660695127-project] Network eb8d47e1-8b0d-46ba-a67f-9539e47fb2bc is already hosted by enough agents. {{(pid=88854) _get_dhcp_agents_hosting_network /opt/stack/neutron/neutron/scheduler/dhcp_agent_scheduler.py:275}}
Jul 01 12:04:31.542442 dv-neutron-848431-1-hyperv neutron-server[88855]: DEBUG neutron_lib.callbacks.manager [None req-0fa23c66-86ed-44cf-a876-ec74b4c0456d tempest-RoutersAdminTest-1526569101 tempest-RoutersAdminTest-1526569101-project-admin] Notify callbacks [] for router, before_response {{(pid=88855) _notify_loop /usr/local/lib/python3.8/dist-packages/neutron_lib/callbacks/manager.py:192}}
Jul 01 12:04:31.545727 dv-neutron-848431-1-hyperv neutron-server[88855]: INFO neutron.wsgi [None req-0fa23c66-86ed-44cf-a876-ec74b4c0456d tempest-RoutersAdminTest-1526569101 tempest-RoutersAdminTest-1526569101-project-admin] 10.222.0.20 "POST /v2.0/routers HTTP/1.1" status: 201 len: 876 time: 6.0537741
Jul 01 12:04:31.547985 dv-neutron-848431-1-hyperv neutron-server[88855]: DEBUG neutron.wsgi [-] (88855) accepted ('10.222.0.20', 55628) {{(pid=88855) server /usr/local/lib/python3.8/dist-packages/eventlet/wsgi.py:992}}
Jul 01 12:04:31.569001 dv-neutron-848431-1-hyperv neutron-server[88854]: DEBUG neutron.scheduler.base_scheduler [None req-087debff-6511-4f7b-b56c-793b5c754a78 tempest-FloatingIPNegativeTestJSON-1660695127 tempest-FloatingIPNegativeTestJSON-1660695127-project] Resources bound (agent type, host, resource id): {{(pid=88854) schedule /opt/stack/neutron/neutron/scheduler/base_scheduler.py:57}}
Jul 01 12:04:31.584945 dv-neutron-848431-1-hyperv neutron-server[88857]: DEBUG neutron_lib.callbacks.manager [None req-ddcf55a8-7daf-4efb-a73c-ca61d66efc9a None None] Notify callbacks [] for port, precommit_update {{(pid=88857) _notify_loop /usr/local/lib/python3.8/dist-packages/neutron_lib/callbacks/manager.py:192}}
Jul 01 12:04:31.608515 dv-neutron-848431-1-hyperv neutron-server[88854]: DEBUG neutron.db.l3_dvrscheduler_db [None req-087debff-6511-4f7b-b56c-793b5c754a78 tempest-FloatingIPNegativeTestJSON-1660695127 tempest-FloatingIPNegativeTestJSON-1660695127-project] Received port after_create {{(pid=88854) _notify_l3_agent_new_port /opt/stack/neutron/neutron/db/l3_dvrscheduler_db.py:538}}
Jul 01 12:04:31.609800 dv-neutron-848431-1-hyperv neutron-server[88857]: DEBUG neutron.db.provisioning_blocks [None req-ddcf55a8-7daf-4efb-a73c-ca61d66efc9a None None] Transition to ACTIVE for port object 175e0d18-91fc-4200-b51a-5ae4872b685c will not be triggered until provisioned by entity L2. {{(pid=88857) add_provisioning_component /opt/stack/neutron/neutron/db/provisioning_blocks.py:73}}
Jul 01 12:04:31.629740 dv-neutron-848431-1-hyperv neutron-server[88857]: DEBUG neutron_lib.callbacks.manager [None req-ddcf55a8-7daf-4efb-a73c-ca61d66efc9a None None] Notify callbacks ['neutron.plugins.ml2.plugin.SecurityGroupServerNotifierRpcMixin.notify_sg_on_port_change-3851082', 'neutron.plugins.ml2.ovo_rpc._ObjectChangeHandler.handle_event-143045', 'neutron.api.rpc.agentnotifiers.dhcp_rpc_agent_api.DhcpAgentNotifyAPI._native_event_send_dhcp_notification-3645195', 'neutron.db.l3_db.L3RpcNotifierMixin._notify_gateway_port_ip_changed-8738146571641', 'neutron.db.l3_dvrscheduler_db._notify_l3_agent_port_update-8738146046401', 'neutron.db.l3_hascheduler_db._notify_l3_agent_ha_port_update-8738146046446'] for port, after_update {{(pid=88857) _notify_loop /usr/local/lib/python3.8/dist-packages/neutron_lib/callbacks/manager.py:192}}
Jul 01 12:04:31.676036 dv-neutron-848431-1-hyperv neutron-server[88856]: DEBUG neutron.db.l3_dvr_db [None req-ad4af90f-2e57-41d2-8559-35a8e2b7e30e None None] Set router 02bf9e9c-8371-48c0-95e5-9e38845152eb gateway port host: dv-neutron-848431-1-hyperv {{(pid=88856) _build_routers_list /opt/stack/neutron/neutron/db/l3_dvr_db.py:875}}
Jul 01 12:04:31.728156 dv-neutron-848431-1-hyperv neutron-server[88854]: DEBUG neutron_lib.callbacks.manager [None req-c3b50852-d887-44d6-90eb-02db6ee1f4ca tempest-ExternalNetworksTestJSON-1988118843 tempest-ExternalNetworksTestJSON-1988118843-project-admin] Notify callbacks [] for port, precommit_update {{(pid=88854) _notify_loop /usr/local/lib/python3.8/dist-packages/neutron_lib/callbacks/manager.py:192}}
Jul 01 12:04:31.783255 dv-neutron-848431-1-hyperv neutron-server[88854]: DEBUG neutron_lib.callbacks.manager [None req-f99a2006-6bf3-4220-b1af-71b525287c84 tempest-ServerActionsTestJSON-1245806402 tempest-ServerActionsTestJSON-1245806402-project] Notify callbacks [] for port, precommit_update {{(pid=88854) _notify_loop /usr/local/lib/python3.8/dist-packages/neutron_lib/callbacks/manager.py:192}}
Jul 01 12:04:31.832316 dv-neutron-848431-1-hyperv neutron-server[88855]: DEBUG neutron_lib.callbacks.manager [None req-815b8705-b129-432f-926c-89b2a4be5b23 tempest-RoutersAdminTest-1526569101 tempest-RoutersAdminTest-1526569101-project-admin] Notify callbacks [] for router, before_delete {{(pid=88855) _notify_loop /usr/local/lib/python3.8/dist-packages/neutron_lib/callbacks/manager.py:192}}
Jul 01 12:04:31.871082 dv-neutron-848431-1-hyperv neutron-server[88854]: DEBUG neutron_lib.callbacks.manager [None req-e8554a0a-bfd4-4f12-b252-5a30b08de4a4 tempest-ServersTestJSON-319216002 tempest-ServersTestJSON-319216002-project] Notify callbacks [] for security_group, precommit_create {{(pid=88854) _notify_loop /usr/local/lib/python3.8/dist-packages/neutron_lib/callbacks/manager.py:192}}
Jul 01 12:04:31.896693 dv-neutron-848431-1-hyperv neutron-server[88854]: DEBUG neutron.plugins.ml2.db [None req-7b12895b-3796-4822-8b27-67774e31b188 tempest-PortsAdminExtendedAttrsIpV6TestJSON-1946855452 tempest-PortsAdminExtendedAttrsIpV6TestJSON-1946855452-project-admin] For port 5fafef8e-82cc-4c01-bc41-ccf5331f4ed1, host hv-neutron-8484, cleared binding levels {{(pid=88854) clear_binding_levels /opt/stack/neutron/neutron/plugins/ml2/db.py:88}}
Jul 01 12:04:31.897254 dv-neutron-848431-1-hyperv neutron-server[88854]: DEBUG neutron.plugins.ml2.db [None req-7b12895b-3796-4822-8b27-67774e31b188 tempest-PortsAdminExtendedAttrsIpV6TestJSON-1946855452 tempest-PortsAdminExtendedAttrsIpV6TestJSON-1946855452-project-admin] Attempted to set empty binding levels {{(pid=88854) set_binding_levels /opt/stack/neutron/neutron/plugins/ml2/db.py:66}}
Jul 01 12:04:31.906808 dv-neutron-848431-1-hyperv neutron-server[88854]: DEBUG neutron_lib.callbacks.manager [None req-c3b50852-d887-44d6-90eb-02db6ee1f4ca tempest-ExternalNetworksTestJSON-1988118843 tempest-ExternalNetworksTestJSON-1988118843-project-admin] Notify callbacks ['neutron.plugins.ml2.plugin.SecurityGroupServerNotifierRpcMixin.notify_sg_on_port_change-3851082', 'neutron.plugins.ml2.ovo_rpc._ObjectChangeHandler.handle_event-143045', 'neutron.api.rpc.agentnotifiers.dhcp_rpc_agent_api.DhcpAgentNotifyAPI._native_event_send_dhcp_notification-3645195', 'neutron.db.l3_db.L3RpcNotifierMixin._notify_gateway_port_ip_changed-8738146571641', 'neutron.db.l3_dvrscheduler_db._notify_l3_agent_port_update-8738146046401', 'neutron.db.l3_hascheduler_db._notify_l3_agent_ha_port_update-8738146046446', 'neutron.services.segments.plugin.NovaSegmentNotifier._notify_port_updated-2049376'] for port, after_update {{(pid=88854) _notify_loop /usr/local/lib/python3.8/dist-packages/neutron_lib/callbacks/manager.py:192}}
Jul 01 12:04:31.929598 dv-neutron-848431-1-hyperv neutron-server[88854]: INFO neutron.wsgi [None req-6e431333-a8b8-4dbf-87a9-1ac55901b002 admin admin] 10.222.0.20 "GET /v2.0/security-groups?tenant_id=9a95114bc1af4fef9067c2d77de1a87d&name=default HTTP/1.1" status: 200 len: 2979 time: 1.6171765
Jul 01 12:04:31.929598 dv-neutron-848431-1-hyperv neutron-server[88854]: DEBUG neutron_lib.callbacks.manager [None req-f99a2006-6bf3-4220-b1af-71b525287c84 tempest-ServerActionsTestJSON-1245806402 tempest-ServerActionsTestJSON-1245806402-project] Notify callbacks ['neutron.plugins.ml2.plugin.SecurityGroupServerNotifierRpcMixin.notify_sg_on_port_change-3851082', 'neutron.plugins.ml2.ovo_rpc._ObjectChangeHandler.handle_event-143045', 'neutron.api.rpc.agentnotifiers.dhcp_rpc_agent_api.DhcpAgentNotifyAPI._native_event_send_dhcp_notification-3645195', 'neutron.db.l3_db.L3RpcNotifierMixin._notify_gateway_port_ip_changed-8738146571641', 'neutron.db.l3_dvrscheduler_db._notify_l3_agent_port_update-8738146046401', 'neutron.db.l3_hascheduler_db._notify_l3_agent_ha_port_update-8738146046446', 'neutron.services.segments.plugin.NovaSegmentNotifier._notify_port_updated-2049376'] for port, after_update {{(pid=88854) _notify_loop /usr/local/lib/python3.8/dist-packages/neutron_lib/callbacks/manager.py:192}}
Jul 01 12:04:31.938901 dv-neutron-848431-1-hyperv neutron-server[88854]: DEBUG neutron.wsgi [-] (88854) accepted ('10.222.0.20', 55632) {{(pid=88854) server /usr/local/lib/python3.8/dist-packages/eventlet/wsgi.py:992}}
Jul 01 12:04:31.956463 dv-neutron-848431-1-hyperv neutron-server[88854]: DEBUG neutron_lib.callbacks.manager [None req-7b12895b-3796-4822-8b27-67774e31b188 tempest-PortsAdminExtendedAttrsIpV6TestJSON-1946855452 tempest-PortsAdminExtendedAttrsIpV6TestJSON-1946855452-project-admin] Notify callbacks ['neutron.plugins.ml2.plugin.SecurityGroupServerNotifierRpcMixin.notify_sg_on_port_change-3851082', 'neutron.plugins.ml2.ovo_rpc._ObjectChangeHandler.handle_event-143045', 'neutron.api.rpc.agentnotifiers.dhcp_rpc_agent_api.DhcpAgentNotifyAPI._native_event_send_dhcp_notification-3645195', 'neutron.db.l3_db.L3RpcNotifierMixin._notify_gateway_port_ip_changed-8738146571641', 'neutron.db.l3_dvrscheduler_db._notify_l3_agent_port_update-8738146046401', 'neutron.db.l3_hascheduler_db._notify_l3_agent_ha_port_update-8738146046446', 'neutron.services.segments.plugin.NovaSegmentNotifier._notify_port_updated-2049376'] for port, after_update {{(pid=88854) _notify_loop /usr/local/lib/python3.8/dist-packages/neutron_lib/callbacks/manager.py:192}}
Jul 01 12:04:32.045569 dv-neutron-848431-1-hyperv neutron-server[88856]: DEBUG neutron.db.provisioning_blocks [None req-22a053e4-ae73-4233-8f14-5d359c635422 None None] Provisioning complete for port 822dd710-82e0-41e2-8e1a-f3dcfed3f11f triggered by entity DHCP. {{(pid=88856) provisioning_complete /opt/stack/neutron/neutron/db/provisioning_blocks.py:139}}
Jul 01 12:04:32.046062 dv-neutron-848431-1-hyperv neutron-server[88856]: DEBUG neutron_lib.callbacks.manager [None req-22a053e4-ae73-4233-8f14-5d359c635422 None None] Notify callbacks ['neutron.plugins.ml2.plugin.Ml2Plugin._port_provisioned-3743373'] for port, provisioning_complete {{(pid=88856) _notify_loop /usr/local/lib/python3.8/dist-packages/neutron_lib/callbacks/manager.py:192}}
Jul 01 12:04:32.138807 dv-neutron-848431-1-hyperv neutron-server[88857]: DEBUG neutron.api.rpc.handlers.resources_rpc [None req-693bfba8-4e58-4b34-b95d-89b6d3932c9b None None] Pushing event updated for resources: {'Port': ['ID=175e0d18-91fc-4200-b51a-5ae4872b685c,revision_number=3']} {{(pid=88857) push /opt/stack/neutron/neutron/api/rpc/handlers/resources_rpc.py:237}}
Jul 01 12:04:32.150974 dv-neutron-848431-1-hyperv neutron-server[88857]: DEBUG neutron.plugins.ml2.managers [None req-ddcf55a8-7daf-4efb-a73c-ca61d66efc9a None None] Attempting to bind port 175e0d18-91fc-4200-b51a-5ae4872b685c on host dv-neutron-848431-1-hyperv for vnic_type normal with profile {{(pid=88857) bind_port /opt/stack/neutron/neutron/plugins/ml2/managers.py:806}}
Jul 01 12:04:32.151821 dv-neutron-848431-1-hyperv neutron-server[88857]: DEBUG neutron.plugins.ml2.managers [None req-ddcf55a8-7daf-4efb-a73c-ca61d66efc9a None None] Attempting to bind port 175e0d18-91fc-4200-b51a-5ae4872b685c by drivers openvswitch,hyperv on host dv-neutron-848431-1-hyperv at level 0 using segments [{'id': '580d1181-174a-4746-9165-55fad5178850', 'network_type': 'vlan', 'physical_network': 'physnet1', 'segmentation_id': 198, 'network_id': 'c3425d1f-9d8f-4587-8501-2d153cca8f46'}] {{(pid=88857) _bind_port_level /opt/stack/neutron/neutron/plugins/ml2/managers.py:831}}
Jul 01 12:04:32.151821 dv-neutron-848431-1-hyperv neutron-server[88857]: DEBUG neutron.plugins.ml2.drivers.mech_agent [None req-ddcf55a8-7daf-4efb-a73c-ca61d66efc9a None None] Attempting to bind port 175e0d18-91fc-4200-b51a-5ae4872b685c on network c3425d1f-9d8f-4587-8501-2d153cca8f46 {{(pid=88857) bind_port /opt/stack/neutron/neutron/plugins/ml2/drivers/mech_agent.py:86}}
Jul 01 12:04:32.158220 dv-neutron-848431-1-hyperv neutron-server[88857]: DEBUG neutron.plugins.ml2.drivers.mech_agent [None req-ddcf55a8-7daf-4efb-a73c-ca61d66efc9a None None] Checking agent: {'id': '776f992d-417a-425e-ac76-dfdb952d0aa3', 'agent_type': 'Open vSwitch agent', 'binary': 'neutron-openvswitch-agent', 'topic': 'N/A', 'host': 'dv-neutron-848431-1-hyperv', 'admin_state_up': True, 'created_at': datetime.datetime(2022, 7, 1, 11, 55, 58), 'started_at': datetime.datetime(2022, 7, 1, 11, 56, 28), 'heartbeat_timestamp': datetime.datetime(2022, 7, 1, 12, 4, 28), 'description': None, 'resources_synced': None, 'availability_zone': None, 'alive': True, 'configurations': {'arp_responder_enabled': False, 'baremetal_smartnic': False, 'bridge_mappings': {'physnet1': 'br-data'}, 'datapath_type': 'system', 'devices': 0, 'enable_distributed_routing': False, 'extensions': [], 'in_distributed_mode': False, 'integration_bridge': 'br-int', 'l2_population': False, 'log_agent_heartbeats': False, 'ovs_capabilities': {'datapath_types': ['netdev', 'system'], 'iface_types': ['erspan', 'geneve', 'gre', 'internal', 'ip6erspan', 'ip6gre', 'lisp', 'patch', 'stt', 'system', 'tap', 'vxlan']}, 'ovs_hybrid_plug': False, 'resource_provider_bandwidths': {}, 'resource_provider_hypervisors': {'br-data': 'dv-neutron-848431-1-hyperv'}, 'resource_provider_inventory_defaults': {'allocation_ratio': 1.0, 'min_unit': 1, 'step_size': 1, 'reserved': 0}, 'tunnel_types': [], 'tunneling_ip': None, 'vhostuser_socket_dir': '/var/run/openvswitch'}, 'resource_versions': {'AddressGroup': '1.2', 'ConntrackHelper': '1.0', 'Log': '1.0', 'Network': '1.1', 'Port': '1.7', 'PortForwarding': '1.2', 'QosPolicy': '1.8', 'SecurityGroup': '1.4', 'SecurityGroupRule': '1.2', 'SubPort': '1.0', 'Subnet': '1.1', 'Trunk': '1.1'}} {{(pid=88857) bind_port /opt/stack/neutron/neutron/plugins/ml2/drivers/mech_agent.py:105}}
Jul 01 12:04:32.159269 dv-neutron-848431-1-hyperv neutron-server[88857]: DEBUG neutron.plugins.ml2.drivers.mech_agent [None req-ddcf55a8-7daf-4efb-a73c-ca61d66efc9a None None] Checking segment: {'id': '580d1181-174a-4746-9165-55fad5178850', 'network_type': 'vlan', 'physical_network': 'physnet1', 'segmentation_id': 198, 'network_id': 'c3425d1f-9d8f-4587-8501-2d153cca8f46'} for mappings: {'physnet1': 'br-data'} with network types: ['local', 'flat', 'vlan'] {{(pid=88857) check_segment_for_agent /opt/stack/neutron/neutron/plugins/ml2/drivers/mech_agent.py:343}}
Jul 01 12:04:32.159449 dv-neutron-848431-1-hyperv neutron-server[88857]: DEBUG neutron_lib.callbacks.manager [None req-ddcf55a8-7daf-4efb-a73c-ca61d66efc9a None None] Notify callbacks [] for ovs_bridge_name, before_read {{(pid=88857) _notify_loop /usr/local/lib/python3.8/dist-packages/neutron_lib/callbacks/manager.py:192}}
Jul 01 12:04:32.159886 dv-neutron-848431-1-hyperv neutron-server[88857]: DEBUG neutron.plugins.ml2.drivers.mech_agent [None req-ddcf55a8-7daf-4efb-a73c-ca61d66efc9a None None] Bound using segment: {'id': '580d1181-174a-4746-9165-55fad5178850', 'network_type': 'vlan', 'physical_network': 'physnet1', 'segmentation_id': 198, 'network_id': 'c3425d1f-9d8f-4587-8501-2d153cca8f46'} {{(pid=88857) bind_port /opt/stack/neutron/neutron/plugins/ml2/drivers/mech_agent.py:115}}
Jul 01 12:04:32.160357 dv-neutron-848431-1-hyperv neutron-server[88857]: DEBUG neutron.plugins.ml2.managers [None req-ddcf55a8-7daf-4efb-a73c-ca61d66efc9a None None] Bound port: 175e0d18-91fc-4200-b51a-5ae4872b685c, host: dv-neutron-848431-1-hyperv, vif_type: ovs, vif_details: {"connectivity": "l2", "port_filter": true, "ovs_hybrid_plug": false, "datapath_type": "system", "bridge_name": "br-int"}, binding_levels: [{'bound_driver': 'openvswitch', 'bound_segment': {'id': '580d1181-174a-4746-9165-55fad5178850', 'network_type': 'vlan', 'physical_network': 'physnet1', 'segmentation_id': 198, 'network_id': 'c3425d1f-9d8f-4587-8501-2d153cca8f46'}}] {{(pid=88857) _bind_port_level /opt/stack/neutron/neutron/plugins/ml2/managers.py:944}}
Jul 01 12:04:32.160773 dv-neutron-848431-1-hyperv neutron-server[88857]: DEBUG neutron_lib.callbacks.manager [None req-ddcf55a8-7daf-4efb-a73c-ca61d66efc9a None None] Notify callbacks ['neutron.plugins.ml2.plugin.SecurityGroupDbMixin._ensure_default_security_group_handler-3851149'] for port, before_update {{(pid=88857) _notify_loop /usr/local/lib/python3.8/dist-packages/neutron_lib/callbacks/manager.py:192}}
Jul 01 12:04:32.166996 dv-neutron-848431-1-hyperv neutron-server[88854]: DEBUG neutron_lib.callbacks.manager [None req-c3b50852-d887-44d6-90eb-02db6ee1f4ca tempest-ExternalNetworksTestJSON-1988118843 tempest-ExternalNetworksTestJSON-1988118843-project-admin] Notify callbacks ['neutron.services.l3_router.l3_router_plugin.DVRResourceOperationHandler._create_dvr_floating_gw_port-573641'] for floatingip, after_update {{(pid=88854) _notify_loop /usr/local/lib/python3.8/dist-packages/neutron_lib/callbacks/manager.py:192}}
Jul 01 12:04:32.196623 dv-neutron-848431-1-hyperv neutron-server[88854]: DEBUG neutron.api.rpc.handlers.resources_rpc [None req-087debff-6511-4f7b-b56c-793b5c754a78 tempest-FloatingIPNegativeTestJSON-1660695127 tempest-FloatingIPNegativeTestJSON-1660695127-project] Pushing event updated for resources: {'Port': ['ID=c1543dcf-4cb4-4adb-a6ea-21c24f910fce,revision_number=1']} {{(pid=88854) push /opt/stack/neutron/neutron/api/rpc/handlers/resources_rpc.py:237}}
Jul 01 12:04:32.198978 dv-neutron-848431-1-hyperv neutron-server[88854]: DEBUG neutron_lib.callbacks.manager [None req-e8554a0a-bfd4-4f12-b252-5a30b08de4a4 tempest-ServersTestJSON-319216002 tempest-ServersTestJSON-319216002-project] Notify callbacks ['neutron.plugins.ml2.ovo_rpc._ObjectChangeHandler.handle_event-650660'] for security_group, after_create {{(pid=88854) _notify_loop /usr/local/lib/python3.8/dist-packages/neutron_lib/callbacks/manager.py:192}}
Jul 01 12:04:32.214187 dv-neutron-848431-1-hyperv neutron-server[88854]: DEBUG neutron_lib.callbacks.manager [None req-f99a2006-6bf3-4220-b1af-71b525287c84 tempest-ServerActionsTestJSON-1245806402 tempest-ServerActionsTestJSON-1245806402-project] Notify callbacks ['neutron.services.l3_router.l3_router_plugin.DVRResourceOperationHandler._create_dvr_floating_gw_port-573641'] for floatingip, after_update {{(pid=88854) _notify_loop /usr/local/lib/python3.8/dist-packages/neutron_lib/callbacks/manager.py:192}}
Jul 01 12:04:32.229238 dv-neutron-848431-1-hyperv neutron-server[88855]: DEBUG neutron_lib.callbacks.manager [None req-941f6e3b-5434-4622-b1fd-99c5753f8991 tempest-FloatingIPAdminTestJSON-191124081 tempest-FloatingIPAdminTestJSON-191124081-project] Notify callbacks [] for router_gateway, after_create {{(pid=88855) _notify_loop /usr/local/lib/python3.8/dist-packages/neutron_lib/callbacks/manager.py:192}}
Jul 01 12:04:32.236198 dv-neutron-848431-1-hyperv neutron-server[88854]: DEBUG neutron.plugins.ml2.plugin [None req-7b12895b-3796-4822-8b27-67774e31b188 tempest-PortsAdminExtendedAttrsIpV6TestJSON-1946855452 tempest-PortsAdminExtendedAttrsIpV6TestJSON-1946855452-project-admin] In _notify_port_updated(), no bound segment for port 5fafef8e-82cc-4c01-bc41-ccf5331f4ed1 on network 7881a700-6be6-44e3-a6d5-e834835f0eec {{(pid=88854) _notify_port_updated /opt/stack/neutron/neutron/plugins/ml2/plugin.py:872}}
Jul 01 12:04:32.237672 dv-neutron-848431-1-hyperv neutron-server[88854]: DEBUG neutron.pecan_wsgi.hooks.policy_enforcement [None req-7b12895b-3796-4822-8b27-67774e31b188 tempest-PortsAdminExtendedAttrsIpV6TestJSON-1946855452 tempest-PortsAdminExtendedAttrsIpV6TestJSON-1946855452-project-admin] Attributes excluded by policy engine: ['standard_attr_id'] {{(pid=88854) _exclude_attributes_by_policy /opt/stack/neutron/neutron/pecan_wsgi/hooks/policy_enforcement.py:259}}
Jul 01 12:04:32.238581 dv-neutron-848431-1-hyperv neutron-server[88854]: DEBUG neutron_lib.callbacks.manager [None req-7b12895b-3796-4822-8b27-67774e31b188 tempest-PortsAdminExtendedAttrsIpV6TestJSON-1946855452 tempest-PortsAdminExtendedAttrsIpV6TestJSON-1946855452-project-admin] Notify callbacks ['neutron.notifiers.nova.Notifier._send_nova_notification-115178'] for port, before_response {{(pid=88854) _notify_loop /usr/local/lib/python3.8/dist-packages/neutron_lib/callbacks/manager.py:192}}
Jul 01 12:04:32.240189 dv-neutron-848431-1-hyperv neutron-server[88854]: INFO neutron.wsgi [None req-7b12895b-3796-4822-8b27-67774e31b188 tempest-PortsAdminExtendedAttrsIpV6TestJSON-1946855452 tempest-PortsAdminExtendedAttrsIpV6TestJSON-1946855452-project-admin] 10.222.0.20 "PUT /v2.0/ports/5fafef8e-82cc-4c01-bc41-ccf5331f4ed1 HTTP/1.1" status: 200 len: 981 time: 5.7199323
Jul 01 12:04:32.251020 dv-neutron-848431-1-hyperv neutron-server[88854]: DEBUG neutron_lib.callbacks.manager [None req-e8554a0a-bfd4-4f12-b252-5a30b08de4a4 tempest-ServersTestJSON-319216002 tempest-ServersTestJSON-319216002-project] Notify callbacks [] for security_group, before_response {{(pid=88854) _notify_loop /usr/local/lib/python3.8/dist-packages/neutron_lib/callbacks/manager.py:192}}
Jul 01 12:04:32.252589 dv-neutron-848431-1-hyperv neutron-server[88854]: INFO neutron.wsgi [None req-e8554a0a-bfd4-4f12-b252-5a30b08de4a4 tempest-ServersTestJSON-319216002 tempest-ServersTestJSON-319216002-project] 10.222.0.20 "POST /v2.0/security-groups HTTP/1.1" status: 201 len: 1777 time: 1.4324195
Jul 01 12:04:32.253585 dv-neutron-848431-1-hyperv neutron-server[88854]: DEBUG neutron_lib.callbacks.manager [None req-c3b50852-d887-44d6-90eb-02db6ee1f4ca tempest-ExternalNetworksTestJSON-1988118843 tempest-ExternalNetworksTestJSON-1988118843-project-admin] Notify callbacks ['neutron.notifiers.nova.Notifier._send_nova_notification-115178'] for floatingip, before_response {{(pid=88854) _notify_loop /usr/local/lib/python3.8/dist-packages/neutron_lib/callbacks/manager.py:192}}
Jul 01 12:04:32.257810 dv-neutron-848431-1-hyperv neutron-server[88854]: INFO neutron.wsgi [None req-c3b50852-d887-44d6-90eb-02db6ee1f4ca tempest-ExternalNetworksTestJSON-1988118843 tempest-ExternalNetworksTestJSON-1988118843-project-admin] 10.222.0.20 "POST /v2.0/floatingips HTTP/1.1" status: 201 len: 692 time: 5.7518992
Jul 01 12:04:32.284599 dv-neutron-848431-1-hyperv neutron-server[88855]: DEBUG neutron.wsgi [-] (88855) accepted ('10.222.0.20', 55636) {{(pid=88855) server /usr/local/lib/python3.8/dist-packages/eventlet/wsgi.py:992}}
Jul 01 12:04:32.284947 dv-neutron-848431-1-hyperv neutron-server[88855]: DEBUG neutron.wsgi [-] (88855) accepted ('10.222.0.20', 55638) {{(pid=88855) server /usr/local/lib/python3.8/dist-packages/eventlet/wsgi.py:992}}
Jul 01 12:04:32.285256 dv-neutron-848431-1-hyperv neutron-server[88855]: DEBUG neutron.wsgi [-] (88855) accepted ('10.222.0.20', 55640) {{(pid=88855) server /usr/local/lib/python3.8/dist-packages/eventlet/wsgi.py:992}}
Jul 01 12:04:32.292331 dv-neutron-848431-1-hyperv neutron-server[88857]: DEBUG neutron.plugins.ml2.db [None req-ddcf55a8-7daf-4efb-a73c-ca61d66efc9a None None] For port 175e0d18-91fc-4200-b51a-5ae4872b685c, host dv-neutron-848431-1-hyperv, cleared binding levels {{(pid=88857) clear_binding_levels /opt/stack/neutron/neutron/plugins/ml2/db.py:88}}
Jul 01 12:04:32.296360 dv-neutron-848431-1-hyperv neutron-server[88857]: DEBUG neutron.plugins.ml2.db [None req-ddcf55a8-7daf-4efb-a73c-ca61d66efc9a None None] For port 175e0d18-91fc-4200-b51a-5ae4872b685c, host dv-neutron-848431-1-hyperv, set binding levels [PortBindingLevel(driver='openvswitch',host='dv-neutron-848431-1-hyperv',level=0,port_id=175e0d18-91fc-4200-b51a-5ae4872b685c,segment=NetworkSegment(580d1181-174a-4746-9165-55fad5178850),segment_id=580d1181-174a-4746-9165-55fad5178850)] {{(pid=88857) set_binding_levels /opt/stack/neutron/neutron/plugins/ml2/db.py:60}}
Jul 01 12:04:32.301609 dv-neutron-848431-1-hyperv neutron-server[88856]: DEBUG neutron.plugins.ml2.plugin [None req-9284e376-3df0-4980-ac37-edaf4a0fdcbe None None] Current status of the port 822dd710-82e0-41e2-8e1a-f3dcfed3f11f is: DOWN; New status is: ACTIVE {{(pid=88856) _update_individual_port_db_status /opt/stack/neutron/neutron/plugins/ml2/plugin.py:2189}}
Jul 01 12:04:32.302263 dv-neutron-848431-1-hyperv neutron-server[88856]: DEBUG neutron_lib.callbacks.manager [None req-9284e376-3df0-4980-ac37-edaf4a0fdcbe None None] Notify callbacks ['neutron.plugins.ml2.plugin.SecurityGroupDbMixin._ensure_default_security_group_handler-3851149'] for port, before_update {{(pid=88856) _notify_loop /usr/local/lib/python3.8/dist-packages/neutron_lib/callbacks/manager.py:192}}
Jul 01 12:04:32.305389 dv-neutron-848431-1-hyperv neutron-server[88857]: DEBUG neutron_lib.callbacks.manager [None req-ddcf55a8-7daf-4efb-a73c-ca61d66efc9a None None] Notify callbacks ['neutron.plugins.ml2.plugin.SecurityGroupServerNotifierRpcMixin.notify_sg_on_port_change-3851082', 'neutron.plugins.ml2.ovo_rpc._ObjectChangeHandler.handle_event-143045', 'neutron.api.rpc.agentnotifiers.dhcp_rpc_agent_api.DhcpAgentNotifyAPI._native_event_send_dhcp_notification-3645195', 'neutron.db.l3_db.L3RpcNotifierMixin._notify_gateway_port_ip_changed-8738146571641', 'neutron.db.l3_dvrscheduler_db._notify_l3_agent_port_update-8738146046401', 'neutron.db.l3_hascheduler_db._notify_l3_agent_ha_port_update-8738146046446'] for port, after_update {{(pid=88857) _notify_loop /usr/local/lib/python3.8/dist-packages/neutron_lib/callbacks/manager.py:192}}
Jul 01 12:04:32.397553 dv-neutron-848431-1-hyperv neutron-server[88855]: DEBUG neutron_lib.callbacks.manager [None req-815b8705-b129-432f-926c-89b2a4be5b23 tempest-RoutersAdminTest-1526569101 tempest-RoutersAdminTest-1526569101-project-admin] Notify callbacks [] for router_gateway, before_delete {{(pid=88855) _notify_loop /usr/local/lib/python3.8/dist-packages/neutron_lib/callbacks/manager.py:192}}
Jul 01 12:04:32.409327 dv-neutron-848431-1-hyperv neutron-server[88855]: DEBUG neutron.api.v2.base [None req-9e06378e-b9dd-4565-8123-9fb5ba3a7acd tempest-ServersTestJSON-319216002 tempest-ServersTestJSON-319216002-project] Request body: {'security_group_rule': {'security_group_id': '103a15e4-c973-4d32-8129-0a2cc2a78367', 'protocol': 'tcp', 'ethertype': 'IPv4', 'port_range_min': 22, 'port_range_max': 22, 'direction': 'ingress'}} {{(pid=88855) prepare_request_body /opt/stack/neutron/neutron/api/v2/base.py:729}}
Jul 01 12:04:32.410918 dv-neutron-848431-1-hyperv neutron-server[88857]: DEBUG neutron.api.rpc.handlers.resources_rpc [None req-693bfba8-4e58-4b34-b95d-89b6d3932c9b None None] Pushing event updated for resources: {'Port': ['ID=175e0d18-91fc-4200-b51a-5ae4872b685c,revision_number=4']} {{(pid=88857) push /opt/stack/neutron/neutron/api/rpc/handlers/resources_rpc.py:237}}
Jul 01 12:04:32.438429 dv-neutron-848431-1-hyperv neutron-server[88856]: DEBUG neutron.plugins.ml2.db [None req-9284e376-3df0-4980-ac37-edaf4a0fdcbe None None] For port 822dd710-82e0-41e2-8e1a-f3dcfed3f11f, host dv-neutron-848431-1-hyperv, got binding levels [PortBindingLevel(driver='openvswitch',host='dv-neutron-848431-1-hyperv',level=0,port_id=822dd710-82e0-41e2-8e1a-f3dcfed3f11f,segment=NetworkSegment(fc62a07b-ec7e-4c78-84a7-4c1ab8fa8855),segment_id=fc62a07b-ec7e-4c78-84a7-4c1ab8fa8855)] {{(pid=88856) get_binding_level_objs /opt/stack/neutron/neutron/plugins/ml2/db.py:75}}
Jul 01 12:04:32.441040 dv-neutron-848431-1-hyperv neutron-server[88854]: DEBUG neutron_lib.callbacks.manager [None req-f99a2006-6bf3-4220-b1af-71b525287c84 tempest-ServerActionsTestJSON-1245806402 tempest-ServerActionsTestJSON-1245806402-project] Notify callbacks ['neutron.notifiers.nova.Notifier._send_nova_notification-115178'] for floatingip, before_response {{(pid=88854) _notify_loop /usr/local/lib/python3.8/dist-packages/neutron_lib/callbacks/manager.py:192}}
Jul 01 12:04:32.453236 dv-neutron-848431-1-hyperv neutron-server[88854]: INFO neutron.wsgi [None req-f99a2006-6bf3-4220-b1af-71b525287c84 tempest-ServerActionsTestJSON-1245806402 tempest-ServerActionsTestJSON-1245806402-project] 10.222.0.20 "POST /v2.0/floatingips HTTP/1.1" status: 201 len: 693 time: 7.2610755
Jul 01 12:04:32.455932 dv-neutron-848431-1-hyperv neutron-server[88854]: DEBUG neutron.api.rpc.handlers.resources_rpc [None req-c3b50852-d887-44d6-90eb-02db6ee1f4ca tempest-ExternalNetworksTestJSON-1988118843 tempest-ExternalNetworksTestJSON-1988118843-project-admin] Pushing event updated for resources: {'Port': ['ID=1104ac85-a184-4876-950d-6d3d4df00d33,revision_number=2']} {{(pid=88854) push /opt/stack/neutron/neutron/api/rpc/handlers/resources_rpc.py:237}}
Jul 01 12:04:32.457067 dv-neutron-848431-1-hyperv neutron-server[88857]: DEBUG neutron.db.l3_dvrscheduler_db [None req-ddcf55a8-7daf-4efb-a73c-ca61d66efc9a None None] Routers {'39dbd3aa-6909-4e51-b74d-9e578c5f14fc'} bound to L3 agent in host dv-neutron-848431-1-hyperv {{(pid=88857) _get_router_ids_for_agent /opt/stack/neutron/neutron/db/l3_dvrscheduler_db.py:423}}
Jul 01 12:04:32.460535 dv-neutron-848431-1-hyperv neutron-server[88857]: DEBUG neutron.db.l3_hamode_db [None req-ddcf55a8-7daf-4efb-a73c-ca61d66efc9a None None] neutron.services.l3_router.l3_router_plugin.L3RouterPlugin method get_ha_sync_data_for_host called with arguments (, 'dv-neutron-848431-1-hyperv', Agent(admin_state_up=True,agent_type='L3 agent',availability_zone='nova',binary='neutron-l3-agent',configurations={"agent_mode": "legacy", "ex_gw_ports": 3, "extensions": [], "floating_ips": 0, "handle_internal_only_routers": true, "interface_driver": "openvswitch", "interfaces": 2, "log_agent_heartbeats": false, "routers": 3},created_at=2022-07-01T11:55:57Z,description=,heartbeat_timestamp=2022-07-01T12:04:27Z,host='dv-neutron-848431-1-hyperv',id=159381b3-baf0-467b-a07c-1d4ceb29a961,load=0,resource_versions=,resources_synced=,started_at=2022-07-01T11:55:57Z,topic='l3_agent')) {'router_ids': ['39dbd3aa-6909-4e51-b74d-9e578c5f14fc'], 'active': True} {{(pid=88857) wrapper /usr/local/lib/python3.8/dist-packages/oslo_log/helpers.py:65}}
Jul 01 12:04:32.482064 dv-neutron-848431-1-hyperv neutron-server[88856]: DEBUG neutron_lib.callbacks.manager [None req-9284e376-3df0-4980-ac37-edaf4a0fdcbe None None] Notify callbacks ['neutron.plugins.ml2.plugin.SecurityGroupServerNotifierRpcMixin.notify_sg_on_port_change-3851082', 'neutron.plugins.ml2.ovo_rpc._ObjectChangeHandler.handle_event-143045', 'neutron.api.rpc.agentnotifiers.dhcp_rpc_agent_api.DhcpAgentNotifyAPI._native_event_send_dhcp_notification-3645195', 'neutron.db.l3_db.L3RpcNotifierMixin._notify_gateway_port_ip_changed-8738146571641', 'neutron.db.l3_dvrscheduler_db._notify_l3_agent_port_update-8738146046401', 'neutron.db.l3_hascheduler_db._notify_l3_agent_ha_port_update-8738146046446'] for port, after_update {{(pid=88856) _notify_loop /usr/local/lib/python3.8/dist-packages/neutron_lib/callbacks/manager.py:192}}
Jul 01 12:04:32.487057 dv-neutron-848431-1-hyperv neutron-server[88856]: DEBUG neutron.plugins.ml2.rpc [None req-9284e376-3df0-4980-ac37-edaf4a0fdcbe None None] Device baa81247-5df0-4ada-8784-54ada699e28a up at agent ovs-agent-dv-neutron-848431-1-hyperv {{(pid=88856) update_device_up /opt/stack/neutron/neutron/plugins/ml2/rpc.py:278}}
Jul 01 12:04:32.505800 dv-neutron-848431-1-hyperv neutron-server[88855]: DEBUG neutron.db.quota.driver [None req-9e06378e-b9dd-4565-8123-9fb5ba3a7acd tempest-ServersTestJSON-319216002 tempest-ServersTestJSON-319216002-project] Resources subnetpool have unlimited quota limit. It is not required to calculate headroom {{(pid=88855) make_reservation /opt/stack/neutron/neutron/db/quota/driver.py:219}}
Jul 01 12:04:32.519983 dv-neutron-848431-1-hyperv neutron-server[88855]: DEBUG neutron.quota.resource [None req-9e06378e-b9dd-4565-8123-9fb5ba3a7acd tempest-ServersTestJSON-319216002 tempest-ServersTestJSON-319216002-project] Usage tracker for resource:security_group_rule and tenant:8b010b3d19744996addc0eaf6395f10b is out of sync, need to count used quota {{(pid=88855) count_used /opt/stack/neutron/neutron/quota/resource.py:270}}
Jul 01 12:04:32.530982 dv-neutron-848431-1-hyperv neutron-server[88855]: INFO neutron.wsgi [None req-26308825-79c8-4380-ab84-871b2d619f4d tempest-ExternalNetworksTestJSON-1988118843 tempest-ExternalNetworksTestJSON-1988118843-project-admin] 10.222.0.20 "GET /v2.0/floatingips?floating_network_id=93635d69-f54d-4731-bd8c-4b84cc35b9ff HTTP/1.1" status: 200 len: 690 time: 0.2417789
Jul 01 12:04:32.531968 dv-neutron-848431-1-hyperv neutron-server[88855]: DEBUG neutron.quota.resource [None req-9e06378e-b9dd-4565-8123-9fb5ba3a7acd tempest-ServersTestJSON-319216002 tempest-ServersTestJSON-319216002-project] Quota usage for security_group_rule was recalculated. Used quota:6. {{(pid=88855) count_used /opt/stack/neutron/neutron/quota/resource.py:290}}
Jul 01 12:04:32.538012 dv-neutron-848431-1-hyperv neutron-server[88855]: DEBUG neutron.wsgi [-] (88855) accepted ('10.222.0.20', 55650) {{(pid=88855) server /usr/local/lib/python3.8/dist-packages/eventlet/wsgi.py:992}}
Jul 01 12:04:32.547812 dv-neutron-848431-1-hyperv neutron-server[88855]: DEBUG neutron.db.quota.driver [None req-9e06378e-b9dd-4565-8123-9fb5ba3a7acd tempest-ServersTestJSON-319216002 tempest-ServersTestJSON-319216002-project] Attempting to reserve 1 items for resource security_group_rule. Total usage: 6; quota limit: 100; headroom:94 {{(pid=88855) make_reservation /opt/stack/neutron/neutron/db/quota/driver.py:246}}
Jul 01 12:04:32.602503 dv-neutron-848431-1-hyperv neutron-server[88854]: DEBUG neutron.pecan_wsgi.hooks.policy_enforcement [None req-087debff-6511-4f7b-b56c-793b5c754a78 tempest-FloatingIPNegativeTestJSON-1660695127 tempest-FloatingIPNegativeTestJSON-1660695127-project] Attributes excluded by policy engine: ['standard_attr_id', 'binding:profile', 'binding:host_id', 'binding:vif_type', 'binding:vif_details', 'network'] {{(pid=88854) _exclude_attributes_by_policy /opt/stack/neutron/neutron/pecan_wsgi/hooks/policy_enforcement.py:259}}
Jul 01 12:04:32.603156 dv-neutron-848431-1-hyperv neutron-server[88854]: DEBUG neutron_lib.callbacks.manager [None req-087debff-6511-4f7b-b56c-793b5c754a78 tempest-FloatingIPNegativeTestJSON-1660695127 tempest-FloatingIPNegativeTestJSON-1660695127-project] Notify callbacks ['neutron.notifiers.nova.Notifier._send_nova_notification-115178'] for port, before_response {{(pid=88854) _notify_loop /usr/local/lib/python3.8/dist-packages/neutron_lib/callbacks/manager.py:192}}
Jul 01 12:04:32.604999 dv-neutron-848431-1-hyperv neutron-server[88855]: DEBUG neutron.plugins.ml2.plugin [None req-815b8705-b129-432f-926c-89b2a4be5b23 tempest-RoutersAdminTest-1526569101 tempest-RoutersAdminTest-1526569101-project-admin] Deleting port 68014b4e-7a70-41ec-b67d-6ef7b93687be {{(pid=88855) _pre_delete_port /opt/stack/neutron/neutron/plugins/ml2/plugin.py:1941}}
Jul 01 12:04:32.606416 dv-neutron-848431-1-hyperv neutron-server[88855]: DEBUG neutron_lib.callbacks.manager [None req-815b8705-b129-432f-926c-89b2a4be5b23 tempest-RoutersAdminTest-1526569101 tempest-RoutersAdminTest-1526569101-project-admin] Notify callbacks ['neutron.db.l3_db.L3_NAT_dbonly_mixin._prevent_l3_port_delete_callback-8738146569786'] for port, before_delete {{(pid=88855) _notify_loop /usr/local/lib/python3.8/dist-packages/neutron_lib/callbacks/manager.py:192}}
Jul 01 12:04:32.610446 dv-neutron-848431-1-hyperv neutron-server[88854]: DEBUG neutron.api.rpc.handlers.resources_rpc [None req-f99a2006-6bf3-4220-b1af-71b525287c84 tempest-ServerActionsTestJSON-1245806402 tempest-ServerActionsTestJSON-1245806402-project] Pushing event updated for resources: {'Port': ['ID=43bae4da-19bc-4e6b-b208-eb8bf1e5aa7d,revision_number=2']} {{(pid=88854) push /opt/stack/neutron/neutron/api/rpc/handlers/resources_rpc.py:237}}
Jul 01 12:04:32.670696 dv-neutron-848431-1-hyperv neutron-server[88856]: DEBUG neutron.plugins.ml2.plugin [None req-22a053e4-ae73-4233-8f14-5d359c635422 None None] Current status of the port 822dd710-82e0-41e2-8e1a-f3dcfed3f11f is: DOWN; New status is: ACTIVE {{(pid=88856) _update_individual_port_db_status /opt/stack/neutron/neutron/plugins/ml2/plugin.py:2189}}
Jul 01 12:04:32.671092 dv-neutron-848431-1-hyperv neutron-server[88856]: DEBUG neutron_lib.callbacks.manager [None req-22a053e4-ae73-4233-8f14-5d359c635422 None None] Notify callbacks ['neutron.plugins.ml2.plugin.SecurityGroupDbMixin._ensure_default_security_group_handler-3851149'] for port, before_update {{(pid=88856) _notify_loop /usr/local/lib/python3.8/dist-packages/neutron_lib/callbacks/manager.py:192}}
Jul 01 12:04:32.719485 dv-neutron-848431-1-hyperv neutron-server[88854]: DEBUG neutron_lib.callbacks.manager [None req-139c0a2f-7e55-4099-bf87-a0b925fbdbf8 admin admin] Notify callbacks [] for security_group, before_delete {{(pid=88854) _notify_loop /usr/local/lib/python3.8/dist-packages/neutron_lib/callbacks/manager.py:192}}
Jul 01 12:04:32.759626 dv-neutron-848431-1-hyperv neutron-server[88854]: DEBUG neutron.api.rpc.handlers.resources_rpc [None req-e8554a0a-bfd4-4f12-b252-5a30b08de4a4 tempest-ServersTestJSON-319216002 tempest-ServersTestJSON-319216002-project] Pushing event updated for resources: {'SecurityGroup': ['ID=103a15e4-c973-4d32-8129-0a2cc2a78367,revision_number=1']} {{(pid=88854) push /opt/stack/neutron/neutron/api/rpc/handlers/resources_rpc.py:237}}
Jul 01 12:04:32.793178 dv-neutron-848431-1-hyperv neutron-server[88857]: DEBUG neutron.db.l3_dvr_db [None req-ddcf55a8-7daf-4efb-a73c-ca61d66efc9a None None] Set router 39dbd3aa-6909-4e51-b74d-9e578c5f14fc gateway port host: dv-neutron-848431-1-hyperv {{(pid=88857) _build_routers_list /opt/stack/neutron/neutron/db/l3_dvr_db.py:875}}
Jul 01 12:04:32.799906 dv-neutron-848431-1-hyperv neutron-server[88855]: DEBUG neutron_lib.callbacks.manager [None req-9e06378e-b9dd-4565-8123-9fb5ba3a7acd tempest-ServersTestJSON-319216002 tempest-ServersTestJSON-319216002-project] Notify callbacks [] for security_group_rule, before_create {{(pid=88855) _notify_loop /usr/local/lib/python3.8/dist-packages/neutron_lib/callbacks/manager.py:192}}
Jul 01 12:04:32.812743 dv-neutron-848431-1-hyperv neutron-server[88856]: DEBUG neutron.api.rpc.handlers.resources_rpc [None req-9284e376-3df0-4980-ac37-edaf4a0fdcbe None None] Pushing event updated for resources: {'Port': ['ID=822dd710-82e0-41e2-8e1a-f3dcfed3f11f,revision_number=3']} {{(pid=88856) push /opt/stack/neutron/neutron/api/rpc/handlers/resources_rpc.py:237}}
Jul 01 12:04:32.823959 dv-neutron-848431-1-hyperv neutron-server[88854]: INFO neutron.wsgi [None req-087debff-6511-4f7b-b56c-793b5c754a78 tempest-FloatingIPNegativeTestJSON-1660695127 tempest-FloatingIPNegativeTestJSON-1660695127-project] 10.222.0.20 "POST /v2.0/ports HTTP/1.1" status: 201 len: 937 time: 5.1203041
Jul 01 12:04:32.832639 dv-neutron-848431-1-hyperv neutron-server[88854]: DEBUG neutron.wsgi [-] (88854) accepted ('10.222.0.20', 55670) {{(pid=88854) server /usr/local/lib/python3.8/dist-packages/eventlet/wsgi.py:992}}
Jul 01 12:04:32.839361 dv-neutron-848431-1-hyperv neutron-server[88854]: DEBUG neutron_lib.callbacks.manager [None req-139c0a2f-7e55-4099-bf87-a0b925fbdbf8 admin admin] Notify callbacks [] for security_group, precommit_delete {{(pid=88854) _notify_loop /usr/local/lib/python3.8/dist-packages/neutron_lib/callbacks/manager.py:192}}
Jul 01 12:04:32.851447 dv-neutron-848431-1-hyperv neutron-server[88854]: DEBUG neutron.api.v2.base [None req-81d9abfa-52da-430b-93cd-ed5a53a9f9f1 tempest-FloatingIPNegativeTestJSON-1660695127 tempest-FloatingIPNegativeTestJSON-1660695127-project] Request body: {'floatingip': {'floating_network_id': '7f44eed4-69cd-4e4a-9455-6def44256365'}} {{(pid=88854) prepare_request_body /opt/stack/neutron/neutron/api/v2/base.py:729}}
Jul 01 12:04:32.857858 dv-neutron-848431-1-hyperv neutron-server[88854]: DEBUG neutron.api.rpc.handlers.resources_rpc [None req-7b12895b-3796-4822-8b27-67774e31b188 tempest-PortsAdminExtendedAttrsIpV6TestJSON-1946855452 tempest-PortsAdminExtendedAttrsIpV6TestJSON-1946855452-project-admin] Pushing event updated for resources: {'Port': ['ID=5fafef8e-82cc-4c01-bc41-ccf5331f4ed1,revision_number=3']} {{(pid=88854) push /opt/stack/neutron/neutron/api/rpc/handlers/resources_rpc.py:237}}
Jul 01 12:04:32.873529 dv-neutron-848431-1-hyperv neutron-server[88854]: DEBUG neutron.db.quota.driver [None req-81d9abfa-52da-430b-93cd-ed5a53a9f9f1 tempest-FloatingIPNegativeTestJSON-1660695127 tempest-FloatingIPNegativeTestJSON-1660695127-project] Resources subnetpool have unlimited quota limit. It is not required to calculate headroom {{(pid=88854) make_reservation /opt/stack/neutron/neutron/db/quota/driver.py:219}}
Jul 01 12:04:32.887647 dv-neutron-848431-1-hyperv neutron-server[88854]: DEBUG neutron.quota.resource [None req-81d9abfa-52da-430b-93cd-ed5a53a9f9f1 tempest-FloatingIPNegativeTestJSON-1660695127 tempest-FloatingIPNegativeTestJSON-1660695127-project] Usage tracker for resource:floatingip and tenant:da557df5ad5d49b0a5a02ca425ffa66a is out of sync, need to count used quota {{(pid=88854) count_used /opt/stack/neutron/neutron/quota/resource.py:270}}
Jul 01 12:04:32.892332 dv-neutron-848431-1-hyperv neutron-server[88854]: DEBUG neutron.quota.resource [None req-81d9abfa-52da-430b-93cd-ed5a53a9f9f1 tempest-FloatingIPNegativeTestJSON-1660695127 tempest-FloatingIPNegativeTestJSON-1660695127-project] Quota usage for floatingip was recalculated. Used quota:0. {{(pid=88854) count_used /opt/stack/neutron/neutron/quota/resource.py:290}}
Jul 01 12:04:32.911339 dv-neutron-848431-1-hyperv neutron-server[88854]: DEBUG neutron.db.quota.driver [None req-81d9abfa-52da-430b-93cd-ed5a53a9f9f1 tempest-FloatingIPNegativeTestJSON-1660695127 tempest-FloatingIPNegativeTestJSON-1660695127-project] Attempting to reserve 1 items for resource floatingip. Total usage: 0; quota limit: 50; headroom:50 {{(pid=88854) make_reservation /opt/stack/neutron/neutron/db/quota/driver.py:246}}
Jul 01 12:04:32.928684 dv-neutron-848431-1-hyperv neutron-server[88854]: DEBUG neutron_lib.callbacks.manager [None req-81d9abfa-52da-430b-93cd-ed5a53a9f9f1 tempest-FloatingIPNegativeTestJSON-1660695127 tempest-FloatingIPNegativeTestJSON-1660695127-project] Notify callbacks [] for floatingip, before_create {{(pid=88854) _notify_loop /usr/local/lib/python3.8/dist-packages/neutron_lib/callbacks/manager.py:192}}
Jul 01 12:04:32.971189 dv-neutron-848431-1-hyperv neutron-server[88856]: DEBUG neutron_lib.db.api [None req-22a053e4-ae73-4233-8f14-5d359c635422 None None] Retry wrapper got retriable exception: UPDATE statement on table 'standardattributes' expected to update 1 row(s); 0 were matched. {{(pid=88856) wrapped /usr/local/lib/python3.8/dist-packages/neutron_lib/db/api.py:183}}
Jul 01 12:04:32.971967 dv-neutron-848431-1-hyperv neutron-server[88856]: DEBUG oslo_db.api [None req-22a053e4-ae73-4233-8f14-5d359c635422 None None] Performing DB retry for function neutron.plugins.ml2.plugin.Ml2Plugin.update_port_statuses {{(pid=88856) wrapper /usr/local/lib/python3.8/dist-packages/oslo_db/api.py:155}}
Jul 01 12:04:32.985518 dv-neutron-848431-1-hyperv neutron-server[88856]: DEBUG neutron.db.l3_hamode_db [None req-ad4af90f-2e57-41d2-8559-35a8e2b7e30e None None] neutron.services.l3_router.l3_router_plugin.L3RouterPlugin method _process_sync_ha_data called with arguments (, [{'id': '02bf9e9c-8371-48c0-95e5-9e38845152eb', 'name': '', 'tenant_id': '42cd3303875a4c15a8aa430f1b0e9682', 'admin_state_up': True, 'status': 'ACTIVE', 'external_gateway_info': {'network_id': '36e46871-bedf-4660-bbe0-018a3d3b4ee0', 'external_fixed_ips': [{'subnet_id': 'f4f1299b-134a-4764-ba2e-314b02a7d436', 'ip_address': '172.20.0.14'}], 'enable_snat': True}, 'gw_port_id': '68014b4e-7a70-41ec-b67d-6ef7b93687be', 'description': '', 'availability_zones': ['nova'], 'distributed': False, 'ha': False, 'ha_vr_id': 0, 'availability_zone_hints': [], 'routes': [], 'flavor_id': None, 'tags': [], 'created_at': '2022-07-01T12:04:26Z', 'updated_at': '2022-07-01T12:04:29Z', 'revision_number': 3, 'project_id': '42cd3303875a4c15a8aa430f1b0e9682', 'gw_port': {'id': '68014b4e-7a70-41ec-b67d-6ef7b93687be', 'name': '', 'network_id': '36e46871-bedf-4660-bbe0-018a3d3b4ee0', 'tenant_id': '', 'mac_address': 'fa:16:3e:70:10:07', 'admin_state_up': True, 'status': 'DOWN', 'device_id': '02bf9e9c-8371-48c0-95e5-9e38845152eb', 'device_owner': 'network:router_gateway', 'standard_attr_id': 140, 'fixed_ips': [{'subnet_id': 'f4f1299b-134a-4764-ba2e-314b02a7d436', 'ip_address': '172.20.0.14', 'prefixlen': 28}], 'allowed_address_pairs': [], 'extra_dhcp_opts': [], 'security_groups': [], 'description': '', 'binding:vnic_type': 'normal', 'binding:profile': {}, 'binding:host_id': '', 'binding:vif_type': 'unbound', 'binding:vif_details': {}, 'port_security_enabled': False, 'tags': [], 'created_at': '2022-07-01T12:04:28Z', 'updated_at': '2022-07-01T12:04:28Z', 'revision_number': 1, 'project_id': '', 'subnets': [{'id': 'f4f1299b-134a-4764-ba2e-314b02a7d436', 'cidr': '172.20.0.0/28', 'gateway_ip': '172.20.0.1', 'dns_nameservers': [], 'ipv6_ra_mode': None, 'subnetpool_id': None}], 'extra_subnets': [], 'address_scopes': {4: None, 6: None}, 'mtu': 1500}, 'enable_snat': True, 'gw_port_host': 'dv-neutron-848431-1-hyperv'}], 'dv-neutron-848431-1-hyperv', False) {} {{(pid=88856) wrapper /usr/local/lib/python3.8/dist-packages/oslo_log/helpers.py:65}}
Jul 01 12:04:32.989908 dv-neutron-848431-1-hyperv neutron-server[88856]: DEBUG neutron.db.provisioning_blocks [None req-9284e376-3df0-4980-ac37-edaf4a0fdcbe None None] Provisioning complete for port baa81247-5df0-4ada-8784-54ada699e28a triggered by entity L2. {{(pid=88856) provisioning_complete /opt/stack/neutron/neutron/db/provisioning_blocks.py:139}}
Jul 01 12:04:32.990278 dv-neutron-848431-1-hyperv neutron-server[88856]: DEBUG neutron_lib.callbacks.manager [None req-9284e376-3df0-4980-ac37-edaf4a0fdcbe None None] Notify callbacks ['neutron.plugins.ml2.plugin.Ml2Plugin._port_provisioned-3743373'] for port, provisioning_complete {{(pid=88856) _notify_loop /usr/local/lib/python3.8/dist-packages/neutron_lib/callbacks/manager.py:192}}
Jul 01 12:04:33.021970 dv-neutron-848431-1-hyperv neutron-server[88854]: DEBUG neutron_lib.callbacks.manager [None req-139c0a2f-7e55-4099-bf87-a0b925fbdbf8 admin admin] Notify callbacks ['neutron.plugins.ml2.ovo_rpc._ObjectChangeHandler.handle_event-650660'] for security_group, after_delete {{(pid=88854) _notify_loop /usr/local/lib/python3.8/dist-packages/neutron_lib/callbacks/manager.py:192}}
Jul 01 12:04:33.064941 dv-neutron-848431-1-hyperv neutron-server[88856]: DEBUG neutron.api.rpc.handlers.l3_rpc [None req-ad4af90f-2e57-41d2-8559-35a8e2b7e30e None None] Checking router: 02bf9e9c-8371-48c0-95e5-9e38845152eb for host: dv-neutron-848431-1-hyperv {{(pid=88856) _ensure_host_set_on_ports /opt/stack/neutron/neutron/api/rpc/handlers/l3_rpc.py:155}}
Jul 01 12:04:33.065554 dv-neutron-848431-1-hyperv neutron-server[88856]: DEBUG neutron.api.rpc.handlers.l3_rpc [None req-ad4af90f-2e57-41d2-8559-35a8e2b7e30e None None] Updating router 02bf9e9c-8371-48c0-95e5-9e38845152eb port 68014b4e-7a70-41ec-b67d-6ef7b93687be binding host dv-neutron-848431-1-hyperv {{(pid=88856) _ensure_host_set_on_port /opt/stack/neutron/neutron/api/rpc/handlers/l3_rpc.py:205}}
