Jun 29 17:49:59.763616 dv-neutron-848159-1-hyperv neutron-server[116314]: DEBUG neutron.scheduler.dhcp_agent_scheduler [None req-67ed1fa6-2be2-4f3e-93b0-8a330b2ba61e None None] Network cc0bc8da-b429-44de-9fcd-dbf2f7233cce is already hosted by enough agents. {{(pid=116314) _get_dhcp_agents_hosting_network /opt/stack/neutron/neutron/scheduler/dhcp_agent_scheduler.py:275}}
Jun 29 17:49:59.766917 dv-neutron-848159-1-hyperv neutron-server[116314]: DEBUG neutron.scheduler.base_scheduler [None req-67ed1fa6-2be2-4f3e-93b0-8a330b2ba61e None None] Resources bound (agent type, host, resource id): {{(pid=116314) schedule /opt/stack/neutron/neutron/scheduler/base_scheduler.py:57}}
Jun 29 17:49:59.768481 dv-neutron-848159-1-hyperv neutron-server[116313]: DEBUG dbcounter [-] [116313] Writing DB stats neutron:SELECT=93,neutron:INSERT=2,neutron:UPDATE=2,neutron:DELETE=3 {{(pid=116313) stat_writer /usr/local/lib/python3.8/dist-packages/dbcounter.py:114}}
Jun 29 17:49:59.773816 dv-neutron-848159-1-hyperv neutron-server[116314]: DEBUG neutron.db.l3_dvrscheduler_db [None req-67ed1fa6-2be2-4f3e-93b0-8a330b2ba61e None None] Received port after_create {{(pid=116314) _notify_l3_agent_new_port /opt/stack/neutron/neutron/db/l3_dvrscheduler_db.py:542}}
Jun 29 17:49:59.778046 dv-neutron-848159-1-hyperv neutron-server[116314]: DEBUG neutron.api.rpc.handlers.resources_rpc [None req-67ed1fa6-2be2-4f3e-93b0-8a330b2ba61e None None] Pushing event updated for resources: {'Port': ['ID=f79396f7-0a5e-44d0-ad0a-5b8b0ac5b79b,revision_number=1']} {{(pid=116314) push /opt/stack/neutron/neutron/api/rpc/handlers/resources_rpc.py:237}}
Jun 29 17:49:59.784374 dv-neutron-848159-1-hyperv neutron-server[116313]: DEBUG neutron.api.rpc.handlers.resources_rpc [None req-e6480fe4-6c59-479c-a205-a0cae9908c37 tempest-ExternalNetworksAdminNegativeTestJSON-2088371847 tempest-ExternalNetworksAdminNegativeTestJSON-2088371847-project-admin] Pushing event deleted for resources: {'Port': ['ID=dd044ed0-9599-430d-b28a-1213ab135261,revision_number=None']} {{(pid=116313) push /opt/stack/neutron/neutron/api/rpc/handlers/resources_rpc.py:237}}
Jun 29 17:49:59.853907 dv-neutron-848159-1-hyperv neutron-server[116312]: DEBUG neutron_lib.callbacks.manager [None req-12b7646f-1e85-4a36-8423-fc35d0c1f185 tempest-QuotasNegativeTest-1429231851 tempest-QuotasNegativeTest-1429231851-project-admin] Subscribe: > subnet after_create 55550000 {{(pid=116312) subscribe /usr/local/lib/python3.8/dist-packages/neutron_lib/callbacks/manager.py:45}}
Jun 29 17:49:59.854456 dv-neutron-848159-1-hyperv neutron-server[116312]: DEBUG neutron_lib.callbacks.manager [None req-12b7646f-1e85-4a36-8423-fc35d0c1f185 tempest-QuotasNegativeTest-1429231851 tempest-QuotasNegativeTest-1429231851-project-admin] Subscribe: > subnet after_delete 55550000 {{(pid=116312) subscribe /usr/local/lib/python3.8/dist-packages/neutron_lib/callbacks/manager.py:45}}
Jun 29 17:49:59.854681 dv-neutron-848159-1-hyperv neutron-server[116312]: DEBUG neutron_lib.callbacks.manager [None req-12b7646f-1e85-4a36-8423-fc35d0c1f185 tempest-QuotasNegativeTest-1429231851 tempest-QuotasNegativeTest-1429231851-project-admin] Subscribe: > subnet before_create 55550000 {{(pid=116312) subscribe /usr/local/lib/python3.8/dist-packages/neutron_lib/callbacks/manager.py:45}}
Jun 29 17:49:59.854902 dv-neutron-848159-1-hyperv neutron-server[116312]: DEBUG neutron_lib.callbacks.manager [None req-12b7646f-1e85-4a36-8423-fc35d0c1f185 tempest-QuotasNegativeTest-1429231851 tempest-QuotasNegativeTest-1429231851-project-admin] Subscribe: > subnet before_update 55550000 {{(pid=116312) subscribe /usr/local/lib/python3.8/dist-packages/neutron_lib/callbacks/manager.py:45}}
Jun 29 17:49:59.855271 dv-neutron-848159-1-hyperv neutron-server[116312]: DEBUG neutron.services.segments.db [None req-12b7646f-1e85-4a36-8423-fc35d0c1f185 tempest-QuotasNegativeTest-1429231851 tempest-QuotasNegativeTest-1429231851-project-admin] neutron.services.segments.plugin.Plugin method get_segments called with arguments (,) {'filters': {'network_id': ['e55b8fda-0e5d-440e-8ad5-25fd497bfbb0']}} {{(pid=116312) wrapper /usr/local/lib/python3.8/dist-packages/oslo_log/helpers.py:65}}
Jun 29 17:49:59.873768 dv-neutron-848159-1-hyperv neutron-server[116314]: DEBUG neutron.plugins.ml2.managers [None req-67ed1fa6-2be2-4f3e-93b0-8a330b2ba61e None None] Attempting to bind port f79396f7-0a5e-44d0-ad0a-5b8b0ac5b79b on host dv-neutron-848159-1-hyperv for vnic_type normal with profile {{(pid=116314) bind_port /opt/stack/neutron/neutron/plugins/ml2/managers.py:811}}
Jun 29 17:49:59.874843 dv-neutron-848159-1-hyperv neutron-server[116314]: DEBUG neutron.plugins.ml2.managers [None req-67ed1fa6-2be2-4f3e-93b0-8a330b2ba61e None None] Attempting to bind port f79396f7-0a5e-44d0-ad0a-5b8b0ac5b79b by drivers openvswitch,hyperv on host dv-neutron-848159-1-hyperv at level 0 using segments [{'id': '6363173f-98b1-4827-ac3b-1093be824249', 'network_type': 'vlan', 'physical_network': 'physnet1', 'segmentation_id': 341, 'network_id': 'cc0bc8da-b429-44de-9fcd-dbf2f7233cce'}] {{(pid=116314) _bind_port_level /opt/stack/neutron/neutron/plugins/ml2/managers.py:836}}
Jun 29 17:49:59.875444 dv-neutron-848159-1-hyperv neutron-server[116314]: DEBUG neutron.plugins.ml2.drivers.mech_agent [None req-67ed1fa6-2be2-4f3e-93b0-8a330b2ba61e None None] Attempting to bind port f79396f7-0a5e-44d0-ad0a-5b8b0ac5b79b on network cc0bc8da-b429-44de-9fcd-dbf2f7233cce {{(pid=116314) bind_port /opt/stack/neutron/neutron/plugins/ml2/drivers/mech_agent.py:91}}
Jun 29 17:49:59.881165 dv-neutron-848159-1-hyperv neutron-server[116314]: DEBUG neutron.db.provisioning_blocks [None req-9bc55e69-2a00-44a0-bc58-e7d8c19bea5f None None] Provisioning complete for port 5003c2ef-1baf-42cb-a8b9-0c42a3d494d0 triggered by entity DHCP. {{(pid=116314) provisioning_complete /opt/stack/neutron/neutron/db/provisioning_blocks.py:145}}
Jun 29 17:49:59.881674 dv-neutron-848159-1-hyperv neutron-server[116314]: DEBUG neutron_lib.callbacks.manager [None req-9bc55e69-2a00-44a0-bc58-e7d8c19bea5f None None] Publish callbacks ['neutron.plugins.ml2.plugin.Ml2Plugin._port_provisioned-1386255'] for port (5003c2ef-1baf-42cb-a8b9-0c42a3d494d0), provisioning_complete {{(pid=116314) _notify_loop /usr/local/lib/python3.8/dist-packages/neutron_lib/callbacks/manager.py:176}}
Jun 29 17:49:59.897723 dv-neutron-848159-1-hyperv neutron-server[116313]: DEBUG neutron_lib.callbacks.manager [None req-e6480fe4-6c59-479c-a205-a0cae9908c37 tempest-ExternalNetworksAdminNegativeTestJSON-2088371847 tempest-ExternalNetworksAdminNegativeTestJSON-2088371847-project-admin] Publish callbacks [] for floatingip (f65f717a-85e6-431f-8f2b-b3c31b3c04f9), after_delete {{(pid=116313) _notify_loop /usr/local/lib/python3.8/dist-packages/neutron_lib/callbacks/manager.py:176}}
Jun 29 17:49:59.900250 dv-neutron-848159-1-hyperv neutron-server[116313]: DEBUG neutron_lib.callbacks.manager [None req-e6480fe4-6c59-479c-a205-a0cae9908c37 tempest-ExternalNetworksAdminNegativeTestJSON-2088371847 tempest-ExternalNetworksAdminNegativeTestJSON-2088371847-project-admin] Publish callbacks ['neutron.notifiers.nova.Notifier._send_nova_notification-14060'] for floatingip (None), before_response {{(pid=116313) _notify_loop /usr/local/lib/python3.8/dist-packages/neutron_lib/callbacks/manager.py:176}}
Jun 29 17:49:59.905621 dv-neutron-848159-1-hyperv neutron-server[116313]: INFO neutron.wsgi [None req-e6480fe4-6c59-479c-a205-a0cae9908c37 tempest-ExternalNetworksAdminNegativeTestJSON-2088371847 tempest-ExternalNetworksAdminNegativeTestJSON-2088371847-project-admin] 10.222.0.50 "DELETE /v2.0/floatingips/f65f717a-85e6-431f-8f2b-b3c31b3c04f9 HTTP/1.1" status: 204 len: 168 time: 1.5193610
Jun 29 17:49:59.905784 dv-neutron-848159-1-hyperv neutron-server[116314]: DEBUG neutron.plugins.ml2.drivers.mech_agent [None req-67ed1fa6-2be2-4f3e-93b0-8a330b2ba61e None None] Checking agent: {'id': 'd232a524-eeb8-4e19-876c-d4c82e9ea054', 'agent_type': 'Open vSwitch agent', 'binary': 'neutron-openvswitch-agent', 'topic': 'N/A', 'host': 'dv-neutron-848159-1-hyperv', 'admin_state_up': True, 'created_at': datetime.datetime(2022, 6, 29, 17, 42, 27), 'started_at': datetime.datetime(2022, 6, 29, 17, 42, 57), 'heartbeat_timestamp': datetime.datetime(2022, 6, 29, 17, 49, 57), 'description': None, 'resources_synced': None, 'availability_zone': None, 'alive': True, 'configurations': {'arp_responder_enabled': False, 'baremetal_smartnic': False, 'bridge_mappings': {'physnet1': 'br-data'}, 'datapath_type': 'system', 'devices': 0, 'enable_distributed_routing': False, 'extensions': [], 'in_distributed_mode': False, 'integration_bridge': 'br-int', 'l2_population': False, 'log_agent_heartbeats': False, 'ovs_capabilities': {'datapath_types': ['netdev', 'system'], 'iface_types': ['erspan', 'geneve', 'gre', 'internal', 'ip6erspan', 'ip6gre', 'lisp', 'patch', 'stt', 'system', 'tap', 'vxlan']}, 'ovs_hybrid_plug': False, 'resource_provider_bandwidths': {}, 'resource_provider_hypervisors': {'br-data': 'dv-neutron-848159-1-hyperv'}, 'resource_provider_inventory_defaults': {'allocation_ratio': 1.0, 'min_unit': 1, 'step_size': 1, 'reserved': 0}, 'resource_provider_packet_processing_inventory_defaults': {'allocation_ratio': 1.0, 'min_unit': 1, 'step_size': 1, 'reserved': 0}, 'resource_provider_packet_processing_with_direction': {}, 'resource_provider_packet_processing_without_direction': {}, 'tunnel_types': [], 'tunneling_ip': None, 'vhostuser_socket_dir': '/var/run/openvswitch'}, 'resource_versions': {'AddressGroup': '1.2', 'Agent': '1.1', 'ConntrackHelper': '1.0', 'LocalIPAssociation': '1.0', 'Log': '1.0', 'NDPProxy': '1.0', 'Network': '1.1', 'Port': '1.7', 'PortForwarding': '1.3', 'QosPolicy': '1.10', 'SecurityGroup': '1.5', 'SecurityGroupRule': '1.2', 'SubPort': '1.0', 'Subnet': '1.1', 'Trunk': '1.1'}} {{(pid=116314) bind_port /opt/stack/neutron/neutron/plugins/ml2/drivers/mech_agent.py:110}}
Jun 29 17:49:59.905784 dv-neutron-848159-1-hyperv neutron-server[116314]: DEBUG neutron.plugins.ml2.drivers.mech_agent [None req-67ed1fa6-2be2-4f3e-93b0-8a330b2ba61e None None] Checking segment: {'id': '6363173f-98b1-4827-ac3b-1093be824249', 'network_type': 'vlan', 'physical_network': 'physnet1', 'segmentation_id': 341, 'network_id': 'cc0bc8da-b429-44de-9fcd-dbf2f7233cce'} for mappings: {'physnet1': 'br-data'} with network types: ['local', 'flat', 'vlan'] {{(pid=116314) check_segment_for_agent /opt/stack/neutron/neutron/plugins/ml2/drivers/mech_agent.py:373}}
Jun 29 17:49:59.905784 dv-neutron-848159-1-hyperv neutron-server[116314]: DEBUG neutron_lib.callbacks.manager [None req-67ed1fa6-2be2-4f3e-93b0-8a330b2ba61e None None] Publish callbacks [] for ovs_bridge_name (None), before_read {{(pid=116314) _notify_loop /usr/local/lib/python3.8/dist-packages/neutron_lib/callbacks/manager.py:176}}
Jun 29 17:49:59.905784 dv-neutron-848159-1-hyperv neutron-server[116314]: DEBUG neutron.plugins.ml2.drivers.mech_agent [None req-67ed1fa6-2be2-4f3e-93b0-8a330b2ba61e None None] Bound using segment: {'id': '6363173f-98b1-4827-ac3b-1093be824249', 'network_type': 'vlan', 'physical_network': 'physnet1', 'segmentation_id': 341, 'network_id': 'cc0bc8da-b429-44de-9fcd-dbf2f7233cce'} {{(pid=116314) bind_port /opt/stack/neutron/neutron/plugins/ml2/drivers/mech_agent.py:120}}
Jun 29 17:49:59.905784 dv-neutron-848159-1-hyperv neutron-server[116314]: DEBUG neutron.plugins.ml2.managers [None req-67ed1fa6-2be2-4f3e-93b0-8a330b2ba61e None None] Bound port: f79396f7-0a5e-44d0-ad0a-5b8b0ac5b79b, host: dv-neutron-848159-1-hyperv, vif_type: ovs, vif_details: {"connectivity": "l2", "port_filter": true, "ovs_hybrid_plug": false, "datapath_type": "system", "bridge_name": "br-int"}, binding_levels: [{'bound_driver': 'openvswitch', 'bound_segment': {'id': '6363173f-98b1-4827-ac3b-1093be824249', 'network_type': 'vlan', 'physical_network': 'physnet1', 'segmentation_id': 341, 'network_id': 'cc0bc8da-b429-44de-9fcd-dbf2f7233cce'}}] {{(pid=116314) _bind_port_level /opt/stack/neutron/neutron/plugins/ml2/managers.py:948}}
Jun 29 17:49:59.906281 dv-neutron-848159-1-hyperv neutron-server[116313]: DEBUG neutron_lib.callbacks.manager [None req-9499ab0f-c4f3-4265-87e2-6f072fbe8847 admin admin] Publish callbacks ['neutron.plugins.ml2.plugin.SecurityGroupDbMixin._ensure_default_security_group_handler-1770228'] for port (5003c2ef-1baf-42cb-a8b9-0c42a3d494d0), before_update {{(pid=116313) _notify_loop /usr/local/lib/python3.8/dist-packages/neutron_lib/callbacks/manager.py:176}}
Jun 29 17:49:59.906808 dv-neutron-848159-1-hyperv neutron-server[116314]: DEBUG neutron_lib.callbacks.manager [None req-67ed1fa6-2be2-4f3e-93b0-8a330b2ba61e None None] Publish callbacks ['neutron.plugins.ml2.plugin.SecurityGroupDbMixin._ensure_default_security_group_handler-1770228'] for port (f79396f7-0a5e-44d0-ad0a-5b8b0ac5b79b), before_update {{(pid=116314) _notify_loop /usr/local/lib/python3.8/dist-packages/neutron_lib/callbacks/manager.py:176}}
Jun 29 17:49:59.952860 dv-neutron-848159-1-hyperv neutron-server[116314]: DEBUG neutron.plugins.ml2.plugin [None req-9bc55e69-2a00-44a0-bc58-e7d8c19bea5f None None] Port 5003c2ef-1baf-42cb-a8b9-0c42a3d494d0 cannot update to ACTIVE because it is not bound. {{(pid=116314) _port_provisioned /opt/stack/neutron/neutron/plugins/ml2/plugin.py:348}}
Jun 29 17:49:59.961187 dv-neutron-848159-1-hyperv neutron-server[116312]: DEBUG neutron.services.segments.db [None req-12b7646f-1e85-4a36-8423-fc35d0c1f185 tempest-QuotasNegativeTest-1429231851 tempest-QuotasNegativeTest-1429231851-project-admin] neutron.services.segments.plugin.Plugin method delete_segment called with arguments (, 'a04f3a90-713a-4f79-8d16-daca4844b54e') {'for_net_delete': True} {{(pid=116312) wrapper /usr/local/lib/python3.8/dist-packages/oslo_log/helpers.py:65}}
Jun 29 17:49:59.961493 dv-neutron-848159-1-hyperv neutron-server[116312]: DEBUG neutron.services.segments.db [None req-12b7646f-1e85-4a36-8423-fc35d0c1f185 tempest-QuotasNegativeTest-1429231851 tempest-QuotasNegativeTest-1429231851-project-admin] neutron.services.segments.plugin.Plugin method get_segment called with arguments (, 'a04f3a90-713a-4f79-8d16-daca4844b54e') {} {{(pid=116312) wrapper /usr/local/lib/python3.8/dist-packages/oslo_log/helpers.py:65}}
Jun 29 17:49:59.971453 dv-neutron-848159-1-hyperv neutron-server[116312]: DEBUG neutron_lib.callbacks.manager [None req-8f756ad2-7d05-484e-8e26-782bfcb253d0 admin admin] Publish callbacks ['neutron.services.l3_router.l3_router_plugin.L3_HA_NAT_db_mixin._after_router_create-633154', 'neutron.services.l3_router.l3_router_plugin.DVRResourceOperationHandler._create_snat_interfaces_after_change-628721'] for router (6ae9815e-56a0-45c6-a0d6-5a9fb5aef5d7), after_create {{(pid=116312) _notify_loop /usr/local/lib/python3.8/dist-packages/neutron_lib/callbacks/manager.py:176}}
Jun 29 17:49:59.989636 dv-neutron-848159-1-hyperv neutron-server[116314]: DEBUG neutron.plugins.ml2.db [None req-67ed1fa6-2be2-4f3e-93b0-8a330b2ba61e None None] For port f79396f7-0a5e-44d0-ad0a-5b8b0ac5b79b, host dv-neutron-848159-1-hyperv, cleared binding levels {{(pid=116314) clear_binding_levels /opt/stack/neutron/neutron/plugins/ml2/db.py:87}}
Jun 29 17:49:59.993553 dv-neutron-848159-1-hyperv neutron-server[116314]: DEBUG neutron.plugins.ml2.db [None req-67ed1fa6-2be2-4f3e-93b0-8a330b2ba61e None None] For port f79396f7-0a5e-44d0-ad0a-5b8b0ac5b79b, host dv-neutron-848159-1-hyperv, set binding levels [PortBindingLevel(driver='openvswitch',host='dv-neutron-848159-1-hyperv',level=0,port_id=f79396f7-0a5e-44d0-ad0a-5b8b0ac5b79b,segment=NetworkSegment(6363173f-98b1-4827-ac3b-1093be824249),segment_id=6363173f-98b1-4827-ac3b-1093be824249)] {{(pid=116314) set_binding_levels /opt/stack/neutron/neutron/plugins/ml2/db.py:59}}
Jun 29 17:50:00.000758 dv-neutron-848159-1-hyperv neutron-server[116314]: DEBUG neutron_lib.callbacks.manager [None req-67ed1fa6-2be2-4f3e-93b0-8a330b2ba61e None None] Publish callbacks ['neutron.plugins.ml2.plugin.SecurityGroupServerNotifierRpcMixin._notify_sg_on_port_change-1770171', 'neutron.plugins.ml2.ovo_rpc._ObjectChangeHandler.handle_event-91469', 'neutron.api.rpc.agentnotifiers.dhcp_rpc_agent_api.DhcpAgentNotifyAPI._native_event_send_dhcp_notification-587564', 'neutron.db.l3_db.L3RpcNotifierMixin._notify_gateway_port_ip_changed-8749075405770', 'neutron.db.l3_dvrscheduler_db._notify_l3_agent_port_update-8749075008871', 'neutron.db.l3_hascheduler_db._notify_l3_agent_ha_port_update-8749075008889'] for port (f79396f7-0a5e-44d0-ad0a-5b8b0ac5b79b), after_update {{(pid=116314) _notify_loop /usr/local/lib/python3.8/dist-packages/neutron_lib/callbacks/manager.py:176}}
Jun 29 17:50:00.092672 dv-neutron-848159-1-hyperv neutron-server[116314]: DEBUG neutron.api.rpc.handlers.resources_rpc [None req-67ed1fa6-2be2-4f3e-93b0-8a330b2ba61e None None] Pushing event updated for resources: {'Port': ['ID=f79396f7-0a5e-44d0-ad0a-5b8b0ac5b79b,revision_number=2']} {{(pid=116314) push /opt/stack/neutron/neutron/api/rpc/handlers/resources_rpc.py:237}}
Jun 29 17:50:00.156179 dv-neutron-848159-1-hyperv neutron-server[116313]: DEBUG neutron_lib.callbacks.manager [None req-9499ab0f-c4f3-4265-87e2-6f072fbe8847 admin admin] Publish callbacks [] for port (5003c2ef-1baf-42cb-a8b9-0c42a3d494d0), precommit_update {{(pid=116313) _notify_loop /usr/local/lib/python3.8/dist-packages/neutron_lib/callbacks/manager.py:176}}
Jun 29 17:50:00.163274 dv-neutron-848159-1-hyperv neutron-server[116313]: DEBUG neutron_lib.callbacks.manager [None req-9499ab0f-c4f3-4265-87e2-6f072fbe8847 admin admin] Publish callbacks ['neutron.plugins.ml2.plugin.SecurityGroupServerNotifierRpcMixin._notify_sg_on_port_change-1770171', 'neutron.plugins.ml2.ovo_rpc._ObjectChangeHandler.handle_event-91469', 'neutron.api.rpc.agentnotifiers.dhcp_rpc_agent_api.DhcpAgentNotifyAPI._native_event_send_dhcp_notification-587564', 'neutron.db.l3_db.L3RpcNotifierMixin._notify_gateway_port_ip_changed-8749075405770', 'neutron.db.l3_dvrscheduler_db._notify_l3_agent_port_update-8749075008871', 'neutron.db.l3_hascheduler_db._notify_l3_agent_ha_port_update-8749075008889'] for port (5003c2ef-1baf-42cb-a8b9-0c42a3d494d0), after_update {{(pid=116313) _notify_loop /usr/local/lib/python3.8/dist-packages/neutron_lib/callbacks/manager.py:176}}
Jun 29 17:50:00.164456 dv-neutron-848159-1-hyperv neutron-server[116313]: DEBUG neutron_lib.callbacks.manager [None req-9499ab0f-c4f3-4265-87e2-6f072fbe8847 admin admin] Publish callbacks ['neutron.api.rpc.agentnotifiers.dhcp_rpc_agent_api.DhcpAgentNotifyAPI._after_router_interface_created-587578', 'neutron.services.l3_router.l3_router_plugin.DVRResourceOperationHandler._update_snat_v6_addrs_after_intf_update-632110'] for router_interface (637e7d1f-f973-4071-9acc-7d88e9c459c7), after_create {{(pid=116313) _notify_loop /usr/local/lib/python3.8/dist-packages/neutron_lib/callbacks/manager.py:176}}
Jun 29 17:50:00.243678 dv-neutron-848159-1-hyperv neutron-server[116313]: DEBUG neutron.api.rpc.handlers.resources_rpc [None req-9499ab0f-c4f3-4265-87e2-6f072fbe8847 admin admin] Pushing event updated for resources: {'Port': ['ID=5003c2ef-1baf-42cb-a8b9-0c42a3d494d0,revision_number=2']} {{(pid=116313) push /opt/stack/neutron/neutron/api/rpc/handlers/resources_rpc.py:237}}
Jun 29 17:50:00.289051 dv-neutron-848159-1-hyperv neutron-server[116312]: DEBUG neutron_lib.callbacks.manager [None req-a12f6e96-e376-45dc-a022-48faa1a1b795 admin admin] Publish callbacks ['neutron.plugins.ml2.ovo_rpc._ObjectChangeHandler.handle_event-534983'] for security_group (6d28350f-dff1-4a9f-acf0-b41678ef3587), after_create {{(pid=116312) _notify_loop /usr/local/lib/python3.8/dist-packages/neutron_lib/callbacks/manager.py:176}}
Jun 29 17:50:00.294641 dv-neutron-848159-1-hyperv neutron-server[116312]: DEBUG neutron_lib.callbacks.manager [None req-10ee656d-a87d-4bc8-a175-85d5d2a8d7c8 tempest-RoutersIpV6AdminTest-1874716642 tempest-RoutersIpV6AdminTest-1874716642-project-admin] Publish callbacks ['neutron.services.l3_router.l3_router_plugin.L3_NAT_dbonly_mixin._precommit_delete_port_callback-631692'] for port (e4903065-fd29-47f7-985c-580382e4219a), precommit_delete {{(pid=116312) _notify_loop /usr/local/lib/python3.8/dist-packages/neutron_lib/callbacks/manager.py:176}}
Jun 29 17:50:00.306449 dv-neutron-848159-1-hyperv neutron-server[116313]: DEBUG neutron.wsgi [-] (116313) accepted ('10.222.0.50', 57946) {{(pid=116313) server /usr/local/lib/python3.8/dist-packages/eventlet/wsgi.py:1004}}
Jun 29 17:50:00.373942 dv-neutron-848159-1-hyperv neutron-server[116313]: DEBUG neutron.scheduler.dhcp_agent_scheduler [None req-9499ab0f-c4f3-4265-87e2-6f072fbe8847 admin admin] Network 9afd7d1f-78d5-47d8-9684-492f3742b8e4 is already hosted by enough agents. {{(pid=116313) _get_dhcp_agents_hosting_network /opt/stack/neutron/neutron/scheduler/dhcp_agent_scheduler.py:275}}
Jun 29 17:50:00.375412 dv-neutron-848159-1-hyperv neutron-server[116313]: DEBUG neutron.scheduler.base_scheduler [None req-9499ab0f-c4f3-4265-87e2-6f072fbe8847 admin admin] Resources bound (agent type, host, resource id): {{(pid=116313) schedule /opt/stack/neutron/neutron/scheduler/base_scheduler.py:57}}
Jun 29 17:50:00.379368 dv-neutron-848159-1-hyperv neutron-server[116312]: DEBUG neutron_lib.callbacks.manager [None req-12b7646f-1e85-4a36-8423-fc35d0c1f185 tempest-QuotasNegativeTest-1429231851 tempest-QuotasNegativeTest-1429231851-project-admin] Publish callbacks ['neutron.plugins.ml2.db._prevent_segment_delete_with_port_bound-8749075477351', 'neutron.services.segments.plugin.Plugin._prevent_segment_delete_with_subnet_associated-13820494'] for segment (a04f3a90-713a-4f79-8d16-daca4844b54e), before_delete {{(pid=116312) _notify_loop /usr/local/lib/python3.8/dist-packages/neutron_lib/callbacks/manager.py:176}}
Jun 29 17:50:00.389619 dv-neutron-848159-1-hyperv neutron-server[116312]: DEBUG dbcounter [-] [116312] Writing DB stats neutron:SELECT=90,neutron:INSERT=10 {{(pid=116312) stat_writer /usr/local/lib/python3.8/dist-packages/dbcounter.py:114}}
Jun 29 17:50:00.391598 dv-neutron-848159-1-hyperv neutron-server[116312]: DEBUG neutron.api.rpc.handlers.resources_rpc [None req-a12f6e96-e376-45dc-a022-48faa1a1b795 admin admin] Pushing event updated for resources: {'SecurityGroup': ['ID=6d28350f-dff1-4a9f-acf0-b41678ef3587,revision_number=1']} {{(pid=116312) push /opt/stack/neutron/neutron/api/rpc/handlers/resources_rpc.py:237}}
Jun 29 17:50:00.445507 dv-neutron-848159-1-hyperv neutron-server[116312]: DEBUG dbcounter [-] [116312] Writing DB stats neutron:UPDATE=1,neutron:SELECT=97,neutron:INSERT=2 {{(pid=116312) stat_writer /usr/local/lib/python3.8/dist-packages/dbcounter.py:114}}
Jun 29 17:50:00.469394 dv-neutron-848159-1-hyperv neutron-server[116312]: DEBUG neutron.plugins.ml2.plugin [None req-10ee656d-a87d-4bc8-a175-85d5d2a8d7c8 tempest-RoutersIpV6AdminTest-1874716642 tempest-RoutersIpV6AdminTest-1874716642-project-admin] Calling delete_port for e4903065-fd29-47f7-985c-580382e4219a owned by {{(pid=116312) delete_port /opt/stack/neutron/neutron/plugins/ml2/plugin.py:2116}}
Jun 29 17:50:00.513506 dv-neutron-848159-1-hyperv neutron-server[116312]: DEBUG neutron_lib.callbacks.manager [None req-12b7646f-1e85-4a36-8423-fc35d0c1f185 tempest-QuotasNegativeTest-1429231851 tempest-QuotasNegativeTest-1429231851-project-admin] Publish callbacks ['neutron.plugins.ml2.plugin.Ml2Plugin._handle_segment_change-1740173'] for segment (a04f3a90-713a-4f79-8d16-daca4844b54e), precommit_delete {{(pid=116312) _notify_loop /usr/local/lib/python3.8/dist-packages/neutron_lib/callbacks/manager.py:176}}
Jun 29 17:50:00.552959 dv-neutron-848159-1-hyperv neutron-server[116312]: INFO neutron.wsgi [None req-a12f6e96-e376-45dc-a022-48faa1a1b795 admin admin] 10.222.0.50 "GET /v2.0/security-groups?tenant_id=aa97693f80bd416fa7ee00914bb9f4f4&name=default HTTP/1.1" status: 200 len: 2996 time: 2.1170642
Jun 29 17:50:00.557661 dv-neutron-848159-1-hyperv neutron-server[116313]: DEBUG neutron.wsgi [-] (116313) accepted ('10.222.0.50', 57952) {{(pid=116313) server /usr/local/lib/python3.8/dist-packages/eventlet/wsgi.py:1004}}
Jun 29 17:50:00.601186 dv-neutron-848159-1-hyperv neutron-server[116312]: DEBUG neutron.plugins.ml2.drivers.type_vlan [None req-12b7646f-1e85-4a36-8423-fc35d0c1f185 tempest-QuotasNegativeTest-1429231851 tempest-QuotasNegativeTest-1429231851-project-admin] Releasing vlan 318 on physical network physnet1 to pool {{(pid=116312) release_segment /opt/stack/neutron/neutron/plugins/ml2/drivers/type_vlan.py:304}}
Jun 29 17:50:00.601599 dv-neutron-848159-1-hyperv neutron-server[116312]: DEBUG neutron_lib.callbacks.manager [None req-12b7646f-1e85-4a36-8423-fc35d0c1f185 tempest-QuotasNegativeTest-1429231851 tempest-QuotasNegativeTest-1429231851-project-admin] Publish callbacks ['neutron.plugins.ml2.plugin.Ml2Plugin._handle_segment_change-1740173', 'neutron.services.segments.plugin.NovaSegmentNotifier._notify_segment_deleted-13736912'] for segment (a04f3a90-713a-4f79-8d16-daca4844b54e), after_delete {{(pid=116312) _notify_loop /usr/local/lib/python3.8/dist-packages/neutron_lib/callbacks/manager.py:176}}
Jun 29 17:50:00.605059 dv-neutron-848159-1-hyperv neutron-server[116312]: DEBUG neutron.api.rpc.agentnotifiers.l3_rpc_agent_api [None req-7c554ab8-6d79-4694-9d38-6e8f76d7634f admin admin] Notify agent at l3_agent.dv-neutron-848159-1-hyperv the message routers_updated {{(pid=116312) _agent_notification /opt/stack/neutron/neutron/api/rpc/agentnotifiers/l3_rpc_agent_api.py:65}}
Jun 29 17:50:00.609070 dv-neutron-848159-1-hyperv neutron-server[116313]: DEBUG neutron_lib.callbacks.manager [None req-06cafb79-730a-484c-921a-959048bc093a admin admin] Publish callbacks [] for security_group (None), before_create {{(pid=116313) _notify_loop /usr/local/lib/python3.8/dist-packages/neutron_lib/callbacks/manager.py:176}}
Jun 29 17:50:00.613940 dv-neutron-848159-1-hyperv neutron-server[116314]: DEBUG neutron.api.rpc.handlers.l3_rpc [None req-90dbf2ec-074a-4c24-b093-f2db82c023ac None None] Sync routers for ids ['a2f033ab-2659-4787-98fa-b5e4dd123377'] in dv-neutron-848159-1-hyperv {{(pid=116314) sync_routers /opt/stack/neutron/neutron/api/rpc/handlers/l3_rpc.py:125}}
Jun 29 17:50:00.616604 dv-neutron-848159-1-hyperv neutron-server[116313]: DEBUG neutron.scheduler.l3_agent_scheduler [None req-9499ab0f-c4f3-4265-87e2-6f072fbe8847 admin admin] Router 637e7d1f-f973-4071-9acc-7d88e9c459c7 has already been hosted by L3 agent 182e0fa9-3702-4b67-aacc-ac3f41651789 {{(pid=116313) _get_candidates /opt/stack/neutron/neutron/scheduler/l3_agent_scheduler.py:126}}
Jun 29 17:50:00.642506 dv-neutron-848159-1-hyperv neutron-server[116314]: DEBUG neutron.db.l3_dvrscheduler_db [None req-90dbf2ec-074a-4c24-b093-f2db82c023ac None None] Routers {'a2f033ab-2659-4787-98fa-b5e4dd123377'} bound to L3 agent in host dv-neutron-848159-1-hyperv {{(pid=116314) _get_router_ids_for_agent /opt/stack/neutron/neutron/db/l3_dvrscheduler_db.py:426}}
Jun 29 17:50:00.643234 dv-neutron-848159-1-hyperv neutron-server[116314]: DEBUG neutron.db.l3_hamode_db [None req-90dbf2ec-074a-4c24-b093-f2db82c023ac None None] neutron.services.l3_router.l3_router_plugin.L3RouterPlugin method get_ha_sync_data_for_host called with arguments (, 'dv-neutron-848159-1-hyperv', Agent(admin_state_up=True,agent_type='L3 agent',availability_zone='nova',binary='neutron-l3-agent',configurations={"agent_mode": "legacy", "ex_gw_ports": 1, "extensions": [], "floating_ips": 0, "handle_internal_only_routers": true, "interface_driver": "openvswitch", "interfaces": 1, "log_agent_heartbeats": false, "routers": 1},created_at=2022-06-29T17:42:24Z,description=,heartbeat_timestamp=2022-06-29T17:49:54Z,host='dv-neutron-848159-1-hyperv',id=182e0fa9-3702-4b67-aacc-ac3f41651789,load=0,resource_versions=,resources_synced=,started_at=2022-06-29T17:42:24Z,topic='l3_agent')) {'router_ids': ['a2f033ab-2659-4787-98fa-b5e4dd123377'], 'active': True} {{(pid=116314) wrapper /usr/local/lib/python3.8/dist-packages/oslo_log/helpers.py:65}}
Jun 29 17:50:00.677802 dv-neutron-848159-1-hyperv neutron-server[116312]: DEBUG neutron.pecan_wsgi.hooks.quota_enforcement [None req-1cf8e682-ae63-4243-9928-ef8786b810b2 tempest-AllowedAddressPairIpV6TestJSON-2008844237 tempest-AllowedAddressPairIpV6TestJSON-2008844237-project] Made reservation on behalf of 09919e25ee234604bce66969876e0318 for: {'port': 1} {{(pid=116312) before /opt/stack/neutron/neutron/pecan_wsgi/hooks/quota_enforcement.py:53}}
Jun 29 17:50:00.681364 dv-neutron-848159-1-hyperv neutron-server[116312]: DEBUG neutron_lib.callbacks.manager [None req-1cf8e682-ae63-4243-9928-ef8786b810b2 tempest-AllowedAddressPairIpV6TestJSON-2008844237 tempest-AllowedAddressPairIpV6TestJSON-2008844237-project] Publish callbacks ['neutron.plugins.ml2.plugin.SecurityGroupDbMixin._ensure_default_security_group_handler-1770228'] for port (None), before_create {{(pid=116312) _notify_loop /usr/local/lib/python3.8/dist-packages/neutron_lib/callbacks/manager.py:176}}
Jun 29 17:50:00.775901 dv-neutron-848159-1-hyperv neutron-server[116312]: DEBUG neutron.notifiers.nova [None req-1cf8e682-ae63-4243-9928-ef8786b810b2 tempest-AllowedAddressPairIpV6TestJSON-2008844237 tempest-AllowedAddressPairIpV6TestJSON-2008844237-project] device_id is not set on port d4fe42dd-1add-43cc-a6c9-46aa5fb19528 yet. {{(pid=116312) _can_notify /opt/stack/neutron/neutron/notifiers/nova.py:199}}
Jun 29 17:50:00.785107 dv-neutron-848159-1-hyperv neutron-server[116314]: DEBUG neutron.db.provisioning_blocks [None req-ab6ac376-e097-4d4b-be9e-7094afa2de44 None None] Provisioning complete for port 5003c2ef-1baf-42cb-a8b9-0c42a3d494d0 triggered by entity DHCP. {{(pid=116314) provisioning_complete /opt/stack/neutron/neutron/db/provisioning_blocks.py:145}}
Jun 29 17:50:00.785511 dv-neutron-848159-1-hyperv neutron-server[116314]: DEBUG neutron_lib.callbacks.manager [None req-ab6ac376-e097-4d4b-be9e-7094afa2de44 None None] Publish callbacks ['neutron.plugins.ml2.plugin.Ml2Plugin._port_provisioned-1386255'] for port (5003c2ef-1baf-42cb-a8b9-0c42a3d494d0), provisioning_complete {{(pid=116314) _notify_loop /usr/local/lib/python3.8/dist-packages/neutron_lib/callbacks/manager.py:176}}
Jun 29 17:50:00.788935 dv-neutron-848159-1-hyperv neutron-server[116312]: DEBUG neutron_lib.callbacks.manager [None req-7c554ab8-6d79-4694-9d38-6e8f76d7634f admin admin] Publish callbacks [] for router (None), before_response {{(pid=116312) _notify_loop /usr/local/lib/python3.8/dist-packages/neutron_lib/callbacks/manager.py:176}}
Jun 29 17:50:00.793451 dv-neutron-848159-1-hyperv neutron-server[116312]: INFO neutron.wsgi [None req-7c554ab8-6d79-4694-9d38-6e8f76d7634f admin admin] 10.222.0.50 "POST /v2.0/routers HTTP/1.1" status: 201 len: 923 time: 7.9974375
Jun 29 17:50:00.796565 dv-neutron-848159-1-hyperv neutron-server[116312]: DEBUG neutron_lib.callbacks.manager [None req-12b7646f-1e85-4a36-8423-fc35d0c1f185 tempest-QuotasNegativeTest-1429231851 tempest-QuotasNegativeTest-1429231851-project-admin] Publish callbacks ['neutron.plugins.ml2.plugin.Ml2Plugin._network_delete_after_delete_handler-1736361', 'neutron.plugins.ml2.ovo_rpc._ObjectChangeHandler.handle_event-534966', 'neutron.api.rpc.agentnotifiers.dhcp_rpc_agent_api.DhcpAgentNotifyAPI._native_event_send_dhcp_notification-587564', 'neutron.services.l3_router.l3_router_plugin.DVRResourceOperationHandler.delete_fip_namespaces_for_ext_net-625878'] for network (e55b8fda-0e5d-440e-8ad5-25fd497bfbb0), after_delete {{(pid=116312) _notify_loop /usr/local/lib/python3.8/dist-packages/neutron_lib/callbacks/manager.py:176}}
Jun 29 17:50:00.798624 dv-neutron-848159-1-hyperv neutron-server[116312]: DEBUG neutron.wsgi [-] (116312) accepted ('10.222.0.50', 57958) {{(pid=116312) server /usr/local/lib/python3.8/dist-packages/eventlet/wsgi.py:1004}}
Jun 29 17:50:00.853083 dv-neutron-848159-1-hyperv neutron-server[116314]: DEBUG neutron.plugins.ml2.plugin [None req-ab6ac376-e097-4d4b-be9e-7094afa2de44 None None] Port 5003c2ef-1baf-42cb-a8b9-0c42a3d494d0 cannot update to ACTIVE because it is not bound. {{(pid=116314) _port_provisioned /opt/stack/neutron/neutron/plugins/ml2/plugin.py:348}}
Jun 29 17:50:00.876720 dv-neutron-848159-1-hyperv neutron-server[116314]: DEBUG neutron.db.l3_dvr_db [None req-90dbf2ec-074a-4c24-b093-f2db82c023ac None None] Set router a2f033ab-2659-4787-98fa-b5e4dd123377 gateway port host: dv-neutron-848159-1-hyperv {{(pid=116314) _build_routers_list /opt/stack/neutron/neutron/db/l3_dvr_db.py:907}}
Jun 29 17:50:00.966312 dv-neutron-848159-1-hyperv neutron-server[116313]: DEBUG neutron_lib.callbacks.manager [None req-3b5eef32-5b7b-48a4-a4fc-a38a8a367e6f admin admin] Publish callbacks [] for security_group (6d28350f-dff1-4a9f-acf0-b41678ef3587), before_delete {{(pid=116313) _notify_loop /usr/local/lib/python3.8/dist-packages/neutron_lib/callbacks/manager.py:176}}
Jun 29 17:50:00.969921 dv-neutron-848159-1-hyperv neutron-server[116313]: DEBUG neutron_lib.callbacks.manager [None req-06cafb79-730a-484c-921a-959048bc093a admin admin] Publish callbacks [] for security_group (17fb29d8-460b-43a4-b600-d37697401559), precommit_create {{(pid=116313) _notify_loop /usr/local/lib/python3.8/dist-packages/neutron_lib/callbacks/manager.py:176}}
Jun 29 17:50:00.970871 dv-neutron-848159-1-hyperv neutron-server[116314]: DEBUG neutron.plugins.ml2.rpc [None req-f584aefa-841e-47a9-b85b-d596d580c37b None None] Device 6d2f844c-43b2-4213-b065-762e7bf7fb76 up at agent ovs-agent-dv-neutron-848159-1-hyperv {{(pid=116314) update_device_up /opt/stack/neutron/neutron/plugins/ml2/rpc.py:296}}
Jun 29 17:50:00.982901 dv-neutron-848159-1-hyperv neutron-server[116312]: DEBUG neutron_lib.callbacks.manager [None req-12b7646f-1e85-4a36-8423-fc35d0c1f185 tempest-QuotasNegativeTest-1429231851 tempest-QuotasNegativeTest-1429231851-project-admin] Publish callbacks ['neutron.api.rpc.agentnotifiers.dhcp_rpc_agent_api.DhcpAgentNotifyAPI._send_dhcp_notification-587550'] for network (None), before_response {{(pid=116312) _notify_loop /usr/local/lib/python3.8/dist-packages/neutron_lib/callbacks/manager.py:176}}
Jun 29 17:50:00.983509 dv-neutron-848159-1-hyperv neutron-server[116313]: DEBUG dbcounter [-] [116313] Writing DB stats neutron:UPDATE=3,neutron:SELECT=88,neutron:INSERT=9 {{(pid=116313) stat_writer /usr/local/lib/python3.8/dist-packages/dbcounter.py:114}}
Jun 29 17:50:00.986182 dv-neutron-848159-1-hyperv neutron-server[116312]: INFO neutron.wsgi [None req-12b7646f-1e85-4a36-8423-fc35d0c1f185 tempest-QuotasNegativeTest-1429231851 tempest-QuotasNegativeTest-1429231851-project-admin] 10.222.0.50 "DELETE /v2.0/networks/e55b8fda-0e5d-440e-8ad5-25fd497bfbb0 HTTP/1.1" status: 204 len: 168 time: 2.3975761
Jun 29 17:50:00.994501 dv-neutron-848159-1-hyperv neutron-server[116313]: DEBUG neutron.wsgi [-] (116313) accepted ('10.222.0.50', 57960) {{(pid=116313) server /usr/local/lib/python3.8/dist-packages/eventlet/wsgi.py:1004}}
Jun 29 17:50:01.055740 dv-neutron-848159-1-hyperv neutron-server[116314]: DEBUG dbcounter [-] [116314] Writing DB stats neutron:SELECT=89,neutron:INSERT=5,neutron:UPDATE=6 {{(pid=116314) stat_writer /usr/local/lib/python3.8/dist-packages/dbcounter.py:114}}
Jun 29 17:50:01.069390 dv-neutron-848159-1-hyperv neutron-server[116313]: DEBUG neutron_lib.callbacks.manager [None req-06cafb79-730a-484c-921a-959048bc093a admin admin] Publish callbacks ['neutron.plugins.ml2.ovo_rpc._ObjectChangeHandler.handle_event-534983'] for security_group (17fb29d8-460b-43a4-b600-d37697401559), after_create {{(pid=116313) _notify_loop /usr/local/lib/python3.8/dist-packages/neutron_lib/callbacks/manager.py:176}}
Jun 29 17:50:01.107690 dv-neutron-848159-1-hyperv neutron-server[116314]: DEBUG neutron.db.provisioning_blocks [None req-f584aefa-841e-47a9-b85b-d596d580c37b None None] Provisioning complete for port 6d2f844c-43b2-4213-b065-762e7bf7fb76 triggered by entity L2. {{(pid=116314) provisioning_complete /opt/stack/neutron/neutron/db/provisioning_blocks.py:145}}
Jun 29 17:50:01.108158 dv-neutron-848159-1-hyperv neutron-server[116314]: DEBUG neutron_lib.callbacks.manager [None req-f584aefa-841e-47a9-b85b-d596d580c37b None None] Publish callbacks ['neutron.plugins.ml2.plugin.Ml2Plugin._port_provisioned-1386255'] for port (6d2f844c-43b2-4213-b065-762e7bf7fb76), provisioning_complete {{(pid=116314) _notify_loop /usr/local/lib/python3.8/dist-packages/neutron_lib/callbacks/manager.py:176}}
Jun 29 17:50:01.199665 dv-neutron-848159-1-hyperv neutron-server[116313]: DEBUG dbcounter [-] [116313] Writing DB stats neutron:SELECT=98,neutron:INSERT=2 {{(pid=116313) stat_writer /usr/local/lib/python3.8/dist-packages/dbcounter.py:114}}
Jun 29 17:50:01.199893 dv-neutron-848159-1-hyperv neutron-server[116312]: INFO neutron.services.segments.plugin [-] Segment a04f3a90-713a-4f79-8d16-daca4844b54e resource provider aggregate not found
Jun 29 17:50:01.209410 dv-neutron-848159-1-hyperv neutron-server[116314]: DEBUG neutron.db.l3_hamode_db [None req-90dbf2ec-074a-4c24-b093-f2db82c023ac None None] neutron.services.l3_router.l3_router_plugin.L3RouterPlugin method _process_sync_ha_data called with arguments (, [{'id': 'a2f033ab-2659-4787-98fa-b5e4dd123377', 'name': 'tempest-ServerActionsTestJSON-1685638862-router', 'tenant_id': '0ad70b71192440f5a4d9a4f28662c372', 'admin_state_up': True, 'status': 'ACTIVE', 'external_gateway_info': {'network_id': '97aa1b3a-f42c-4226-bd52-7eea730d44e3', 'external_fixed_ips': [{'subnet_id': '7c774cef-56be-435c-8514-1db5df953ecc', 'ip_address': '172.26.6.89'}], 'enable_snat': True}, 'gw_port_id': 'ce8ead4e-5df5-47df-b25b-8d3445ed816d', 'description': '', 'availability_zones': ['nova'], 'distributed': False, 'ha': False, 'ha_vr_id': 0, 'availability_zone_hints': [], 'routes': [], 'flavor_id': None, 'tags': [], 'created_at': '2022-06-29T17:49:53Z', 'updated_at': '2022-06-29T17:49:56Z', 'revision_number': 3, 'project_id': '0ad70b71192440f5a4d9a4f28662c372', 'gw_port': {'id': 'ce8ead4e-5df5-47df-b25b-8d3445ed816d', 'name': '', 'network_id': '97aa1b3a-f42c-4226-bd52-7eea730d44e3', 'tenant_id': '', 'mac_address': 'fa:16:3e:ff:aa:b1', 'admin_state_up': True, 'status': 'DOWN', 'device_id': 'a2f033ab-2659-4787-98fa-b5e4dd123377', 'device_owner': 'network:router_gateway', 'standard_attr_id': 81, 'fixed_ips': [{'subnet_id': '7c774cef-56be-435c-8514-1db5df953ecc', 'ip_address': '172.26.6.89', 'prefixlen': 24}], 'allowed_address_pairs': [], 'extra_dhcp_opts': [], 'security_groups': [], 'description': '', 'binding:vnic_type': 'normal', 'binding:profile': {}, 'binding:host_id': '', 'binding:vif_type': 'unbound', 'binding:vif_details': {}, 'port_security_enabled': False, 'tags': [], 'created_at': '2022-06-29T17:49:54Z', 'updated_at': '2022-06-29T17:49:55Z', 'revision_number': 1, 'project_id': '', 'subnets': [{'id': '7c774cef-56be-435c-8514-1db5df953ecc', 'cidr': '172.26.6.0/24', 'gateway_ip': '172.26.6.1', 'dns_nameservers': [], 'ipv6_ra_mode': None, 'subnetpool_id': None}], 'extra_subnets': [], 'address_scopes': {4: None, 6: None}, 'mtu': 1500}, 'enable_snat': True, 'gw_port_host': 'dv-neutron-848159-1-hyperv'}], 'dv-neutron-848159-1-hyperv', False) {} {{(pid=116314) wrapper /usr/local/lib/python3.8/dist-packages/oslo_log/helpers.py:65}}
Jun 29 17:50:01.211676 dv-neutron-848159-1-hyperv neutron-server[116313]: DEBUG neutron.api.rpc.handlers.resources_rpc [None req-06cafb79-730a-484c-921a-959048bc093a admin admin] Pushing event updated for resources: {'SecurityGroup': ['ID=17fb29d8-460b-43a4-b600-d37697401559,revision_number=1']} {{(pid=116313) push /opt/stack/neutron/neutron/api/rpc/handlers/resources_rpc.py:237}}
Jun 29 17:50:01.218467 dv-neutron-848159-1-hyperv neutron-server[116313]: DEBUG neutron_lib.callbacks.manager [None req-3b5eef32-5b7b-48a4-a4fc-a38a8a367e6f admin admin] Publish callbacks [] for security_group (6d28350f-dff1-4a9f-acf0-b41678ef3587), precommit_delete {{(pid=116313) _notify_loop /usr/local/lib/python3.8/dist-packages/neutron_lib/callbacks/manager.py:176}}
Jun 29 17:50:01.225876 dv-neutron-848159-1-hyperv neutron-server[116312]: DEBUG neutron.api.rpc.handlers.resources_rpc [None req-12b7646f-1e85-4a36-8423-fc35d0c1f185 tempest-QuotasNegativeTest-1429231851 tempest-QuotasNegativeTest-1429231851-project-admin] Pushing event deleted for resources: {'Network': ['ID=e55b8fda-0e5d-440e-8ad5-25fd497bfbb0,revision_number=None']} {{(pid=116312) push /opt/stack/neutron/neutron/api/rpc/handlers/resources_rpc.py:237}}
Jun 29 17:50:01.265346 dv-neutron-848159-1-hyperv neutron-server[116314]: DEBUG neutron.api.rpc.handlers.l3_rpc [None req-90dbf2ec-074a-4c24-b093-f2db82c023ac None None] Checking router: a2f033ab-2659-4787-98fa-b5e4dd123377 for host: dv-neutron-848159-1-hyperv {{(pid=116314) _ensure_host_set_on_ports /opt/stack/neutron/neutron/api/rpc/handlers/l3_rpc.py:155}}
Jun 29 17:50:01.265937 dv-neutron-848159-1-hyperv neutron-server[116314]: DEBUG neutron.api.rpc.handlers.l3_rpc [None req-90dbf2ec-074a-4c24-b093-f2db82c023ac None None] Updating router a2f033ab-2659-4787-98fa-b5e4dd123377 port ce8ead4e-5df5-47df-b25b-8d3445ed816d binding host dv-neutron-848159-1-hyperv {{(pid=116314) _ensure_host_set_on_port /opt/stack/neutron/neutron/api/rpc/handlers/l3_rpc.py:205}}
Jun 29 17:50:01.266852 dv-neutron-848159-1-hyperv neutron-server[116313]: DEBUG neutron_lib.callbacks.manager [None req-3d85970b-5a56-4207-8c24-6dfda144beb5 tempest-QuotasNegativeTest-1429231851 tempest-QuotasNegativeTest-1429231851-project-admin] Publish callbacks ['neutron.plugins.ml2.plugin.External_net_db_mixin._before_network_delete_handler-1579317'] for network (348b8ec4-a4c4-4471-b54a-cdb5ca8d2f7b), before_delete {{(pid=116313) _notify_loop /usr/local/lib/python3.8/dist-packages/neutron_lib/callbacks/manager.py:176}}
Jun 29 17:50:01.281232 dv-neutron-848159-1-hyperv neutron-server[116312]: INFO neutron.services.segments.plugin [-] Segment a04f3a90-713a-4f79-8d16-daca4844b54e resource provider not found; error: Placement Client Error (4xx): {"errors": [{"status": 404, "title": "Not Found", "detail": "The resource could not be found.\n\n No resource provider with uuid a04f3a90-713a-4f79-8d16-daca4844b54e found for delete ", "request_id": "req-078c2d93-37ba-472f-adc7-a544c5690a4d"}]}
Jun 29 17:50:01.296427 dv-neutron-848159-1-hyperv neutron-server[116313]: INFO neutron.wsgi [None req-06cafb79-730a-484c-921a-959048bc093a admin admin] 10.222.0.50 "GET /v2.0/security-groups?tenant_id=bef13cc12fbb4412973748dc66eca02d&name=default HTTP/1.1" status: 200 len: 2996 time: 0.9857743
Jun 29 17:50:01.320109 dv-neutron-848159-1-hyperv neutron-server[116312]: DEBUG neutron.wsgi [-] (116312) accepted ('10.222.0.50', 57970) {{(pid=116312) server /usr/local/lib/python3.8/dist-packages/eventlet/wsgi.py:1004}}
Jun 29 17:50:01.336625 dv-neutron-848159-1-hyperv neutron-server[116314]: DEBUG neutron.plugins.ml2.plugin [None req-f584aefa-841e-47a9-b85b-d596d580c37b None None] Current status of the port 6d2f844c-43b2-4213-b065-762e7bf7fb76 is: DOWN; New status is: ACTIVE {{(pid=116314) _update_individual_port_db_status /opt/stack/neutron/neutron/plugins/ml2/plugin.py:2292}}
Jun 29 17:50:01.337016 dv-neutron-848159-1-hyperv neutron-server[116314]: DEBUG neutron_lib.callbacks.manager [None req-f584aefa-841e-47a9-b85b-d596d580c37b None None] Publish callbacks ['neutron.plugins.ml2.plugin.SecurityGroupDbMixin._ensure_default_security_group_handler-1770228'] for port (6d2f844c-43b2-4213-b065-762e7bf7fb76), before_update {{(pid=116314) _notify_loop /usr/local/lib/python3.8/dist-packages/neutron_lib/callbacks/manager.py:176}}
Jun 29 17:50:01.352616 dv-neutron-848159-1-hyperv neutron-server[116313]: DEBUG neutron_lib.callbacks.manager [None req-3b5eef32-5b7b-48a4-a4fc-a38a8a367e6f admin admin] Publish callbacks ['neutron.plugins.ml2.ovo_rpc._ObjectChangeHandler.handle_event-534983'] for security_group (6d28350f-dff1-4a9f-acf0-b41678ef3587), after_delete {{(pid=116313) _notify_loop /usr/local/lib/python3.8/dist-packages/neutron_lib/callbacks/manager.py:176}}
Jun 29 17:50:01.355550 dv-neutron-848159-1-hyperv neutron-server[116313]: DEBUG neutron_lib.callbacks.manager [None req-3b5eef32-5b7b-48a4-a4fc-a38a8a367e6f admin admin] Publish callbacks [] for security_group (None), before_response {{(pid=116313) _notify_loop /usr/local/lib/python3.8/dist-packages/neutron_lib/callbacks/manager.py:176}}
Jun 29 17:50:01.357238 dv-neutron-848159-1-hyperv neutron-server[116313]: INFO neutron.wsgi [None req-3b5eef32-5b7b-48a4-a4fc-a38a8a367e6f admin admin] 10.222.0.50 "DELETE /v2.0/security-groups/6d28350f-dff1-4a9f-acf0-b41678ef3587 HTTP/1.1" status: 204 len: 168 time: 0.7981708
Jun 29 17:50:01.367071 dv-neutron-848159-1-hyperv neutron-server[116314]: DEBUG neutron_lib.callbacks.manager [None req-90dbf2ec-074a-4c24-b093-f2db82c023ac None None] Publish callbacks ['neutron.plugins.ml2.plugin.SecurityGroupDbMixin._ensure_default_security_group_handler-1770228'] for port (ce8ead4e-5df5-47df-b25b-8d3445ed816d), before_update {{(pid=116314) _notify_loop /usr/local/lib/python3.8/dist-packages/neutron_lib/callbacks/manager.py:176}}
Jun 29 17:50:01.369346 dv-neutron-848159-1-hyperv neutron-server[116313]: DEBUG neutron.api.rpc.handlers.resources_rpc [None req-3b5eef32-5b7b-48a4-a4fc-a38a8a367e6f admin admin] Pushing event deleted for resources: {'SecurityGroup': ['ID=6d28350f-dff1-4a9f-acf0-b41678ef3587,revision_number=None']} {{(pid=116313) push /opt/stack/neutron/neutron/api/rpc/handlers/resources_rpc.py:237}}
Jun 29 17:50:01.371450 dv-neutron-848159-1-hyperv neutron-server[116313]: DEBUG neutron.api.rpc.agentnotifiers.l3_rpc_agent_api [None req-9499ab0f-c4f3-4265-87e2-6f072fbe8847 admin admin] Notify agent at l3_agent.dv-neutron-848159-1-hyperv the message routers_updated {{(pid=116313) _agent_notification /opt/stack/neutron/neutron/api/rpc/agentnotifiers/l3_rpc_agent_api.py:65}}
Jun 29 17:50:01.372755 dv-neutron-848159-1-hyperv neutron-server[116314]: DEBUG neutron.plugins.ml2.db [None req-f584aefa-841e-47a9-b85b-d596d580c37b None None] For port 6d2f844c-43b2-4213-b065-762e7bf7fb76, host dv-neutron-848159-1-hyperv, got binding levels [PortBindingLevel(driver='openvswitch',host='dv-neutron-848159-1-hyperv',level=0,port_id=6d2f844c-43b2-4213-b065-762e7bf7fb76,segment=NetworkSegment(9d9a7bf2-2a76-47d5-976c-a3155b1bff01),segment_id=9d9a7bf2-2a76-47d5-976c-a3155b1bff01)] {{(pid=116314) get_binding_level_objs /opt/stack/neutron/neutron/plugins/ml2/db.py:74}}
Jun 29 17:50:01.410702 dv-neutron-848159-1-hyperv neutron-server[116314]: DEBUG neutron_lib.callbacks.manager [None req-f584aefa-841e-47a9-b85b-d596d580c37b None None] Publish callbacks ['neutron.plugins.ml2.plugin.SecurityGroupServerNotifierRpcMixin._notify_sg_on_port_change-1770171', 'neutron.plugins.ml2.ovo_rpc._ObjectChangeHandler.handle_event-91469', 'neutron.api.rpc.agentnotifiers.dhcp_rpc_agent_api.DhcpAgentNotifyAPI._native_event_send_dhcp_notification-587564', 'neutron.db.l3_db.L3RpcNotifierMixin._notify_gateway_port_ip_changed-8749075405770', 'neutron.db.l3_dvrscheduler_db._notify_l3_agent_port_update-8749075008871', 'neutron.db.l3_hascheduler_db._notify_l3_agent_ha_port_update-8749075008889'] for port (6d2f844c-43b2-4213-b065-762e7bf7fb76), after_update {{(pid=116314) _notify_loop /usr/local/lib/python3.8/dist-packages/neutron_lib/callbacks/manager.py:176}}
Jun 29 17:50:01.411503 dv-neutron-848159-1-hyperv neutron-server[116314]: DEBUG neutron.plugins.ml2.rpc [None req-f584aefa-841e-47a9-b85b-d596d580c37b None None] Device f79396f7-0a5e-44d0-ad0a-5b8b0ac5b79b up at agent ovs-agent-dv-neutron-848159-1-hyperv {{(pid=116314) update_device_up /opt/stack/neutron/neutron/plugins/ml2/rpc.py:296}}
Jun 29 17:50:01.445969 dv-neutron-848159-1-hyperv neutron-server[116312]: DEBUG neutron.scheduler.l3_agent_scheduler [None req-8f756ad2-7d05-484e-8e26-782bfcb253d0 admin admin] Router 6ae9815e-56a0-45c6-a0d6-5a9fb5aef5d7 is scheduled to L3 agent 182e0fa9-3702-4b67-aacc-ac3f41651789 with binding_index 1 {{(pid=116312) bind_router /opt/stack/neutron/neutron/scheduler/l3_agent_scheduler.py:209}}
Jun 29 17:50:01.463314 dv-neutron-848159-1-hyperv neutron-server[116314]: DEBUG dbcounter [-] [116314] Writing DB stats neutron:SELECT=98,neutron:UPDATE=2 {{(pid=116314) stat_writer /usr/local/lib/python3.8/dist-packages/dbcounter.py:114}}
Jun 29 17:50:01.468804 dv-neutron-848159-1-hyperv neutron-server[116315]: DEBUG neutron.api.rpc.handlers.l3_rpc [None req-2ead6152-6885-4a92-bc45-0dd7db169a74 None None] Sync routers for ids ['637e7d1f-f973-4071-9acc-7d88e9c459c7'] in dv-neutron-848159-1-hyperv {{(pid=116315) sync_routers /opt/stack/neutron/neutron/api/rpc/handlers/l3_rpc.py:125}}
Jun 29 17:50:01.488284 dv-neutron-848159-1-hyperv neutron-server[116312]: DEBUG neutron_lib.callbacks.manager [None req-10ee656d-a87d-4bc8-a175-85d5d2a8d7c8 tempest-RoutersIpV6AdminTest-1874716642 tempest-RoutersIpV6AdminTest-1874716642-project-admin] Publish callbacks ['neutron.plugins.ml2.plugin.SecurityGroupServerNotifierRpcMixin._notify_sg_on_port_change-1770171', 'neutron.plugins.ml2.ovo_rpc._ObjectChangeHandler.handle_event-91469', 'neutron.api.rpc.agentnotifiers.dhcp_rpc_agent_api.DhcpAgentNotifyAPI._native_event_send_dhcp_notification-587564', 'neutron.db.l3_db.L3RpcNotifierMixin._notify_routers_callback-8749075406888', 'neutron.db.l3_dvrscheduler_db._notify_port_delete-8749075008862', 'neutron.services.segments.plugin.NovaSegmentNotifier._notify_port_created_or_deleted-13736709'] for port (e4903065-fd29-47f7-985c-580382e4219a), after_delete {{(pid=116312) _notify_loop /usr/local/lib/python3.8/dist-packages/neutron_lib/callbacks/manager.py:176}}
Jun 29 17:50:01.494623 dv-neutron-848159-1-hyperv neutron-server[116315]: DEBUG neutron.db.l3_dvrscheduler_db [None req-2ead6152-6885-4a92-bc45-0dd7db169a74 None None] Routers {'637e7d1f-f973-4071-9acc-7d88e9c459c7'} bound to L3 agent in host dv-neutron-848159-1-hyperv {{(pid=116315) _get_router_ids_for_agent /opt/stack/neutron/neutron/db/l3_dvrscheduler_db.py:426}}
