Jun 29 17:50:14.570056 dv-neutron-848159-1-hyperv neutron-server[116313]: INFO neutron.wsgi [None req-8ed5b40d-0eb4-455b-902d-88e627792b8a tempest-MeteringIpV6TestJSON-1417541386 tempest-MeteringIpV6TestJSON-1417541386-project-admin] 10.222.0.50 "GET /v2.0/metering/metering-labels?id=d93e45d3-b034-4b09-9a88-767b07a27c99 HTTP/1.1" status: 200 len: 216 time: 0.0640185
Jun 29 17:50:14.575535 dv-neutron-848159-1-hyperv neutron-server[116313]: DEBUG neutron_lib.callbacks.manager [None req-7d7672ee-44a9-4ec0-b698-b1b360847765 tempest-ServersTestJSON-1124170797 tempest-ServersTestJSON-1124170797-project] Publish callbacks ['neutron.plugins.ml2.ovo_rpc._ObjectChangeHandler.handle_event-534804'] for security_group_rule (c24eca8e-ba9f-4613-8f53-60691c5fc164), after_create {{(pid=116313) _notify_loop /usr/local/lib/python3.8/dist-packages/neutron_lib/callbacks/manager.py:176}}
Jun 29 17:50:14.579548 dv-neutron-848159-1-hyperv neutron-server[116313]: DEBUG neutron.wsgi [-] (116313) accepted ('10.222.0.50', 58272) {{(pid=116313) server /usr/local/lib/python3.8/dist-packages/eventlet/wsgi.py:1004}}
Jun 29 17:50:14.646338 dv-neutron-848159-1-hyperv neutron-server[116312]: DEBUG neutron.plugins.ml2.db [None req-de9f2c76-82cc-4735-b515-8eb7ecc15d49 tempest-PortsAdminExtendedAttrsIpV6TestJSON-1289808558 tempest-PortsAdminExtendedAttrsIpV6TestJSON-1289808558-project-admin] For port 18cc4056-2839-49fe-9c62-bdb630ca4d69, host hv-neutron-8481, cleared binding levels {{(pid=116312) clear_binding_levels /opt/stack/neutron/neutron/plugins/ml2/db.py:87}}
Jun 29 17:50:14.646707 dv-neutron-848159-1-hyperv neutron-server[116312]: DEBUG neutron.plugins.ml2.db [None req-de9f2c76-82cc-4735-b515-8eb7ecc15d49 tempest-PortsAdminExtendedAttrsIpV6TestJSON-1289808558 tempest-PortsAdminExtendedAttrsIpV6TestJSON-1289808558-project-admin] Attempted to set empty binding levels {{(pid=116312) set_binding_levels /opt/stack/neutron/neutron/plugins/ml2/db.py:65}}
Jun 29 17:50:14.657439 dv-neutron-848159-1-hyperv neutron-server[116314]: DEBUG neutron.api.rpc.handlers.resources_rpc [None req-d5e6370f-b695-41a6-b44b-24924684bd67 None None] Pushing event updated for resources: {'Port': ['ID=22eac9b7-1876-429f-9542-cf0b9fed6371,revision_number=5']} {{(pid=116314) push /opt/stack/neutron/neutron/api/rpc/handlers/resources_rpc.py:237}}
Jun 29 17:50:14.663293 dv-neutron-848159-1-hyperv neutron-server[116312]: DEBUG neutron_lib.callbacks.manager [None req-2358f590-a2ac-4555-890c-752f0337dac3 tempest-ExtraDHCPOptionsIpV6TestJSON-1996774878 tempest-ExtraDHCPOptionsIpV6TestJSON-1996774878-project] Publish callbacks ['neutron.services.auto_allocate.db._ensure_external_network_default_value_callback-8749074963860'] for network (c3dbb8a8-b912-45a8-bf27-fc9534e5e529), precommit_create {{(pid=116312) _notify_loop /usr/local/lib/python3.8/dist-packages/neutron_lib/callbacks/manager.py:176}}
Jun 29 17:50:14.668380 dv-neutron-848159-1-hyperv neutron-server[116312]: INFO neutron.wsgi [req-0d13b3fe-7024-404b-9e29-04a454760c2b req-56969df7-50d8-4a09-b3db-a0dacf591c43 tempest-ServersTestManualDisk-329414424 tempest-ServersTestManualDisk-329414424-project] 10.222.0.50 "GET /v2.0/security-groups?name=tempest-securitygroup--1479071145&fields=id&tenant_id=31e7bb85510f4234960d728835082d28 HTTP/1.1" status: 200 len: 267 time: 0.3164728
Jun 29 17:50:14.676827 dv-neutron-848159-1-hyperv neutron-server[116312]: DEBUG neutron_lib.callbacks.manager [None req-de9f2c76-82cc-4735-b515-8eb7ecc15d49 tempest-PortsAdminExtendedAttrsIpV6TestJSON-1289808558 tempest-PortsAdminExtendedAttrsIpV6TestJSON-1289808558-project-admin] Publish callbacks ['neutron.plugins.ml2.plugin.SecurityGroupServerNotifierRpcMixin._notify_sg_on_port_change-1770171', 'neutron.plugins.ml2.ovo_rpc._ObjectChangeHandler.handle_event-91469', 'neutron.api.rpc.agentnotifiers.dhcp_rpc_agent_api.DhcpAgentNotifyAPI._native_event_send_dhcp_notification-587564', 'neutron.db.l3_db.L3RpcNotifierMixin._notify_gateway_port_ip_changed-8749075405770', 'neutron.db.l3_dvrscheduler_db._notify_l3_agent_port_update-8749075008871', 'neutron.db.l3_hascheduler_db._notify_l3_agent_ha_port_update-8749075008889', 'neutron.services.segments.plugin.NovaSegmentNotifier._notify_port_updated-13736764'] for port (18cc4056-2839-49fe-9c62-bdb630ca4d69), after_update {{(pid=116312) _notify_loop /usr/local/lib/python3.8/dist-packages/neutron_lib/callbacks/manager.py:176}}
Jun 29 17:50:14.685382 dv-neutron-848159-1-hyperv neutron-server[116312]: DEBUG dbcounter [-] [116312] Writing DB stats neutron:UPDATE=9,neutron:INSERT=10,neutron:SELECT=81 {{(pid=116312) stat_writer /usr/local/lib/python3.8/dist-packages/dbcounter.py:114}}
Jun 29 17:50:14.694335 dv-neutron-848159-1-hyperv neutron-server[116313]: INFO neutron.wsgi [None req-bbac0ad4-b063-4f1d-9a70-b504e556aba4 tempest-MeteringIpV6TestJSON-1417541386 tempest-MeteringIpV6TestJSON-1417541386-project-admin] 10.222.0.50 "GET /v2.0/metering/metering-label-rules?id=33 HTTP/1.1" status: 200 len: 221 time: 0.1121092
Jun 29 17:50:14.695296 dv-neutron-848159-1-hyperv neutron-server[116313]: DEBUG neutron.api.rpc.handlers.resources_rpc [None req-7d7672ee-44a9-4ec0-b698-b1b360847765 tempest-ServersTestJSON-1124170797 tempest-ServersTestJSON-1124170797-project] Pushing event updated for resources: {'SecurityGroupRule': ['ID=c24eca8e-ba9f-4613-8f53-60691c5fc164,revision_number=0']} {{(pid=116313) push /opt/stack/neutron/neutron/api/rpc/handlers/resources_rpc.py:237}}
Jun 29 17:50:14.713309 dv-neutron-848159-1-hyperv neutron-server[116313]: DEBUG neutron.wsgi [-] (116313) accepted ('10.222.0.50', 58274) {{(pid=116313) server /usr/local/lib/python3.8/dist-packages/eventlet/wsgi.py:1004}}
Jun 29 17:50:14.730720 dv-neutron-848159-1-hyperv neutron-server[116313]: DEBUG neutron_lib.callbacks.manager [None req-7d7672ee-44a9-4ec0-b698-b1b360847765 tempest-ServersTestJSON-1124170797 tempest-ServersTestJSON-1124170797-project] Publish callbacks [] for security_group_rule (None), before_response {{(pid=116313) _notify_loop /usr/local/lib/python3.8/dist-packages/neutron_lib/callbacks/manager.py:176}}
Jun 29 17:50:14.731964 dv-neutron-848159-1-hyperv neutron-server[116313]: INFO neutron.wsgi [None req-7d7672ee-44a9-4ec0-b698-b1b360847765 tempest-ServersTestJSON-1124170797 tempest-ServersTestJSON-1124170797-project] 10.222.0.50 "POST /v2.0/security-group-rules HTTP/1.1" status: 201 len: 764 time: 1.3166296
Jun 29 17:50:14.748453 dv-neutron-848159-1-hyperv neutron-server[116313]: DEBUG neutron.wsgi [-] (116313) accepted ('10.222.0.50', 58276) {{(pid=116313) server /usr/local/lib/python3.8/dist-packages/eventlet/wsgi.py:1004}}
Jun 29 17:50:14.758010 dv-neutron-848159-1-hyperv neutron-server[116313]: DEBUG neutron.api.v2.base [None req-d99329d3-d00a-430d-9523-3fef571a0eda tempest-ServersTestJSON-1124170797 tempest-ServersTestJSON-1124170797-project] Request body: {'security_group_rule': {'security_group_id': '638cfd93-15d9-4e64-9c60-db44edabd358', 'protocol': 'icmp', 'ethertype': 'IPv4', 'direction': 'ingress'}} {{(pid=116313) prepare_request_body /opt/stack/neutron/neutron/api/v2/base.py:730}}
Jun 29 17:50:14.764645 dv-neutron-848159-1-hyperv neutron-server[116313]: INFO neutron.wsgi [None req-745be5f9-91d7-429e-a65c-940781e6ed70 tempest-MeteringIpV6TestJSON-1417541386 tempest-MeteringIpV6TestJSON-1417541386-project-admin] 10.222.0.50 "GET /v2.0/metering/metering-labels?id=33 HTTP/1.1" status: 200 len: 216 time: 0.0476818
Jun 29 17:50:14.773703 dv-neutron-848159-1-hyperv neutron-server[116312]: DEBUG neutron.wsgi [-] (116312) accepted ('10.222.0.50', 58278) {{(pid=116312) server /usr/local/lib/python3.8/dist-packages/eventlet/wsgi.py:1004}}
Jun 29 17:50:14.794139 dv-neutron-848159-1-hyperv neutron-server[116313]: DEBUG neutron_lib.callbacks.manager [None req-945e661a-9952-4aa7-af7a-bf41c0283a1a tempest-RoutersIpV6AdminTest-1874716642 tempest-RoutersIpV6AdminTest-1874716642-project-admin] Publish callbacks ['neutron.plugins.ml2.plugin.Ml2Plugin._network_delete_precommit_handler-1736336', 'neutron.services.segments.db._delete_segments_for_network-8749075477086'] for network (50a7c959-b10e-4037-bde5-1299ca83dea2), precommit_delete {{(pid=116313) _notify_loop /usr/local/lib/python3.8/dist-packages/neutron_lib/callbacks/manager.py:176}}
Jun 29 17:50:14.808967 dv-neutron-848159-1-hyperv neutron-server[116312]: DEBUG neutron.pecan_wsgi.hooks.policy_enforcement [None req-de9f2c76-82cc-4735-b515-8eb7ecc15d49 tempest-PortsAdminExtendedAttrsIpV6TestJSON-1289808558 tempest-PortsAdminExtendedAttrsIpV6TestJSON-1289808558-project-admin] Attributes excluded by policy engine: ['standard_attr_id'] {{(pid=116312) _exclude_attributes_by_policy /opt/stack/neutron/neutron/pecan_wsgi/hooks/policy_enforcement.py:259}}
Jun 29 17:50:14.809724 dv-neutron-848159-1-hyperv neutron-server[116312]: DEBUG neutron_lib.callbacks.manager [None req-de9f2c76-82cc-4735-b515-8eb7ecc15d49 tempest-PortsAdminExtendedAttrsIpV6TestJSON-1289808558 tempest-PortsAdminExtendedAttrsIpV6TestJSON-1289808558-project-admin] Publish callbacks ['neutron.notifiers.nova.Notifier._send_nova_notification-14060'] for port (None), before_response {{(pid=116312) _notify_loop /usr/local/lib/python3.8/dist-packages/neutron_lib/callbacks/manager.py:176}}
Jun 29 17:50:14.852405 dv-neutron-848159-1-hyperv neutron-server[116313]: DEBUG neutron.services.segments.db [None req-945e661a-9952-4aa7-af7a-bf41c0283a1a tempest-RoutersIpV6AdminTest-1874716642 tempest-RoutersIpV6AdminTest-1874716642-project-admin] neutron.services.segments.plugin.Plugin method get_segments called with arguments (,) {'filters': {'network_id': ['50a7c959-b10e-4037-bde5-1299ca83dea2']}} {{(pid=116313) wrapper /usr/local/lib/python3.8/dist-packages/oslo_log/helpers.py:65}}
Jun 29 17:50:14.898476 dv-neutron-848159-1-hyperv neutron-server[116313]: DEBUG neutron.services.segments.db [None req-945e661a-9952-4aa7-af7a-bf41c0283a1a tempest-RoutersIpV6AdminTest-1874716642 tempest-RoutersIpV6AdminTest-1874716642-project-admin] neutron.services.segments.plugin.Plugin method delete_segment called with arguments (, 'd968121f-be82-49db-89e9-45b314823eb7') {'for_net_delete': True} {{(pid=116313) wrapper /usr/local/lib/python3.8/dist-packages/oslo_log/helpers.py:65}}
Jun 29 17:50:14.898671 dv-neutron-848159-1-hyperv neutron-server[116313]: DEBUG neutron.services.segments.db [None req-945e661a-9952-4aa7-af7a-bf41c0283a1a tempest-RoutersIpV6AdminTest-1874716642 tempest-RoutersIpV6AdminTest-1874716642-project-admin] neutron.services.segments.plugin.Plugin method get_segment called with arguments (, 'd968121f-be82-49db-89e9-45b314823eb7') {} {{(pid=116313) wrapper /usr/local/lib/python3.8/dist-packages/oslo_log/helpers.py:65}}
Jun 29 17:50:14.916640 dv-neutron-848159-1-hyperv neutron-server[116313]: DEBUG neutron_lib.callbacks.manager [None req-945e661a-9952-4aa7-af7a-bf41c0283a1a tempest-RoutersIpV6AdminTest-1874716642 tempest-RoutersIpV6AdminTest-1874716642-project-admin] Publish callbacks ['neutron.plugins.ml2.db._prevent_segment_delete_with_port_bound-8749075477351', 'neutron.services.segments.plugin.Plugin._prevent_segment_delete_with_subnet_associated-14255841'] for segment (d968121f-be82-49db-89e9-45b314823eb7), before_delete {{(pid=116313) _notify_loop /usr/local/lib/python3.8/dist-packages/neutron_lib/callbacks/manager.py:176}}
Jun 29 17:50:14.920835 dv-neutron-848159-1-hyperv neutron-server[116313]: DEBUG neutron_lib.callbacks.manager [None req-d99329d3-d00a-430d-9523-3fef571a0eda tempest-ServersTestJSON-1124170797 tempest-ServersTestJSON-1124170797-project] Publish callbacks [] for security_group_rule (e084d032-2ccb-4f22-8fd8-b32b7c7db3ae), before_create {{(pid=116313) _notify_loop /usr/local/lib/python3.8/dist-packages/neutron_lib/callbacks/manager.py:176}}
Jun 29 17:50:14.958609 dv-neutron-848159-1-hyperv neutron-server[116313]: DEBUG neutron_lib.callbacks.manager [None req-945e661a-9952-4aa7-af7a-bf41c0283a1a tempest-RoutersIpV6AdminTest-1874716642 tempest-RoutersIpV6AdminTest-1874716642-project-admin] Publish callbacks ['neutron.plugins.ml2.plugin.Ml2Plugin._handle_segment_change-1740173'] for segment (d968121f-be82-49db-89e9-45b314823eb7), precommit_delete {{(pid=116313) _notify_loop /usr/local/lib/python3.8/dist-packages/neutron_lib/callbacks/manager.py:176}}
Jun 29 17:50:14.981422 dv-neutron-848159-1-hyperv neutron-server[116313]: DEBUG neutron.plugins.ml2.drivers.type_vlan [None req-945e661a-9952-4aa7-af7a-bf41c0283a1a tempest-RoutersIpV6AdminTest-1874716642 tempest-RoutersIpV6AdminTest-1874716642-project-admin] Releasing vlan 348 on physical network physnet1 to pool {{(pid=116313) release_segment /opt/stack/neutron/neutron/plugins/ml2/drivers/type_vlan.py:304}}
Jun 29 17:50:14.981968 dv-neutron-848159-1-hyperv neutron-server[116313]: DEBUG neutron_lib.callbacks.manager [None req-945e661a-9952-4aa7-af7a-bf41c0283a1a tempest-RoutersIpV6AdminTest-1874716642 tempest-RoutersIpV6AdminTest-1874716642-project-admin] Publish callbacks ['neutron.plugins.ml2.plugin.Ml2Plugin._handle_segment_change-1740173', 'neutron.services.segments.plugin.NovaSegmentNotifier._notify_segment_deleted-14799633'] for segment (d968121f-be82-49db-89e9-45b314823eb7), after_delete {{(pid=116313) _notify_loop /usr/local/lib/python3.8/dist-packages/neutron_lib/callbacks/manager.py:176}}
Jun 29 17:50:15.019060 dv-neutron-848159-1-hyperv neutron-server[116313]: DEBUG neutron_lib.callbacks.manager [None req-b39bd0cd-260c-4601-8553-7d212e56ec67 tempest-AllowedAddressPairIpV6TestJSON-2008844237 tempest-AllowedAddressPairIpV6TestJSON-2008844237-project] Publish callbacks [] for port (60878d17-4817-4ca4-bdd6-be3fc4d9372a), precommit_create {{(pid=116313) _notify_loop /usr/local/lib/python3.8/dist-packages/neutron_lib/callbacks/manager.py:176}}
Jun 29 17:50:15.069622 dv-neutron-848159-1-hyperv neutron-server[116313]: DEBUG dbcounter [-] [116313] Writing DB stats neutron:SELECT=87,neutron:INSERT=5,neutron:DELETE=5,neutron:UPDATE=3 {{(pid=116313) stat_writer /usr/local/lib/python3.8/dist-packages/dbcounter.py:114}}
Jun 29 17:50:15.074492 dv-neutron-848159-1-hyperv neutron-server[116313]: INFO neutron.services.segments.plugin [-] Segment d968121f-be82-49db-89e9-45b314823eb7 resource provider aggregate not found
Jun 29 17:50:15.077854 dv-neutron-848159-1-hyperv neutron-server[116312]: DEBUG neutron_lib.callbacks.manager [None req-2358f590-a2ac-4555-890c-752f0337dac3 tempest-ExtraDHCPOptionsIpV6TestJSON-1996774878 tempest-ExtraDHCPOptionsIpV6TestJSON-1996774878-project] Publish callbacks ['neutron.plugins.ml2.ovo_rpc._ObjectChangeHandler.handle_event-534966', 'neutron.api.rpc.agentnotifiers.dhcp_rpc_agent_api.DhcpAgentNotifyAPI._native_event_send_dhcp_notification-587564'] for network (c3dbb8a8-b912-45a8-bf27-fc9534e5e529), after_create {{(pid=116312) _notify_loop /usr/local/lib/python3.8/dist-packages/neutron_lib/callbacks/manager.py:176}}
Jun 29 17:50:15.084031 dv-neutron-848159-1-hyperv neutron-server[116312]: DEBUG neutron.pecan_wsgi.hooks.policy_enforcement [None req-2358f590-a2ac-4555-890c-752f0337dac3 tempest-ExtraDHCPOptionsIpV6TestJSON-1996774878 tempest-ExtraDHCPOptionsIpV6TestJSON-1996774878-project] Attributes excluded by policy engine: ['standard_attr_id', 'provider:network_type', 'provider:physical_network', 'provider:segmentation_id', 'vlan_transparent'] {{(pid=116312) _exclude_attributes_by_policy /opt/stack/neutron/neutron/pecan_wsgi/hooks/policy_enforcement.py:259}}
Jun 29 17:50:15.085331 dv-neutron-848159-1-hyperv neutron-server[116312]: DEBUG neutron_lib.callbacks.manager [None req-2358f590-a2ac-4555-890c-752f0337dac3 tempest-ExtraDHCPOptionsIpV6TestJSON-1996774878 tempest-ExtraDHCPOptionsIpV6TestJSON-1996774878-project] Publish callbacks ['neutron.api.rpc.agentnotifiers.dhcp_rpc_agent_api.DhcpAgentNotifyAPI._send_dhcp_notification-587550'] for network (None), before_response {{(pid=116312) _notify_loop /usr/local/lib/python3.8/dist-packages/neutron_lib/callbacks/manager.py:176}}
Jun 29 17:50:15.107353 dv-neutron-848159-1-hyperv neutron-server[116313]: DEBUG neutron_lib.callbacks.manager [None req-d99329d3-d00a-430d-9523-3fef571a0eda tempest-ServersTestJSON-1124170797 tempest-ServersTestJSON-1124170797-project] Publish callbacks [] for security_group_rule (e084d032-2ccb-4f22-8fd8-b32b7c7db3ae), precommit_create {{(pid=116313) _notify_loop /usr/local/lib/python3.8/dist-packages/neutron_lib/callbacks/manager.py:176}}
Jun 29 17:50:15.109482 dv-neutron-848159-1-hyperv neutron-server[116313]: INFO neutron.services.segments.plugin [-] Segment d968121f-be82-49db-89e9-45b314823eb7 resource provider not found; error: Placement Client Error (4xx): {"errors": [{"status": 404, "title": "Not Found", "detail": "The resource could not be found.\n\n No resource provider with uuid d968121f-be82-49db-89e9-45b314823eb7 found for delete ", "request_id": "req-2f0d3da9-d231-4bd7-9d45-4815ed8e1688"}]}
Jun 29 17:50:15.120351 dv-neutron-848159-1-hyperv neutron-server[116313]: DEBUG neutron_lib.callbacks.manager [None req-945e661a-9952-4aa7-af7a-bf41c0283a1a tempest-RoutersIpV6AdminTest-1874716642 tempest-RoutersIpV6AdminTest-1874716642-project-admin] Publish callbacks ['neutron.plugins.ml2.plugin.Ml2Plugin._network_delete_after_delete_handler-1736361', 'neutron.plugins.ml2.ovo_rpc._ObjectChangeHandler.handle_event-534966', 'neutron.api.rpc.agentnotifiers.dhcp_rpc_agent_api.DhcpAgentNotifyAPI._native_event_send_dhcp_notification-587564', 'neutron.services.l3_router.l3_router_plugin.DVRResourceOperationHandler.delete_fip_namespaces_for_ext_net-625878'] for network (50a7c959-b10e-4037-bde5-1299ca83dea2), after_delete {{(pid=116313) _notify_loop /usr/local/lib/python3.8/dist-packages/neutron_lib/callbacks/manager.py:176}}
Jun 29 17:50:15.124936 dv-neutron-848159-1-hyperv neutron-server[116313]: DEBUG neutron_lib.callbacks.manager [None req-d99329d3-d00a-430d-9523-3fef571a0eda tempest-ServersTestJSON-1124170797 tempest-ServersTestJSON-1124170797-project] Publish callbacks ['neutron.plugins.ml2.ovo_rpc._ObjectChangeHandler.handle_event-534804'] for security_group_rule (e084d032-2ccb-4f22-8fd8-b32b7c7db3ae), after_create {{(pid=116313) _notify_loop /usr/local/lib/python3.8/dist-packages/neutron_lib/callbacks/manager.py:176}}
Jun 29 17:50:15.134430 dv-neutron-848159-1-hyperv neutron-server[116313]: DEBUG neutron.api.rpc.agentnotifiers.l3_rpc_agent_api [None req-945e661a-9952-4aa7-af7a-bf41c0283a1a tempest-RoutersIpV6AdminTest-1874716642 tempest-RoutersIpV6AdminTest-1874716642-project-admin] Fanout notify agent at l3_agent the message fipnamespace_delete_on_ext_net for external_network 50a7c959-b10e-4037-bde5-1299ca83dea2 {{(pid=116313) _notification_fanout /opt/stack/neutron/neutron/api/rpc/agentnotifiers/l3_rpc_agent_api.py:120}}
Jun 29 17:50:15.149740 dv-neutron-848159-1-hyperv neutron-server[116313]: DEBUG neutron_lib.callbacks.manager [None req-945e661a-9952-4aa7-af7a-bf41c0283a1a tempest-RoutersIpV6AdminTest-1874716642 tempest-RoutersIpV6AdminTest-1874716642-project-admin] Publish callbacks ['neutron.api.rpc.agentnotifiers.dhcp_rpc_agent_api.DhcpAgentNotifyAPI._send_dhcp_notification-587550'] for network (None), before_response {{(pid=116313) _notify_loop /usr/local/lib/python3.8/dist-packages/neutron_lib/callbacks/manager.py:176}}
Jun 29 17:50:15.157985 dv-neutron-848159-1-hyperv neutron-server[116313]: INFO neutron.wsgi [None req-945e661a-9952-4aa7-af7a-bf41c0283a1a tempest-RoutersIpV6AdminTest-1874716642 tempest-RoutersIpV6AdminTest-1874716642-project-admin] 10.222.0.50 "DELETE /v2.0/networks/50a7c959-b10e-4037-bde5-1299ca83dea2 HTTP/1.1" status: 204 len: 168 time: 1.0112309
Jun 29 17:50:15.172595 dv-neutron-848159-1-hyperv neutron-server[116312]: INFO neutron.wsgi [None req-7c642f69-0c95-4591-939d-dffa17c5d590 tempest-MeteringIpV6TestJSON-1417541386 tempest-MeteringIpV6TestJSON-1417541386-project-admin] 10.222.0.50 "GET /v2.0/metering/metering-labels/44a7dfac-af30-44f1-b5a7-e4fa2c94a7dd HTTP/1.1" status: 200 len: 473 time: 0.3959274
Jun 29 17:50:15.173175 dv-neutron-848159-1-hyperv neutron-server[116312]: DEBUG neutron.api.rpc.handlers.resources_rpc [None req-de9f2c76-82cc-4735-b515-8eb7ecc15d49 tempest-PortsAdminExtendedAttrsIpV6TestJSON-1289808558 tempest-PortsAdminExtendedAttrsIpV6TestJSON-1289808558-project-admin] Pushing event updated for resources: {'Port': ['ID=18cc4056-2839-49fe-9c62-bdb630ca4d69,revision_number=2']} {{(pid=116312) push /opt/stack/neutron/neutron/api/rpc/handlers/resources_rpc.py:237}}
Jun 29 17:50:15.180775 dv-neutron-848159-1-hyperv neutron-server[116313]: DEBUG neutron.wsgi [-] (116313) accepted ('10.222.0.50', 58286) {{(pid=116313) server /usr/local/lib/python3.8/dist-packages/eventlet/wsgi.py:1004}}
Jun 29 17:50:15.191728 dv-neutron-848159-1-hyperv neutron-server[116313]: DEBUG neutron.api.rpc.handlers.resources_rpc [None req-945e661a-9952-4aa7-af7a-bf41c0283a1a tempest-RoutersIpV6AdminTest-1874716642 tempest-RoutersIpV6AdminTest-1874716642-project-admin] Pushing event deleted for resources: {'Network': ['ID=50a7c959-b10e-4037-bde5-1299ca83dea2,revision_number=None']} {{(pid=116313) push /opt/stack/neutron/neutron/api/rpc/handlers/resources_rpc.py:237}}
Jun 29 17:50:15.195118 dv-neutron-848159-1-hyperv neutron-server[116313]: DEBUG neutron.api.rpc.handlers.resources_rpc [None req-d99329d3-d00a-430d-9523-3fef571a0eda tempest-ServersTestJSON-1124170797 tempest-ServersTestJSON-1124170797-project] Pushing event updated for resources: {'SecurityGroupRule': ['ID=e084d032-2ccb-4f22-8fd8-b32b7c7db3ae,revision_number=0']} {{(pid=116313) push /opt/stack/neutron/neutron/api/rpc/handlers/resources_rpc.py:237}}
Jun 29 17:50:15.196587 dv-neutron-848159-1-hyperv neutron-server[116313]: DEBUG dbcounter [-] [116313] Writing DB stats neutron:SELECT=85,neutron:INSERT=6,neutron:UPDATE=3,neutron:DELETE=6 {{(pid=116313) stat_writer /usr/local/lib/python3.8/dist-packages/dbcounter.py:114}}
Jun 29 17:50:15.200226 dv-neutron-848159-1-hyperv neutron-server[116313]: DEBUG neutron_lib.callbacks.manager [None req-d99329d3-d00a-430d-9523-3fef571a0eda tempest-ServersTestJSON-1124170797 tempest-ServersTestJSON-1124170797-project] Publish callbacks [] for security_group_rule (None), before_response {{(pid=116313) _notify_loop /usr/local/lib/python3.8/dist-packages/neutron_lib/callbacks/manager.py:176}}
Jun 29 17:50:15.204914 dv-neutron-848159-1-hyperv neutron-server[116313]: INFO neutron.wsgi [None req-d99329d3-d00a-430d-9523-3fef571a0eda tempest-ServersTestJSON-1124170797 tempest-ServersTestJSON-1124170797-project] 10.222.0.50 "POST /v2.0/security-group-rules HTTP/1.1" status: 201 len: 769 time: 0.4552364
Jun 29 17:50:15.209810 dv-neutron-848159-1-hyperv neutron-server[116313]: DEBUG neutron.wsgi [-] (116313) accepted ('10.222.0.50', 58288) {{(pid=116313) server /usr/local/lib/python3.8/dist-packages/eventlet/wsgi.py:1004}}
Jun 29 17:50:15.216218 dv-neutron-848159-1-hyperv neutron-server[116313]: DEBUG neutron.api.v2.base [None req-feb00797-dcd0-4110-96b0-ad7d0241d468 tempest-ServersTestJSON-1124170797 tempest-ServersTestJSON-1124170797-project] Request body: {'floatingip': {'floating_network_id': '97aa1b3a-f42c-4226-bd52-7eea730d44e3'}} {{(pid=116313) prepare_request_body /opt/stack/neutron/neutron/api/v2/base.py:730}}
Jun 29 17:50:15.226437 dv-neutron-848159-1-hyperv neutron-server[116313]: DEBUG neutron_lib.callbacks.manager [None req-b39bd0cd-260c-4601-8553-7d212e56ec67 tempest-AllowedAddressPairIpV6TestJSON-2008844237 tempest-AllowedAddressPairIpV6TestJSON-2008844237-project] Publish callbacks ['neutron.plugins.ml2.plugin.SecurityGroupServerNotifierRpcMixin._notify_sg_on_port_change-1770171', 'neutron.plugins.ml2.ovo_rpc._ObjectChangeHandler.handle_event-91469', 'neutron.api.rpc.agentnotifiers.dhcp_rpc_agent_api.DhcpAgentNotifyAPI._native_event_send_dhcp_notification-587564', 'neutron.db.l3_dvrscheduler_db._notify_l3_agent_new_port-8749075008853', 'neutron.services.segments.plugin.NovaSegmentNotifier._notify_port_created_or_deleted-14799812'] for port (60878d17-4817-4ca4-bdd6-be3fc4d9372a), after_create {{(pid=116313) _notify_loop /usr/local/lib/python3.8/dist-packages/neutron_lib/callbacks/manager.py:176}}
Jun 29 17:50:15.227980 dv-neutron-848159-1-hyperv neutron-server[116312]: INFO neutron.wsgi [None req-de9f2c76-82cc-4735-b515-8eb7ecc15d49 tempest-PortsAdminExtendedAttrsIpV6TestJSON-1289808558 tempest-PortsAdminExtendedAttrsIpV6TestJSON-1289808558-project-admin] 10.222.0.50 "POST /v2.0/ports HTTP/1.1" status: 201 len: 985 time: 5.5067995
Jun 29 17:50:15.232945 dv-neutron-848159-1-hyperv neutron-server[116313]: INFO neutron.wsgi [None req-40c200c3-dc66-4034-a790-28db2e1ff798 tempest-MeteringIpV6TestJSON-1417541386 tempest-MeteringIpV6TestJSON-1417541386-project-admin] 10.222.0.50 "GET /v2.0/metering/metering-label-rules/d392e51f-eb3b-4c31-9fb5-e933211c3b18 HTTP/1.1" status: 200 len: 459 time: 0.0508704
Jun 29 17:50:15.234670 dv-neutron-848159-1-hyperv neutron-server[116313]: DEBUG neutron.wsgi [-] (116313) accepted ('10.222.0.50', 58290) {{(pid=116313) server /usr/local/lib/python3.8/dist-packages/eventlet/wsgi.py:1004}}
Jun 29 17:50:15.235163 dv-neutron-848159-1-hyperv neutron-server[116313]: DEBUG neutron.wsgi [-] (116313) accepted ('10.222.0.50', 58292) {{(pid=116313) server /usr/local/lib/python3.8/dist-packages/eventlet/wsgi.py:1004}}
Jun 29 17:50:15.264805 dv-neutron-848159-1-hyperv neutron-server[116312]: INFO neutron.wsgi [None req-2358f590-a2ac-4555-890c-752f0337dac3 tempest-ExtraDHCPOptionsIpV6TestJSON-1996774878 tempest-ExtraDHCPOptionsIpV6TestJSON-1996774878-project] 10.222.0.50 "POST /v2.0/networks HTTP/1.1" status: 201 len: 776 time: 1.7474077
Jun 29 17:50:15.282602 dv-neutron-848159-1-hyperv neutron-server[116312]: DEBUG neutron.wsgi [-] (116312) accepted ('10.222.0.50', 58294) {{(pid=116312) server /usr/local/lib/python3.8/dist-packages/eventlet/wsgi.py:1004}}
Jun 29 17:50:15.301844 dv-neutron-848159-1-hyperv neutron-server[116312]: DEBUG neutron.api.v2.base [None req-f5f66011-c86e-4595-9cd1-05e1c366b065 tempest-ExtraDHCPOptionsIpV6TestJSON-1996774878 tempest-ExtraDHCPOptionsIpV6TestJSON-1996774878-project] Request body: {'subnet': {'network_id': 'c3dbb8a8-b912-45a8-bf27-fc9534e5e529', 'cidr': '2001:db8::/64', 'ip_version': 6, 'gateway_ip': '2001:db8::1'}} {{(pid=116312) prepare_request_body /opt/stack/neutron/neutron/api/v2/base.py:730}}
Jun 29 17:50:15.323933 dv-neutron-848159-1-hyperv neutron-server[116313]: DEBUG neutron.scheduler.dhcp_agent_scheduler [None req-b39bd0cd-260c-4601-8553-7d212e56ec67 tempest-AllowedAddressPairIpV6TestJSON-2008844237 tempest-AllowedAddressPairIpV6TestJSON-2008844237-project] Network cc0bc8da-b429-44de-9fcd-dbf2f7233cce is already hosted by enough agents. {{(pid=116313) _get_dhcp_agents_hosting_network /opt/stack/neutron/neutron/scheduler/dhcp_agent_scheduler.py:275}}
Jun 29 17:50:15.335868 dv-neutron-848159-1-hyperv neutron-server[116313]: DEBUG neutron.scheduler.base_scheduler [None req-b39bd0cd-260c-4601-8553-7d212e56ec67 tempest-AllowedAddressPairIpV6TestJSON-2008844237 tempest-AllowedAddressPairIpV6TestJSON-2008844237-project] Resources bound (agent type, host, resource id): {{(pid=116313) schedule /opt/stack/neutron/neutron/scheduler/base_scheduler.py:57}}
Jun 29 17:50:15.342403 dv-neutron-848159-1-hyperv neutron-server[116313]: DEBUG neutron_lib.callbacks.manager [None req-feb00797-dcd0-4110-96b0-ad7d0241d468 tempest-ServersTestJSON-1124170797 tempest-ServersTestJSON-1124170797-project] Publish callbacks [] for floatingip (None), before_create {{(pid=116313) _notify_loop /usr/local/lib/python3.8/dist-packages/neutron_lib/callbacks/manager.py:176}}
Jun 29 17:50:15.345302 dv-neutron-848159-1-hyperv neutron-server[116313]: DEBUG neutron.db.l3_dvrscheduler_db [None req-b39bd0cd-260c-4601-8553-7d212e56ec67 tempest-AllowedAddressPairIpV6TestJSON-2008844237 tempest-AllowedAddressPairIpV6TestJSON-2008844237-project] Received port after_create {{(pid=116313) _notify_l3_agent_new_port /opt/stack/neutron/neutron/db/l3_dvrscheduler_db.py:542}}
Jun 29 17:50:15.350455 dv-neutron-848159-1-hyperv neutron-server[116313]: DEBUG neutron.pecan_wsgi.hooks.policy_enforcement [None req-b39bd0cd-260c-4601-8553-7d212e56ec67 tempest-AllowedAddressPairIpV6TestJSON-2008844237 tempest-AllowedAddressPairIpV6TestJSON-2008844237-project] Attributes excluded by policy engine: ['standard_attr_id', 'binding:profile', 'binding:host_id', 'binding:vif_type', 'binding:vif_details', 'network'] {{(pid=116313) _exclude_attributes_by_policy /opt/stack/neutron/neutron/pecan_wsgi/hooks/policy_enforcement.py:259}}
Jun 29 17:50:15.351076 dv-neutron-848159-1-hyperv neutron-server[116313]: DEBUG neutron_lib.callbacks.manager [None req-b39bd0cd-260c-4601-8553-7d212e56ec67 tempest-AllowedAddressPairIpV6TestJSON-2008844237 tempest-AllowedAddressPairIpV6TestJSON-2008844237-project] Publish callbacks ['neutron.notifiers.nova.Notifier._send_nova_notification-14060'] for port (None), before_response {{(pid=116313) _notify_loop /usr/local/lib/python3.8/dist-packages/neutron_lib/callbacks/manager.py:176}}
Jun 29 17:50:15.382986 dv-neutron-848159-1-hyperv neutron-server[116312]: DEBUG neutron_lib.callbacks.manager [None req-4eb6fe8a-e2b5-45cf-aecd-ada45fb4d475 tempest-ServerActionsTestJSON-1088688476 tempest-ServerActionsTestJSON-1088688476-project] Publish callbacks [] for port (606111bc-df4b-4e5e-a547-c7a5c52a3fb3), precommit_create {{(pid=116312) _notify_loop /usr/local/lib/python3.8/dist-packages/neutron_lib/callbacks/manager.py:176}}
Jun 29 17:50:15.395122 dv-neutron-848159-1-hyperv neutron-server[116312]: DEBUG neutron.api.rpc.handlers.resources_rpc [None req-2358f590-a2ac-4555-890c-752f0337dac3 tempest-ExtraDHCPOptionsIpV6TestJSON-1996774878 tempest-ExtraDHCPOptionsIpV6TestJSON-1996774878-project] Pushing event updated for resources: {'Network': ['ID=c3dbb8a8-b912-45a8-bf27-fc9534e5e529,revision_number=1']} {{(pid=116312) push /opt/stack/neutron/neutron/api/rpc/handlers/resources_rpc.py:237}}
Jun 29 17:50:15.416513 dv-neutron-848159-1-hyperv neutron-server[116314]: DEBUG neutron.plugins.ml2.rpc [None req-f584aefa-841e-47a9-b85b-d596d580c37b None None] Network c3dbb8a8-b912-45a8-bf27-fc9534e5e529 details requested by agent ovs-agent-dv-neutron-848159-1-hyperv with host dv-neutron-848159-1-hyperv {{(pid=116314) get_network_details /opt/stack/neutron/neutron/plugins/ml2/rpc.py:248}}
Jun 29 17:50:15.430600 dv-neutron-848159-1-hyperv neutron-server[116312]: DEBUG neutron.pecan_wsgi.hooks.policy_enforcement [req-0d13b3fe-7024-404b-9e29-04a454760c2b req-767789d6-eb8c-4a65-a166-a04b21d52942 tempest-ServersTestManualDisk-329414424 tempest-ServersTestManualDisk-329414424-project] Attributes excluded by policy engine: ['standard_attr_id', 'vlan_transparent', 'provider:network_type', 'provider:physical_network', 'provider:segmentation_id'] {{(pid=116312) _exclude_attributes_by_policy /opt/stack/neutron/neutron/pecan_wsgi/hooks/policy_enforcement.py:259}}
Jun 29 17:50:15.432640 dv-neutron-848159-1-hyperv neutron-server[116312]: INFO neutron.wsgi [req-0d13b3fe-7024-404b-9e29-04a454760c2b req-767789d6-eb8c-4a65-a166-a04b21d52942 tempest-ServersTestManualDisk-329414424 tempest-ServersTestManualDisk-329414424-project] 10.222.0.50 "GET /v2.0/networks?id=9afd7d1f-78d5-47d8-9684-492f3742b8e4 HTTP/1.1" status: 200 len: 812 time: 0.7498019
Jun 29 17:50:15.554655 dv-neutron-848159-1-hyperv neutron-server[116312]: INFO neutron.wsgi [req-0d13b3fe-7024-404b-9e29-04a454760c2b req-8572700d-379f-41fa-988e-2e7dcbdebc5f tempest-ServersTestManualDisk-329414424 tempest-ServersTestManualDisk-329414424-project] 10.222.0.50 "GET /v2.0/quotas/31e7bb85510f4234960d728835082d28 HTTP/1.1" status: 200 len: 375 time: 0.0531301
Jun 29 17:50:15.667147 dv-neutron-848159-1-hyperv neutron-server[116312]: DEBUG neutron.wsgi [-] (116312) accepted ('10.222.0.50', 58300) {{(pid=116312) server /usr/local/lib/python3.8/dist-packages/eventlet/wsgi.py:1004}}
Jun 29 17:50:15.672446 dv-neutron-848159-1-hyperv neutron-server[116312]: DEBUG neutron.api.v2.base [None req-3230e79a-bd04-466f-91e1-a44babc057c3 tempest-RoutersIpV6AdminTest-1874716642 tempest-RoutersIpV6AdminTest-1874716642-project-admin] Request body: {'router': {'name': 'tempest-router--1575122110', 'project_id': 'bc801adb526244288a1aa987df9e12d5'}} {{(pid=116312) prepare_request_body /opt/stack/neutron/neutron/api/v2/base.py:730}}
Jun 29 17:50:15.694913 dv-neutron-848159-1-hyperv neutron-server[116312]: DEBUG neutron_lib.callbacks.manager [None req-4eb6fe8a-e2b5-45cf-aecd-ada45fb4d475 tempest-ServerActionsTestJSON-1088688476 tempest-ServerActionsTestJSON-1088688476-project] Publish callbacks ['neutron.plugins.ml2.plugin.SecurityGroupServerNotifierRpcMixin._notify_sg_on_port_change-1770171', 'neutron.plugins.ml2.ovo_rpc._ObjectChangeHandler.handle_event-91469', 'neutron.api.rpc.agentnotifiers.dhcp_rpc_agent_api.DhcpAgentNotifyAPI._native_event_send_dhcp_notification-587564', 'neutron.db.l3_dvrscheduler_db._notify_l3_agent_new_port-8749075008853', 'neutron.services.segments.plugin.NovaSegmentNotifier._notify_port_created_or_deleted-13736709'] for port (606111bc-df4b-4e5e-a547-c7a5c52a3fb3), after_create {{(pid=116312) _notify_loop /usr/local/lib/python3.8/dist-packages/neutron_lib/callbacks/manager.py:176}}
Jun 29 17:50:15.697496 dv-neutron-848159-1-hyperv neutron-server[116314]: DEBUG neutron.db.provisioning_blocks [None req-35db5b7e-2b25-4c05-91d5-8c65be0fbef2 None None] Provisioning complete for port 60878d17-4817-4ca4-bdd6-be3fc4d9372a triggered by entity DHCP. {{(pid=116314) provisioning_complete /opt/stack/neutron/neutron/db/provisioning_blocks.py:145}}
Jun 29 17:50:15.698102 dv-neutron-848159-1-hyperv neutron-server[116314]: DEBUG neutron_lib.callbacks.manager [None req-35db5b7e-2b25-4c05-91d5-8c65be0fbef2 None None] Publish callbacks ['neutron.plugins.ml2.plugin.Ml2Plugin._port_provisioned-1386255'] for port (60878d17-4817-4ca4-bdd6-be3fc4d9372a), provisioning_complete {{(pid=116314) _notify_loop /usr/local/lib/python3.8/dist-packages/neutron_lib/callbacks/manager.py:176}}
Jun 29 17:50:15.744015 dv-neutron-848159-1-hyperv neutron-server[116312]: INFO neutron.wsgi [req-0d13b3fe-7024-404b-9e29-04a454760c2b req-32387455-6074-48b5-a22d-16d1c72541ad tempest-ServersTestManualDisk-329414424 tempest-ServersTestManualDisk-329414424-project] 10.222.0.50 "GET /v2.0/ports?tenant_id=31e7bb85510f4234960d728835082d28&fields=id HTTP/1.1" status: 200 len: 302 time: 0.1829350
Jun 29 17:50:15.744966 dv-neutron-848159-1-hyperv neutron-server[116312]: DEBUG neutron.pecan_wsgi.hooks.quota_enforcement [None req-f5f66011-c86e-4595-9cd1-05e1c366b065 tempest-ExtraDHCPOptionsIpV6TestJSON-1996774878 tempest-ExtraDHCPOptionsIpV6TestJSON-1996774878-project] Made reservation on behalf of 0ac98ba3453b400aa8a671244add1f90 for: {'subnet': 1} {{(pid=116312) before /opt/stack/neutron/neutron/pecan_wsgi/hooks/quota_enforcement.py:53}}
Jun 29 17:50:15.749209 dv-neutron-848159-1-hyperv neutron-server[116312]: DEBUG neutron_lib.callbacks.manager [None req-f5f66011-c86e-4595-9cd1-05e1c366b065 tempest-ExtraDHCPOptionsIpV6TestJSON-1996774878 tempest-ExtraDHCPOptionsIpV6TestJSON-1996774878-project] Publish callbacks ['neutron.services.segments.plugin.SegmentHostRoutes.host_routes_before_create-13282397'] for subnet (None), before_create {{(pid=116312) _notify_loop /usr/local/lib/python3.8/dist-packages/neutron_lib/callbacks/manager.py:176}}
Jun 29 17:50:15.756632 dv-neutron-848159-1-hyperv neutron-server[116314]: DEBUG neutron.plugins.ml2.plugin [None req-35db5b7e-2b25-4c05-91d5-8c65be0fbef2 None None] Port 60878d17-4817-4ca4-bdd6-be3fc4d9372a cannot update to ACTIVE because it is not bound. {{(pid=116314) _port_provisioned /opt/stack/neutron/neutron/plugins/ml2/plugin.py:348}}
Jun 29 17:50:15.787998 dv-neutron-848159-1-hyperv neutron-server[116312]: DEBUG neutron.scheduler.dhcp_agent_scheduler [None req-4eb6fe8a-e2b5-45cf-aecd-ada45fb4d475 tempest-ServerActionsTestJSON-1088688476 tempest-ServerActionsTestJSON-1088688476-project] Network 97aa1b3a-f42c-4226-bd52-7eea730d44e3 is already hosted by enough agents. {{(pid=116312) _get_dhcp_agents_hosting_network /opt/stack/neutron/neutron/scheduler/dhcp_agent_scheduler.py:275}}
Jun 29 17:50:15.793915 dv-neutron-848159-1-hyperv neutron-server[116312]: DEBUG neutron_lib.callbacks.manager [None req-3230e79a-bd04-466f-91e1-a44babc057c3 tempest-RoutersIpV6AdminTest-1874716642 tempest-RoutersIpV6AdminTest-1874716642-project-admin] Publish callbacks ['neutron.services.l3_router.l3_router_plugin.L3_HA_NAT_db_mixin._before_router_create_handler-635714', 'neutron.services.l3_router.service_providers.driver_controller.DriverController._check_router_request-219597'] for router (d98d7142-32bb-44e9-9d96-426d311bfac9), before_create {{(pid=116312) _notify_loop /usr/local/lib/python3.8/dist-packages/neutron_lib/callbacks/manager.py:176}}
Jun 29 17:50:15.795119 dv-neutron-848159-1-hyperv neutron-server[116312]: DEBUG neutron_lib.callbacks.manager [None req-3230e79a-bd04-466f-91e1-a44babc057c3 tempest-RoutersIpV6AdminTest-1874716642 tempest-RoutersIpV6AdminTest-1874716642-project-admin] Publish callbacks ['neutron.services.l3_router.l3_router_plugin.L3_HA_NAT_db_mixin._precommit_router_create-634820', 'neutron.services.l3_router.l3_router_plugin.DVRResourceOperationHandler._set_distributed_flag-631429', 'neutron.services.l3_router.l3_router_plugin.RouterAvailabilityZoneMixin._process_az_request-443631', 'neutron.services.l3_router.service_providers.driver_controller.DriverController._set_router_provider-219588'] for router (d98d7142-32bb-44e9-9d96-426d311bfac9), precommit_create {{(pid=116312) _notify_loop /usr/local/lib/python3.8/dist-packages/neutron_lib/callbacks/manager.py:176}}
Jun 29 17:50:15.807728 dv-neutron-848159-1-hyperv neutron-server[116312]: DEBUG dbcounter [-] [116312] Writing DB stats neutron:SELECT=96,neutron:DELETE=1,neutron:INSERT=3 {{(pid=116312) stat_writer /usr/local/lib/python3.8/dist-packages/dbcounter.py:114}}
Jun 29 17:50:15.810157 dv-neutron-848159-1-hyperv neutron-server[116312]: DEBUG neutron.scheduler.base_scheduler [None req-4eb6fe8a-e2b5-45cf-aecd-ada45fb4d475 tempest-ServerActionsTestJSON-1088688476 tempest-ServerActionsTestJSON-1088688476-project] Resources bound (agent type, host, resource id): {{(pid=116312) schedule /opt/stack/neutron/neutron/scheduler/base_scheduler.py:57}}
Jun 29 17:50:15.819806 dv-neutron-848159-1-hyperv neutron-server[116312]: DEBUG neutron.db.l3_dvrscheduler_db [None req-4eb6fe8a-e2b5-45cf-aecd-ada45fb4d475 tempest-ServerActionsTestJSON-1088688476 tempest-ServerActionsTestJSON-1088688476-project] Received port after_create {{(pid=116312) _notify_l3_agent_new_port /opt/stack/neutron/neutron/db/l3_dvrscheduler_db.py:542}}
Jun 29 17:50:15.826964 dv-neutron-848159-1-hyperv neutron-server[116312]: DEBUG neutron.api.rpc.handlers.resources_rpc [None req-4eb6fe8a-e2b5-45cf-aecd-ada45fb4d475 tempest-ServerActionsTestJSON-1088688476 tempest-ServerActionsTestJSON-1088688476-project] Pushing event updated for resources: {'Port': ['ID=606111bc-df4b-4e5e-a547-c7a5c52a3fb3,revision_number=1']} {{(pid=116312) push /opt/stack/neutron/neutron/api/rpc/handlers/resources_rpc.py:237}}
Jun 29 17:50:15.828880 dv-neutron-848159-1-hyperv neutron-server[116313]: DEBUG neutron.api.rpc.handlers.resources_rpc [None req-b39bd0cd-260c-4601-8553-7d212e56ec67 tempest-AllowedAddressPairIpV6TestJSON-2008844237 tempest-AllowedAddressPairIpV6TestJSON-2008844237-project] Pushing event updated for resources: {'Port': ['ID=60878d17-4817-4ca4-bdd6-be3fc4d9372a,revision_number=1']} {{(pid=116313) push /opt/stack/neutron/neutron/api/rpc/handlers/resources_rpc.py:237}}
Jun 29 17:50:15.834520 dv-neutron-848159-1-hyperv neutron-server[116313]: INFO neutron.wsgi [None req-b39bd0cd-260c-4601-8553-7d212e56ec67 tempest-AllowedAddressPairIpV6TestJSON-2008844237 tempest-AllowedAddressPairIpV6TestJSON-2008844237-project] 10.222.0.50 "POST /v2.0/ports HTTP/1.1" status: 201 len: 943 time: 3.7039638
Jun 29 17:50:15.902877 dv-neutron-848159-1-hyperv neutron-server[116312]: DEBUG neutron.wsgi [-] (116312) accepted ('10.222.0.50', 58306) {{(pid=116312) server /usr/local/lib/python3.8/dist-packages/eventlet/wsgi.py:1004}}
Jun 29 17:50:15.920068 dv-neutron-848159-1-hyperv neutron-server[116312]: DEBUG neutron.api.v2.base [None req-c5920b17-488f-495e-88cc-6ed51a35486f tempest-AllowedAddressPairIpV6TestJSON-2008844237 tempest-AllowedAddressPairIpV6TestJSON-2008844237-project] Request body: {'port': {'allowed_address_pairs': [{'ip_address': '2001:db8::5e', 'mac_address': 'fa:16:3e:2b:13:a8'}]}} {{(pid=116312) prepare_request_body /opt/stack/neutron/neutron/api/v2/base.py:730}}
Jun 29 17:50:15.924015 dv-neutron-848159-1-hyperv neutron-server[116313]: DEBUG neutron_lib.callbacks.manager [None req-8ebff112-f384-41b8-9421-46f8941a4b34 tempest-MeteringIpV6TestJSON-1417541386 tempest-MeteringIpV6TestJSON-1417541386-project-admin] Publish callbacks [] for metering_label_rule (None), before_response {{(pid=116313) _notify_loop /usr/local/lib/python3.8/dist-packages/neutron_lib/callbacks/manager.py:176}}
Jun 29 17:50:15.927852 dv-neutron-848159-1-hyperv neutron-server[116313]: INFO neutron.wsgi [None req-8ebff112-f384-41b8-9421-46f8941a4b34 tempest-MeteringIpV6TestJSON-1417541386 tempest-MeteringIpV6TestJSON-1417541386-project-admin] 10.222.0.50 "DELETE /v2.0/metering/metering-label-rules/d392e51f-eb3b-4c31-9fb5-e933211c3b18 HTTP/1.1" status: 204 len: 168 time: 0.6495559
Jun 29 17:50:15.952553 dv-neutron-848159-1-hyperv neutron-server[116312]: DEBUG neutron.wsgi [-] (116312) accepted ('10.222.0.50', 58308) {{(pid=116312) server /usr/local/lib/python3.8/dist-packages/eventlet/wsgi.py:1004}}
Jun 29 17:50:15.991825 dv-neutron-848159-1-hyperv neutron-server[116313]: DEBUG neutron_lib.callbacks.manager [None req-feb00797-dcd0-4110-96b0-ad7d0241d468 tempest-ServersTestJSON-1124170797 tempest-ServersTestJSON-1124170797-project] Publish callbacks ['neutron.plugins.ml2.plugin.SecurityGroupDbMixin._ensure_default_security_group_handler-1770228'] for port (None), before_create {{(pid=116313) _notify_loop /usr/local/lib/python3.8/dist-packages/neutron_lib/callbacks/manager.py:176}}
Jun 29 17:50:16.040446 dv-neutron-848159-1-hyperv neutron-server[116314]: DEBUG neutron.plugins.ml2.rpc [None req-f584aefa-841e-47a9-b85b-d596d580c37b None None] Device 22eac9b7-1876-429f-9542-cf0b9fed6371 up at agent ovs-agent-dv-neutron-848159-1-hyperv {{(pid=116314) update_device_up /opt/stack/neutron/neutron/plugins/ml2/rpc.py:296}}
Jun 29 17:50:16.078573 dv-neutron-848159-1-hyperv neutron-server[116313]: DEBUG neutron.plugins.ml2.plugin [None req-1fcb1129-3615-4994-9763-46b090c8c1e9 tempest-PortsAdminExtendedAttrsIpV6TestJSON-1289808558 tempest-PortsAdminExtendedAttrsIpV6TestJSON-1289808558-project-admin] Deleting port 18cc4056-2839-49fe-9c62-bdb630ca4d69 {{(pid=116313) _pre_delete_port /opt/stack/neutron/neutron/plugins/ml2/plugin.py:2037}}
Jun 29 17:50:16.078922 dv-neutron-848159-1-hyperv neutron-server[116313]: DEBUG neutron_lib.callbacks.manager [None req-1fcb1129-3615-4994-9763-46b090c8c1e9 tempest-PortsAdminExtendedAttrsIpV6TestJSON-1289808558 tempest-PortsAdminExtendedAttrsIpV6TestJSON-1289808558-project-admin] Publish callbacks ['neutron.db.l3_db.L3_NAT_dbonly_mixin._prevent_l3_port_delete_callback-8749075400452'] for port (18cc4056-2839-49fe-9c62-bdb630ca4d69), before_delete {{(pid=116313) _notify_loop /usr/local/lib/python3.8/dist-packages/neutron_lib/callbacks/manager.py:176}}
Jun 29 17:50:16.122926 dv-neutron-848159-1-hyperv neutron-server[116314]: DEBUG neutron.db.provisioning_blocks [None req-f584aefa-841e-47a9-b85b-d596d580c37b None None] Provisioning complete for port 22eac9b7-1876-429f-9542-cf0b9fed6371 triggered by entity L2. {{(pid=116314) provisioning_complete /opt/stack/neutron/neutron/db/provisioning_blocks.py:145}}
Jun 29 17:50:16.123581 dv-neutron-848159-1-hyperv neutron-server[116314]: DEBUG neutron_lib.callbacks.manager [None req-f584aefa-841e-47a9-b85b-d596d580c37b None None] Publish callbacks ['neutron.plugins.ml2.plugin.Ml2Plugin._port_provisioned-1386255'] for port (22eac9b7-1876-429f-9542-cf0b9fed6371), provisioning_complete {{(pid=116314) _notify_loop /usr/local/lib/python3.8/dist-packages/neutron_lib/callbacks/manager.py:176}}
Jun 29 17:50:16.163715 dv-neutron-848159-1-hyperv neutron-server[116313]: DEBUG neutron.plugins.ml2.db [None req-1fcb1129-3615-4994-9763-46b090c8c1e9 tempest-PortsAdminExtendedAttrsIpV6TestJSON-1289808558 tempest-PortsAdminExtendedAttrsIpV6TestJSON-1289808558-project-admin] For port 18cc4056-2839-49fe-9c62-bdb630ca4d69, host hv-neutron-8481, got binding levels [] {{(pid=116313) get_binding_level_objs /opt/stack/neutron/neutron/plugins/ml2/db.py:74}}
Jun 29 17:50:16.164516 dv-neutron-848159-1-hyperv neutron-server[116313]: DEBUG neutron_lib.callbacks.manager [None req-1fcb1129-3615-4994-9763-46b090c8c1e9 tempest-PortsAdminExtendedAttrsIpV6TestJSON-1289808558 tempest-PortsAdminExtendedAttrsIpV6TestJSON-1289808558-project-admin] Publish callbacks ['neutron.services.l3_router.l3_router_plugin.L3_NAT_dbonly_mixin._precommit_delete_port_callback-631692'] for port (18cc4056-2839-49fe-9c62-bdb630ca4d69), precommit_delete {{(pid=116313) _notify_loop /usr/local/lib/python3.8/dist-packages/neutron_lib/callbacks/manager.py:176}}
Jun 29 17:50:16.178605 dv-neutron-848159-1-hyperv neutron-server[116312]: DEBUG neutron_lib.callbacks.manager [None req-3230e79a-bd04-466f-91e1-a44babc057c3 tempest-RoutersIpV6AdminTest-1874716642 tempest-RoutersIpV6AdminTest-1874716642-project-admin] Publish callbacks [] for router_controller (d98d7142-32bb-44e9-9d96-426d311bfac9), precommit_add_association {{(pid=116312) _notify_loop /usr/local/lib/python3.8/dist-packages/neutron_lib/callbacks/manager.py:176}}
Jun 29 17:50:16.197306 dv-neutron-848159-1-hyperv neutron-server[116312]: DEBUG neutron_lib.callbacks.manager [None req-3230e79a-bd04-466f-91e1-a44babc057c3 tempest-RoutersIpV6AdminTest-1874716642 tempest-RoutersIpV6AdminTest-1874716642-project-admin] Publish callbacks ['neutron.services.l3_router.l3_router_plugin.L3_HA_NAT_db_mixin._after_router_create-633154', 'neutron.services.l3_router.l3_router_plugin.DVRResourceOperationHandler._create_snat_interfaces_after_change-628721'] for router (d98d7142-32bb-44e9-9d96-426d311bfac9), after_create {{(pid=116312) _notify_loop /usr/local/lib/python3.8/dist-packages/neutron_lib/callbacks/manager.py:176}}
Jun 29 17:50:16.204085 dv-neutron-848159-1-hyperv neutron-server[116313]: DEBUG neutron.plugins.ml2.plugin [None req-1fcb1129-3615-4994-9763-46b090c8c1e9 tempest-PortsAdminExtendedAttrsIpV6TestJSON-1289808558 tempest-PortsAdminExtendedAttrsIpV6TestJSON-1289808558-project-admin] Calling delete_port for 18cc4056-2839-49fe-9c62-bdb630ca4d69 owned by {{(pid=116313) delete_port /opt/stack/neutron/neutron/plugins/ml2/plugin.py:2116}}
Jun 29 17:50:16.227191 dv-neutron-848159-1-hyperv neutron-server[116314]: DEBUG neutron.plugins.ml2.plugin [None req-f584aefa-841e-47a9-b85b-d596d580c37b None None] Current status of the port 22eac9b7-1876-429f-9542-cf0b9fed6371 is: ACTIVE; New status is: ACTIVE {{(pid=116314) _update_individual_port_db_status /opt/stack/neutron/neutron/plugins/ml2/plugin.py:2292}}
Jun 29 17:50:16.276914 dv-neutron-848159-1-hyperv neutron-server[116312]: DEBUG neutron.wsgi [req-0d13b3fe-7024-404b-9e29-04a454760c2b req-a0703332-549e-42a4-9aa6-d82a2cee21a3 service neutron] http://10.222.0.50:9696/v2.0/extensions returned with HTTP 200 {{(pid=116312) __call__ /opt/stack/neutron/neutron/wsgi.py:730}}
Jun 29 17:50:16.278183 dv-neutron-848159-1-hyperv neutron-server[116312]: INFO neutron.wsgi [req-0d13b3fe-7024-404b-9e29-04a454760c2b req-a0703332-549e-42a4-9aa6-d82a2cee21a3 service neutron] 10.222.0.50 "GET /v2.0/extensions HTTP/1.1" status: 200 len: 14320 time: 0.1893806
Jun 29 17:50:16.278698 dv-neutron-848159-1-hyperv neutron-server[116312]: DEBUG dbcounter [-] [116312] Writing DB stats neutron:SELECT=87,neutron:DELETE=3,neutron:INSERT=8,neutron:UPDATE=2 {{(pid=116312) stat_writer /usr/local/lib/python3.8/dist-packages/dbcounter.py:114}}
Jun 29 17:50:16.335162 dv-neutron-848159-1-hyperv neutron-server[116313]: DEBUG dbcounter [-] [116313] Writing DB stats neutron:SELECT=92,neutron:DELETE=5,neutron:INSERT=3 {{(pid=116313) stat_writer /usr/local/lib/python3.8/dist-packages/dbcounter.py:114}}
Jun 29 17:50:16.363965 dv-neutron-848159-1-hyperv neutron-server[116313]: DEBUG neutron_lib.callbacks.manager [None req-1fcb1129-3615-4994-9763-46b090c8c1e9 tempest-PortsAdminExtendedAttrsIpV6TestJSON-1289808558 tempest-PortsAdminExtendedAttrsIpV6TestJSON-1289808558-project-admin] Publish callbacks ['neutron.plugins.ml2.plugin.SecurityGroupServerNotifierRpcMixin._notify_sg_on_port_change-1770171', 'neutron.plugins.ml2.ovo_rpc._ObjectChangeHandler.handle_event-91469', 'neutron.api.rpc.agentnotifiers.dhcp_rpc_agent_api.DhcpAgentNotifyAPI._native_event_send_dhcp_notification-587564', 'neutron.db.l3_db.L3RpcNotifierMixin._notify_routers_callback-8749075406888', 'neutron.db.l3_dvrscheduler_db._notify_port_delete-8749075008862', 'neutron.services.segments.plugin.NovaSegmentNotifier._notify_port_created_or_deleted-14799812'] for port (18cc4056-2839-49fe-9c62-bdb630ca4d69), after_delete {{(pid=116313) _notify_loop /usr/local/lib/python3.8/dist-packages/neutron_lib/callbacks/manager.py:176}}
Jun 29 17:50:16.378442 dv-neutron-848159-1-hyperv neutron-server[116313]: DEBUG neutron.db.db_base_plugin_common [None req-feb00797-dcd0-4110-96b0-ad7d0241d468 tempest-ServersTestJSON-1124170797 tempest-ServersTestJSON-1124170797-project] Allocated IP 172.26.6.219 (97aa1b3a-f42c-4226-bd52-7eea730d44e3/7c774cef-56be-435c-8514-1db5df953ecc/eb526d54-c39f-4483-8bb8-18c9c74d4bee) {{(pid=116313) _store_ip_allocation /opt/stack/neutron/neutron/db/db_base_plugin_common.py:131}}
