Jun 29 17:35:19.171193 dv-neutron-848156-1-hyperv neutron-server[105092]: DEBUG neutron.db.l3_hamode_db [None req-eebd40aa-b9fa-4b8e-a458-20998a2559c1 None None] neutron.services.l3_router.l3_router_plugin.L3RouterPlugin method get_ha_sync_data_for_host called with arguments (, 'dv-neutron-848156-1-hyperv', Agent(admin_state_up=True,agent_type='L3 agent',availability_zone='nova',binary='neutron-l3-agent',configurations={"agent_mode": "legacy", "ex_gw_ports": 1, "extensions": [], "floating_ips": 0, "handle_internal_only_routers": true, "interface_driver": "openvswitch", "interfaces": 1, "log_agent_heartbeats": false, "routers": 1},created_at=2022-06-29T17:27:14Z,description=,heartbeat_timestamp=2022-06-29T17:35:15Z,host='dv-neutron-848156-1-hyperv',id=96f4905d-d8ea-4b04-b2cc-55f44f5ee819,load=0,resource_versions=,resources_synced=,started_at=2022-06-29T17:27:15Z,topic='l3_agent')) {'router_ids': ['1d258991-b933-491f-a7eb-0bb95577e147'], 'active': True} {{(pid=105092) wrapper /usr/local/lib/python3.8/dist-packages/oslo_log/helpers.py:65}}
Jun 29 17:35:19.208410 dv-neutron-848156-1-hyperv neutron-server[105089]: DEBUG neutron.api.rpc.handlers.resources_rpc [None req-988f5d9c-ae31-4263-8f83-0dd0514bd3c2 tempest-FloatingIPAdminTestJSON-242017479 tempest-FloatingIPAdminTestJSON-242017479-project] Pushing event updated for resources: {'Port': ['ID=1a6cd3cc-9a18-4815-8267-d31713754d2a,revision_number=2']} {{(pid=105089) push /opt/stack/neutron/neutron/api/rpc/handlers/resources_rpc.py:237}}
Jun 29 17:35:19.232627 dv-neutron-848156-1-hyperv neutron-server[105090]: DEBUG neutron.notifiers.nova [None req-4ef02de1-825c-40f6-bdf7-01eb38825211 tempest-DHCPAgentSchedulersTestJSON-1451409032 tempest-DHCPAgentSchedulersTestJSON-1451409032-project] device_id is not set on port 039c2bb0-bbb5-4d82-986e-3636ee266d68 yet. {{(pid=105090) _can_notify /opt/stack/neutron/neutron/notifiers/nova.py:199}}
Jun 29 17:35:19.242501 dv-neutron-848156-1-hyperv neutron-server[105089]: DEBUG neutron_lib.callbacks.manager [None req-93dbcd4a-10cd-4f09-9b5b-c47ba6af3f40 tempest-PortsAdminExtendedAttrsTestJSON-490858473 tempest-PortsAdminExtendedAttrsTestJSON-490858473-project-admin] Publish callbacks ['neutron.plugins.ml2.plugin.SecurityGroupServerNotifierRpcMixin._notify_sg_on_port_change-1513918', 'neutron.plugins.ml2.ovo_rpc._ObjectChangeHandler.handle_event-2026824', 'neutron.api.rpc.agentnotifiers.dhcp_rpc_agent_api.DhcpAgentNotifyAPI._native_event_send_dhcp_notification-521772', 'neutron.db.l3_db.L3RpcNotifierMixin._notify_gateway_port_ip_changed-8729385622730', 'neutron.db.l3_dvrscheduler_db._notify_l3_agent_port_update-8729385275495', 'neutron.db.l3_hascheduler_db._notify_l3_agent_ha_port_update-8729385275513'] for port (49224613-8f36-407c-8d5f-b828beef945e), after_update {{(pid=105089) _notify_loop /usr/local/lib/python3.8/dist-packages/neutron_lib/callbacks/manager.py:176}}
Jun 29 17:35:19.249810 dv-neutron-848156-1-hyperv neutron-server[105090]: DEBUG neutron_lib.callbacks.manager [None req-8704b7c9-fe7e-483d-b745-0f84826d7b1c tempest-ExternalNetworksAdminNegativeTestJSON-372664792 tempest-ExternalNetworksAdminNegativeTestJSON-372664792-project-admin] Publish callbacks ['neutron.plugins.ml2.ovo_rpc._ObjectChangeHandler.handle_event-1551815'] for security_group (14cfa6ba-9966-40ce-a9e6-84db8fa717d9), after_create {{(pid=105090) _notify_loop /usr/local/lib/python3.8/dist-packages/neutron_lib/callbacks/manager.py:176}}
Jun 29 17:35:19.293030 dv-neutron-848156-1-hyperv neutron-server[105092]: DEBUG neutron.api.rpc.handlers.resources_rpc [None req-936f5ab3-61d3-4ab1-b5f8-dc3774cf2a4f None None] Pushing event updated for resources: {'Port': ['ID=c50343e5-64a7-43bb-b052-509b9bcd7187,revision_number=3']} {{(pid=105092) push /opt/stack/neutron/neutron/api/rpc/handlers/resources_rpc.py:237}}
Jun 29 17:35:19.318235 dv-neutron-848156-1-hyperv neutron-server[105092]: DEBUG dbcounter [-] [105092] Writing DB stats neutron:SELECT=99,neutron:UPDATE=1 {{(pid=105092) stat_writer /usr/local/lib/python3.8/dist-packages/dbcounter.py:114}}
Jun 29 17:35:19.332114 dv-neutron-848156-1-hyperv neutron-server[105090]: DEBUG neutron.notifiers.nova [None req-8704b7c9-fe7e-483d-b745-0f84826d7b1c tempest-ExternalNetworksAdminNegativeTestJSON-372664792 tempest-ExternalNetworksAdminNegativeTestJSON-372664792-project-admin] device_id is not set on port 0489da32-4036-42a8-9deb-0bb532040400 yet. {{(pid=105090) _can_notify /opt/stack/neutron/neutron/notifiers/nova.py:199}}
Jun 29 17:35:19.332777 dv-neutron-848156-1-hyperv neutron-server[105089]: DEBUG neutron_lib.callbacks.manager [None req-988f5d9c-ae31-4263-8f83-0dd0514bd3c2 tempest-FloatingIPAdminTestJSON-242017479 tempest-FloatingIPAdminTestJSON-242017479-project] Publish callbacks ['neutron.notifiers.nova.Notifier._send_nova_notification-18475'] for floatingip (None), before_response {{(pid=105089) _notify_loop /usr/local/lib/python3.8/dist-packages/neutron_lib/callbacks/manager.py:176}}
Jun 29 17:35:19.335313 dv-neutron-848156-1-hyperv neutron-server[105089]: INFO neutron.wsgi [None req-988f5d9c-ae31-4263-8f83-0dd0514bd3c2 tempest-FloatingIPAdminTestJSON-242017479 tempest-FloatingIPAdminTestJSON-242017479-project] 10.222.0.23 "POST /v2.0/floatingips HTTP/1.1" status: 201 len: 693 time: 5.0649984
Jun 29 17:35:19.342399 dv-neutron-848156-1-hyperv neutron-server[105089]: DEBUG neutron.scheduler.l3_agent_scheduler [None req-d07fa4f3-a314-42b7-b04e-c849d061a958 admin admin] Router 2cdf52ab-2993-4783-a531-1a97fccaf374 is scheduled to L3 agent 96f4905d-d8ea-4b04-b2cc-55f44f5ee819 with binding_index 1 {{(pid=105089) bind_router /opt/stack/neutron/neutron/scheduler/l3_agent_scheduler.py:209}}
Jun 29 17:35:19.345225 dv-neutron-848156-1-hyperv neutron-server[105089]: DEBUG neutron.pecan_wsgi.hooks.policy_enforcement [None req-93dbcd4a-10cd-4f09-9b5b-c47ba6af3f40 tempest-PortsAdminExtendedAttrsTestJSON-490858473 tempest-PortsAdminExtendedAttrsTestJSON-490858473-project-admin] Attributes excluded by policy engine: ['standard_attr_id'] {{(pid=105089) _exclude_attributes_by_policy /opt/stack/neutron/neutron/pecan_wsgi/hooks/policy_enforcement.py:259}}
Jun 29 17:35:19.347429 dv-neutron-848156-1-hyperv neutron-server[105089]: DEBUG neutron_lib.callbacks.manager [None req-93dbcd4a-10cd-4f09-9b5b-c47ba6af3f40 tempest-PortsAdminExtendedAttrsTestJSON-490858473 tempest-PortsAdminExtendedAttrsTestJSON-490858473-project-admin] Publish callbacks ['neutron.notifiers.nova.Notifier._send_nova_notification-18475', 'neutron.api.rpc.agentnotifiers.dhcp_rpc_agent_api.DhcpAgentNotifyAPI._send_dhcp_notification-521758'] for port (None), before_response {{(pid=105089) _notify_loop /usr/local/lib/python3.8/dist-packages/neutron_lib/callbacks/manager.py:176}}
Jun 29 17:35:19.358339 dv-neutron-848156-1-hyperv neutron-server[105089]: DEBUG neutron.wsgi [-] (105089) accepted ('10.222.0.23', 60352) {{(pid=105089) server /usr/local/lib/python3.8/dist-packages/eventlet/wsgi.py:1004}}
Jun 29 17:35:19.369468 dv-neutron-848156-1-hyperv neutron-server[105089]: DEBUG neutron.api.v2.base [None req-03aec6a7-f178-4e4d-ad39-9030c3613c54 tempest-FloatingIPAdminTestJSON-242017479 tempest-FloatingIPAdminTestJSON-242017479-project] Request body: {'network': {'name': 'tempest-FloatingIPAdminTestJSON-test-network-1180026656'}} {{(pid=105089) prepare_request_body /opt/stack/neutron/neutron/api/v2/base.py:730}}
Jun 29 17:35:19.373376 dv-neutron-848156-1-hyperv neutron-server[105092]: DEBUG neutron.db.l3_dvr_db [None req-eebd40aa-b9fa-4b8e-a458-20998a2559c1 None None] Set router 1d258991-b933-491f-a7eb-0bb95577e147 gateway port host: dv-neutron-848156-1-hyperv {{(pid=105092) _build_routers_list /opt/stack/neutron/neutron/db/l3_dvr_db.py:907}}
Jun 29 17:35:19.427646 dv-neutron-848156-1-hyperv neutron-server[105089]: DEBUG neutron.api.rpc.handlers.resources_rpc [None req-93dbcd4a-10cd-4f09-9b5b-c47ba6af3f40 tempest-PortsAdminExtendedAttrsTestJSON-490858473 tempest-PortsAdminExtendedAttrsTestJSON-490858473-project-admin] Pushing event updated for resources: {'Port': ['ID=49224613-8f36-407c-8d5f-b828beef945e,revision_number=2']} {{(pid=105089) push /opt/stack/neutron/neutron/api/rpc/handlers/resources_rpc.py:237}}
Jun 29 17:35:19.431030 dv-neutron-848156-1-hyperv neutron-server[105090]: DEBUG neutron_lib.callbacks.manager [None req-3b9fb4ab-e18a-4438-a5dd-81e5c506f141 admin admin] Publish callbacks [] for security_group (None), before_create {{(pid=105090) _notify_loop /usr/local/lib/python3.8/dist-packages/neutron_lib/callbacks/manager.py:176}}
Jun 29 17:35:19.473094 dv-neutron-848156-1-hyperv neutron-server[105090]: DEBUG neutron_lib.callbacks.manager [None req-1129a2b1-cf2d-4b15-b1e0-d6787eb2b966 tempest-ExternalNetworksTestJSON-1896094174 tempest-ExternalNetworksTestJSON-1896094174-project-admin] Publish callbacks ['neutron.services.auto_allocate.db._ensure_external_network_default_value_callback-8729385229204'] for network (b3928722-c8ce-42d7-9ec1-a75341e5fe3d), precommit_create {{(pid=105090) _notify_loop /usr/local/lib/python3.8/dist-packages/neutron_lib/callbacks/manager.py:176}}
Jun 29 17:35:19.512291 dv-neutron-848156-1-hyperv neutron-server[105089]: DEBUG neutron.pecan_wsgi.hooks.quota_enforcement [None req-03aec6a7-f178-4e4d-ad39-9030c3613c54 tempest-FloatingIPAdminTestJSON-242017479 tempest-FloatingIPAdminTestJSON-242017479-project] Made reservation on behalf of fd6bf87910f64594b3ab373e8ed2f56f for: {'network': 1} {{(pid=105089) before /opt/stack/neutron/neutron/pecan_wsgi/hooks/quota_enforcement.py:53}}
Jun 29 17:35:19.516023 dv-neutron-848156-1-hyperv neutron-server[105089]: DEBUG neutron_lib.callbacks.manager [None req-03aec6a7-f178-4e4d-ad39-9030c3613c54 tempest-FloatingIPAdminTestJSON-242017479 tempest-FloatingIPAdminTestJSON-242017479-project] Publish callbacks ['neutron.plugins.ml2.plugin.SecurityGroupDbMixin._ensure_default_security_group_handler-1513969'] for network (None), before_create {{(pid=105089) _notify_loop /usr/local/lib/python3.8/dist-packages/neutron_lib/callbacks/manager.py:176}}
Jun 29 17:35:19.549928 dv-neutron-848156-1-hyperv neutron-server[105089]: INFO neutron.wsgi [None req-93dbcd4a-10cd-4f09-9b5b-c47ba6af3f40 tempest-PortsAdminExtendedAttrsTestJSON-490858473 tempest-PortsAdminExtendedAttrsTestJSON-490858473-project-admin] 10.222.0.23 "POST /v2.0/ports HTTP/1.1" status: 201 len: 981 time: 5.4665511
Jun 29 17:35:19.549928 dv-neutron-848156-1-hyperv neutron-server[105089]: DEBUG neutron_lib.callbacks.manager [None req-03aec6a7-f178-4e4d-ad39-9030c3613c54 tempest-FloatingIPAdminTestJSON-242017479 tempest-FloatingIPAdminTestJSON-242017479-project] Publish callbacks [] for security_group (None), before_create {{(pid=105089) _notify_loop /usr/local/lib/python3.8/dist-packages/neutron_lib/callbacks/manager.py:176}}
Jun 29 17:35:19.551002 dv-neutron-848156-1-hyperv neutron-server[105089]: DEBUG neutron.wsgi [-] (105089) accepted ('10.222.0.23', 60354) {{(pid=105089) server /usr/local/lib/python3.8/dist-packages/eventlet/wsgi.py:1004}}
Jun 29 17:35:19.613372 dv-neutron-848156-1-hyperv neutron-server[105090]: DEBUG neutron.api.rpc.handlers.resources_rpc [None req-8704b7c9-fe7e-483d-b745-0f84826d7b1c tempest-ExternalNetworksAdminNegativeTestJSON-372664792 tempest-ExternalNetworksAdminNegativeTestJSON-372664792-project-admin] Pushing event updated for resources: {'SecurityGroup': ['ID=14cfa6ba-9966-40ce-a9e6-84db8fa717d9,revision_number=1']} {{(pid=105090) push /opt/stack/neutron/neutron/api/rpc/handlers/resources_rpc.py:237}}
Jun 29 17:35:19.623479 dv-neutron-848156-1-hyperv neutron-server[105092]: DEBUG neutron.db.l3_hamode_db [None req-eebd40aa-b9fa-4b8e-a458-20998a2559c1 None None] neutron.services.l3_router.l3_router_plugin.L3RouterPlugin method _process_sync_ha_data called with arguments (, [{'id': '1d258991-b933-491f-a7eb-0bb95577e147', 'name': 'tempest-ServersTestJSON-1876014887-router', 'tenant_id': 'a1e61f4839f24aa5af0da7ec80b2497f', 'admin_state_up': True, 'status': 'ACTIVE', 'external_gateway_info': {'network_id': '7f64edce-ae3f-4a46-91dd-2065c09dca13', 'external_fixed_ips': [{'subnet_id': '20bc3e1c-75df-48be-9a14-d501169eb4ac', 'ip_address': '172.26.1.149'}], 'enable_snat': True}, 'gw_port_id': 'c50343e5-64a7-43bb-b052-509b9bcd7187', 'description': '', 'availability_zones': ['nova'], 'distributed': False, 'ha': False, 'ha_vr_id': 0, 'availability_zone_hints': [], 'routes': [], 'flavor_id': None, 'tags': [], 'created_at': '2022-06-29T17:35:12Z', 'updated_at': '2022-06-29T17:35:15Z', 'revision_number': 3, 'project_id': 'a1e61f4839f24aa5af0da7ec80b2497f', 'gw_port': {'id': 'c50343e5-64a7-43bb-b052-509b9bcd7187', 'name': '', 'network_id': '7f64edce-ae3f-4a46-91dd-2065c09dca13', 'tenant_id': '', 'mac_address': 'fa:16:3e:79:cf:76', 'admin_state_up': True, 'status': 'DOWN', 'device_id': '1d258991-b933-491f-a7eb-0bb95577e147', 'device_owner': 'network:router_gateway', 'standard_attr_id': 58, 'fixed_ips': [{'subnet_id': '20bc3e1c-75df-48be-9a14-d501169eb4ac', 'ip_address': '172.26.1.149', 'prefixlen': 24}], 'allowed_address_pairs': [], 'extra_dhcp_opts': [], 'security_groups': [], 'description': '', 'binding:vnic_type': 'normal', 'binding:profile': {}, 'binding:host_id': 'dv-neutron-848156-1-hyperv', 'binding:vif_type': 'ovs', 'binding:vif_details': {'connectivity': 'l2', 'port_filter': True, 'ovs_hybrid_plug': False, 'datapath_type': 'system', 'bridge_name': 'br-int', 'bound_drivers': {'0': 'openvswitch'}}, 'port_security_enabled': False, 'tags': [], 'created_at': '2022-06-29T17:35:13Z', 'updated_at': '2022-06-29T17:35:19Z', 'revision_number': 3, 'project_id': '', 'subnets': [{'id': '20bc3e1c-75df-48be-9a14-d501169eb4ac', 'cidr': '172.26.1.0/24', 'gateway_ip': '172.26.1.1', 'dns_nameservers': [], 'ipv6_ra_mode': None, 'subnetpool_id': None}], 'extra_subnets': [], 'address_scopes': {4: None, 6: None}, 'mtu': 1500}, 'enable_snat': True, 'gw_port_host': 'dv-neutron-848156-1-hyperv'}], 'dv-neutron-848156-1-hyperv', False) {} {{(pid=105092) wrapper /usr/local/lib/python3.8/dist-packages/oslo_log/helpers.py:65}}
Jun 29 17:35:19.647729 dv-neutron-848156-1-hyperv neutron-server[105089]: DEBUG neutron.api.rpc.agentnotifiers.l3_rpc_agent_api [None req-d07fa4f3-a314-42b7-b04e-c849d061a958 admin admin] Notify agent at l3_agent.dv-neutron-848156-1-hyperv the message routers_updated {{(pid=105089) _agent_notification /opt/stack/neutron/neutron/api/rpc/agentnotifiers/l3_rpc_agent_api.py:65}}
Jun 29 17:35:19.664335 dv-neutron-848156-1-hyperv neutron-server[105092]: DEBUG neutron.api.rpc.handlers.l3_rpc [None req-eebd40aa-b9fa-4b8e-a458-20998a2559c1 None None] The sync data for ids ['1d258991-b933-491f-a7eb-0bb95577e147'] in dv-neutron-848156-1-hyperv is: [{'id': '1d258991-b933-491f-a7eb-0bb95577e147', 'name': 'tempest-ServersTestJSON-1876014887-router', 'tenant_id': 'a1e61f4839f24aa5af0da7ec80b2497f', 'admin_state_up': True, 'status': 'ACTIVE', 'external_gateway_info': {'network_id': '7f64edce-ae3f-4a46-91dd-2065c09dca13', 'external_fixed_ips': [{'subnet_id': '20bc3e1c-75df-48be-9a14-d501169eb4ac', 'ip_address': '172.26.1.149'}], 'enable_snat': True}, 'gw_port_id': 'c50343e5-64a7-43bb-b052-509b9bcd7187', 'description': '', 'availability_zones': ['nova'], 'distributed': False, 'ha': False, 'ha_vr_id': 0, 'availability_zone_hints': [], 'routes': [], 'flavor_id': None, 'tags': [], 'created_at': '2022-06-29T17:35:12Z', 'updated_at': '2022-06-29T17:35:15Z', 'revision_number': 3, 'project_id': 'a1e61f4839f24aa5af0da7ec80b2497f', 'gw_port': {'id': 'c50343e5-64a7-43bb-b052-509b9bcd7187', 'name': '', 'network_id': '7f64edce-ae3f-4a46-91dd-2065c09dca13', 'tenant_id': '', 'mac_address': 'fa:16:3e:79:cf:76', 'admin_state_up': True, 'status': 'DOWN', 'device_id': '1d258991-b933-491f-a7eb-0bb95577e147', 'device_owner': 'network:router_gateway', 'standard_attr_id': 58, 'fixed_ips': [{'subnet_id': '20bc3e1c-75df-48be-9a14-d501169eb4ac', 'ip_address': '172.26.1.149', 'prefixlen': 24}], 'allowed_address_pairs': [], 'extra_dhcp_opts': [], 'security_groups': [], 'description': '', 'binding:vnic_type': 'normal', 'binding:profile': {}, 'binding:host_id': 'dv-neutron-848156-1-hyperv', 'binding:vif_type': 'ovs', 'binding:vif_details': {'connectivity': 'l2', 'port_filter': True, 'ovs_hybrid_plug': False, 'datapath_type': 'system', 'bridge_name': 'br-int', 'bound_drivers': {'0': 'openvswitch'}}, 'port_security_enabled': False, 'tags': [], 'created_at': '2022-06-29T17:35:13Z', 'updated_at': '2022-06-29T17:35:19Z', 'revision_number': 3, 'project_id': '', 'subnets': [{'id': '20bc3e1c-75df-48be-9a14-d501169eb4ac', 'cidr': '172.26.1.0/24', 'gateway_ip': '172.26.1.1', 'dns_nameservers': [], 'ipv6_ra_mode': None, 'subnetpool_id': None}], 'extra_subnets': [], 'address_scopes': {4: None, 6: None}, 'mtu': 1500}, 'enable_snat': True, 'gw_port_host': 'dv-neutron-848156-1-hyperv'}] {{(pid=105092) sync_routers /opt/stack/neutron/neutron/api/rpc/handlers/l3_rpc.py:137}}
Jun 29 17:35:19.671776 dv-neutron-848156-1-hyperv neutron-server[105091]: DEBUG neutron.api.rpc.handlers.l3_rpc [None req-eb137eda-a67d-446f-a18f-3adf73bf9a85 None None] Sync routers for ids ['2cdf52ab-2993-4783-a531-1a97fccaf374'] in dv-neutron-848156-1-hyperv {{(pid=105091) sync_routers /opt/stack/neutron/neutron/api/rpc/handlers/l3_rpc.py:125}}
Jun 29 17:35:19.684556 dv-neutron-848156-1-hyperv neutron-server[105091]: DEBUG neutron.db.l3_dvrscheduler_db [None req-eb137eda-a67d-446f-a18f-3adf73bf9a85 None None] Routers {'2cdf52ab-2993-4783-a531-1a97fccaf374'} bound to L3 agent in host dv-neutron-848156-1-hyperv {{(pid=105091) _get_router_ids_for_agent /opt/stack/neutron/neutron/db/l3_dvrscheduler_db.py:426}}
Jun 29 17:35:19.684871 dv-neutron-848156-1-hyperv neutron-server[105091]: DEBUG neutron.db.l3_hamode_db [None req-eb137eda-a67d-446f-a18f-3adf73bf9a85 None None] neutron.services.l3_router.l3_router_plugin.L3RouterPlugin method get_ha_sync_data_for_host called with arguments (, 'dv-neutron-848156-1-hyperv', Agent(admin_state_up=True,agent_type='L3 agent',availability_zone='nova',binary='neutron-l3-agent',configurations={"agent_mode": "legacy", "ex_gw_ports": 1, "extensions": [], "floating_ips": 0, "handle_internal_only_routers": true, "interface_driver": "openvswitch", "interfaces": 1, "log_agent_heartbeats": false, "routers": 1},created_at=2022-06-29T17:27:14Z,description=,heartbeat_timestamp=2022-06-29T17:35:15Z,host='dv-neutron-848156-1-hyperv',id=96f4905d-d8ea-4b04-b2cc-55f44f5ee819,load=0,resource_versions=,resources_synced=,started_at=2022-06-29T17:27:15Z,topic='l3_agent')) {'router_ids': ['2cdf52ab-2993-4783-a531-1a97fccaf374'], 'active': True} {{(pid=105091) wrapper /usr/local/lib/python3.8/dist-packages/oslo_log/helpers.py:65}}
Jun 29 17:35:19.716315 dv-neutron-848156-1-hyperv neutron-server[105089]: DEBUG neutron.plugins.ml2.plugin [None req-a1914593-5e74-45ba-b867-426c60b7b26d tempest-PortsAdminExtendedAttrsTestJSON-490858473 tempest-PortsAdminExtendedAttrsTestJSON-490858473-project-admin] Deleting port 49224613-8f36-407c-8d5f-b828beef945e {{(pid=105089) _pre_delete_port /opt/stack/neutron/neutron/plugins/ml2/plugin.py:2037}}
Jun 29 17:35:19.716672 dv-neutron-848156-1-hyperv neutron-server[105089]: DEBUG neutron_lib.callbacks.manager [None req-a1914593-5e74-45ba-b867-426c60b7b26d tempest-PortsAdminExtendedAttrsTestJSON-490858473 tempest-PortsAdminExtendedAttrsTestJSON-490858473-project-admin] Publish callbacks ['neutron.db.l3_db.L3_NAT_dbonly_mixin._prevent_l3_port_delete_callback-8729385618436'] for port (49224613-8f36-407c-8d5f-b828beef945e), before_delete {{(pid=105089) _notify_loop /usr/local/lib/python3.8/dist-packages/neutron_lib/callbacks/manager.py:176}}
Jun 29 17:35:19.846834 dv-neutron-848156-1-hyperv neutron-server[105091]: DEBUG neutron.db.l3_dvr_db [None req-eb137eda-a67d-446f-a18f-3adf73bf9a85 None None] Set router 2cdf52ab-2993-4783-a531-1a97fccaf374 gateway port host: dv-neutron-848156-1-hyperv {{(pid=105091) _build_routers_list /opt/stack/neutron/neutron/db/l3_dvr_db.py:907}}
Jun 29 17:35:19.872035 dv-neutron-848156-1-hyperv neutron-server[105090]: DEBUG neutron_lib.callbacks.manager [None req-1129a2b1-cf2d-4b15-b1e0-d6787eb2b966 tempest-ExternalNetworksTestJSON-1896094174 tempest-ExternalNetworksTestJSON-1896094174-project-admin] Publish callbacks ['neutron.plugins.ml2.ovo_rpc._ObjectChangeHandler.handle_event-1551798', 'neutron.api.rpc.agentnotifiers.dhcp_rpc_agent_api.DhcpAgentNotifyAPI._native_event_send_dhcp_notification-521772'] for network (b3928722-c8ce-42d7-9ec1-a75341e5fe3d), after_create {{(pid=105090) _notify_loop /usr/local/lib/python3.8/dist-packages/neutron_lib/callbacks/manager.py:176}}
Jun 29 17:35:19.873143 dv-neutron-848156-1-hyperv neutron-server[105090]: DEBUG neutron.pecan_wsgi.hooks.policy_enforcement [None req-1129a2b1-cf2d-4b15-b1e0-d6787eb2b966 tempest-ExternalNetworksTestJSON-1896094174 tempest-ExternalNetworksTestJSON-1896094174-project-admin] Attributes excluded by policy engine: ['standard_attr_id', 'vlan_transparent'] {{(pid=105090) _exclude_attributes_by_policy /opt/stack/neutron/neutron/pecan_wsgi/hooks/policy_enforcement.py:259}}
Jun 29 17:35:19.873721 dv-neutron-848156-1-hyperv neutron-server[105090]: DEBUG neutron_lib.callbacks.manager [None req-1129a2b1-cf2d-4b15-b1e0-d6787eb2b966 tempest-ExternalNetworksTestJSON-1896094174 tempest-ExternalNetworksTestJSON-1896094174-project-admin] Publish callbacks ['neutron.api.rpc.agentnotifiers.dhcp_rpc_agent_api.DhcpAgentNotifyAPI._send_dhcp_notification-521758'] for network (None), before_response {{(pid=105090) _notify_loop /usr/local/lib/python3.8/dist-packages/neutron_lib/callbacks/manager.py:176}}
Jun 29 17:35:19.882050 dv-neutron-848156-1-hyperv neutron-server[105090]: DEBUG neutron.db.db_base_plugin_common [None req-4ef02de1-825c-40f6-bdf7-01eb38825211 tempest-DHCPAgentSchedulersTestJSON-1451409032 tempest-DHCPAgentSchedulersTestJSON-1451409032-project] Allocated IP 172.20.0.8 (94388b28-ba3b-481d-9f68-f265fd850eda/042a84fe-c5ee-484d-ae9b-3670f47d6276/039c2bb0-bbb5-4d82-986e-3636ee266d68) {{(pid=105090) _store_ip_allocation /opt/stack/neutron/neutron/db/db_base_plugin_common.py:131}}
Jun 29 17:35:19.953691 dv-neutron-848156-1-hyperv neutron-server[105089]: DEBUG neutron_lib.callbacks.manager [None req-03aec6a7-f178-4e4d-ad39-9030c3613c54 tempest-FloatingIPAdminTestJSON-242017479 tempest-FloatingIPAdminTestJSON-242017479-project] Publish callbacks [] for security_group (674ffc9f-0c33-4aac-8b2e-1011855388d3), precommit_create {{(pid=105089) _notify_loop /usr/local/lib/python3.8/dist-packages/neutron_lib/callbacks/manager.py:176}}
Jun 29 17:35:19.966346 dv-neutron-848156-1-hyperv neutron-server[105089]: DEBUG neutron_lib.callbacks.manager [None req-d07fa4f3-a314-42b7-b04e-c849d061a958 admin admin] Publish callbacks [] for router (None), before_response {{(pid=105089) _notify_loop /usr/local/lib/python3.8/dist-packages/neutron_lib/callbacks/manager.py:176}}
Jun 29 17:35:19.967674 dv-neutron-848156-1-hyperv neutron-server[105089]: INFO neutron.wsgi [None req-d07fa4f3-a314-42b7-b04e-c849d061a958 admin admin] 10.222.0.23 "POST /v2.0/routers HTTP/1.1" status: 201 len: 924 time: 7.1992793
Jun 29 17:35:19.977139 dv-neutron-848156-1-hyperv neutron-server[105089]: DEBUG neutron.plugins.ml2.db [None req-a1914593-5e74-45ba-b867-426c60b7b26d tempest-PortsAdminExtendedAttrsTestJSON-490858473 tempest-PortsAdminExtendedAttrsTestJSON-490858473-project-admin] For port 49224613-8f36-407c-8d5f-b828beef945e, host hv-neutron-8481, got binding levels [] {{(pid=105089) get_binding_level_objs /opt/stack/neutron/neutron/plugins/ml2/db.py:74}}
Jun 29 17:35:19.977509 dv-neutron-848156-1-hyperv neutron-server[105090]: DEBUG dbcounter [-] [105090] Writing DB stats neutron:SELECT=84,neutron:UPDATE=2,neutron:DELETE=5,neutron:INSERT=9 {{(pid=105090) stat_writer /usr/local/lib/python3.8/dist-packages/dbcounter.py:114}}
Jun 29 17:35:19.977617 dv-neutron-848156-1-hyperv neutron-server[105089]: DEBUG neutron_lib.callbacks.manager [None req-a1914593-5e74-45ba-b867-426c60b7b26d tempest-PortsAdminExtendedAttrsTestJSON-490858473 tempest-PortsAdminExtendedAttrsTestJSON-490858473-project-admin] Publish callbacks ['neutron.services.l3_router.l3_router_plugin.L3_NAT_dbonly_mixin._precommit_delete_port_callback-385420'] for port (49224613-8f36-407c-8d5f-b828beef945e), precommit_delete {{(pid=105089) _notify_loop /usr/local/lib/python3.8/dist-packages/neutron_lib/callbacks/manager.py:176}}
Jun 29 17:35:19.981249 dv-neutron-848156-1-hyperv neutron-server[105090]: DEBUG neutron_lib.callbacks.manager [None req-3b9fb4ab-e18a-4438-a5dd-81e5c506f141 admin admin] Publish callbacks [] for security_group (c03676c3-5459-4012-863c-4441b5f6f532), precommit_create {{(pid=105090) _notify_loop /usr/local/lib/python3.8/dist-packages/neutron_lib/callbacks/manager.py:176}}
Jun 29 17:35:19.982043 dv-neutron-848156-1-hyperv neutron-server[105090]: DEBUG neutron.wsgi [-] (105090) accepted ('10.222.0.23', 60356) {{(pid=105090) server /usr/local/lib/python3.8/dist-packages/eventlet/wsgi.py:1004}}
Jun 29 17:35:20.000811 dv-neutron-848156-1-hyperv neutron-server[105089]: DEBUG neutron.plugins.ml2.plugin [None req-a1914593-5e74-45ba-b867-426c60b7b26d tempest-PortsAdminExtendedAttrsTestJSON-490858473 tempest-PortsAdminExtendedAttrsTestJSON-490858473-project-admin] Calling delete_port for 49224613-8f36-407c-8d5f-b828beef945e owned by {{(pid=105089) delete_port /opt/stack/neutron/neutron/plugins/ml2/plugin.py:2116}}
Jun 29 17:35:20.061766 dv-neutron-848156-1-hyperv neutron-server[105089]: DEBUG neutron_lib.callbacks.manager [None req-03aec6a7-f178-4e4d-ad39-9030c3613c54 tempest-FloatingIPAdminTestJSON-242017479 tempest-FloatingIPAdminTestJSON-242017479-project] Publish callbacks ['neutron.plugins.ml2.ovo_rpc._ObjectChangeHandler.handle_event-1551815'] for security_group (674ffc9f-0c33-4aac-8b2e-1011855388d3), after_create {{(pid=105089) _notify_loop /usr/local/lib/python3.8/dist-packages/neutron_lib/callbacks/manager.py:176}}
Jun 29 17:35:20.077857 dv-neutron-848156-1-hyperv neutron-server[105091]: DEBUG neutron.db.l3_hamode_db [None req-eb137eda-a67d-446f-a18f-3adf73bf9a85 None None] neutron.services.l3_router.l3_router_plugin.L3RouterPlugin method _process_sync_ha_data called with arguments (, [{'id': '2cdf52ab-2993-4783-a531-1a97fccaf374', 'name': 'tempest-ServersTestManualDisk-1431892298-router', 'tenant_id': '5bb5f5f7411c4b028d5bd0be602c2716', 'admin_state_up': True, 'status': 'ACTIVE', 'external_gateway_info': {'network_id': '7f64edce-ae3f-4a46-91dd-2065c09dca13', 'external_fixed_ips': [{'subnet_id': '20bc3e1c-75df-48be-9a14-d501169eb4ac', 'ip_address': '172.26.1.133'}], 'enable_snat': True}, 'gw_port_id': 'f251f543-08bd-485d-a6fd-0b8675c1e1f5', 'description': '', 'availability_zones': ['nova'], 'distributed': False, 'ha': False, 'ha_vr_id': 0, 'availability_zone_hints': [], 'routes': [], 'flavor_id': None, 'tags': [], 'created_at': '2022-06-29T17:35:12Z', 'updated_at': '2022-06-29T17:35:17Z', 'revision_number': 3, 'project_id': '5bb5f5f7411c4b028d5bd0be602c2716', 'gw_port': {'id': 'f251f543-08bd-485d-a6fd-0b8675c1e1f5', 'name': '', 'network_id': '7f64edce-ae3f-4a46-91dd-2065c09dca13', 'tenant_id': '', 'mac_address': 'fa:16:3e:86:b4:94', 'admin_state_up': True, 'status': 'DOWN', 'device_id': '2cdf52ab-2993-4783-a531-1a97fccaf374', 'device_owner': 'network:router_gateway', 'standard_attr_id': 77, 'fixed_ips': [{'subnet_id': '20bc3e1c-75df-48be-9a14-d501169eb4ac', 'ip_address': '172.26.1.133', 'prefixlen': 24}], 'allowed_address_pairs': [], 'extra_dhcp_opts': [], 'security_groups': [], 'description': '', 'binding:vnic_type': 'normal', 'binding:profile': {}, 'binding:host_id': '', 'binding:vif_type': 'unbound', 'binding:vif_details': {}, 'port_security_enabled': False, 'tags': [], 'created_at': '2022-06-29T17:35:14Z', 'updated_at': '2022-06-29T17:35:16Z', 'revision_number': 1, 'project_id': '', 'subnets': [{'id': '20bc3e1c-75df-48be-9a14-d501169eb4ac', 'cidr': '172.26.1.0/24', 'gateway_ip': '172.26.1.1', 'dns_nameservers': [], 'ipv6_ra_mode': None, 'subnetpool_id': None}], 'extra_subnets': [], 'address_scopes': {4: None, 6: None}, 'mtu': 1500}, 'enable_snat': True, 'gw_port_host': 'dv-neutron-848156-1-hyperv'}], 'dv-neutron-848156-1-hyperv', False) {} {{(pid=105091) wrapper /usr/local/lib/python3.8/dist-packages/oslo_log/helpers.py:65}}
Jun 29 17:35:20.149400 dv-neutron-848156-1-hyperv neutron-server[105091]: DEBUG neutron.api.rpc.handlers.l3_rpc [None req-eb137eda-a67d-446f-a18f-3adf73bf9a85 None None] Checking router: 2cdf52ab-2993-4783-a531-1a97fccaf374 for host: dv-neutron-848156-1-hyperv {{(pid=105091) _ensure_host_set_on_ports /opt/stack/neutron/neutron/api/rpc/handlers/l3_rpc.py:155}}
Jun 29 17:35:20.149753 dv-neutron-848156-1-hyperv neutron-server[105091]: DEBUG neutron.api.rpc.handlers.l3_rpc [None req-eb137eda-a67d-446f-a18f-3adf73bf9a85 None None] Updating router 2cdf52ab-2993-4783-a531-1a97fccaf374 port f251f543-08bd-485d-a6fd-0b8675c1e1f5 binding host dv-neutron-848156-1-hyperv {{(pid=105091) _ensure_host_set_on_port /opt/stack/neutron/neutron/api/rpc/handlers/l3_rpc.py:205}}
Jun 29 17:35:20.167945 dv-neutron-848156-1-hyperv neutron-server[105089]: DEBUG neutron.plugins.ml2.drivers.helpers [None req-03aec6a7-f178-4e4d-ad39-9030c3613c54 tempest-FloatingIPAdminTestJSON-242017479 tempest-FloatingIPAdminTestJSON-242017479-project] vlan segment allocate from pool success with {'vlan_id': 115, 'physical_network': 'physnet1'} {{(pid=105089) allocate_partially_specified_segment /opt/stack/neutron/neutron/plugins/ml2/drivers/helpers.py:153}}
Jun 29 17:35:20.196679 dv-neutron-848156-1-hyperv neutron-server[105091]: DEBUG neutron_lib.callbacks.manager [None req-eb137eda-a67d-446f-a18f-3adf73bf9a85 None None] Publish callbacks ['neutron.plugins.ml2.plugin.SecurityGroupDbMixin._ensure_default_security_group_handler-1513969'] for port (f251f543-08bd-485d-a6fd-0b8675c1e1f5), before_update {{(pid=105091) _notify_loop /usr/local/lib/python3.8/dist-packages/neutron_lib/callbacks/manager.py:176}}
Jun 29 17:35:20.199881 dv-neutron-848156-1-hyperv neutron-server[105089]: DEBUG dbcounter [-] [105089] Writing DB stats neutron:SELECT=89,neutron:INSERT=7,neutron:DELETE=4 {{(pid=105089) stat_writer /usr/local/lib/python3.8/dist-packages/dbcounter.py:114}}
Jun 29 17:35:20.200370 dv-neutron-848156-1-hyperv neutron-server[105089]: DEBUG neutron.api.rpc.handlers.resources_rpc [None req-03aec6a7-f178-4e4d-ad39-9030c3613c54 tempest-FloatingIPAdminTestJSON-242017479 tempest-FloatingIPAdminTestJSON-242017479-project] Pushing event updated for resources: {'SecurityGroup': ['ID=674ffc9f-0c33-4aac-8b2e-1011855388d3,revision_number=1']} {{(pid=105089) push /opt/stack/neutron/neutron/api/rpc/handlers/resources_rpc.py:237}}
Jun 29 17:35:20.208025 dv-neutron-848156-1-hyperv neutron-server[105089]: DEBUG neutron_lib.callbacks.manager [None req-03aec6a7-f178-4e4d-ad39-9030c3613c54 tempest-FloatingIPAdminTestJSON-242017479 tempest-FloatingIPAdminTestJSON-242017479-project] Publish callbacks ['neutron.plugins.ml2.plugin.Ml2Plugin._handle_segment_change-1542280'] for segment (f88f16b8-dde6-4216-bd05-52ebb395fd4e), precommit_create {{(pid=105089) _notify_loop /usr/local/lib/python3.8/dist-packages/neutron_lib/callbacks/manager.py:176}}
Jun 29 17:35:20.208311 dv-neutron-848156-1-hyperv neutron-server[105089]: INFO neutron.db.segments_db [None req-03aec6a7-f178-4e4d-ad39-9030c3613c54 tempest-FloatingIPAdminTestJSON-242017479 tempest-FloatingIPAdminTestJSON-242017479-project] Added segment f88f16b8-dde6-4216-bd05-52ebb395fd4e of type vlan for network bb365bcc-15d2-4843-98b7-171793c7bd32
Jun 29 17:35:20.276790 dv-neutron-848156-1-hyperv neutron-server[105089]: DEBUG neutron_lib.callbacks.manager [None req-03aec6a7-f178-4e4d-ad39-9030c3613c54 tempest-FloatingIPAdminTestJSON-242017479 tempest-FloatingIPAdminTestJSON-242017479-project] Publish callbacks ['neutron.services.auto_allocate.db._ensure_external_network_default_value_callback-8729385229204'] for network (bb365bcc-15d2-4843-98b7-171793c7bd32), precommit_create {{(pid=105089) _notify_loop /usr/local/lib/python3.8/dist-packages/neutron_lib/callbacks/manager.py:176}}
Jun 29 17:35:20.280827 dv-neutron-848156-1-hyperv neutron-server[105089]: DEBUG dbcounter [-] [105089] Writing DB stats neutron:SELECT=77,neutron:INSERT=12,neutron:DELETE=7,neutron:UPDATE=4 {{(pid=105089) stat_writer /usr/local/lib/python3.8/dist-packages/dbcounter.py:114}}
Jun 29 17:35:20.325697 dv-neutron-848156-1-hyperv neutron-server[105090]: INFO neutron.wsgi [None req-1129a2b1-cf2d-4b15-b1e0-d6787eb2b966 tempest-ExternalNetworksTestJSON-1896094174 tempest-ExternalNetworksTestJSON-1896094174-project-admin] 10.222.0.23 "POST /v2.0/networks HTTP/1.1" status: 201 len: 836 time: 1.6609108
Jun 29 17:35:20.327131 dv-neutron-848156-1-hyperv neutron-server[105090]: DEBUG neutron.api.rpc.handlers.resources_rpc [None req-1129a2b1-cf2d-4b15-b1e0-d6787eb2b966 tempest-ExternalNetworksTestJSON-1896094174 tempest-ExternalNetworksTestJSON-1896094174-project-admin] Pushing event updated for resources: {'Network': ['ID=b3928722-c8ce-42d7-9ec1-a75341e5fe3d,revision_number=1']} {{(pid=105090) push /opt/stack/neutron/neutron/api/rpc/handlers/resources_rpc.py:237}}
Jun 29 17:35:20.328794 dv-neutron-848156-1-hyperv neutron-server[105089]: DEBUG neutron.wsgi [-] (105089) accepted ('10.222.0.23', 60358) {{(pid=105089) server /usr/local/lib/python3.8/dist-packages/eventlet/wsgi.py:1004}}
Jun 29 17:35:20.329682 dv-neutron-848156-1-hyperv neutron-server[105090]: DEBUG neutron_lib.callbacks.manager [None req-3b9fb4ab-e18a-4438-a5dd-81e5c506f141 admin admin] Publish callbacks ['neutron.plugins.ml2.ovo_rpc._ObjectChangeHandler.handle_event-1551815'] for security_group (c03676c3-5459-4012-863c-4441b5f6f532), after_create {{(pid=105090) _notify_loop /usr/local/lib/python3.8/dist-packages/neutron_lib/callbacks/manager.py:176}}
Jun 29 17:35:20.332973 dv-neutron-848156-1-hyperv neutron-server[105090]: INFO neutron.pecan_wsgi.hooks.translation [None req-8704b7c9-fe7e-483d-b745-0f84826d7b1c tempest-ExternalNetworksAdminNegativeTestJSON-372664792 tempest-ExternalNetworksAdminNegativeTestJSON-372664792-project-admin] POST failed (client error): There was a conflict when trying to complete your request.
Jun 29 17:35:20.334436 dv-neutron-848156-1-hyperv neutron-server[105090]: DEBUG neutron.pecan_wsgi.hooks.notifier [None req-8704b7c9-fe7e-483d-b745-0f84826d7b1c tempest-ExternalNetworksAdminNegativeTestJSON-372664792 tempest-ExternalNetworksAdminNegativeTestJSON-372664792-project-admin] No notification will be sent due to unsuccessful status code: 409 {{(pid=105090) after /opt/stack/neutron/neutron/pecan_wsgi/hooks/notifier.py:78}}
Jun 29 17:35:20.339716 dv-neutron-848156-1-hyperv neutron-server[105089]: DEBUG neutron.api.v2.base [None req-fd0de478-61df-4431-9582-d62f0a4e9148 tempest-ExternalNetworksTestJSON-1896094174 tempest-ExternalNetworksTestJSON-1896094174-project-admin] Request body: {'subnet': {'network_id': 'b3928722-c8ce-42d7-9ec1-a75341e5fe3d', 'cidr': '172.20.0.0/28', 'ip_version': 4, 'gateway_ip': '172.20.0.1', 'enable_dhcp': False}} {{(pid=105089) prepare_request_body /opt/stack/neutron/neutron/api/v2/base.py:730}}
Jun 29 17:35:20.343960 dv-neutron-848156-1-hyperv neutron-server[105091]: DEBUG neutron.plugins.ml2.rpc [None req-e26fc1da-4190-4e5c-984d-c436e1643cf2 None None] Network b3928722-c8ce-42d7-9ec1-a75341e5fe3d details requested by agent ovs-agent-dv-neutron-848156-1-hyperv with host dv-neutron-848156-1-hyperv {{(pid=105091) get_network_details /opt/stack/neutron/neutron/plugins/ml2/rpc.py:248}}
Jun 29 17:35:20.359011 dv-neutron-848156-1-hyperv neutron-server[105089]: DEBUG neutron_lib.callbacks.manager [None req-a1914593-5e74-45ba-b867-426c60b7b26d tempest-PortsAdminExtendedAttrsTestJSON-490858473 tempest-PortsAdminExtendedAttrsTestJSON-490858473-project-admin] Publish callbacks ['neutron.plugins.ml2.plugin.SecurityGroupServerNotifierRpcMixin._notify_sg_on_port_change-1513918', 'neutron.plugins.ml2.ovo_rpc._ObjectChangeHandler.handle_event-2026824', 'neutron.api.rpc.agentnotifiers.dhcp_rpc_agent_api.DhcpAgentNotifyAPI._native_event_send_dhcp_notification-521772', 'neutron.db.l3_db.L3RpcNotifierMixin._notify_routers_callback-8729385624104', 'neutron.db.l3_dvrscheduler_db._notify_port_delete-8729385275486'] for port (49224613-8f36-407c-8d5f-b828beef945e), after_delete {{(pid=105089) _notify_loop /usr/local/lib/python3.8/dist-packages/neutron_lib/callbacks/manager.py:176}}
Jun 29 17:35:20.391049 dv-neutron-848156-1-hyperv neutron-server[105091]: DEBUG dbcounter [-] [105091] Writing DB stats neutron:SELECT=100 {{(pid=105091) stat_writer /usr/local/lib/python3.8/dist-packages/dbcounter.py:114}}
Jun 29 17:35:20.399914 dv-neutron-848156-1-hyperv neutron-server[105089]: DEBUG neutron_lib.callbacks.manager [None req-03aec6a7-f178-4e4d-ad39-9030c3613c54 tempest-FloatingIPAdminTestJSON-242017479 tempest-FloatingIPAdminTestJSON-242017479-project] Publish callbacks ['neutron.plugins.ml2.ovo_rpc._ObjectChangeHandler.handle_event-1551798', 'neutron.api.rpc.agentnotifiers.dhcp_rpc_agent_api.DhcpAgentNotifyAPI._native_event_send_dhcp_notification-521772'] for network (bb365bcc-15d2-4843-98b7-171793c7bd32), after_create {{(pid=105089) _notify_loop /usr/local/lib/python3.8/dist-packages/neutron_lib/callbacks/manager.py:176}}
Jun 29 17:35:20.405245 dv-neutron-848156-1-hyperv neutron-server[105089]: DEBUG neutron.pecan_wsgi.hooks.policy_enforcement [None req-03aec6a7-f178-4e4d-ad39-9030c3613c54 tempest-FloatingIPAdminTestJSON-242017479 tempest-FloatingIPAdminTestJSON-242017479-project] Attributes excluded by policy engine: ['standard_attr_id', 'provider:network_type', 'provider:physical_network', 'provider:segmentation_id', 'vlan_transparent'] {{(pid=105089) _exclude_attributes_by_policy /opt/stack/neutron/neutron/pecan_wsgi/hooks/policy_enforcement.py:259}}
Jun 29 17:35:20.405649 dv-neutron-848156-1-hyperv neutron-server[105089]: DEBUG neutron_lib.callbacks.manager [None req-03aec6a7-f178-4e4d-ad39-9030c3613c54 tempest-FloatingIPAdminTestJSON-242017479 tempest-FloatingIPAdminTestJSON-242017479-project] Publish callbacks ['neutron.api.rpc.agentnotifiers.dhcp_rpc_agent_api.DhcpAgentNotifyAPI._send_dhcp_notification-521758'] for network (None), before_response {{(pid=105089) _notify_loop /usr/local/lib/python3.8/dist-packages/neutron_lib/callbacks/manager.py:176}}
Jun 29 17:35:20.414841 dv-neutron-848156-1-hyperv neutron-server[105089]: DEBUG neutron.api.rpc.handlers.resources_rpc [None req-a1914593-5e74-45ba-b867-426c60b7b26d tempest-PortsAdminExtendedAttrsTestJSON-490858473 tempest-PortsAdminExtendedAttrsTestJSON-490858473-project-admin] Pushing event deleted for resources: {'Port': ['ID=49224613-8f36-407c-8d5f-b828beef945e,revision_number=None']} {{(pid=105089) push /opt/stack/neutron/neutron/api/rpc/handlers/resources_rpc.py:237}}
Jun 29 17:35:20.459255 dv-neutron-848156-1-hyperv neutron-server[105089]: DEBUG neutron.pecan_wsgi.hooks.quota_enforcement [None req-fd0de478-61df-4431-9582-d62f0a4e9148 tempest-ExternalNetworksTestJSON-1896094174 tempest-ExternalNetworksTestJSON-1896094174-project-admin] Made reservation on behalf of 4638fbbae3ec47bdad6c8e904152b0ba for: {'subnet': 1} {{(pid=105089) before /opt/stack/neutron/neutron/pecan_wsgi/hooks/quota_enforcement.py:53}}
Jun 29 17:35:20.461736 dv-neutron-848156-1-hyperv neutron-server[105089]: DEBUG neutron_lib.callbacks.manager [None req-fd0de478-61df-4431-9582-d62f0a4e9148 tempest-ExternalNetworksTestJSON-1896094174 tempest-ExternalNetworksTestJSON-1896094174-project-admin] Publish callbacks [] for subnet (None), before_create {{(pid=105089) _notify_loop /usr/local/lib/python3.8/dist-packages/neutron_lib/callbacks/manager.py:176}}
Jun 29 17:35:20.464436 dv-neutron-848156-1-hyperv neutron-server[105089]: DEBUG neutron_lib.callbacks.manager [None req-a1914593-5e74-45ba-b867-426c60b7b26d tempest-PortsAdminExtendedAttrsTestJSON-490858473 tempest-PortsAdminExtendedAttrsTestJSON-490858473-project-admin] Publish callbacks ['neutron.notifiers.nova.Notifier._send_nova_notification-18475'] for port (None), before_response {{(pid=105089) _notify_loop /usr/local/lib/python3.8/dist-packages/neutron_lib/callbacks/manager.py:176}}
Jun 29 17:35:20.467635 dv-neutron-848156-1-hyperv neutron-server[105089]: INFO neutron.wsgi [None req-a1914593-5e74-45ba-b867-426c60b7b26d tempest-PortsAdminExtendedAttrsTestJSON-490858473 tempest-PortsAdminExtendedAttrsTestJSON-490858473-project-admin] 10.222.0.23 "DELETE /v2.0/ports/49224613-8f36-407c-8d5f-b828beef945e HTTP/1.1" status: 204 len: 168 time: 0.9129920
Jun 29 17:35:20.473136 dv-neutron-848156-1-hyperv neutron-server[105090]: DEBUG neutron.wsgi [-] (105090) accepted ('10.222.0.23', 60360) {{(pid=105090) server /usr/local/lib/python3.8/dist-packages/eventlet/wsgi.py:1004}}
Jun 29 17:35:20.545906 dv-neutron-848156-1-hyperv neutron-server[105089]: DEBUG neutron.api.rpc.handlers.resources_rpc [None req-03aec6a7-f178-4e4d-ad39-9030c3613c54 tempest-FloatingIPAdminTestJSON-242017479 tempest-FloatingIPAdminTestJSON-242017479-project] Pushing event updated for resources: {'Network': ['ID=bb365bcc-15d2-4843-98b7-171793c7bd32,revision_number=1']} {{(pid=105089) push /opt/stack/neutron/neutron/api/rpc/handlers/resources_rpc.py:237}}
Jun 29 17:35:20.564872 dv-neutron-848156-1-hyperv neutron-server[105090]: INFO neutron.wsgi [None req-3b9fb4ab-e18a-4438-a5dd-81e5c506f141 admin admin] 10.222.0.23 "GET /v2.0/security-groups?tenant_id=a3d8fefc731e42e28395c3b6909c15fa&name=default HTTP/1.1" status: 200 len: 2996 time: 1.6179807
Jun 29 17:35:20.574016 dv-neutron-848156-1-hyperv neutron-server[105090]: INFO neutron.wsgi [None req-8704b7c9-fe7e-483d-b745-0f84826d7b1c tempest-ExternalNetworksAdminNegativeTestJSON-372664792 tempest-ExternalNetworksAdminNegativeTestJSON-372664792-project-admin] 10.222.0.23 "POST /v2.0/ports HTTP/1.1" status: 409 len: 372 time: 2.8426485
Jun 29 17:35:20.574765 dv-neutron-848156-1-hyperv neutron-server[105090]: DEBUG neutron.api.rpc.handlers.resources_rpc [None req-3b9fb4ab-e18a-4438-a5dd-81e5c506f141 admin admin] Pushing event updated for resources: {'SecurityGroup': ['ID=c03676c3-5459-4012-863c-4441b5f6f532,revision_number=1']} {{(pid=105090) push /opt/stack/neutron/neutron/api/rpc/handlers/resources_rpc.py:237}}
Jun 29 17:35:20.596260 dv-neutron-848156-1-hyperv neutron-server[105090]: DEBUG neutron.wsgi [-] (105090) accepted ('10.222.0.23', 60362) {{(pid=105090) server /usr/local/lib/python3.8/dist-packages/eventlet/wsgi.py:1004}}
Jun 29 17:35:20.596594 dv-neutron-848156-1-hyperv neutron-server[105090]: DEBUG neutron.wsgi [-] (105090) accepted ('10.222.0.23', 60364) {{(pid=105090) server /usr/local/lib/python3.8/dist-packages/eventlet/wsgi.py:1004}}
Jun 29 17:35:20.604917 dv-neutron-848156-1-hyperv neutron-server[105090]: INFO neutron.pecan_wsgi.hooks.translation [None req-340d5b51-2c95-4652-9d5b-dc8f83e4f45e tempest-PortsAdminExtendedAttrsTestJSON-490858473 tempest-PortsAdminExtendedAttrsTestJSON-490858473-project-admin] GET failed (client error): The resource could not be found.
Jun 29 17:35:20.606363 dv-neutron-848156-1-hyperv neutron-server[105090]: INFO neutron.wsgi [None req-340d5b51-2c95-4652-9d5b-dc8f83e4f45e tempest-PortsAdminExtendedAttrsTestJSON-490858473 tempest-PortsAdminExtendedAttrsTestJSON-490858473-project-admin] 10.222.0.23 "GET /v2.0/ports/49224613-8f36-407c-8d5f-b828beef945e HTTP/1.1" status: 404 len: 333 time: 0.1233900
Jun 29 17:35:20.614743 dv-neutron-848156-1-hyperv neutron-server[105089]: DEBUG neutron.wsgi [-] (105089) accepted ('10.222.0.23', 60368) {{(pid=105089) server /usr/local/lib/python3.8/dist-packages/eventlet/wsgi.py:1004}}
Jun 29 17:35:20.624811 dv-neutron-848156-1-hyperv neutron-server[105091]: DEBUG neutron.plugins.ml2.rpc [None req-e26fc1da-4190-4e5c-984d-c436e1643cf2 None None] Network bb365bcc-15d2-4843-98b7-171793c7bd32 details requested by agent ovs-agent-dv-neutron-848156-1-hyperv with host dv-neutron-848156-1-hyperv {{(pid=105091) get_network_details /opt/stack/neutron/neutron/plugins/ml2/rpc.py:248}}
Jun 29 17:35:20.636404 dv-neutron-848156-1-hyperv neutron-server[105089]: DEBUG neutron.api.v2.base [None req-9ae8ed4e-48b0-482c-a7cb-37c09106ddcf tempest-PortsAdminExtendedAttrsTestJSON-490858473 tempest-PortsAdminExtendedAttrsTestJSON-490858473-project-admin] Request body: {'port': {'network_id': '11a757b3-49fd-4329-945c-4a8d99ef7a3a', 'name': 'tempest-PortsAdminExtendedAttrsTestJSON-2065685754'}} {{(pid=105089) prepare_request_body /opt/stack/neutron/neutron/api/v2/base.py:730}}
Jun 29 17:35:20.646050 dv-neutron-848156-1-hyperv neutron-server[105089]: INFO neutron.wsgi [None req-03aec6a7-f178-4e4d-ad39-9030c3613c54 tempest-FloatingIPAdminTestJSON-242017479 tempest-FloatingIPAdminTestJSON-242017479-project] 10.222.0.23 "POST /v2.0/networks HTTP/1.1" status: 201 len: 772 time: 1.2797899
Jun 29 17:35:20.649901 dv-neutron-848156-1-hyperv neutron-server[105089]: DEBUG neutron.wsgi [-] (105089) accepted ('10.222.0.23', 60370) {{(pid=105089) server /usr/local/lib/python3.8/dist-packages/eventlet/wsgi.py:1004}}
Jun 29 17:35:20.656700 dv-neutron-848156-1-hyperv neutron-server[105089]: DEBUG neutron.api.v2.base [None req-00bbb5df-5ab9-441f-865d-1e6e9c65d95d tempest-FloatingIPAdminTestJSON-242017479 tempest-FloatingIPAdminTestJSON-242017479-project] Request body: {'subnet': {'network_id': 'bb365bcc-15d2-4843-98b7-171793c7bd32', 'cidr': '172.20.0.0/28', 'ip_version': 4, 'gateway_ip': '172.20.0.1'}} {{(pid=105089) prepare_request_body /opt/stack/neutron/neutron/api/v2/base.py:730}}
Jun 29 17:35:20.673556 dv-neutron-848156-1-hyperv neutron-server[105091]: DEBUG neutron.api.rpc.handlers.dhcp_rpc [None req-0e6cc47a-f772-4406-8b6c-c6705b6d4b85 None None] Network 94388b28-ba3b-481d-9f68-f265fd850eda requested from dv-neutron-848156-1-hyperv {{(pid=105091) get_network_info /opt/stack/neutron/neutron/api/rpc/handlers/dhcp_rpc.py:191}}
Jun 29 17:35:20.752007 dv-neutron-848156-1-hyperv neutron-server[105091]: DEBUG neutron.db.provisioning_blocks [None req-f68d24bd-26b3-4d5f-a898-eda0f6e29351 None None] Provisioning complete for port ceb2281b-6fef-48e8-9be5-ae0d33d4eb8c triggered by entity DHCP. {{(pid=105091) provisioning_complete /opt/stack/neutron/neutron/db/provisioning_blocks.py:145}}
Jun 29 17:35:20.752486 dv-neutron-848156-1-hyperv neutron-server[105091]: DEBUG neutron_lib.callbacks.manager [None req-f68d24bd-26b3-4d5f-a898-eda0f6e29351 None None] Publish callbacks ['neutron.plugins.ml2.plugin.Ml2Plugin._port_provisioned-1384970'] for port (ceb2281b-6fef-48e8-9be5-ae0d33d4eb8c), provisioning_complete {{(pid=105091) _notify_loop /usr/local/lib/python3.8/dist-packages/neutron_lib/callbacks/manager.py:176}}
Jun 29 17:35:20.794389 dv-neutron-848156-1-hyperv neutron-server[105089]: DEBUG neutron.pecan_wsgi.hooks.quota_enforcement [None req-9ae8ed4e-48b0-482c-a7cb-37c09106ddcf tempest-PortsAdminExtendedAttrsTestJSON-490858473 tempest-PortsAdminExtendedAttrsTestJSON-490858473-project-admin] Made reservation on behalf of 737e173283a44affb076eb8119ca0e7b for: {'port': 1} {{(pid=105089) before /opt/stack/neutron/neutron/pecan_wsgi/hooks/quota_enforcement.py:53}}
Jun 29 17:35:20.796770 dv-neutron-848156-1-hyperv neutron-server[105089]: DEBUG neutron_lib.callbacks.manager [None req-9ae8ed4e-48b0-482c-a7cb-37c09106ddcf tempest-PortsAdminExtendedAttrsTestJSON-490858473 tempest-PortsAdminExtendedAttrsTestJSON-490858473-project-admin] Publish callbacks ['neutron.plugins.ml2.plugin.SecurityGroupDbMixin._ensure_default_security_group_handler-1513969'] for port (None), before_create {{(pid=105089) _notify_loop /usr/local/lib/python3.8/dist-packages/neutron_lib/callbacks/manager.py:176}}
Jun 29 17:35:20.842049 dv-neutron-848156-1-hyperv neutron-server[105089]: DEBUG neutron.notifiers.nova [None req-9ae8ed4e-48b0-482c-a7cb-37c09106ddcf tempest-PortsAdminExtendedAttrsTestJSON-490858473 tempest-PortsAdminExtendedAttrsTestJSON-490858473-project-admin] device_id is not set on port d38e0941-dece-4469-8856-228bdc9b5cc3 yet. {{(pid=105089) _can_notify /opt/stack/neutron/neutron/notifiers/nova.py:199}}
Jun 29 17:35:20.912265 dv-neutron-848156-1-hyperv neutron-server[105089]: DEBUG neutron.pecan_wsgi.hooks.quota_enforcement [None req-00bbb5df-5ab9-441f-865d-1e6e9c65d95d tempest-FloatingIPAdminTestJSON-242017479 tempest-FloatingIPAdminTestJSON-242017479-project] Made reservation on behalf of fd6bf87910f64594b3ab373e8ed2f56f for: {'subnet': 1} {{(pid=105089) before /opt/stack/neutron/neutron/pecan_wsgi/hooks/quota_enforcement.py:53}}
Jun 29 17:35:20.916288 dv-neutron-848156-1-hyperv neutron-server[105089]: DEBUG neutron_lib.callbacks.manager [None req-00bbb5df-5ab9-441f-865d-1e6e9c65d95d tempest-FloatingIPAdminTestJSON-242017479 tempest-FloatingIPAdminTestJSON-242017479-project] Publish callbacks [] for subnet (None), before_create {{(pid=105089) _notify_loop /usr/local/lib/python3.8/dist-packages/neutron_lib/callbacks/manager.py:176}}
Jun 29 17:35:20.933566 dv-neutron-848156-1-hyperv neutron-server[105090]: DEBUG neutron_lib.callbacks.manager [None req-00c53d28-2703-4294-8cdc-897927cb7731 admin admin] Publish callbacks ['neutron.plugins.ml2.plugin.SecurityGroupDbMixin._ensure_default_security_group_handler-1513969'] for port (None), before_create {{(pid=105090) _notify_loop /usr/local/lib/python3.8/dist-packages/neutron_lib/callbacks/manager.py:176}}
Jun 29 17:35:20.965996 dv-neutron-848156-1-hyperv neutron-server[105091]: DEBUG neutron.plugins.ml2.plugin [None req-f68d24bd-26b3-4d5f-a898-eda0f6e29351 None None] Current status of the port ceb2281b-6fef-48e8-9be5-ae0d33d4eb8c is: DOWN; New status is: ACTIVE {{(pid=105091) _update_individual_port_db_status /opt/stack/neutron/neutron/plugins/ml2/plugin.py:2292}}
