Jun 29 06:21:34.602388 dv-neutron-848074-1-hyperv devstack@keystone.service[80484]: DEBUG keystone.server.flask.request_processing.req_logging [None req-a77eff0c-3138-4da5-a67b-3b0cfb03affa None admin] PATH_INFO: `/v3/auth/tokens` {{(pid=80484) log_request_info /opt/stack/keystone/keystone/server/flask/request_processing/req_logging.py:29}}
Jun 29 06:21:34.641480 dv-neutron-848074-1-hyperv devstack@keystone.service[80484]: DEBUG dbcounter [-] [80484] Writing DB stats keystone:SELECT=100 {{(pid=80484) stat_writer /usr/local/lib/python3.8/dist-packages/dbcounter.py:114}}
Jun 29 06:21:34.704677 dv-neutron-848074-1-hyperv devstack@keystone.service[80484]: DEBUG keystone.common.rbac_enforcer.enforcer [None req-a77eff0c-3138-4da5-a67b-3b0cfb03affa None admin] RBAC: Authorizing `identity:validate_token()` {{(pid=80484) enforce_call /opt/stack/keystone/keystone/common/rbac_enforcer/enforcer.py:449}}
Jun 29 06:21:34.706402 dv-neutron-848074-1-hyperv devstack@keystone.service[80484]: DEBUG keystone.common.rbac_enforcer.enforcer [None req-a77eff0c-3138-4da5-a67b-3b0cfb03affa None admin] RBAC: Authorization granted {{(pid=80484) enforce_call /opt/stack/keystone/keystone/common/rbac_enforcer/enforcer.py:457}}
Jun 29 06:21:34.731267 dv-neutron-848074-1-hyperv devstack@keystone.service[80483]: DEBUG dbcounter [-] [80483] Writing DB stats keystone:SELECT=100 {{(pid=80483) stat_writer /usr/local/lib/python3.8/dist-packages/dbcounter.py:114}}
Jun 29 06:21:34.775790 dv-neutron-848074-1-hyperv devstack@keystone.service[80483]: DEBUG keystone.common.rbac_enforcer.enforcer [None req-a07c57bc-f49e-465d-bc62-2d807c82cee8 None admin] RBAC: Authorizing `identity:validate_token()` {{(pid=80483) enforce_call /opt/stack/keystone/keystone/common/rbac_enforcer/enforcer.py:449}}
Jun 29 06:21:34.777528 dv-neutron-848074-1-hyperv devstack@keystone.service[80483]: DEBUG keystone.common.rbac_enforcer.enforcer [None req-a07c57bc-f49e-465d-bc62-2d807c82cee8 None admin] RBAC: Authorization granted {{(pid=80483) enforce_call /opt/stack/keystone/keystone/common/rbac_enforcer/enforcer.py:457}}
Jun 29 06:21:34.823125 dv-neutron-848074-1-hyperv devstack@keystone.service[80484]: [pid: 80484|app: 0|req: 178/351] 10.222.0.18 () {58 vars in 1282 bytes} [Wed Jun 29 06:21:34 2022] GET /identity/v3/auth/tokens => generated 799 bytes in 434 msecs (HTTP/1.1 200) 6 headers in 358 bytes (2 switches on core 0)
Jun 29 06:21:34.824498 dv-neutron-848074-1-hyperv devstack@keystone.service[80484]: DEBUG keystone.server.flask.request_processing.req_logging [None req-6aced947-93e9-409f-97a6-83ccfba373f2 None None] REQUEST_METHOD: `GET` {{(pid=80484) log_request_info /opt/stack/keystone/keystone/server/flask/request_processing/req_logging.py:27}}
Jun 29 06:21:34.824790 dv-neutron-848074-1-hyperv devstack@keystone.service[80484]: DEBUG keystone.server.flask.request_processing.req_logging [None req-6aced947-93e9-409f-97a6-83ccfba373f2 None None] SCRIPT_NAME: `/identity` {{(pid=80484) log_request_info /opt/stack/keystone/keystone/server/flask/request_processing/req_logging.py:28}}
Jun 29 06:21:34.825082 dv-neutron-848074-1-hyperv devstack@keystone.service[80484]: DEBUG keystone.server.flask.request_processing.req_logging [None req-6aced947-93e9-409f-97a6-83ccfba373f2 None None] PATH_INFO: `/` {{(pid=80484) log_request_info /opt/stack/keystone/keystone/server/flask/request_processing/req_logging.py:29}}
Jun 29 06:21:34.830513 dv-neutron-848074-1-hyperv devstack@keystone.service[80484]: [pid: 80484|app: 0|req: 179/352] 10.222.0.18 () {54 vars in 926 bytes} [Wed Jun 29 06:21:34 2022] GET /identity => generated 270 bytes in 7 msecs (HTTP/1.1 300) 6 headers in 234 bytes (1 switches on core 0)
Jun 29 06:21:34.836437 dv-neutron-848074-1-hyperv devstack@keystone.service[80484]: DEBUG keystone.server.flask.request_processing.req_logging [None req-50257022-737c-45da-a97d-134a174abec5 None None] REQUEST_METHOD: `POST` {{(pid=80484) log_request_info /opt/stack/keystone/keystone/server/flask/request_processing/req_logging.py:27}}
Jun 29 06:21:34.836724 dv-neutron-848074-1-hyperv devstack@keystone.service[80484]: DEBUG keystone.server.flask.request_processing.req_logging [None req-50257022-737c-45da-a97d-134a174abec5 None None] SCRIPT_NAME: `/identity` {{(pid=80484) log_request_info /opt/stack/keystone/keystone/server/flask/request_processing/req_logging.py:28}}
Jun 29 06:21:34.837007 dv-neutron-848074-1-hyperv devstack@keystone.service[80484]: DEBUG keystone.server.flask.request_processing.req_logging [None req-50257022-737c-45da-a97d-134a174abec5 None None] PATH_INFO: `/v3/auth/tokens` {{(pid=80484) log_request_info /opt/stack/keystone/keystone/server/flask/request_processing/req_logging.py:29}}
Jun 29 06:21:34.854159 dv-neutron-848074-1-hyperv devstack@keystone.service[80484]: DEBUG keystone.auth.core [None req-50257022-737c-45da-a97d-134a174abec5 None None] MFA Rules not processed for user `fd2789e50add444094da9260990eeb75`. Rule list: `[]` (Enabled: `True`). {{(pid=80484) check_auth_methods_against_rules /opt/stack/keystone/keystone/auth/core.py:438}}
Jun 29 06:21:34.855270 dv-neutron-848074-1-hyperv devstack@keystone.service[80484]: DEBUG keystone.common.fernet_utils [None req-50257022-737c-45da-a97d-134a174abec5 None None] Loaded 2 Fernet keys from /etc/keystone/fernet-keys/, but `[fernet_tokens] max_active_keys = 3`; perhaps there have not been enough key rotations to reach `max_active_keys` yet? {{(pid=80484) load_keys /opt/stack/keystone/keystone/common/fernet_utils.py:286}}
Jun 29 06:21:34.917301 dv-neutron-848074-1-hyperv devstack@keystone.service[80484]: DEBUG dbcounter [-] [80484] Writing DB stats keystone:SELECT=100 {{(pid=80484) stat_writer /usr/local/lib/python3.8/dist-packages/dbcounter.py:114}}
Jun 29 06:21:34.932966 dv-neutron-848074-1-hyperv devstack@keystone.service[80484]: [pid: 80484|app: 0|req: 180/353] 10.222.0.18 () {58 vars in 1023 bytes} [Wed Jun 29 06:21:34 2022] POST /identity/v3/auth/tokens => generated 799 bytes in 98 msecs (HTTP/1.1 201) 6 headers in 363 bytes (2 switches on core 0)
Jun 29 06:21:34.933806 dv-neutron-848074-1-hyperv devstack@keystone.service[80484]: DEBUG keystone.server.flask.request_processing.middleware.auth_context [None req-50257022-737c-45da-a97d-134a174abec5 None None] Authenticating user token {{(pid=80484) process_request /usr/local/lib/python3.8/dist-packages/keystonemiddleware/auth_token/__init__.py:407}}
Jun 29 06:21:34.965865 dv-neutron-848074-1-hyperv devstack@keystone.service[80483]: [pid: 80483|app: 0|req: 174/354] 10.222.0.18 () {58 vars in 1282 bytes} [Wed Jun 29 06:21:34 2022] GET /identity/v3/auth/tokens => generated 799 bytes in 571 msecs (HTTP/1.1 200) 6 headers in 358 bytes (1 switches on core 0)
Jun 29 06:21:34.970955 dv-neutron-848074-1-hyperv devstack@keystone.service[80483]: DEBUG keystone.server.flask.request_processing.middleware.auth_context [None req-a07c57bc-f49e-465d-bc62-2d807c82cee8 None admin] Authenticating user token {{(pid=80483) process_request /usr/local/lib/python3.8/dist-packages/keystonemiddleware/auth_token/__init__.py:407}}
Jun 29 06:21:35.078627 dv-neutron-848074-1-hyperv devstack@keystone.service[80484]: DEBUG keystone.server.flask.request_processing.middleware.auth_context [None req-50257022-737c-45da-a97d-134a174abec5 None None] Validating token access rules against request {{(pid=80484) validate_allowed_request /usr/local/lib/python3.8/dist-packages/keystonemiddleware/auth_token/__init__.py:545}}
Jun 29 06:21:35.093228 dv-neutron-848074-1-hyperv devstack@keystone.service[80483]: DEBUG dbcounter [-] [80483] Writing DB stats keystone:SELECT=100 {{(pid=80483) stat_writer /usr/local/lib/python3.8/dist-packages/dbcounter.py:114}}
Jun 29 06:21:35.099437 dv-neutron-848074-1-hyperv devstack@keystone.service[80483]: DEBUG keystone.server.flask.request_processing.middleware.auth_context [None req-a07c57bc-f49e-465d-bc62-2d807c82cee8 None admin] Validating token access rules against request {{(pid=80483) validate_allowed_request /usr/local/lib/python3.8/dist-packages/keystonemiddleware/auth_token/__init__.py:545}}
Jun 29 06:21:35.127668 dv-neutron-848074-1-hyperv devstack@keystone.service[80484]: DEBUG keystone.server.flask.request_processing.middleware.auth_context [None req-112c21af-b452-4da0-9b5b-123961c7a4c3 None admin] RBAC: auth_context: {'token': , 'domain_id': None, 'trust_id': None, 'trustor_id': None, 'trustee_id': None, 'domain_name': None, 'group_ids': [], 'user_id': 'fd2789e50add444094da9260990eeb75', 'user_domain_id': 'default', 'system_scope': 'all', 'project_id': None, 'project_domain_id': None, 'roles': ['admin', 'member', 'reader'], 'is_admin_project': True, 'service_user_id': None, 'service_user_domain_id': None, 'service_project_id': None, 'service_project_domain_id': None, 'service_roles': []} {{(pid=80484) fill_context /opt/stack/keystone/keystone/server/flask/request_processing/middleware/auth_context.py:478}}
Jun 29 06:21:35.129561 dv-neutron-848074-1-hyperv devstack@keystone.service[80484]: DEBUG keystone.server.flask.request_processing.req_logging [None req-112c21af-b452-4da0-9b5b-123961c7a4c3 None admin] REQUEST_METHOD: `GET` {{(pid=80484) log_request_info /opt/stack/keystone/keystone/server/flask/request_processing/req_logging.py:27}}
Jun 29 06:21:35.129774 dv-neutron-848074-1-hyperv devstack@keystone.service[80484]: DEBUG keystone.server.flask.request_processing.req_logging [None req-112c21af-b452-4da0-9b5b-123961c7a4c3 None admin] SCRIPT_NAME: `/identity` {{(pid=80484) log_request_info /opt/stack/keystone/keystone/server/flask/request_processing/req_logging.py:28}}
Jun 29 06:21:35.130124 dv-neutron-848074-1-hyperv devstack@keystone.service[80484]: DEBUG keystone.server.flask.request_processing.req_logging [None req-112c21af-b452-4da0-9b5b-123961c7a4c3 None admin] PATH_INFO: `/v3/projects/b7998b59414045a6a9910d5a0b4e6ce8` {{(pid=80484) log_request_info /opt/stack/keystone/keystone/server/flask/request_processing/req_logging.py:29}}
Jun 29 06:21:35.131372 dv-neutron-848074-1-hyperv devstack@keystone.service[80484]: DEBUG keystone.common.rbac_enforcer.enforcer [None req-112c21af-b452-4da0-9b5b-123961c7a4c3 None admin] RBAC: Authorizing `identity:get_project(project_id=b7998b59414045a6a9910d5a0b4e6ce8)` {{(pid=80484) enforce_call /opt/stack/keystone/keystone/common/rbac_enforcer/enforcer.py:449}}
Jun 29 06:21:35.133014 dv-neutron-848074-1-hyperv devstack@keystone.service[80484]: DEBUG keystone.common.rbac_enforcer.enforcer [None req-112c21af-b452-4da0-9b5b-123961c7a4c3 None admin] RBAC: Authorization granted {{(pid=80484) enforce_call /opt/stack/keystone/keystone/common/rbac_enforcer/enforcer.py:457}}
Jun 29 06:21:35.134765 dv-neutron-848074-1-hyperv devstack@keystone.service[80484]: [pid: 80484|app: 0|req: 181/355] 10.222.0.18 () {56 vars in 1186 bytes} [Wed Jun 29 06:21:34 2022] GET /identity/v3/projects/b7998b59414045a6a9910d5a0b4e6ce8 => generated 302 bytes in 201 msecs (HTTP/1.1 200) 5 headers in 177 bytes (1 switches on core 0)
Jun 29 06:21:35.135616 dv-neutron-848074-1-hyperv devstack@keystone.service[80484]: DEBUG keystone.server.flask.request_processing.middleware.auth_context [None req-112c21af-b452-4da0-9b5b-123961c7a4c3 None admin] Authenticating user token {{(pid=80484) process_request /usr/local/lib/python3.8/dist-packages/keystonemiddleware/auth_token/__init__.py:407}}
Jun 29 06:21:35.144315 dv-neutron-848074-1-hyperv devstack@keystone.service[80483]: DEBUG keystone.server.flask.request_processing.middleware.auth_context [None req-4a167395-e640-4c48-b49b-63ff929bf963 None admin] RBAC: auth_context: {'token': , 'domain_id': None, 'trust_id': None, 'trustor_id': None, 'trustee_id': None, 'domain_name': None, 'group_ids': [], 'user_id': 'fd2789e50add444094da9260990eeb75', 'user_domain_id': 'default', 'system_scope': 'all', 'project_id': None, 'project_domain_id': None, 'roles': ['admin', 'member', 'reader'], 'is_admin_project': True, 'service_user_id': None, 'service_user_domain_id': None, 'service_project_id': None, 'service_project_domain_id': None, 'service_roles': []} {{(pid=80483) fill_context /opt/stack/keystone/keystone/server/flask/request_processing/middleware/auth_context.py:478}}
Jun 29 06:21:35.145585 dv-neutron-848074-1-hyperv devstack@keystone.service[80483]: DEBUG keystone.server.flask.request_processing.req_logging [None req-4a167395-e640-4c48-b49b-63ff929bf963 None admin] REQUEST_METHOD: `GET` {{(pid=80483) log_request_info /opt/stack/keystone/keystone/server/flask/request_processing/req_logging.py:27}}
Jun 29 06:21:35.145952 dv-neutron-848074-1-hyperv devstack@keystone.service[80483]: DEBUG keystone.server.flask.request_processing.req_logging [None req-4a167395-e640-4c48-b49b-63ff929bf963 None admin] SCRIPT_NAME: `/identity` {{(pid=80483) log_request_info /opt/stack/keystone/keystone/server/flask/request_processing/req_logging.py:28}}
Jun 29 06:21:35.146294 dv-neutron-848074-1-hyperv devstack@keystone.service[80483]: DEBUG keystone.server.flask.request_processing.req_logging [None req-4a167395-e640-4c48-b49b-63ff929bf963 None admin] PATH_INFO: `/v3/projects/36350e1fe3da49cbbf48d38a54c26736` {{(pid=80483) log_request_info /opt/stack/keystone/keystone/server/flask/request_processing/req_logging.py:29}}
Jun 29 06:21:35.149316 dv-neutron-848074-1-hyperv devstack@keystone.service[80483]: DEBUG keystone.common.rbac_enforcer.enforcer [None req-4a167395-e640-4c48-b49b-63ff929bf963 None admin] RBAC: Authorizing `identity:get_project(project_id=36350e1fe3da49cbbf48d38a54c26736)` {{(pid=80483) enforce_call /opt/stack/keystone/keystone/common/rbac_enforcer/enforcer.py:449}}
Jun 29 06:21:35.150766 dv-neutron-848074-1-hyperv devstack@keystone.service[80483]: DEBUG keystone.common.rbac_enforcer.enforcer [None req-4a167395-e640-4c48-b49b-63ff929bf963 None admin] RBAC: Authorization granted {{(pid=80483) enforce_call /opt/stack/keystone/keystone/common/rbac_enforcer/enforcer.py:457}}
Jun 29 06:21:35.153049 dv-neutron-848074-1-hyperv devstack@keystone.service[80483]: [pid: 80483|app: 0|req: 175/356] 10.222.0.18 () {56 vars in 1186 bytes} [Wed Jun 29 06:21:34 2022] GET /identity/v3/projects/36350e1fe3da49cbbf48d38a54c26736 => generated 298 bytes in 182 msecs (HTTP/1.1 200) 5 headers in 177 bytes (1 switches on core 0)
Jun 29 06:21:35.154273 dv-neutron-848074-1-hyperv devstack@keystone.service[80483]: DEBUG keystone.server.flask.request_processing.req_logging [None req-ed62909a-3402-49c4-b064-a4841e935c37 None None] REQUEST_METHOD: `GET` {{(pid=80483) log_request_info /opt/stack/keystone/keystone/server/flask/request_processing/req_logging.py:27}}
Jun 29 06:21:35.154558 dv-neutron-848074-1-hyperv devstack@keystone.service[80483]: DEBUG keystone.server.flask.request_processing.req_logging [None req-ed62909a-3402-49c4-b064-a4841e935c37 None None] SCRIPT_NAME: `/identity` {{(pid=80483) log_request_info /opt/stack/keystone/keystone/server/flask/request_processing/req_logging.py:28}}
Jun 29 06:21:35.154830 dv-neutron-848074-1-hyperv devstack@keystone.service[80483]: DEBUG keystone.server.flask.request_processing.req_logging [None req-ed62909a-3402-49c4-b064-a4841e935c37 None None] PATH_INFO: `/` {{(pid=80483) log_request_info /opt/stack/keystone/keystone/server/flask/request_processing/req_logging.py:29}}
Jun 29 06:21:35.156043 dv-neutron-848074-1-hyperv devstack@keystone.service[80483]: [pid: 80483|app: 0|req: 176/357] 10.222.0.18 () {54 vars in 926 bytes} [Wed Jun 29 06:21:35 2022] GET /identity => generated 270 bytes in 2 msecs (HTTP/1.1 300) 6 headers in 234 bytes (1 switches on core 0)
Jun 29 06:21:35.157109 dv-neutron-848074-1-hyperv devstack@keystone.service[80483]: DEBUG keystone.server.flask.request_processing.req_logging [None req-f2131a2c-97a7-44cc-ae47-0c7a49e07140 None None] REQUEST_METHOD: `GET` {{(pid=80483) log_request_info /opt/stack/keystone/keystone/server/flask/request_processing/req_logging.py:27}}
Jun 29 06:21:35.158508 dv-neutron-848074-1-hyperv devstack@keystone.service[80483]: DEBUG keystone.server.flask.request_processing.req_logging [None req-f2131a2c-97a7-44cc-ae47-0c7a49e07140 None None] SCRIPT_NAME: `/identity` {{(pid=80483) log_request_info /opt/stack/keystone/keystone/server/flask/request_processing/req_logging.py:28}}
Jun 29 06:21:35.158508 dv-neutron-848074-1-hyperv devstack@keystone.service[80483]: DEBUG keystone.server.flask.request_processing.req_logging [None req-f2131a2c-97a7-44cc-ae47-0c7a49e07140 None None] PATH_INFO: `/` {{(pid=80483) log_request_info /opt/stack/keystone/keystone/server/flask/request_processing/req_logging.py:29}}
Jun 29 06:21:35.159064 dv-neutron-848074-1-hyperv devstack@keystone.service[80483]: [pid: 80483|app: 0|req: 177/358] 10.222.0.18 () {54 vars in 926 bytes} [Wed Jun 29 06:21:35 2022] GET /identity => generated 270 bytes in 2 msecs (HTTP/1.1 300) 6 headers in 234 bytes (1 switches on core 0)
Jun 29 06:21:35.164742 dv-neutron-848074-1-hyperv devstack@keystone.service[80483]: DEBUG keystone.server.flask.request_processing.middleware.auth_context [None req-f2131a2c-97a7-44cc-ae47-0c7a49e07140 None None] Authenticating user token {{(pid=80483) process_request /usr/local/lib/python3.8/dist-packages/keystonemiddleware/auth_token/__init__.py:407}}
Jun 29 06:21:35.198294 dv-neutron-848074-1-hyperv devstack@keystone.service[80484]: DEBUG dbcounter [-] [80484] Writing DB stats keystone:SELECT=100 {{(pid=80484) stat_writer /usr/local/lib/python3.8/dist-packages/dbcounter.py:114}}
Jun 29 06:21:35.263098 dv-neutron-848074-1-hyperv devstack@keystone.service[80484]: DEBUG keystone.server.flask.request_processing.middleware.auth_context [None req-112c21af-b452-4da0-9b5b-123961c7a4c3 None admin] Validating token access rules against request {{(pid=80484) validate_allowed_request /usr/local/lib/python3.8/dist-packages/keystonemiddleware/auth_token/__init__.py:545}}
Jun 29 06:21:35.295275 dv-neutron-848074-1-hyperv devstack@keystone.service[80483]: DEBUG keystone.server.flask.request_processing.middleware.auth_context [None req-f2131a2c-97a7-44cc-ae47-0c7a49e07140 None None] Validating token access rules against request {{(pid=80483) validate_allowed_request /usr/local/lib/python3.8/dist-packages/keystonemiddleware/auth_token/__init__.py:545}}
Jun 29 06:21:35.308885 dv-neutron-848074-1-hyperv devstack@keystone.service[80484]: DEBUG keystone.server.flask.request_processing.middleware.auth_context [None req-2cc0a59b-e444-4ad5-969b-764f1209a9fa None admin] RBAC: auth_context: {'token': , 'domain_id': None, 'trust_id': None, 'trustor_id': None, 'trustee_id': None, 'domain_name': None, 'group_ids': [], 'user_id': 'fd2789e50add444094da9260990eeb75', 'user_domain_id': 'default', 'system_scope': 'all', 'project_id': None, 'project_domain_id': None, 'roles': ['admin', 'member', 'reader'], 'is_admin_project': True, 'service_user_id': None, 'service_user_domain_id': None, 'service_project_id': None, 'service_project_domain_id': None, 'service_roles': []} {{(pid=80484) fill_context /opt/stack/keystone/keystone/server/flask/request_processing/middleware/auth_context.py:478}}
Jun 29 06:21:35.310617 dv-neutron-848074-1-hyperv devstack@keystone.service[80484]: DEBUG keystone.server.flask.request_processing.req_logging [None req-2cc0a59b-e444-4ad5-969b-764f1209a9fa None admin] REQUEST_METHOD: `GET` {{(pid=80484) log_request_info /opt/stack/keystone/keystone/server/flask/request_processing/req_logging.py:27}}
Jun 29 06:21:35.310897 dv-neutron-848074-1-hyperv devstack@keystone.service[80484]: DEBUG keystone.server.flask.request_processing.req_logging [None req-2cc0a59b-e444-4ad5-969b-764f1209a9fa None admin] SCRIPT_NAME: `/identity` {{(pid=80484) log_request_info /opt/stack/keystone/keystone/server/flask/request_processing/req_logging.py:28}}
Jun 29 06:21:35.311165 dv-neutron-848074-1-hyperv devstack@keystone.service[80484]: DEBUG keystone.server.flask.request_processing.req_logging [None req-2cc0a59b-e444-4ad5-969b-764f1209a9fa None admin] PATH_INFO: `/v3/roles/reader` {{(pid=80484) log_request_info /opt/stack/keystone/keystone/server/flask/request_processing/req_logging.py:29}}
Jun 29 06:21:35.329357 dv-neutron-848074-1-hyperv devstack@keystone.service[80484]: DEBUG keystone.common.rbac_enforcer.enforcer [None req-2cc0a59b-e444-4ad5-969b-764f1209a9fa None admin] Extracting inferred target data resulted in "NOT FOUND (404)". {{(pid=80484) enforce_call /opt/stack/keystone/keystone/common/rbac_enforcer/enforcer.py:409}}
Jun 29 06:21:35.337621 dv-neutron-848074-1-hyperv devstack@keystone.service[80484]: ERROR keystone.server.flask.application [None req-2cc0a59b-e444-4ad5-969b-764f1209a9fa None admin] Could not find role: reader.: keystone.exception.RoleNotFound: Could not find role: reader.
Jun 29 06:21:35.337621 dv-neutron-848074-1-hyperv devstack@keystone.service[80484]: ERROR keystone.server.flask.application
Traceback (most recent call last):
Jun 29 06:21:35.337621 dv-neutron-848074-1-hyperv devstack@keystone.service[80484]: ERROR keystone.server.flask.application
File "/usr/local/lib/python3.8/dist-packages/flask/app.py", line 1523, in full_dispatch_request
Jun 29 06:21:35.337621 dv-neutron-848074-1-hyperv devstack@keystone.service[80484]: ERROR keystone.server.flask.application rv = self.dispatch_request()
Jun 29 06:21:35.337621 dv-neutron-848074-1-hyperv devstack@keystone.service[80484]: ERROR keystone.server.flask.application
File "/usr/local/lib/python3.8/dist-packages/flask/app.py", line 1509, in dispatch_request
Jun 29 06:21:35.337621 dv-neutron-848074-1-hyperv devstack@keystone.service[80484]: ERROR keystone.server.flask.application return self.ensure_sync(self.view_functions[rule.endpoint])(**req.view_args)
Jun 29 06:21:35.337621 dv-neutron-848074-1-hyperv devstack@keystone.service[80484]: ERROR keystone.server.flask.application
File "/usr/local/lib/python3.8/dist-packages/flask_restful/__init__.py", line 467, in wrapper
Jun 29 06:21:35.337621 dv-neutron-848074-1-hyperv devstack@keystone.service[80484]: ERROR keystone.server.flask.application resp = resource(*args, **kwargs)
Jun 29 06:21:35.337621 dv-neutron-848074-1-hyperv devstack@keystone.service[80484]: ERROR keystone.server.flask.application
File "/usr/local/lib/python3.8/dist-packages/flask/views.py", line 84, in view
Jun 29 06:21:35.337621 dv-neutron-848074-1-hyperv devstack@keystone.service[80484]: ERROR keystone.server.flask.application return current_app.ensure_sync(self.dispatch_request)(*args, **kwargs)
Jun 29 06:21:35.337621 dv-neutron-848074-1-hyperv devstack@keystone.service[80484]: ERROR keystone.server.flask.application
File "/usr/local/lib/python3.8/dist-packages/flask_restful/__init__.py", line 582, in dispatch_request
Jun 29 06:21:35.337621 dv-neutron-848074-1-hyperv devstack@keystone.service[80484]: ERROR keystone.server.flask.application resp = meth(*args, **kwargs)
Jun 29 06:21:35.337621 dv-neutron-848074-1-hyperv devstack@keystone.service[80484]: ERROR keystone.server.flask.application
File "/opt/stack/keystone/keystone/api/roles.py", line 50, in get
Jun 29 06:21:35.337621 dv-neutron-848074-1-hyperv devstack@keystone.service[80484]: ERROR keystone.server.flask.application return self._get_role(role_id)
Jun 29 06:21:35.337621 dv-neutron-848074-1-hyperv devstack@keystone.service[80484]: ERROR keystone.server.flask.application
File "/opt/stack/keystone/keystone/api/roles.py", line 70, in _get_role
Jun 29 06:21:35.337621 dv-neutron-848074-1-hyperv devstack@keystone.service[80484]: ERROR keystone.server.flask.application ENFORCER.enforce_call(action='identity:get_role')
Jun 29 06:21:35.338518 dv-neutron-848074-1-hyperv devstack@keystone.service[80484]: ERROR keystone.server.flask.application
File "/opt/stack/keystone/keystone/common/rbac_enforcer/enforcer.py", line 402, in enforce_call
Jun 29 06:21:35.338518 dv-neutron-848074-1-hyperv devstack@keystone.service[80484]: ERROR keystone.server.flask.application policy_dict.update(cls._extract_member_target_data(
Jun 29 06:21:35.338518 dv-neutron-848074-1-hyperv devstack@keystone.service[80484]: ERROR keystone.server.flask.application
File "/opt/stack/keystone/keystone/common/rbac_enforcer/enforcer.py", line 234, in _extract_member_target_data
Jun 29 06:21:35.338518 dv-neutron-848074-1-hyperv devstack@keystone.service[80484]: ERROR keystone.server.flask.application member_name: func(flask.request.view_args[key])
Jun 29 06:21:35.338518 dv-neutron-848074-1-hyperv devstack@keystone.service[80484]: ERROR keystone.server.flask.application
File "/opt/stack/keystone/keystone/common/manager.py", line 115, in wrapped
Jun 29 06:21:35.338518 dv-neutron-848074-1-hyperv devstack@keystone.service[80484]: ERROR keystone.server.flask.application __ret_val = __f(*args, **kwargs)
Jun 29 06:21:35.338518 dv-neutron-848074-1-hyperv devstack@keystone.service[80484]: ERROR keystone.server.flask.application
File "/usr/local/lib/python3.8/dist-packages/decorator.py", line 232, in fun
Jun 29 06:21:35.338518 dv-neutron-848074-1-hyperv devstack@keystone.service[80484]: ERROR keystone.server.flask.application return caller(func, *(extras + args), **kw)
Jun 29 06:21:35.338518 dv-neutron-848074-1-hyperv devstack@keystone.service[80484]: ERROR keystone.server.flask.application
File "/usr/local/lib/python3.8/dist-packages/dogpile/cache/region.py", line 1577, in get_or_create_for_user_func
Jun 29 06:21:35.338518 dv-neutron-848074-1-hyperv devstack@keystone.service[80484]: ERROR keystone.server.flask.application return self.get_or_create(
Jun 29 06:21:35.338518 dv-neutron-848074-1-hyperv devstack@keystone.service[80484]: ERROR keystone.server.flask.application
File "/usr/local/lib/python3.8/dist-packages/dogpile/cache/region.py", line 1042, in get_or_create
Jun 29 06:21:35.338518 dv-neutron-848074-1-hyperv devstack@keystone.service[80484]: ERROR keystone.server.flask.application with Lock(
Jun 29 06:21:35.338518 dv-neutron-848074-1-hyperv devstack@keystone.service[80484]: ERROR keystone.server.flask.application
File "/usr/local/lib/python3.8/dist-packages/dogpile/lock.py", line 185, in __enter__
Jun 29 06:21:35.338518 dv-neutron-848074-1-hyperv devstack@keystone.service[80484]: ERROR keystone.server.flask.application return self._enter()
Jun 29 06:21:35.338518 dv-neutron-848074-1-hyperv devstack@keystone.service[80484]: ERROR keystone.server.flask.application
File "/usr/local/lib/python3.8/dist-packages/dogpile/lock.py", line 94, in _enter
Jun 29 06:21:35.338518 dv-neutron-848074-1-hyperv devstack@keystone.service[80484]: ERROR keystone.server.flask.application generated = self._enter_create(value, createdtime)
Jun 29 06:21:35.339328 dv-neutron-848074-1-hyperv devstack@keystone.service[80484]: ERROR keystone.server.flask.application
File "/usr/local/lib/python3.8/dist-packages/dogpile/lock.py", line 178, in _enter_create
Jun 29 06:21:35.339328 dv-neutron-848074-1-hyperv devstack@keystone.service[80484]: ERROR keystone.server.flask.application return self.creator()
Jun 29 06:21:35.339328 dv-neutron-848074-1-hyperv devstack@keystone.service[80484]: ERROR keystone.server.flask.application
File "/usr/local/lib/python3.8/dist-packages/dogpile/cache/region.py", line 995, in gen_value
Jun 29 06:21:35.339328 dv-neutron-848074-1-hyperv devstack@keystone.service[80484]: ERROR keystone.server.flask.application created_value = creator(
Jun 29 06:21:35.339328 dv-neutron-848074-1-hyperv devstack@keystone.service[80484]: ERROR keystone.server.flask.application
File "/opt/stack/keystone/keystone/assignment/core.py", line 1276, in get_role
Jun 29 06:21:35.339328 dv-neutron-848074-1-hyperv devstack@keystone.service[80484]: ERROR keystone.server.flask.application return self.driver.get_role(role_id)
Jun 29 06:21:35.339328 dv-neutron-848074-1-hyperv devstack@keystone.service[80484]: ERROR keystone.server.flask.application
File "/opt/stack/keystone/keystone/assignment/role_backends/sql.py", line 70, in get_role
Jun 29 06:21:35.339328 dv-neutron-848074-1-hyperv devstack@keystone.service[80484]: ERROR keystone.server.flask.application return self._get_role(session, role_id).to_dict()
Jun 29 06:21:35.339328 dv-neutron-848074-1-hyperv devstack@keystone.service[80484]: ERROR keystone.server.flask.application
File "/opt/stack/keystone/keystone/assignment/role_backends/sql.py", line 65, in _get_role
Jun 29 06:21:35.339328 dv-neutron-848074-1-hyperv devstack@keystone.service[80484]: ERROR keystone.server.flask.application raise exception.RoleNotFound(role_id=role_id)
Jun 29 06:21:35.339328 dv-neutron-848074-1-hyperv devstack@keystone.service[80484]: ERROR keystone.server.flask.application keystone.exception.RoleNotFound: Could not find role: reader.
Jun 29 06:21:35.339328 dv-neutron-848074-1-hyperv devstack@keystone.service[80484]: ERROR keystone.server.flask.application
Jun 29 06:21:35.339328 dv-neutron-848074-1-hyperv devstack@keystone.service[80484]: [pid: 80484|app: 0|req: 182/359] 10.222.0.18 () {56 vars in 1099 bytes} [Wed Jun 29 06:21:35 2022] GET /identity/v3/roles/reader => generated 84 bytes in 204 msecs (HTTP/1.1 404) 5 headers in 183 bytes (1 switches on core 0)
Jun 29 06:21:35.340722 dv-neutron-848074-1-hyperv devstack@keystone.service[80484]: DEBUG keystone.server.flask.request_processing.req_logging [None req-72d995e1-5f54-4a5e-88c7-f979dde9caf3 None None] REQUEST_METHOD: `POST` {{(pid=80484) log_request_info /opt/stack/keystone/keystone/server/flask/request_processing/req_logging.py:27}}
Jun 29 06:21:35.340722 dv-neutron-848074-1-hyperv devstack@keystone.service[80484]: DEBUG keystone.server.flask.request_processing.req_logging [None req-72d995e1-5f54-4a5e-88c7-f979dde9caf3 None None] SCRIPT_NAME: `/identity` {{(pid=80484) log_request_info /opt/stack/keystone/keystone/server/flask/request_processing/req_logging.py:28}}
Jun 29 06:21:35.340722 dv-neutron-848074-1-hyperv devstack@keystone.service[80484]: DEBUG keystone.server.flask.request_processing.req_logging [None req-72d995e1-5f54-4a5e-88c7-f979dde9caf3 None None] PATH_INFO: `/v3/auth/tokens` {{(pid=80484) log_request_info /opt/stack/keystone/keystone/server/flask/request_processing/req_logging.py:29}}
Jun 29 06:21:35.351190 dv-neutron-848074-1-hyperv devstack@keystone.service[80483]: DEBUG keystone.server.flask.request_processing.middleware.auth_context [None req-2dc46b3c-4773-4f76-9788-524086bc0271 None admin] RBAC: auth_context: {'token': , 'domain_id': None, 'trust_id': None, 'trustor_id': None, 'trustee_id': None, 'domain_name': None, 'group_ids': [], 'user_id': 'fd2789e50add444094da9260990eeb75', 'user_domain_id': 'default', 'system_scope': 'all', 'project_id': None, 'project_domain_id': None, 'roles': ['admin', 'member', 'reader'], 'is_admin_project': True, 'service_user_id': None, 'service_user_domain_id': None, 'service_project_id': None, 'service_project_domain_id': None, 'service_roles': []} {{(pid=80483) fill_context /opt/stack/keystone/keystone/server/flask/request_processing/middleware/auth_context.py:478}}
Jun 29 06:21:35.352421 dv-neutron-848074-1-hyperv devstack@keystone.service[80483]: DEBUG keystone.server.flask.request_processing.req_logging [None req-2dc46b3c-4773-4f76-9788-524086bc0271 None admin] REQUEST_METHOD: `GET` {{(pid=80483) log_request_info /opt/stack/keystone/keystone/server/flask/request_processing/req_logging.py:27}}
Jun 29 06:21:35.352914 dv-neutron-848074-1-hyperv devstack@keystone.service[80483]: DEBUG keystone.server.flask.request_processing.req_logging [None req-2dc46b3c-4773-4f76-9788-524086bc0271 None admin] SCRIPT_NAME: `/identity` {{(pid=80483) log_request_info /opt/stack/keystone/keystone/server/flask/request_processing/req_logging.py:28}}
Jun 29 06:21:35.353477 dv-neutron-848074-1-hyperv devstack@keystone.service[80483]: DEBUG keystone.server.flask.request_processing.req_logging [None req-2dc46b3c-4773-4f76-9788-524086bc0271 None admin] PATH_INFO: `/v3/groups/16d38d49f24a44828a0aee5b97308451` {{(pid=80483) log_request_info /opt/stack/keystone/keystone/server/flask/request_processing/req_logging.py:29}}
Jun 29 06:21:35.354861 dv-neutron-848074-1-hyperv devstack@keystone.service[80483]: DEBUG keystone.common.rbac_enforcer.enforcer [None req-2dc46b3c-4773-4f76-9788-524086bc0271 None admin] RBAC: Authorizing `identity:get_group(group_id=16d38d49f24a44828a0aee5b97308451)` {{(pid=80483) enforce_call /opt/stack/keystone/keystone/common/rbac_enforcer/enforcer.py:449}}
Jun 29 06:21:35.356586 dv-neutron-848074-1-hyperv devstack@keystone.service[80483]: DEBUG keystone.common.rbac_enforcer.enforcer [None req-2dc46b3c-4773-4f76-9788-524086bc0271 None admin] RBAC: Authorization granted {{(pid=80483) enforce_call /opt/stack/keystone/keystone/common/rbac_enforcer/enforcer.py:457}}
Jun 29 06:21:35.358627 dv-neutron-848074-1-hyperv devstack@keystone.service[80483]: [pid: 80483|app: 0|req: 178/360] 10.222.0.18 () {56 vars in 1180 bytes} [Wed Jun 29 06:21:35 2022] GET /identity/v3/groups/16d38d49f24a44828a0aee5b97308451 => generated 226 bytes in 199 msecs (HTTP/1.1 200) 5 headers in 177 bytes (1 switches on core 0)
Jun 29 06:21:35.359463 dv-neutron-848074-1-hyperv devstack@keystone.service[80484]: DEBUG keystone.auth.core [None req-72d995e1-5f54-4a5e-88c7-f979dde9caf3 None None] MFA Rules not processed for user `fd2789e50add444094da9260990eeb75`. Rule list: `[]` (Enabled: `True`). {{(pid=80484) check_auth_methods_against_rules /opt/stack/keystone/keystone/auth/core.py:438}}
Jun 29 06:21:35.359804 dv-neutron-848074-1-hyperv devstack@keystone.service[80483]: DEBUG keystone.server.flask.request_processing.middleware.auth_context [None req-2dc46b3c-4773-4f76-9788-524086bc0271 None admin] Authenticating user token {{(pid=80483) process_request /usr/local/lib/python3.8/dist-packages/keystonemiddleware/auth_token/__init__.py:407}}
Jun 29 06:21:35.360671 dv-neutron-848074-1-hyperv devstack@keystone.service[80484]: DEBUG keystone.common.fernet_utils [None req-72d995e1-5f54-4a5e-88c7-f979dde9caf3 None None] Loaded 2 Fernet keys from /etc/keystone/fernet-keys/, but `[fernet_tokens] max_active_keys = 3`; perhaps there have not been enough key rotations to reach `max_active_keys` yet? {{(pid=80484) load_keys /opt/stack/keystone/keystone/common/fernet_utils.py:286}}
Jun 29 06:21:35.379303 dv-neutron-848074-1-hyperv devstack@keystone.service[80483]: DEBUG dbcounter [-] [80483] Writing DB stats keystone:SELECT=100 {{(pid=80483) stat_writer /usr/local/lib/python3.8/dist-packages/dbcounter.py:114}}
Jun 29 06:21:35.449203 dv-neutron-848074-1-hyperv devstack@keystone.service[80484]: [pid: 80484|app: 0|req: 183/361] 10.222.0.18 () {58 vars in 1023 bytes} [Wed Jun 29 06:21:35 2022] POST /identity/v3/auth/tokens => generated 799 bytes in 107 msecs (HTTP/1.1 201) 6 headers in 363 bytes (1 switches on core 0)
Jun 29 06:21:35.449203 dv-neutron-848074-1-hyperv devstack@keystone.service[80484]: DEBUG keystone.server.flask.request_processing.req_logging [None req-ee174d4e-5c22-4481-a726-de4a55d1413e None None] REQUEST_METHOD: `POST` {{(pid=80484) log_request_info /opt/stack/keystone/keystone/server/flask/request_processing/req_logging.py:27}}
Jun 29 06:21:35.449203 dv-neutron-848074-1-hyperv devstack@keystone.service[80484]: DEBUG keystone.server.flask.request_processing.req_logging [None req-ee174d4e-5c22-4481-a726-de4a55d1413e None None] SCRIPT_NAME: `/identity` {{(pid=80484) log_request_info /opt/stack/keystone/keystone/server/flask/request_processing/req_logging.py:28}}
Jun 29 06:21:35.449203 dv-neutron-848074-1-hyperv devstack@keystone.service[80484]: DEBUG keystone.server.flask.request_processing.req_logging [None req-ee174d4e-5c22-4481-a726-de4a55d1413e None None] PATH_INFO: `/v3/auth/tokens` {{(pid=80484) log_request_info /opt/stack/keystone/keystone/server/flask/request_processing/req_logging.py:29}}
Jun 29 06:21:35.466495 dv-neutron-848074-1-hyperv devstack@keystone.service[80484]: DEBUG keystone.auth.core [None req-ee174d4e-5c22-4481-a726-de4a55d1413e None None] MFA Rules not processed for user `fd2789e50add444094da9260990eeb75`. Rule list: `[]` (Enabled: `True`). {{(pid=80484) check_auth_methods_against_rules /opt/stack/keystone/keystone/auth/core.py:438}}
Jun 29 06:21:35.467678 dv-neutron-848074-1-hyperv devstack@keystone.service[80484]: DEBUG keystone.common.fernet_utils [None req-ee174d4e-5c22-4481-a726-de4a55d1413e None None] Loaded 2 Fernet keys from /etc/keystone/fernet-keys/, but `[fernet_tokens] max_active_keys = 3`; perhaps there have not been enough key rotations to reach `max_active_keys` yet? {{(pid=80484) load_keys /opt/stack/keystone/keystone/common/fernet_utils.py:286}}
Jun 29 06:21:35.481141 dv-neutron-848074-1-hyperv devstack@keystone.service[80483]: DEBUG keystone.server.flask.request_processing.middleware.auth_context [None req-2dc46b3c-4773-4f76-9788-524086bc0271 None admin] Validating token access rules against request {{(pid=80483) validate_allowed_request /usr/local/lib/python3.8/dist-packages/keystonemiddleware/auth_token/__init__.py:545}}
Jun 29 06:21:35.512544 dv-neutron-848074-1-hyperv devstack@keystone.service[80484]: DEBUG dbcounter [-] [80484] Writing DB stats keystone:SELECT=100 {{(pid=80484) stat_writer /usr/local/lib/python3.8/dist-packages/dbcounter.py:114}}
Jun 29 06:21:35.528332 dv-neutron-848074-1-hyperv devstack@keystone.service[80483]: DEBUG keystone.server.flask.request_processing.middleware.auth_context [None req-037a4d95-3bcf-4d90-995e-6372708d8a58 None admin] RBAC: auth_context: {'token': , 'domain_id': None, 'trust_id': None, 'trustor_id': None, 'trustee_id': None, 'domain_name': None, 'group_ids': [], 'user_id': 'fd2789e50add444094da9260990eeb75', 'user_domain_id': 'default', 'system_scope': 'all', 'project_id': None, 'project_domain_id': None, 'roles': ['admin', 'member', 'reader'], 'is_admin_project': True, 'service_user_id': None, 'service_user_domain_id': None, 'service_project_id': None, 'service_project_domain_id': None, 'service_roles': []} {{(pid=80483) fill_context /opt/stack/keystone/keystone/server/flask/request_processing/middleware/auth_context.py:478}}
Jun 29 06:21:35.529983 dv-neutron-848074-1-hyperv devstack@keystone.service[80483]: DEBUG keystone.server.flask.request_processing.req_logging [None req-037a4d95-3bcf-4d90-995e-6372708d8a58 None admin] REQUEST_METHOD: `GET` {{(pid=80483) log_request_info /opt/stack/keystone/keystone/server/flask/request_processing/req_logging.py:27}}
Jun 29 06:21:35.530457 dv-neutron-848074-1-hyperv devstack@keystone.service[80483]: DEBUG keystone.server.flask.request_processing.req_logging [None req-037a4d95-3bcf-4d90-995e-6372708d8a58 None admin] SCRIPT_NAME: `/identity` {{(pid=80483) log_request_info /opt/stack/keystone/keystone/server/flask/request_processing/req_logging.py:28}}
Jun 29 06:21:35.530881 dv-neutron-848074-1-hyperv devstack@keystone.service[80483]: DEBUG keystone.server.flask.request_processing.req_logging [None req-037a4d95-3bcf-4d90-995e-6372708d8a58 None admin] PATH_INFO: `/v3/groups/16d38d49f24a44828a0aee5b97308451` {{(pid=80483) log_request_info /opt/stack/keystone/keystone/server/flask/request_processing/req_logging.py:29}}
Jun 29 06:21:35.532075 dv-neutron-848074-1-hyperv devstack@keystone.service[80483]: DEBUG keystone.common.rbac_enforcer.enforcer [None req-037a4d95-3bcf-4d90-995e-6372708d8a58 None admin] RBAC: Authorizing `identity:get_group(group_id=16d38d49f24a44828a0aee5b97308451)` {{(pid=80483) enforce_call /opt/stack/keystone/keystone/common/rbac_enforcer/enforcer.py:449}}
Jun 29 06:21:35.533541 dv-neutron-848074-1-hyperv devstack@keystone.service[80483]: DEBUG keystone.common.rbac_enforcer.enforcer [None req-037a4d95-3bcf-4d90-995e-6372708d8a58 None admin] RBAC: Authorization granted {{(pid=80483) enforce_call /opt/stack/keystone/keystone/common/rbac_enforcer/enforcer.py:457}}
Jun 29 06:21:35.541943 dv-neutron-848074-1-hyperv devstack@keystone.service[80483]: [pid: 80483|app: 0|req: 179/362] 10.222.0.18 () {56 vars in 1180 bytes} [Wed Jun 29 06:21:35 2022] GET /identity/v3/groups/16d38d49f24a44828a0aee5b97308451 => generated 226 bytes in 178 msecs (HTTP/1.1 200) 5 headers in 177 bytes (1 switches on core 0)
Jun 29 06:21:35.541943 dv-neutron-848074-1-hyperv devstack@keystone.service[80483]: DEBUG keystone.server.flask.request_processing.middleware.auth_context [None req-037a4d95-3bcf-4d90-995e-6372708d8a58 None admin] Authenticating user token {{(pid=80483) process_request /usr/local/lib/python3.8/dist-packages/keystonemiddleware/auth_token/__init__.py:407}}
Jun 29 06:21:35.557638 dv-neutron-848074-1-hyperv devstack@keystone.service[80484]: [pid: 80484|app: 0|req: 184/363] 10.222.0.18 () {58 vars in 1023 bytes} [Wed Jun 29 06:21:35 2022] POST /identity/v3/auth/tokens => generated 799 bytes in 110 msecs (HTTP/1.1 201) 6 headers in 363 bytes (1 switches on core 0)
Jun 29 06:21:35.559053 dv-neutron-848074-1-hyperv devstack@keystone.service[80484]: DEBUG keystone.server.flask.request_processing.middleware.auth_context [None req-ee174d4e-5c22-4481-a726-de4a55d1413e None None] Authenticating user token {{(pid=80484) process_request /usr/local/lib/python3.8/dist-packages/keystonemiddleware/auth_token/__init__.py:407}}
Jun 29 06:21:35.644662 dv-neutron-848074-1-hyperv devstack@keystone.service[80483]: DEBUG dbcounter [-] [80483] Writing DB stats keystone:SELECT=100 {{(pid=80483) stat_writer /usr/local/lib/python3.8/dist-packages/dbcounter.py:114}}
Jun 29 06:21:35.671989 dv-neutron-848074-1-hyperv devstack@keystone.service[80483]: DEBUG keystone.server.flask.request_processing.middleware.auth_context [None req-037a4d95-3bcf-4d90-995e-6372708d8a58 None admin] Validating token access rules against request {{(pid=80483) validate_allowed_request /usr/local/lib/python3.8/dist-packages/keystonemiddleware/auth_token/__init__.py:545}}
Jun 29 06:21:35.685924 dv-neutron-848074-1-hyperv devstack@keystone.service[80484]: DEBUG keystone.server.flask.request_processing.middleware.auth_context [None req-ee174d4e-5c22-4481-a726-de4a55d1413e None None] Validating token access rules against request {{(pid=80484) validate_allowed_request /usr/local/lib/python3.8/dist-packages/keystonemiddleware/auth_token/__init__.py:545}}
Jun 29 06:21:35.715927 dv-neutron-848074-1-hyperv devstack@keystone.service[80483]: DEBUG keystone.server.flask.request_processing.middleware.auth_context [None req-1a7f6fc3-6c66-43fd-b44f-88e2b314732c None admin] RBAC: auth_context: {'token': , 'domain_id': None, 'trust_id': None, 'trustor_id': None, 'trustee_id': None, 'domain_name': None, 'group_ids': [], 'user_id': 'fd2789e50add444094da9260990eeb75', 'user_domain_id': 'default', 'system_scope': 'all', 'project_id': None, 'project_domain_id': None, 'roles': ['admin', 'member', 'reader'], 'is_admin_project': True, 'service_user_id': None, 'service_user_domain_id': None, 'service_project_id': None, 'service_project_domain_id': None, 'service_roles': []} {{(pid=80483) fill_context /opt/stack/keystone/keystone/server/flask/request_processing/middleware/auth_context.py:478}}
Jun 29 06:21:35.716633 dv-neutron-848074-1-hyperv devstack@keystone.service[80483]: DEBUG keystone.server.flask.request_processing.req_logging [None req-1a7f6fc3-6c66-43fd-b44f-88e2b314732c None admin] REQUEST_METHOD: `GET` {{(pid=80483) log_request_info /opt/stack/keystone/keystone/server/flask/request_processing/req_logging.py:27}}
Jun 29 06:21:35.716920 dv-neutron-848074-1-hyperv devstack@keystone.service[80483]: DEBUG keystone.server.flask.request_processing.req_logging [None req-1a7f6fc3-6c66-43fd-b44f-88e2b314732c None admin] SCRIPT_NAME: `/identity` {{(pid=80483) log_request_info /opt/stack/keystone/keystone/server/flask/request_processing/req_logging.py:28}}
Jun 29 06:21:35.717279 dv-neutron-848074-1-hyperv devstack@keystone.service[80483]: DEBUG keystone.server.flask.request_processing.req_logging [None req-1a7f6fc3-6c66-43fd-b44f-88e2b314732c None admin] PATH_INFO: `/v3/roles` {{(pid=80483) log_request_info /opt/stack/keystone/keystone/server/flask/request_processing/req_logging.py:29}}
Jun 29 06:21:35.718544 dv-neutron-848074-1-hyperv devstack@keystone.service[80483]: DEBUG keystone.common.rbac_enforcer.enforcer [None req-1a7f6fc3-6c66-43fd-b44f-88e2b314732c None admin] RBAC: Adding query filter params (name=reader) {{(pid=80483) _extract_filter_values /opt/stack/keystone/keystone/common/rbac_enforcer/enforcer.py:167}}
Jun 29 06:21:35.718544 dv-neutron-848074-1-hyperv devstack@keystone.service[80483]: DEBUG keystone.common.rbac_enforcer.enforcer [None req-1a7f6fc3-6c66-43fd-b44f-88e2b314732c None admin] RBAC: Authorizing `identity:list_roles()` {{(pid=80483) enforce_call /opt/stack/keystone/keystone/common/rbac_enforcer/enforcer.py:449}}
Jun 29 06:21:35.719692 dv-neutron-848074-1-hyperv devstack@keystone.service[80483]: DEBUG keystone.common.rbac_enforcer.enforcer [None req-1a7f6fc3-6c66-43fd-b44f-88e2b314732c None admin] RBAC: Authorization granted {{(pid=80483) enforce_call /opt/stack/keystone/keystone/common/rbac_enforcer/enforcer.py:457}}
Jun 29 06:21:35.729793 dv-neutron-848074-1-hyperv devstack@keystone.service[80483]: [pid: 80483|app: 0|req: 180/364] 10.222.0.18 () {56 vars in 1101 bytes} [Wed Jun 29 06:21:35 2022] GET /identity/v3/roles?name=reader => generated 341 bytes in 192 msecs (HTTP/1.1 200) 5 headers in 177 bytes (1 switches on core 0)
Jun 29 06:21:35.730513 dv-neutron-848074-1-hyperv devstack@keystone.service[80483]: DEBUG keystone.server.flask.request_processing.middleware.auth_context [None req-1a7f6fc3-6c66-43fd-b44f-88e2b314732c None admin] Authenticating user token {{(pid=80483) process_request /usr/local/lib/python3.8/dist-packages/keystonemiddleware/auth_token/__init__.py:407}}
Jun 29 06:21:35.731452 dv-neutron-848074-1-hyperv devstack@keystone.service[80484]: DEBUG keystone.server.flask.request_processing.middleware.auth_context [None req-b579f13d-c0a8-4dd0-92f5-1de754d7b366 None admin] RBAC: auth_context: {'token': , 'domain_id': None, 'trust_id': None, 'trustor_id': None, 'trustee_id': None, 'domain_name': None, 'group_ids': [], 'user_id': 'fd2789e50add444094da9260990eeb75', 'user_domain_id': 'default', 'system_scope': 'all', 'project_id': None, 'project_domain_id': None, 'roles': ['admin', 'member', 'reader'], 'is_admin_project': True, 'service_user_id': None, 'service_user_domain_id': None, 'service_project_id': None, 'service_project_domain_id': None, 'service_roles': []} {{(pid=80484) fill_context /opt/stack/keystone/keystone/server/flask/request_processing/middleware/auth_context.py:478}}
Jun 29 06:21:35.732394 dv-neutron-848074-1-hyperv devstack@keystone.service[80484]: DEBUG keystone.server.flask.request_processing.req_logging [None req-b579f13d-c0a8-4dd0-92f5-1de754d7b366 None admin] REQUEST_METHOD: `GET` {{(pid=80484) log_request_info /opt/stack/keystone/keystone/server/flask/request_processing/req_logging.py:27}}
Jun 29 06:21:35.732876 dv-neutron-848074-1-hyperv devstack@keystone.service[80484]: DEBUG keystone.server.flask.request_processing.req_logging [None req-b579f13d-c0a8-4dd0-92f5-1de754d7b366 None admin] SCRIPT_NAME: `/identity` {{(pid=80484) log_request_info /opt/stack/keystone/keystone/server/flask/request_processing/req_logging.py:28}}
Jun 29 06:21:35.733413 dv-neutron-848074-1-hyperv devstack@keystone.service[80484]: DEBUG keystone.server.flask.request_processing.req_logging [None req-b579f13d-c0a8-4dd0-92f5-1de754d7b366 None admin] PATH_INFO: `/v3/role_assignments` {{(pid=80484) log_request_info /opt/stack/keystone/keystone/server/flask/request_processing/req_logging.py:29}}
Jun 29 06:21:35.734445 dv-neutron-848074-1-hyperv devstack@keystone.service[80484]: DEBUG keystone.common.rbac_enforcer.enforcer [None req-b579f13d-c0a8-4dd0-92f5-1de754d7b366 None admin] RBAC: Adding query filter params (group.id=16d38d49f24a44828a0aee5b97308451, role.id=476d4f26357a465bae1635b03ca04b65, scope.project.id=b7998b59414045a6a9910d5a0b4e6ce8) {{(pid=80484) _extract_filter_values /opt/stack/keystone/keystone/common/rbac_enforcer/enforcer.py:167}}
Jun 29 06:21:35.734974 dv-neutron-848074-1-hyperv devstack@keystone.service[80484]: DEBUG keystone.common.rbac_enforcer.enforcer [None req-b579f13d-c0a8-4dd0-92f5-1de754d7b366 None admin] RBAC: Authorizing `identity:list_role_assignments()` {{(pid=80484) enforce_call /opt/stack/keystone/keystone/common/rbac_enforcer/enforcer.py:449}}
Jun 29 06:21:35.736847 dv-neutron-848074-1-hyperv devstack@keystone.service[80484]: DEBUG keystone.common.rbac_enforcer.enforcer [None req-b579f13d-c0a8-4dd0-92f5-1de754d7b366 None admin] RBAC: Authorization granted {{(pid=80484) enforce_call /opt/stack/keystone/keystone/common/rbac_enforcer/enforcer.py:457}}
Jun 29 06:21:35.749334 dv-neutron-848074-1-hyperv devstack@keystone.service[80484]: [pid: 80484|app: 0|req: 185/365] 10.222.0.18 () {56 vars in 1376 bytes} [Wed Jun 29 06:21:35 2022] GET /identity/v3/role_assignments?group.id=16d38d49f24a44828a0aee5b97308451&scope.project.id=b7998b59414045a6a9910d5a0b4e6ce8&role.id=476d4f26357a465bae1635b03ca04b65 => generated 260 bytes in 186 msecs (HTTP/1.1 200) 5 headers in 177 bytes (1 switches on core 0)
Jun 29 06:21:35.750594 dv-neutron-848074-1-hyperv devstack@keystone.service[80484]: DEBUG keystone.server.flask.request_processing.middleware.auth_context [None req-b579f13d-c0a8-4dd0-92f5-1de754d7b366 None admin] Authenticating user token {{(pid=80484) process_request /usr/local/lib/python3.8/dist-packages/keystonemiddleware/auth_token/__init__.py:407}}
Jun 29 06:21:35.808727 dv-neutron-848074-1-hyperv devstack@keystone.service[80484]: DEBUG dbcounter [-] [80484] Writing DB stats keystone:SELECT=100 {{(pid=80484) stat_writer /usr/local/lib/python3.8/dist-packages/dbcounter.py:114}}
Jun 29 06:21:35.860886 dv-neutron-848074-1-hyperv devstack@keystone.service[80483]: DEBUG keystone.server.flask.request_processing.middleware.auth_context [None req-1a7f6fc3-6c66-43fd-b44f-88e2b314732c None admin] Validating token access rules against request {{(pid=80483) validate_allowed_request /usr/local/lib/python3.8/dist-packages/keystonemiddleware/auth_token/__init__.py:545}}
