Jun 28 18:26:19.226801 dv-neutron-848000-1-hyperv neutron-server[88864]: DEBUG neutron.api.rpc.handlers.l3_rpc [None req-31981beb-3446-4e42-80d9-9d5e46914266 None None] The sync data for ids ['5cf964da-e042-4821-865a-a04c6d98a062'] in dv-neutron-848000-1-hyperv is: [{'id': '5cf964da-e042-4821-865a-a04c6d98a062', 'name': 'tempest-ServersTestJSON-220179372-router', 'tenant_id': '04bf8550fd334bc28d93da26c6b4c091', 'admin_state_up': True, 'status': 'ACTIVE', 'external_gateway_info': {'network_id': '098c6a88-eb0b-4118-973a-2e6194f08b41', 'external_fixed_ips': [{'subnet_id': '5920ad57-0d71-42c9-bf24-f4e5e9b3f058', 'ip_address': '172.26.4.30'}], 'enable_snat': True}, 'gw_port_id': '6545b706-18b5-46c2-9b61-486c586d469a', 'description': '', 'availability_zones': ['nova'], 'distributed': False, 'ha': False, 'ha_vr_id': 0, 'availability_zone_hints': [], 'routes': [], 'flavor_id': None, 'tags': [], 'created_at': '2022-06-28T18:25:44Z', 'updated_at': '2022-06-28T18:26:04Z', 'revision_number': 4, 'project_id': '04bf8550fd334bc28d93da26c6b4c091', 'gw_port': {'id': '6545b706-18b5-46c2-9b61-486c586d469a', 'name': '', 'network_id': '098c6a88-eb0b-4118-973a-2e6194f08b41', 'tenant_id': '', 'mac_address': 'fa:16:3e:c6:e5:94', 'admin_state_up': True, 'status': 'ACTIVE', 'device_id': '5cf964da-e042-4821-865a-a04c6d98a062', 'device_owner': 'network:router_gateway', 'standard_attr_id': 76, 'fixed_ips': [{'subnet_id': '5920ad57-0d71-42c9-bf24-f4e5e9b3f058', 'ip_address': '172.26.4.30', 'prefixlen': 24}], 'allowed_address_pairs': [], 'extra_dhcp_opts': [], 'security_groups': [], 'description': '', 'binding:vnic_type': 'normal', 'binding:profile': {}, 'binding:host_id': 'dv-neutron-848000-1-hyperv', 'binding:vif_type': 'ovs', 'binding:vif_details': {'connectivity': 'l2', 'port_filter': True, 'ovs_hybrid_plug': False, 'datapath_type': 'system', 'bridge_name': 'br-int'}, 'port_security_enabled': False, 'tags': [], 'created_at': '2022-06-28T18:25:46Z', 'updated_at': '2022-06-28T18:26:05Z', 'revision_number': 4, 'project_id': '', 'subnets': [{'id': '5920ad57-0d71-42c9-bf24-f4e5e9b3f058', 'cidr': '172.26.4.0/24', 'gateway_ip': '172.26.4.1', 'dns_nameservers': [], 'ipv6_ra_mode': None, 'subnetpool_id': None}], 'extra_subnets': [], 'address_scopes': {4: None, 6: None}, 'mtu': 1500}, 'enable_snat': True, 'gw_port_host': 'dv-neutron-848000-1-hyperv', '_interfaces': [{'id': 'c3ee8460-27b1-47d4-9157-9d82da383f23', 'name': '', 'network_id': '553aac3c-972f-4425-98ed-10732d533b08', 'tenant_id': '04bf8550fd334bc28d93da26c6b4c091', 'mac_address': 'fa:16:3e:e2:6e:d9', 'admin_state_up': True, 'status': 'DOWN', 'device_id': '5cf964da-e042-4821-865a-a04c6d98a062', 'device_owner': 'network:router_interface', 'standard_attr_id': 137, 'fixed_ips': [{'subnet_id': '7419f697-5db0-4b2b-a41e-be05bb285c9c', 'ip_address': '172.20.0.1', 'prefixlen': 28}], 'allowed_address_pairs': [], 'extra_dhcp_opts': [], 'security_groups': [], 'description': '', 'binding:vnic_type': 'normal', 'binding:profile': {}, 'binding:host_id': 'dv-neutron-848000-1-hyperv', 'binding:vif_type': 'ovs', 'binding:vif_details': {'connectivity': 'l2', 'port_filter': True, 'ovs_hybrid_plug': False, 'datapath_type': 'system', 'bridge_name': 'br-int'}, 'port_security_enabled': False, 'tags': [], 'created_at': '2022-06-28T18:26:01Z', 'updated_at': '2022-06-28T18:26:16Z', 'revision_number': 4, 'project_id': '04bf8550fd334bc28d93da26c6b4c091', 'subnets': [{'id': '7419f697-5db0-4b2b-a41e-be05bb285c9c', 'cidr': '172.20.0.0/28', 'gateway_ip': '172.20.0.1', 'dns_nameservers': [], 'ipv6_ra_mode': None, 'subnetpool_id': None}], 'extra_subnets': [], 'address_scopes': {4: None, 6: None}, 'mtu': 1500}]}] {{(pid=88864) sync_routers /opt/stack/neutron/neutron/api/rpc/handlers/l3_rpc.py:137}}
Jun 28 18:26:19.234339 dv-neutron-848000-1-hyperv neutron-server[88864]: DEBUG neutron.plugins.ml2.plugin [None req-54326350-c979-4c68-a60f-f3d5cf63a4b9 None None] Current status of the port 40006c0e-e653-466e-865b-ef82dfa980f4 is: ACTIVE; New status is: ACTIVE {{(pid=88864) _update_individual_port_db_status /opt/stack/neutron/neutron/plugins/ml2/plugin.py:2189}}
Jun 28 18:26:19.235488 dv-neutron-848000-1-hyperv neutron-server[88864]: DEBUG neutron.plugins.ml2.rpc [None req-54326350-c979-4c68-a60f-f3d5cf63a4b9 None None] Device 02c69e0a-7b5a-4224-b693-4d83005261fd up at agent ovs-agent-dv-neutron-848000-1-hyperv {{(pid=88864) update_device_up /opt/stack/neutron/neutron/plugins/ml2/rpc.py:278}}
Jun 28 18:26:19.235998 dv-neutron-848000-1-hyperv neutron-server[88862]: DEBUG neutron.api.v2.base [None req-47cb04a0-4aa8-4475-9174-712a39ec4f6c tempest-NetworksTestDHCPv6-715869127 tempest-NetworksTestDHCPv6-715869127-project] Request body: {'subnet': {'network_id': '92a64fd4-5d43-4a8d-b206-67cc2ecd23bb', 'cidr': '2001:db8::/64', 'ip_version': 6, 'gateway_ip': '2001:db8::1', 'ipv6_ra_mode': 'dhcpv6-stateful'}} {{(pid=88862) prepare_request_body /opt/stack/neutron/neutron/api/v2/base.py:729}}
Jun 28 18:26:19.270966 dv-neutron-848000-1-hyperv neutron-server[88864]: DEBUG neutron.api.rpc.handlers.dhcp_rpc [None req-34a7ce60-aabc-4b4a-9818-7954ffaaf2fa None None] Network 92a64fd4-5d43-4a8d-b206-67cc2ecd23bb requested from dv-neutron-848000-1-hyperv {{(pid=88864) get_network_info /opt/stack/neutron/neutron/api/rpc/handlers/dhcp_rpc.py:213}}
Jun 28 18:26:19.397202 dv-neutron-848000-1-hyperv neutron-server[88864]: DEBUG neutron.plugins.ml2.plugin [None req-05eae5a2-0603-424c-af09-a2eca4016b23 None None] Current status of the port 40006c0e-e653-466e-865b-ef82dfa980f4 is: ACTIVE; New status is: ACTIVE {{(pid=88864) _update_individual_port_db_status /opt/stack/neutron/neutron/plugins/ml2/plugin.py:2189}}
Jun 28 18:26:19.674621 dv-neutron-848000-1-hyperv neutron-server[88862]: DEBUG neutron.db.quota.driver [None req-47cb04a0-4aa8-4475-9174-712a39ec4f6c tempest-NetworksTestDHCPv6-715869127 tempest-NetworksTestDHCPv6-715869127-project] Resources subnetpool have unlimited quota limit. It is not required to calculate headroom {{(pid=88862) make_reservation /opt/stack/neutron/neutron/db/quota/driver.py:219}}
Jun 28 18:26:19.701347 dv-neutron-848000-1-hyperv neutron-server[88862]: DEBUG neutron.pecan_wsgi.hooks.policy_enforcement [req-2dfe441c-3cbb-462c-92b8-4416efe76363 req-e42e3e46-ca78-40e1-ad3e-b834f31b7d8b tempest-ServersTestManualDisk-176314711 tempest-ServersTestManualDisk-176314711-project] Attributes excluded by policy engine: ['standard_attr_id', 'vlan_transparent', 'provider:network_type', 'provider:physical_network', 'provider:segmentation_id'] {{(pid=88862) _exclude_attributes_by_policy /opt/stack/neutron/neutron/pecan_wsgi/hooks/policy_enforcement.py:259}}
Jun 28 18:26:19.702305 dv-neutron-848000-1-hyperv neutron-server[88862]: DEBUG neutron.quota.resource [req-2dfe441c-3cbb-462c-92b8-4416efe76363 req-e42e3e46-ca78-40e1-ad3e-b834f31b7d8b tempest-ServersTestManualDisk-176314711 tempest-ServersTestManualDisk-176314711-project] Synchronizing usage tracker for tenant:954ca47510694e4396eb6d7331d0af4a on resource:network {{(pid=88862) resync /opt/stack/neutron/neutron/quota/resource.py:241}}
Jun 28 18:26:19.706071 dv-neutron-848000-1-hyperv neutron-server[88862]: DEBUG neutron.quota.resource [None req-47cb04a0-4aa8-4475-9174-712a39ec4f6c tempest-NetworksTestDHCPv6-715869127 tempest-NetworksTestDHCPv6-715869127-project] Usage tracker for resource:subnet and tenant:422c13a16a0a4d7cabc3203ef670204c is out of sync, need to count used quota {{(pid=88862) count_used /opt/stack/neutron/neutron/quota/resource.py:270}}
Jun 28 18:26:19.711026 dv-neutron-848000-1-hyperv neutron-server[88862]: DEBUG neutron.quota.resource [None req-47cb04a0-4aa8-4475-9174-712a39ec4f6c tempest-NetworksTestDHCPv6-715869127 tempest-NetworksTestDHCPv6-715869127-project] Quota usage for subnet was recalculated. Used quota:0. {{(pid=88862) count_used /opt/stack/neutron/neutron/quota/resource.py:290}}
Jun 28 18:26:19.720541 dv-neutron-848000-1-hyperv neutron-server[88862]: DEBUG neutron.db.quota.driver [None req-47cb04a0-4aa8-4475-9174-712a39ec4f6c tempest-NetworksTestDHCPv6-715869127 tempest-NetworksTestDHCPv6-715869127-project] Attempting to reserve 1 items for resource subnet. Total usage: 0; quota limit: 100; headroom:100 {{(pid=88862) make_reservation /opt/stack/neutron/neutron/db/quota/driver.py:246}}
Jun 28 18:26:19.739901 dv-neutron-848000-1-hyperv neutron-server[88862]: DEBUG neutron.quota.resource [req-2dfe441c-3cbb-462c-92b8-4416efe76363 req-e42e3e46-ca78-40e1-ad3e-b834f31b7d8b tempest-ServersTestManualDisk-176314711 tempest-ServersTestManualDisk-176314711-project] Unset dirty status for tenant:954ca47510694e4396eb6d7331d0af4a on resource:network {{(pid=88862) _resync /opt/stack/neutron/neutron/quota/resource.py:233}}
Jun 28 18:26:19.751800 dv-neutron-848000-1-hyperv neutron-server[88862]: INFO neutron.wsgi [req-2dfe441c-3cbb-462c-92b8-4416efe76363 req-e42e3e46-ca78-40e1-ad3e-b834f31b7d8b tempest-ServersTestManualDisk-176314711 tempest-ServersTestManualDisk-176314711-project] 10.222.0.23 "GET /v2.0/networks?id=1aad5f26-4354-4bb2-816e-391ea380ca54 HTTP/1.1" status: 200 len: 811 time: 0.6289515
Jun 28 18:26:19.756151 dv-neutron-848000-1-hyperv neutron-server[88862]: DEBUG neutron.pecan_wsgi.hooks.quota_enforcement [None req-47cb04a0-4aa8-4475-9174-712a39ec4f6c tempest-NetworksTestDHCPv6-715869127 tempest-NetworksTestDHCPv6-715869127-project] Made reservation on behalf of 422c13a16a0a4d7cabc3203ef670204c for: {'subnet': 1} {{(pid=88862) before /opt/stack/neutron/neutron/pecan_wsgi/hooks/quota_enforcement.py:53}}
Jun 28 18:26:19.761570 dv-neutron-848000-1-hyperv neutron-server[88862]: DEBUG neutron_lib.callbacks.manager [None req-47cb04a0-4aa8-4475-9174-712a39ec4f6c tempest-NetworksTestDHCPv6-715869127 tempest-NetworksTestDHCPv6-715869127-project] Notify callbacks ['neutron.services.segments.plugin.SegmentHostRoutes.host_routes_before_create-26215746'] for subnet, before_create {{(pid=88862) _notify_loop /usr/local/lib/python3.8/dist-packages/neutron_lib/callbacks/manager.py:192}}
Jun 28 18:26:19.766469 dv-neutron-848000-1-hyperv neutron-server[88863]: DEBUG neutron.api.v2.base [None req-f889d843-5ff3-4611-a46f-f51567c31601 tempest-NetworksIpV6Test-1255947242 tempest-NetworksIpV6Test-1255947242-project] Request body: {'network': {'name': 'tempest-NetworksIpV6Test-test-network-918626332'}} {{(pid=88863) prepare_request_body /opt/stack/neutron/neutron/api/v2/base.py:729}}
Jun 28 18:26:19.778152 dv-neutron-848000-1-hyperv neutron-server[88863]: DEBUG neutron.db.db_base_plugin_v2 [None req-467d36cc-915e-49df-a82d-5cd72d70dcca tempest-RoutersAdminTest-2106456780 tempest-RoutersAdminTest-2106456780-project-admin] Deleting subnet 993fe9a4-1ef9-4287-aa0f-ed0cf146adfa {{(pid=88863) delete_subnet /opt/stack/neutron/neutron/db/db_base_plugin_v2.py:1048}}
Jun 28 18:26:19.781148 dv-neutron-848000-1-hyperv neutron-server[88864]: DEBUG neutron.api.rpc.handlers.dhcp_rpc [None req-6d18e56e-bc39-42b6-b606-2f48ef92f213 None None] Create dhcp port {'port': {'name': '', 'admin_state_up': True, 'device_id': 'dhcp6567fdb0-fc4b-59ce-a87d-994b0a7d6b3f-3864804a-7fda-4227-a030-6918b8908b36', 'network_id': '3864804a-7fda-4227-a030-6918b8908b36', 'tenant_id': '35213c52d98141b4b6b0cce886a1898c', 'fixed_ips': [{'subnet_id': '65939531-2583-498b-97ab-3ec946669a8c'}]}} from dv-neutron-848000-1-hyperv. {{(pid=88864) create_dhcp_port /opt/stack/neutron/neutron/api/rpc/handlers/dhcp_rpc.py:279}}
Jun 28 18:26:19.782125 dv-neutron-848000-1-hyperv neutron-server[88864]: DEBUG neutron_lib.callbacks.manager [None req-6d18e56e-bc39-42b6-b606-2f48ef92f213 None None] Notify callbacks ['neutron.plugins.ml2.plugin.SecurityGroupDbMixin._ensure_default_security_group_handler-1459080'] for port, before_create {{(pid=88864) _notify_loop /usr/local/lib/python3.8/dist-packages/neutron_lib/callbacks/manager.py:192}}
Jun 28 18:26:19.814362 dv-neutron-848000-1-hyperv neutron-server[88862]: INFO neutron.wsgi [req-2dfe441c-3cbb-462c-92b8-4416efe76363 req-c9d1c8f5-4b72-4459-81e3-6655a520c456 tempest-ServersTestManualDisk-176314711 tempest-ServersTestManualDisk-176314711-project] 10.222.0.23 "GET /v2.0/quotas/954ca47510694e4396eb6d7331d0af4a HTTP/1.1" status: 200 len: 375 time: 0.0606675
Jun 28 18:26:19.887680 dv-neutron-848000-1-hyperv neutron-server[88863]: INFO neutron.wsgi [req-8231ceb6-ae0f-45c4-bcea-46aff1a48a90 req-9e6187d3-fe18-4b5b-a090-a582092d877d tempest-ServerActionsTestJSON-1503920841 tempest-ServerActionsTestJSON-1503920841-project] 10.222.0.23 "GET /v2.0/ports?device_id=867477f6-143e-44c1-96f7-369a0986aaa5 HTTP/1.1" status: 200 len: 210 time: 0.9067283
Jun 28 18:26:19.905129 dv-neutron-848000-1-hyperv neutron-server[88863]: DEBUG neutron.db.quota.driver [None req-f889d843-5ff3-4611-a46f-f51567c31601 tempest-NetworksIpV6Test-1255947242 tempest-NetworksIpV6Test-1255947242-project] Resources subnetpool have unlimited quota limit. It is not required to calculate headroom {{(pid=88863) make_reservation /opt/stack/neutron/neutron/db/quota/driver.py:219}}
Jun 28 18:26:19.935129 dv-neutron-848000-1-hyperv neutron-server[88863]: DEBUG neutron_lib.callbacks.manager [None req-467d36cc-915e-49df-a82d-5cd72d70dcca tempest-RoutersAdminTest-2106456780 tempest-RoutersAdminTest-2106456780-project-admin] Notify callbacks [] for subnet, before_delete {{(pid=88863) _notify_loop /usr/local/lib/python3.8/dist-packages/neutron_lib/callbacks/manager.py:192}}
Jun 28 18:26:20.053060 dv-neutron-848000-1-hyperv neutron-server[88863]: DEBUG neutron.quota.resource [None req-f889d843-5ff3-4611-a46f-f51567c31601 tempest-NetworksIpV6Test-1255947242 tempest-NetworksIpV6Test-1255947242-project] Usage tracker for resource:network and tenant:35213c52d98141b4b6b0cce886a1898c is out of sync, need to count used quota {{(pid=88863) count_used /opt/stack/neutron/neutron/quota/resource.py:270}}
Jun 28 18:26:20.074108 dv-neutron-848000-1-hyperv neutron-server[88864]: DEBUG neutron.db.provisioning_blocks [None req-54326350-c979-4c68-a60f-f3d5cf63a4b9 None None] Provisioning for port 02c69e0a-7b5a-4224-b693-4d83005261fd completed by entity L2. {{(pid=88864) provisioning_complete /opt/stack/neutron/neutron/db/provisioning_blocks.py:133}}
Jun 28 18:26:20.084831 dv-neutron-848000-1-hyperv neutron-server[88863]: DEBUG neutron.quota.resource [None req-f889d843-5ff3-4611-a46f-f51567c31601 tempest-NetworksIpV6Test-1255947242 tempest-NetworksIpV6Test-1255947242-project] Quota usage for network was recalculated. Used quota:2. {{(pid=88863) count_used /opt/stack/neutron/neutron/quota/resource.py:290}}
Jun 28 18:26:20.114582 dv-neutron-848000-1-hyperv neutron-server[88863]: DEBUG neutron.db.quota.driver [req-7d17687a-a56e-4f27-beec-9020427cae98 req-10825e11-33f6-428a-aaee-e9b1274f7414 tempest-ServerActionsTestJSON-1503920841 tempest-ServerActionsTestJSON-1503920841-project] Resources subnetpool have unlimited quota limit. It is not required to calculate headroom {{(pid=88863) make_reservation /opt/stack/neutron/neutron/db/quota/driver.py:219}}
Jun 28 18:26:20.125415 dv-neutron-848000-1-hyperv neutron-server[88864]: DEBUG neutron.db.provisioning_blocks [None req-54326350-c979-4c68-a60f-f3d5cf63a4b9 None None] Provisioning complete for port 02c69e0a-7b5a-4224-b693-4d83005261fd triggered by entity L2. {{(pid=88864) provisioning_complete /opt/stack/neutron/neutron/db/provisioning_blocks.py:139}}
Jun 28 18:26:20.125962 dv-neutron-848000-1-hyperv neutron-server[88864]: DEBUG neutron_lib.callbacks.manager [None req-54326350-c979-4c68-a60f-f3d5cf63a4b9 None None] Notify callbacks ['neutron.plugins.ml2.plugin.Ml2Plugin._port_provisioned-1408136'] for port, provisioning_complete {{(pid=88864) _notify_loop /usr/local/lib/python3.8/dist-packages/neutron_lib/callbacks/manager.py:192}}
Jun 28 18:26:20.154193 dv-neutron-848000-1-hyperv neutron-server[88863]: DEBUG neutron.db.quota.driver [None req-f889d843-5ff3-4611-a46f-f51567c31601 tempest-NetworksIpV6Test-1255947242 tempest-NetworksIpV6Test-1255947242-project] Attempting to reserve 1 items for resource network. Total usage: 2; quota limit: 100; headroom:98 {{(pid=88863) make_reservation /opt/stack/neutron/neutron/db/quota/driver.py:246}}
Jun 28 18:26:20.189069 dv-neutron-848000-1-hyperv neutron-server[88863]: DEBUG neutron_lib.callbacks.manager [None req-f49ac9a4-cb9f-4fe1-8da7-64535ac2b592 tempest-ServersTestJSON-2053533336 tempest-ServersTestJSON-2053533336-project] Notify callbacks ['neutron.plugins.ml2.plugin.SecurityGroupDbMixin._ensure_default_security_group_handler-1459080'] for port, before_update {{(pid=88863) _notify_loop /usr/local/lib/python3.8/dist-packages/neutron_lib/callbacks/manager.py:192}}
Jun 28 18:26:20.227116 dv-neutron-848000-1-hyperv neutron-server[88864]: DEBUG neutron.db.provisioning_blocks [None req-51db7e68-5763-4af8-8fe6-def1f662a14c None None] Provisioning complete for port 02c69e0a-7b5a-4224-b693-4d83005261fd triggered by entity DHCP. {{(pid=88864) provisioning_complete /opt/stack/neutron/neutron/db/provisioning_blocks.py:139}}
Jun 28 18:26:20.228267 dv-neutron-848000-1-hyperv neutron-server[88864]: DEBUG neutron_lib.callbacks.manager [None req-51db7e68-5763-4af8-8fe6-def1f662a14c None None] Notify callbacks ['neutron.plugins.ml2.plugin.Ml2Plugin._port_provisioned-1408136'] for port, provisioning_complete {{(pid=88864) _notify_loop /usr/local/lib/python3.8/dist-packages/neutron_lib/callbacks/manager.py:192}}
Jun 28 18:26:20.284765 dv-neutron-848000-1-hyperv neutron-server[88863]: DEBUG neutron_lib.callbacks.manager [None req-48f15c18-f222-4824-a059-6fbc9867abc2 tempest-FloatingIPAdminTestJSON-184671934 tempest-FloatingIPAdminTestJSON-184671934-project] Notify callbacks ['neutron.services.l3_router.l3_router_plugin.L3_NAT_dbonly_mixin._precommit_delete_port_callback-426456'] for port, precommit_delete {{(pid=88863) _notify_loop /usr/local/lib/python3.8/dist-packages/neutron_lib/callbacks/manager.py:192}}
Jun 28 18:26:20.285226 dv-neutron-848000-1-hyperv neutron-server[88863]: DEBUG neutron_lib.callbacks.manager [None req-48f15c18-f222-4824-a059-6fbc9867abc2 tempest-FloatingIPAdminTestJSON-184671934 tempest-FloatingIPAdminTestJSON-184671934-project] Notify callbacks [] for floatingip, precommit_delete {{(pid=88863) _notify_loop /usr/local/lib/python3.8/dist-packages/neutron_lib/callbacks/manager.py:192}}
Jun 28 18:26:20.329135 dv-neutron-848000-1-hyperv neutron-server[88863]: DEBUG neutron.db.quota.driver [req-7d17687a-a56e-4f27-beec-9020427cae98 req-10825e11-33f6-428a-aaee-e9b1274f7414 tempest-ServerActionsTestJSON-1503920841 tempest-ServerActionsTestJSON-1503920841-project] Attempting to reserve 1 items for resource port. Total usage: 3; quota limit: 500; headroom:497 {{(pid=88863) make_reservation /opt/stack/neutron/neutron/db/quota/driver.py:246}}
Jun 28 18:26:20.382377 dv-neutron-848000-1-hyperv neutron-server[88863]: DEBUG neutron_lib.callbacks.manager [None req-467d36cc-915e-49df-a82d-5cd72d70dcca tempest-RoutersAdminTest-2106456780 tempest-RoutersAdminTest-2106456780-project-admin] Notify callbacks [] for subnet, precommit_delete_associations {{(pid=88863) _notify_loop /usr/local/lib/python3.8/dist-packages/neutron_lib/callbacks/manager.py:192}}
Jun 28 18:26:20.412778 dv-neutron-848000-1-hyperv neutron-server[88862]: INFO neutron.wsgi [req-2dfe441c-3cbb-462c-92b8-4416efe76363 req-ee67fad7-f516-4043-9720-fc3fabad5966 tempest-ServersTestManualDisk-176314711 tempest-ServersTestManualDisk-176314711-project] 10.222.0.23 "GET /v2.0/ports?tenant_id=954ca47510694e4396eb6d7331d0af4a&fields=id HTTP/1.1" status: 200 len: 348 time: 0.5964236
Jun 28 18:26:20.567912 dv-neutron-848000-1-hyperv neutron-server[88862]: DEBUG neutron_lib.callbacks.manager [None req-47cb04a0-4aa8-4475-9174-712a39ec4f6c tempest-NetworksTestDHCPv6-715869127 tempest-NetworksTestDHCPv6-715869127-project] Notify callbacks ['neutron.plugins.ml2.ovo_rpc._ObjectChangeHandler.handle_event-545563', 'neutron.api.rpc.agentnotifiers.dhcp_rpc_agent_api.DhcpAgentNotifyAPI._native_event_send_dhcp_notification-654604', 'neutron.services.segments.plugin.NovaSegmentNotifier._notify_subnet_created-2246861', 'neutron.services.segments.plugin.SegmentHostRoutes.host_routes_after_create-26215796'] for subnet, after_create {{(pid=88862) _notify_loop /usr/local/lib/python3.8/dist-packages/neutron_lib/callbacks/manager.py:192}}
Jun 28 18:26:20.617372 dv-neutron-848000-1-hyperv neutron-server[88863]: DEBUG neutron_lib.callbacks.manager [None req-467d36cc-915e-49df-a82d-5cd72d70dcca tempest-RoutersAdminTest-2106456780 tempest-RoutersAdminTest-2106456780-project-admin] Notify callbacks ['neutron.plugins.ml2.plugin.Ml2Plugin._subnet_delete_precommit_handler-1554018'] for subnet, precommit_delete {{(pid=88863) _notify_loop /usr/local/lib/python3.8/dist-packages/neutron_lib/callbacks/manager.py:192}}
Jun 28 18:26:20.696675 dv-neutron-848000-1-hyperv neutron-server[88862]: DEBUG neutron.wsgi [req-2dfe441c-3cbb-462c-92b8-4416efe76363 req-adc706ac-9add-42a7-abe8-69133ae27ea6 service neutron] http://10.222.0.23:9696/v2.0/extensions returned with HTTP 200 {{(pid=88862) __call__ /opt/stack/neutron/neutron/wsgi.py:729}}
Jun 28 18:26:20.711784 dv-neutron-848000-1-hyperv neutron-server[88862]: INFO neutron.wsgi [req-2dfe441c-3cbb-462c-92b8-4416efe76363 req-adc706ac-9add-42a7-abe8-69133ae27ea6 service neutron] 10.222.0.23 "GET /v2.0/extensions HTTP/1.1" status: 200 len: 13640 time: 0.1789968
Jun 28 18:26:20.728592 dv-neutron-848000-1-hyperv neutron-server[88864]: DEBUG neutron.db.db_base_plugin_common [None req-6d18e56e-bc39-42b6-b606-2f48ef92f213 None None] Allocated IP 2001:db8::3 (3864804a-7fda-4227-a030-6918b8908b36/65939531-2583-498b-97ab-3ec946669a8c/82725dc2-4975-4669-b48a-56029a90ca16) {{(pid=88864) _store_ip_allocation /opt/stack/neutron/neutron/db/db_base_plugin_common.py:131}}
Jun 28 18:26:20.856875 dv-neutron-848000-1-hyperv neutron-server[88863]: DEBUG neutron.pecan_wsgi.hooks.quota_enforcement [None req-f889d843-5ff3-4611-a46f-f51567c31601 tempest-NetworksIpV6Test-1255947242 tempest-NetworksIpV6Test-1255947242-project] Made reservation on behalf of 35213c52d98141b4b6b0cce886a1898c for: {'network': 1} {{(pid=88863) before /opt/stack/neutron/neutron/pecan_wsgi/hooks/quota_enforcement.py:53}}
Jun 28 18:26:20.865459 dv-neutron-848000-1-hyperv neutron-server[88863]: DEBUG neutron_lib.callbacks.manager [None req-f889d843-5ff3-4611-a46f-f51567c31601 tempest-NetworksIpV6Test-1255947242 tempest-NetworksIpV6Test-1255947242-project] Notify callbacks ['neutron.plugins.ml2.plugin.SecurityGroupDbMixin._ensure_default_security_group_handler-1459080'] for network, before_create {{(pid=88863) _notify_loop /usr/local/lib/python3.8/dist-packages/neutron_lib/callbacks/manager.py:192}}
Jun 28 18:26:20.937258 dv-neutron-848000-1-hyperv neutron-server[88863]: DEBUG neutron.plugins.ml2.plugin [None req-48f15c18-f222-4824-a059-6fbc9867abc2 tempest-FloatingIPAdminTestJSON-184671934 tempest-FloatingIPAdminTestJSON-184671934-project] Calling delete_port for ec90d054-d1e8-4448-a3cb-7bc8ce4a1017 owned by network:floatingip {{(pid=88863) delete_port /opt/stack/neutron/neutron/plugins/ml2/plugin.py:2013}}
Jun 28 18:26:21.035265 dv-neutron-848000-1-hyperv neutron-server[88862]: DEBUG neutron.scheduler.dhcp_agent_scheduler [None req-47cb04a0-4aa8-4475-9174-712a39ec4f6c tempest-NetworksTestDHCPv6-715869127 tempest-NetworksTestDHCPv6-715869127-project] Network 92a64fd4-5d43-4a8d-b206-67cc2ecd23bb is already hosted by enough agents. {{(pid=88862) _get_dhcp_agents_hosting_network /opt/stack/neutron/neutron/scheduler/dhcp_agent_scheduler.py:275}}
Jun 28 18:26:21.046406 dv-neutron-848000-1-hyperv neutron-server[88862]: DEBUG neutron.scheduler.base_scheduler [None req-47cb04a0-4aa8-4475-9174-712a39ec4f6c tempest-NetworksTestDHCPv6-715869127 tempest-NetworksTestDHCPv6-715869127-project] Resources bound (agent type, host, resource id): {{(pid=88862) schedule /opt/stack/neutron/neutron/scheduler/base_scheduler.py:57}}
Jun 28 18:26:21.051113 dv-neutron-848000-1-hyperv neutron-server[88863]: DEBUG neutron.pecan_wsgi.hooks.quota_enforcement [req-7d17687a-a56e-4f27-beec-9020427cae98 req-10825e11-33f6-428a-aaee-e9b1274f7414 tempest-ServerActionsTestJSON-1503920841 tempest-ServerActionsTestJSON-1503920841-project] Made reservation on behalf of 002ca143939e4e5f9118301cfd7684fe for: {'port': 1} {{(pid=88863) before /opt/stack/neutron/neutron/pecan_wsgi/hooks/quota_enforcement.py:53}}
Jun 28 18:26:21.062065 dv-neutron-848000-1-hyperv neutron-server[88863]: DEBUG neutron_lib.callbacks.manager [req-7d17687a-a56e-4f27-beec-9020427cae98 req-10825e11-33f6-428a-aaee-e9b1274f7414 tempest-ServerActionsTestJSON-1503920841 tempest-ServerActionsTestJSON-1503920841-project] Notify callbacks ['neutron.plugins.ml2.plugin.SecurityGroupDbMixin._ensure_default_security_group_handler-1459080'] for port, before_create {{(pid=88863) _notify_loop /usr/local/lib/python3.8/dist-packages/neutron_lib/callbacks/manager.py:192}}
Jun 28 18:26:21.091566 dv-neutron-848000-1-hyperv neutron-server[88862]: DEBUG neutron.api.rpc.handlers.resources_rpc [None req-47cb04a0-4aa8-4475-9174-712a39ec4f6c tempest-NetworksTestDHCPv6-715869127 tempest-NetworksTestDHCPv6-715869127-project] Pushing event updated for resources: {'Subnet': ['ID=b64e20fd-4117-4bd3-9aa1-6101adacfb92,revision_number=0']} {{(pid=88862) push /opt/stack/neutron/neutron/api/rpc/handlers/resources_rpc.py:237}}
Jun 28 18:26:21.101604 dv-neutron-848000-1-hyperv neutron-server[88862]: DEBUG neutron.pecan_wsgi.hooks.policy_enforcement [None req-47cb04a0-4aa8-4475-9174-712a39ec4f6c tempest-NetworksTestDHCPv6-715869127 tempest-NetworksTestDHCPv6-715869127-project] Attributes excluded by policy engine: ['standard_attr_id', 'shared', 'segment_id', 'network'] {{(pid=88862) _exclude_attributes_by_policy /opt/stack/neutron/neutron/pecan_wsgi/hooks/policy_enforcement.py:259}}
Jun 28 18:26:21.103343 dv-neutron-848000-1-hyperv neutron-server[88862]: DEBUG neutron_lib.callbacks.manager [None req-47cb04a0-4aa8-4475-9174-712a39ec4f6c tempest-NetworksTestDHCPv6-715869127 tempest-NetworksTestDHCPv6-715869127-project] Notify callbacks [] for subnet, before_response {{(pid=88862) _notify_loop /usr/local/lib/python3.8/dist-packages/neutron_lib/callbacks/manager.py:192}}
Jun 28 18:26:21.118897 dv-neutron-848000-1-hyperv neutron-server[88863]: DEBUG neutron_lib.callbacks.manager [None req-467d36cc-915e-49df-a82d-5cd72d70dcca tempest-RoutersAdminTest-2106456780 tempest-RoutersAdminTest-2106456780-project-admin] Notify callbacks ['neutron.plugins.ml2.plugin.Ml2Plugin._subnet_delete_after_delete_handler-1554009', 'neutron.plugins.ml2.ovo_rpc._ObjectChangeHandler.handle_event-545563', 'neutron.api.rpc.agentnotifiers.dhcp_rpc_agent_api.DhcpAgentNotifyAPI._native_event_send_dhcp_notification-654604'] for subnet, after_delete {{(pid=88863) _notify_loop /usr/local/lib/python3.8/dist-packages/neutron_lib/callbacks/manager.py:192}}
Jun 28 18:26:21.163446 dv-neutron-848000-1-hyperv neutron-server[88862]: INFO neutron.wsgi [req-2dfe441c-3cbb-462c-92b8-4416efe76363 req-aaa31df2-efc0-4e73-8049-ade6d08da87c service neutron] 10.222.0.23 "GET /v2.0/networks/1aad5f26-4354-4bb2-816e-391ea380ca54?fields=segments HTTP/1.1" status: 200 len: 212 time: 0.4453282
Jun 28 18:26:21.256089 dv-neutron-848000-1-hyperv neutron-server[88862]: INFO neutron.wsgi [None req-47cb04a0-4aa8-4475-9174-712a39ec4f6c tempest-NetworksTestDHCPv6-715869127 tempest-NetworksTestDHCPv6-715869127-project] 10.222.0.23 "POST /v2.0/subnets HTTP/1.1" status: 201 len: 834 time: 2.0699053
Jun 28 18:26:21.257043 dv-neutron-848000-1-hyperv neutron-server[88862]: DEBUG neutron.wsgi [-] (88862) accepted ('10.222.0.23', 37482) {{(pid=88862) server /usr/local/lib/python3.8/dist-packages/eventlet/wsgi.py:992}}
Jun 28 18:26:21.280311 dv-neutron-848000-1-hyperv neutron-server[88862]: DEBUG neutron.api.v2.base [None req-18cda65f-9455-412f-a330-e06efdf72692 tempest-NetworksTestDHCPv6-715869127 tempest-NetworksTestDHCPv6-715869127-project] Request body: {'port': {'network_id': '92a64fd4-5d43-4a8d-b206-67cc2ecd23bb', 'name': 'tempest-NetworksTestDHCPv6-1366345653'}} {{(pid=88862) prepare_request_body /opt/stack/neutron/neutron/api/v2/base.py:729}}
Jun 28 18:26:21.402666 dv-neutron-848000-1-hyperv neutron-server[88864]: DEBUG neutron.plugins.ml2.plugin [None req-51db7e68-5763-4af8-8fe6-def1f662a14c None None] Current status of the port 02c69e0a-7b5a-4224-b693-4d83005261fd is: DOWN; New status is: ACTIVE {{(pid=88864) _update_individual_port_db_status /opt/stack/neutron/neutron/plugins/ml2/plugin.py:2189}}
Jun 28 18:26:21.403939 dv-neutron-848000-1-hyperv neutron-server[88864]: DEBUG neutron_lib.callbacks.manager [None req-51db7e68-5763-4af8-8fe6-def1f662a14c None None] Notify callbacks ['neutron.plugins.ml2.plugin.SecurityGroupDbMixin._ensure_default_security_group_handler-1459080'] for port, before_update {{(pid=88864) _notify_loop /usr/local/lib/python3.8/dist-packages/neutron_lib/callbacks/manager.py:192}}
Jun 28 18:26:21.466726 dv-neutron-848000-1-hyperv neutron-server[88863]: DEBUG neutron.plugins.ml2.drivers.helpers [None req-f889d843-5ff3-4611-a46f-f51567c31601 tempest-NetworksIpV6Test-1255947242 tempest-NetworksIpV6Test-1255947242-project] vlan segment allocate from pool success with {'physical_network': 'physnet1', 'vlan_id': 219} {{(pid=88863) allocate_partially_specified_segment /opt/stack/neutron/neutron/plugins/ml2/drivers/helpers.py:153}}
Jun 28 18:26:21.519336 dv-neutron-848000-1-hyperv neutron-server[88863]: DEBUG neutron.api.rpc.handlers.resources_rpc [None req-467d36cc-915e-49df-a82d-5cd72d70dcca tempest-RoutersAdminTest-2106456780 tempest-RoutersAdminTest-2106456780-project-admin] Pushing event deleted for resources: {'Subnet': ['ID=993fe9a4-1ef9-4287-aa0f-ed0cf146adfa,revision_number=None']} {{(pid=88863) push /opt/stack/neutron/neutron/api/rpc/handlers/resources_rpc.py:237}}
Jun 28 18:26:21.528636 dv-neutron-848000-1-hyperv neutron-server[88863]: DEBUG neutron_lib.callbacks.manager [None req-467d36cc-915e-49df-a82d-5cd72d70dcca tempest-RoutersAdminTest-2106456780 tempest-RoutersAdminTest-2106456780-project-admin] Notify callbacks ['neutron.api.rpc.agentnotifiers.dhcp_rpc_agent_api.DhcpAgentNotifyAPI._send_dhcp_notification-654622'] for subnet, before_response {{(pid=88863) _notify_loop /usr/local/lib/python3.8/dist-packages/neutron_lib/callbacks/manager.py:192}}
Jun 28 18:26:21.547596 dv-neutron-848000-1-hyperv neutron-server[88864]: DEBUG neutron.plugins.ml2.plugin [None req-54326350-c979-4c68-a60f-f3d5cf63a4b9 None None] Current status of the port 02c69e0a-7b5a-4224-b693-4d83005261fd is: DOWN; New status is: ACTIVE {{(pid=88864) _update_individual_port_db_status /opt/stack/neutron/neutron/plugins/ml2/plugin.py:2189}}
Jun 28 18:26:21.547970 dv-neutron-848000-1-hyperv neutron-server[88864]: DEBUG neutron_lib.callbacks.manager [None req-54326350-c979-4c68-a60f-f3d5cf63a4b9 None None] Notify callbacks ['neutron.plugins.ml2.plugin.SecurityGroupDbMixin._ensure_default_security_group_handler-1459080'] for port, before_update {{(pid=88864) _notify_loop /usr/local/lib/python3.8/dist-packages/neutron_lib/callbacks/manager.py:192}}
Jun 28 18:26:21.571319 dv-neutron-848000-1-hyperv neutron-server[88863]: INFO neutron.wsgi [req-3ff1bcbd-8f8a-47b9-975e-0bdc0b664708 req-daeef979-85c2-46a9-b7c6-93fc21915aed tempest-ServerActionsTestJSON-1503920841 tempest-ServerActionsTestJSON-1503920841-project] 10.222.0.23 "GET /v2.0/ports?device_id=867477f6-143e-44c1-96f7-369a0986aaa5 HTTP/1.1" status: 200 len: 210 time: 0.3261819
Jun 28 18:26:21.628539 dv-neutron-848000-1-hyperv neutron-server[88864]: DEBUG neutron.api.rpc.handlers.dhcp_rpc [None req-09c5891c-4411-4f92-a3cb-9c8c8b56862e None None] DHCP port deletion for 92a64fd4-5d43-4a8d-b206-67cc2ecd23bb request from dv-neutron-848000-1-hyperv {{(pid=88864) release_dhcp_port /opt/stack/neutron/neutron/api/rpc/handlers/dhcp_rpc.py:260}}
Jun 28 18:26:21.655169 dv-neutron-848000-1-hyperv neutron-server[88863]: DEBUG neutron_lib.callbacks.manager [None req-f889d843-5ff3-4611-a46f-f51567c31601 tempest-NetworksIpV6Test-1255947242 tempest-NetworksIpV6Test-1255947242-project] Notify callbacks ['neutron.plugins.ml2.plugin.Ml2Plugin._handle_segment_change-1564040'] for segment, precommit_create {{(pid=88863) _notify_loop /usr/local/lib/python3.8/dist-packages/neutron_lib/callbacks/manager.py:192}}
Jun 28 18:26:21.655593 dv-neutron-848000-1-hyperv neutron-server[88863]: INFO neutron.db.segments_db [None req-f889d843-5ff3-4611-a46f-f51567c31601 tempest-NetworksIpV6Test-1255947242 tempest-NetworksIpV6Test-1255947242-project] Added segment 61d221f0-a109-43f3-9f2d-c5e66944ec59 of type vlan for network 59e60da9-07f9-4634-94d4-07ecd5abf003
Jun 28 18:26:21.656560 dv-neutron-848000-1-hyperv neutron-server[88864]: DEBUG neutron.plugins.ml2.plugin [None req-09c5891c-4411-4f92-a3cb-9c8c8b56862e None None] Deleting port 02c69e0a-7b5a-4224-b693-4d83005261fd {{(pid=88864) _pre_delete_port /opt/stack/neutron/neutron/plugins/ml2/plugin.py:1941}}
Jun 28 18:26:21.657005 dv-neutron-848000-1-hyperv neutron-server[88864]: DEBUG neutron_lib.callbacks.manager [None req-09c5891c-4411-4f92-a3cb-9c8c8b56862e None None] Notify callbacks ['neutron.db.l3_db.L3_NAT_dbonly_mixin._prevent_l3_port_delete_callback-8755817626170'] for port, before_delete {{(pid=88864) _notify_loop /usr/local/lib/python3.8/dist-packages/neutron_lib/callbacks/manager.py:192}}
Jun 28 18:26:21.722458 dv-neutron-848000-1-hyperv neutron-server[88862]: INFO neutron.wsgi [req-2dfe441c-3cbb-462c-92b8-4416efe76363 req-c710b404-3fab-4f12-946a-9981707ab977 service neutron] 10.222.0.23 "GET /v2.0/networks/1aad5f26-4354-4bb2-816e-391ea380ca54?fields=provider%3Aphysical_network&fields=provider%3Anetwork_type HTTP/1.1" status: 200 len: 281 time: 0.5578024
Jun 28 18:26:21.736201 dv-neutron-848000-1-hyperv neutron-server[88862]: DEBUG neutron.db.quota.driver [None req-18cda65f-9455-412f-a330-e06efdf72692 tempest-NetworksTestDHCPv6-715869127 tempest-NetworksTestDHCPv6-715869127-project] Resources subnetpool have unlimited quota limit. It is not required to calculate headroom {{(pid=88862) make_reservation /opt/stack/neutron/neutron/db/quota/driver.py:219}}
Jun 28 18:26:21.744412 dv-neutron-848000-1-hyperv neutron-server[88862]: DEBUG neutron.quota.resource [None req-18cda65f-9455-412f-a330-e06efdf72692 tempest-NetworksTestDHCPv6-715869127 tempest-NetworksTestDHCPv6-715869127-project] Usage tracker for resource:port and tenant:422c13a16a0a4d7cabc3203ef670204c is out of sync, need to count used quota {{(pid=88862) count_used /opt/stack/neutron/neutron/quota/resource.py:270}}
Jun 28 18:26:21.747292 dv-neutron-848000-1-hyperv neutron-server[88864]: DEBUG neutron.plugins.ml2.db [None req-51db7e68-5763-4af8-8fe6-def1f662a14c None None] For port 02c69e0a-7b5a-4224-b693-4d83005261fd, host dv-neutron-848000-1-hyperv, got binding levels [PortBindingLevel(driver='openvswitch',host='dv-neutron-848000-1-hyperv',level=0,port_id=02c69e0a-7b5a-4224-b693-4d83005261fd,segment=NetworkSegment(0f837966-1462-4599-937a-99b612affeb3),segment_id=0f837966-1462-4599-937a-99b612affeb3)] {{(pid=88864) get_binding_level_objs /opt/stack/neutron/neutron/plugins/ml2/db.py:75}}
Jun 28 18:26:21.749493 dv-neutron-848000-1-hyperv neutron-server[88864]: DEBUG neutron_lib.callbacks.manager [None req-6d18e56e-bc39-42b6-b606-2f48ef92f213 None None] Notify callbacks [] for port, precommit_create {{(pid=88864) _notify_loop /usr/local/lib/python3.8/dist-packages/neutron_lib/callbacks/manager.py:192}}
Jun 28 18:26:21.751170 dv-neutron-848000-1-hyperv neutron-server[88862]: DEBUG neutron.quota.resource [None req-18cda65f-9455-412f-a330-e06efdf72692 tempest-NetworksTestDHCPv6-715869127 tempest-NetworksTestDHCPv6-715869127-project] Quota usage for port was recalculated. Used quota:1. {{(pid=88862) count_used /opt/stack/neutron/neutron/quota/resource.py:290}}
Jun 28 18:26:21.761170 dv-neutron-848000-1-hyperv neutron-server[88864]: DEBUG neutron_lib.callbacks.manager [None req-51db7e68-5763-4af8-8fe6-def1f662a14c None None] Notify callbacks ['neutron.plugins.ml2.plugin.SecurityGroupServerNotifierRpcMixin.notify_sg_on_port_change-1459023', 'neutron.plugins.ml2.ovo_rpc._ObjectChangeHandler.handle_event-945400', 'neutron.api.rpc.agentnotifiers.dhcp_rpc_agent_api.DhcpAgentNotifyAPI._native_event_send_dhcp_notification-654604', 'neutron.db.l3_db.L3RpcNotifierMixin._notify_gateway_port_ip_changed-8755817627257', 'neutron.db.l3_dvrscheduler_db._notify_l3_agent_port_update-8755817235137', 'neutron.db.l3_hascheduler_db._notify_l3_agent_ha_port_update-8755817235182'] for port, after_update {{(pid=88864) _notify_loop /usr/local/lib/python3.8/dist-packages/neutron_lib/callbacks/manager.py:192}}
Jun 28 18:26:21.761631 dv-neutron-848000-1-hyperv neutron-server[88862]: DEBUG neutron.db.quota.driver [None req-18cda65f-9455-412f-a330-e06efdf72692 tempest-NetworksTestDHCPv6-715869127 tempest-NetworksTestDHCPv6-715869127-project] Attempting to reserve 1 items for resource port. Total usage: 1; quota limit: 500; headroom:499 {{(pid=88862) make_reservation /opt/stack/neutron/neutron/db/quota/driver.py:246}}
Jun 28 18:26:21.782676 dv-neutron-848000-1-hyperv neutron-server[88862]: DEBUG neutron.pecan_wsgi.hooks.quota_enforcement [None req-18cda65f-9455-412f-a330-e06efdf72692 tempest-NetworksTestDHCPv6-715869127 tempest-NetworksTestDHCPv6-715869127-project] Made reservation on behalf of 422c13a16a0a4d7cabc3203ef670204c for: {'port': 1} {{(pid=88862) before /opt/stack/neutron/neutron/pecan_wsgi/hooks/quota_enforcement.py:53}}
Jun 28 18:26:21.812264 dv-neutron-848000-1-hyperv neutron-server[88862]: DEBUG neutron_lib.callbacks.manager [None req-18cda65f-9455-412f-a330-e06efdf72692 tempest-NetworksTestDHCPv6-715869127 tempest-NetworksTestDHCPv6-715869127-project] Notify callbacks ['neutron.plugins.ml2.plugin.SecurityGroupDbMixin._ensure_default_security_group_handler-1459080'] for port, before_create {{(pid=88862) _notify_loop /usr/local/lib/python3.8/dist-packages/neutron_lib/callbacks/manager.py:192}}
Jun 28 18:26:21.888478 dv-neutron-848000-1-hyperv neutron-server[88864]: DEBUG neutron.db.provisioning_blocks [None req-6d18e56e-bc39-42b6-b606-2f48ef92f213 None None] Transition to ACTIVE for port object 82725dc2-4975-4669-b48a-56029a90ca16 will not be triggered until provisioned by entity L2. {{(pid=88864) add_provisioning_component /opt/stack/neutron/neutron/db/provisioning_blocks.py:73}}
Jun 28 18:26:21.895969 dv-neutron-848000-1-hyperv neutron-server[88862]: DEBUG neutron.notifiers.nova [None req-18cda65f-9455-412f-a330-e06efdf72692 tempest-NetworksTestDHCPv6-715869127 tempest-NetworksTestDHCPv6-715869127-project] device_id is not set on port 83b25579-1be0-4c6d-a7c3-6e997387e47f yet. {{(pid=88862) _can_notify /opt/stack/neutron/neutron/notifiers/nova.py:199}}
Jun 28 18:26:21.929152 dv-neutron-848000-1-hyperv neutron-server[88863]: INFO neutron.wsgi [None req-467d36cc-915e-49df-a82d-5cd72d70dcca tempest-RoutersAdminTest-2106456780 tempest-RoutersAdminTest-2106456780-project-admin] 10.222.0.23 "DELETE /v2.0/subnets/993fe9a4-1ef9-4287-aa0f-ed0cf146adfa HTTP/1.1" status: 204 len: 168 time: 3.7385707
Jun 28 18:26:21.953172 dv-neutron-848000-1-hyperv neutron-server[88863]: DEBUG neutron_lib.callbacks.manager [None req-f889d843-5ff3-4611-a46f-f51567c31601 tempest-NetworksIpV6Test-1255947242 tempest-NetworksIpV6Test-1255947242-project] Notify callbacks ['neutron.services.auto_allocate.db._ensure_external_network_default_value_callback-8755817254193'] for network, precommit_create {{(pid=88863) _notify_loop /usr/local/lib/python3.8/dist-packages/neutron_lib/callbacks/manager.py:192}}
Jun 28 18:26:21.985007 dv-neutron-848000-1-hyperv neutron-server[88863]: DEBUG neutron.wsgi [-] (88863) accepted ('10.222.0.23', 37486) {{(pid=88863) server /usr/local/lib/python3.8/dist-packages/eventlet/wsgi.py:992}}
Jun 28 18:26:22.042520 dv-neutron-848000-1-hyperv neutron-server[88864]: DEBUG neutron.db.provisioning_blocks [None req-6d18e56e-bc39-42b6-b606-2f48ef92f213 None None] Transition to ACTIVE for port object 82725dc2-4975-4669-b48a-56029a90ca16 will not be triggered until provisioned by entity DHCP. {{(pid=88864) add_provisioning_component /opt/stack/neutron/neutron/db/provisioning_blocks.py:73}}
Jun 28 18:26:22.056747 dv-neutron-848000-1-hyperv neutron-server[88864]: DEBUG neutron_lib.db.api [None req-54326350-c979-4c68-a60f-f3d5cf63a4b9 None None] Retry wrapper got retriable exception: UPDATE statement on table 'standardattributes' expected to update 1 row(s); 0 were matched. {{(pid=88864) wrapped /usr/local/lib/python3.8/dist-packages/neutron_lib/db/api.py:183}}
Jun 28 18:26:22.057266 dv-neutron-848000-1-hyperv neutron-server[88864]: DEBUG oslo_db.api [None req-54326350-c979-4c68-a60f-f3d5cf63a4b9 None None] Performing DB retry for function neutron.plugins.ml2.plugin.Ml2Plugin.update_port_statuses {{(pid=88864) wrapper /usr/local/lib/python3.8/dist-packages/oslo_db/api.py:155}}
Jun 28 18:26:22.068574 dv-neutron-848000-1-hyperv neutron-server[88864]: DEBUG neutron_lib.callbacks.manager [None req-6d18e56e-bc39-42b6-b606-2f48ef92f213 None None] Notify callbacks ['neutron.plugins.ml2.plugin.SecurityGroupServerNotifierRpcMixin.notify_sg_on_port_change-1459023', 'neutron.plugins.ml2.ovo_rpc._ObjectChangeHandler.handle_event-945400', 'neutron.api.rpc.agentnotifiers.dhcp_rpc_agent_api.DhcpAgentNotifyAPI._native_event_send_dhcp_notification-654604', 'neutron.db.l3_dvrscheduler_db._notify_l3_agent_new_port-8755817235119'] for port, after_create {{(pid=88864) _notify_loop /usr/local/lib/python3.8/dist-packages/neutron_lib/callbacks/manager.py:192}}
Jun 28 18:26:22.098971 dv-neutron-848000-1-hyperv neutron-server[88864]: DEBUG neutron.api.rpc.handlers.resources_rpc [None req-51db7e68-5763-4af8-8fe6-def1f662a14c None None] Pushing event updated for resources: {'Port': ['ID=02c69e0a-7b5a-4224-b693-4d83005261fd,revision_number=4']} {{(pid=88864) push /opt/stack/neutron/neutron/api/rpc/handlers/resources_rpc.py:237}}
Jun 28 18:26:22.196505 dv-neutron-848000-1-hyperv neutron-server[88863]: DEBUG neutron_lib.callbacks.manager [None req-b162f2b7-0395-46cf-bd8d-1b755363ed03 tempest-FloatingIPTestJSON-882170762 tempest-FloatingIPTestJSON-882170762-project] Notify callbacks ['neutron.plugins.ml2.ovo_rpc._ObjectChangeHandler.handle_event-545563', 'neutron.api.rpc.agentnotifiers.dhcp_rpc_agent_api.DhcpAgentNotifyAPI._native_event_send_dhcp_notification-654604'] for subnet, after_create {{(pid=88863) _notify_loop /usr/local/lib/python3.8/dist-packages/neutron_lib/callbacks/manager.py:192}}
Jun 28 18:26:22.213812 dv-neutron-848000-1-hyperv neutron-server[88863]: DEBUG neutron.db.db_base_plugin_common [req-7d17687a-a56e-4f27-beec-9020427cae98 req-10825e11-33f6-428a-aaee-e9b1274f7414 tempest-ServerActionsTestJSON-1503920841 tempest-ServerActionsTestJSON-1503920841-project] Allocated IP 172.20.0.12 (e54fa0f5-c15b-4540-beb7-94fba9be92c4/f766d289-192a-4bba-a2ad-d2902df7b927/7a776385-b5d2-4589-9f9b-0903b60c8acb) {{(pid=88863) _store_ip_allocation /opt/stack/neutron/neutron/db/db_base_plugin_common.py:131}}
Jun 28 18:26:22.258861 dv-neutron-848000-1-hyperv neutron-server[88864]: DEBUG neutron.scheduler.dhcp_agent_scheduler [None req-6d18e56e-bc39-42b6-b606-2f48ef92f213 None None] Network 3864804a-7fda-4227-a030-6918b8908b36 is already hosted by enough agents. {{(pid=88864) _get_dhcp_agents_hosting_network /opt/stack/neutron/neutron/scheduler/dhcp_agent_scheduler.py:275}}
Jun 28 18:26:22.266546 dv-neutron-848000-1-hyperv neutron-server[88864]: DEBUG neutron.scheduler.base_scheduler [None req-6d18e56e-bc39-42b6-b606-2f48ef92f213 None None] Resources bound (agent type, host, resource id): {{(pid=88864) schedule /opt/stack/neutron/neutron/scheduler/base_scheduler.py:57}}
Jun 28 18:26:22.275569 dv-neutron-848000-1-hyperv neutron-server[88864]: DEBUG neutron.db.l3_dvrscheduler_db [None req-6d18e56e-bc39-42b6-b606-2f48ef92f213 None None] Received port after_create {{(pid=88864) _notify_l3_agent_new_port /opt/stack/neutron/neutron/db/l3_dvrscheduler_db.py:538}}
Jun 28 18:26:22.358961 dv-neutron-848000-1-hyperv neutron-server[88864]: DEBUG neutron.api.rpc.handlers.resources_rpc [None req-6d18e56e-bc39-42b6-b606-2f48ef92f213 None None] Pushing event updated for resources: {'Port': ['ID=82725dc2-4975-4669-b48a-56029a90ca16,revision_number=1']} {{(pid=88864) push /opt/stack/neutron/neutron/api/rpc/handlers/resources_rpc.py:237}}
Jun 28 18:26:22.375366 dv-neutron-848000-1-hyperv neutron-server[88862]: DEBUG neutron.db.db_base_plugin_common [None req-18cda65f-9455-412f-a330-e06efdf72692 tempest-NetworksTestDHCPv6-715869127 tempest-NetworksTestDHCPv6-715869127-project] Allocated IP 2001:db8::222 (92a64fd4-5d43-4a8d-b206-67cc2ecd23bb/b64e20fd-4117-4bd3-9aa1-6101adacfb92/83b25579-1be0-4c6d-a7c3-6e997387e47f) {{(pid=88862) _store_ip_allocation /opt/stack/neutron/neutron/db/db_base_plugin_common.py:131}}
Jun 28 18:26:22.385147 dv-neutron-848000-1-hyperv neutron-server[88863]: DEBUG neutron_lib.callbacks.manager [None req-f889d843-5ff3-4611-a46f-f51567c31601 tempest-NetworksIpV6Test-1255947242 tempest-NetworksIpV6Test-1255947242-project] Notify callbacks ['neutron.plugins.ml2.ovo_rpc._ObjectChangeHandler.handle_event-545650', 'neutron.api.rpc.agentnotifiers.dhcp_rpc_agent_api.DhcpAgentNotifyAPI._native_event_send_dhcp_notification-654604'] for network, after_create {{(pid=88863) _notify_loop /usr/local/lib/python3.8/dist-packages/neutron_lib/callbacks/manager.py:192}}
Jun 28 18:26:22.394353 dv-neutron-848000-1-hyperv neutron-server[88863]: DEBUG neutron.pecan_wsgi.hooks.policy_enforcement [None req-f889d843-5ff3-4611-a46f-f51567c31601 tempest-NetworksIpV6Test-1255947242 tempest-NetworksIpV6Test-1255947242-project] Attributes excluded by policy engine: ['standard_attr_id', 'provider:network_type', 'provider:physical_network', 'provider:segmentation_id', 'vlan_transparent'] {{(pid=88863) _exclude_attributes_by_policy /opt/stack/neutron/neutron/pecan_wsgi/hooks/policy_enforcement.py:259}}
Jun 28 18:26:22.394960 dv-neutron-848000-1-hyperv neutron-server[88863]: DEBUG neutron_lib.callbacks.manager [None req-f889d843-5ff3-4611-a46f-f51567c31601 tempest-NetworksIpV6Test-1255947242 tempest-NetworksIpV6Test-1255947242-project] Notify callbacks ['neutron.api.rpc.agentnotifiers.dhcp_rpc_agent_api.DhcpAgentNotifyAPI._send_dhcp_notification-654622'] for network, before_response {{(pid=88863) _notify_loop /usr/local/lib/python3.8/dist-packages/neutron_lib/callbacks/manager.py:192}}
Jun 28 18:26:22.473575 dv-neutron-848000-1-hyperv neutron-server[88864]: DEBUG neutron.plugins.ml2.db [None req-09c5891c-4411-4f92-a3cb-9c8c8b56862e None None] For port 02c69e0a-7b5a-4224-b693-4d83005261fd, host dv-neutron-848000-1-hyperv, got binding levels [PortBindingLevel(driver='openvswitch',host='dv-neutron-848000-1-hyperv',level=0,port_id=02c69e0a-7b5a-4224-b693-4d83005261fd,segment=NetworkSegment(0f837966-1462-4599-937a-99b612affeb3),segment_id=0f837966-1462-4599-937a-99b612affeb3)] {{(pid=88864) get_binding_level_objs /opt/stack/neutron/neutron/plugins/ml2/db.py:75}}
Jun 28 18:26:22.474206 dv-neutron-848000-1-hyperv neutron-server[88864]: DEBUG neutron_lib.callbacks.manager [None req-09c5891c-4411-4f92-a3cb-9c8c8b56862e None None] Notify callbacks ['neutron.services.l3_router.l3_router_plugin.L3_NAT_dbonly_mixin._precommit_delete_port_callback-426456'] for port, precommit_delete {{(pid=88864) _notify_loop /usr/local/lib/python3.8/dist-packages/neutron_lib/callbacks/manager.py:192}}
Jun 28 18:26:22.485027 dv-neutron-848000-1-hyperv neutron-server[88864]: DEBUG neutron.plugins.ml2.managers [None req-6d18e56e-bc39-42b6-b606-2f48ef92f213 None None] Attempting to bind port 82725dc2-4975-4669-b48a-56029a90ca16 on host dv-neutron-848000-1-hyperv for vnic_type normal with profile {{(pid=88864) bind_port /opt/stack/neutron/neutron/plugins/ml2/managers.py:806}}
Jun 28 18:26:22.485406 dv-neutron-848000-1-hyperv neutron-server[88864]: DEBUG neutron.plugins.ml2.managers [None req-6d18e56e-bc39-42b6-b606-2f48ef92f213 None None] Attempting to bind port 82725dc2-4975-4669-b48a-56029a90ca16 by drivers openvswitch,hyperv on host dv-neutron-848000-1-hyperv at level 0 using segments [{'id': '881f86ee-5a91-4dd9-96ac-c1a610f6dd4a', 'network_type': 'vlan', 'physical_network': 'physnet1', 'segmentation_id': 202, 'network_id': '3864804a-7fda-4227-a030-6918b8908b36'}] {{(pid=88864) _bind_port_level /opt/stack/neutron/neutron/plugins/ml2/managers.py:831}}
Jun 28 18:26:22.485841 dv-neutron-848000-1-hyperv neutron-server[88864]: DEBUG neutron.plugins.ml2.drivers.mech_agent [None req-6d18e56e-bc39-42b6-b606-2f48ef92f213 None None] Attempting to bind port 82725dc2-4975-4669-b48a-56029a90ca16 on network 3864804a-7fda-4227-a030-6918b8908b36 {{(pid=88864) bind_port /opt/stack/neutron/neutron/plugins/ml2/drivers/mech_agent.py:86}}
