Jun 28 16:14:18.335869 dv-neutron-847989-1-hyperv devstack@keystone.service[80501]: DEBUG keystone.server.flask.request_processing.req_logging [None req-b1711341-06b2-40ee-b843-34cddd24ae4e None admin] PATH_INFO: `/v3/roles` {{(pid=80501) log_request_info /opt/stack/keystone/keystone/server/flask/request_processing/req_logging.py:29}}
Jun 28 16:14:18.336616 dv-neutron-847989-1-hyperv devstack@keystone.service[80501]: DEBUG keystone.common.rbac_enforcer.enforcer [None req-b1711341-06b2-40ee-b843-34cddd24ae4e None admin] RBAC: Adding query filter params (name=anotherrole) {{(pid=80501) _extract_filter_values /opt/stack/keystone/keystone/common/rbac_enforcer/enforcer.py:167}}
Jun 28 16:14:18.336920 dv-neutron-847989-1-hyperv devstack@keystone.service[80501]: DEBUG keystone.common.rbac_enforcer.enforcer [None req-b1711341-06b2-40ee-b843-34cddd24ae4e None admin] RBAC: Authorizing `identity:list_roles()` {{(pid=80501) enforce_call /opt/stack/keystone/keystone/common/rbac_enforcer/enforcer.py:449}}
Jun 28 16:14:18.338329 dv-neutron-847989-1-hyperv devstack@keystone.service[80501]: DEBUG keystone.common.rbac_enforcer.enforcer [None req-b1711341-06b2-40ee-b843-34cddd24ae4e None admin] RBAC: Authorization granted {{(pid=80501) enforce_call /opt/stack/keystone/keystone/common/rbac_enforcer/enforcer.py:457}}
Jun 28 16:14:18.363330 dv-neutron-847989-1-hyperv devstack@keystone.service[80501]: [pid: 80501|app: 0|req: 87/174] 10.222.0.23 () {56 vars in 1111 bytes} [Tue Jun 28 16:14:18 2022] GET /identity/v3/roles?name=anotherrole => generated 334 bytes in 252 msecs (HTTP/1.1 200) 5 headers in 177 bytes (1 switches on core 0)
Jun 28 16:14:18.364636 dv-neutron-847989-1-hyperv devstack@keystone.service[80501]: DEBUG keystone.server.flask.request_processing.req_logging [None req-148efebf-d820-4fb7-8f56-a402ed0c27a2 None None] REQUEST_METHOD: `POST` {{(pid=80501) log_request_info /opt/stack/keystone/keystone/server/flask/request_processing/req_logging.py:27}}
Jun 28 16:14:18.364936 dv-neutron-847989-1-hyperv devstack@keystone.service[80501]: DEBUG keystone.server.flask.request_processing.req_logging [None req-148efebf-d820-4fb7-8f56-a402ed0c27a2 None None] SCRIPT_NAME: `/identity` {{(pid=80501) log_request_info /opt/stack/keystone/keystone/server/flask/request_processing/req_logging.py:28}}
Jun 28 16:14:18.365243 dv-neutron-847989-1-hyperv devstack@keystone.service[80501]: DEBUG keystone.server.flask.request_processing.req_logging [None req-148efebf-d820-4fb7-8f56-a402ed0c27a2 None None] PATH_INFO: `/v3/auth/tokens` {{(pid=80501) log_request_info /opt/stack/keystone/keystone/server/flask/request_processing/req_logging.py:29}}
Jun 28 16:14:18.387936 dv-neutron-847989-1-hyperv devstack@keystone.service[80502]: DEBUG keystone.server.flask.request_processing.middleware.auth_context [None req-754a1cbb-a8e6-4b6a-9b8f-e2ad90a39882 None admin] Validating token access rules against request {{(pid=80502) validate_allowed_request /usr/local/lib/python3.8/dist-packages/keystonemiddleware/auth_token/__init__.py:545}}
Jun 28 16:14:18.401169 dv-neutron-847989-1-hyperv devstack@keystone.service[80501]: DEBUG keystone.auth.core [None req-148efebf-d820-4fb7-8f56-a402ed0c27a2 None None] MFA Rules not processed for user `2bb0e8d5407c48da9ceb8596fb8b5f49`. Rule list: `[]` (Enabled: `True`). {{(pid=80501) check_auth_methods_against_rules /opt/stack/keystone/keystone/auth/core.py:438}}
Jun 28 16:14:18.402395 dv-neutron-847989-1-hyperv devstack@keystone.service[80501]: DEBUG keystone.common.fernet_utils [None req-148efebf-d820-4fb7-8f56-a402ed0c27a2 None None] Loaded 2 Fernet keys from /etc/keystone/fernet-keys/, but `[fernet_tokens] max_active_keys = 3`; perhaps there have not been enough key rotations to reach `max_active_keys` yet? {{(pid=80501) load_keys /opt/stack/keystone/keystone/common/fernet_utils.py:286}}
Jun 28 16:14:18.431358 dv-neutron-847989-1-hyperv devstack@keystone.service[80502]: DEBUG keystone.server.flask.request_processing.middleware.auth_context [None req-0c6c4a40-96d0-4fac-93fa-4346f52244fc None admin] RBAC: auth_context: {'token': , 'domain_id': None, 'trust_id': None, 'trustor_id': None, 'trustee_id': None, 'domain_name': None, 'group_ids': [], 'user_id': '2bb0e8d5407c48da9ceb8596fb8b5f49', 'user_domain_id': 'default', 'system_scope': 'all', 'project_id': None, 'project_domain_id': None, 'roles': ['admin', 'member', 'reader'], 'is_admin_project': True, 'service_user_id': None, 'service_user_domain_id': None, 'service_project_id': None, 'service_project_domain_id': None, 'service_roles': []} {{(pid=80502) fill_context /opt/stack/keystone/keystone/server/flask/request_processing/middleware/auth_context.py:478}}
Jun 28 16:14:18.432651 dv-neutron-847989-1-hyperv devstack@keystone.service[80502]: DEBUG keystone.server.flask.request_processing.req_logging [None req-0c6c4a40-96d0-4fac-93fa-4346f52244fc None admin] REQUEST_METHOD: `GET` {{(pid=80502) log_request_info /opt/stack/keystone/keystone/server/flask/request_processing/req_logging.py:27}}
Jun 28 16:14:18.432929 dv-neutron-847989-1-hyperv devstack@keystone.service[80502]: DEBUG keystone.server.flask.request_processing.req_logging [None req-0c6c4a40-96d0-4fac-93fa-4346f52244fc None admin] SCRIPT_NAME: `/identity` {{(pid=80502) log_request_info /opt/stack/keystone/keystone/server/flask/request_processing/req_logging.py:28}}
Jun 28 16:14:18.433747 dv-neutron-847989-1-hyperv devstack@keystone.service[80502]: DEBUG keystone.server.flask.request_processing.req_logging [None req-0c6c4a40-96d0-4fac-93fa-4346f52244fc None admin] PATH_INFO: `/v3/projects/cd7530ff689b4dadb58bf6d7338785f0` {{(pid=80502) log_request_info /opt/stack/keystone/keystone/server/flask/request_processing/req_logging.py:29}}
Jun 28 16:14:18.442205 dv-neutron-847989-1-hyperv devstack@keystone.service[80502]: DEBUG keystone.common.rbac_enforcer.enforcer [None req-0c6c4a40-96d0-4fac-93fa-4346f52244fc None admin] RBAC: Authorizing `identity:get_project(project_id=cd7530ff689b4dadb58bf6d7338785f0)` {{(pid=80502) enforce_call /opt/stack/keystone/keystone/common/rbac_enforcer/enforcer.py:449}}
Jun 28 16:14:18.444028 dv-neutron-847989-1-hyperv devstack@keystone.service[80502]: DEBUG keystone.common.rbac_enforcer.enforcer [None req-0c6c4a40-96d0-4fac-93fa-4346f52244fc None admin] RBAC: Authorization granted {{(pid=80502) enforce_call /opt/stack/keystone/keystone/common/rbac_enforcer/enforcer.py:457}}
Jun 28 16:14:18.446146 dv-neutron-847989-1-hyperv devstack@keystone.service[80502]: [pid: 80502|app: 0|req: 88/175] 10.222.0.23 () {56 vars in 1186 bytes} [Tue Jun 28 16:14:18 2022] GET /identity/v3/projects/cd7530ff689b4dadb58bf6d7338785f0 => generated 298 bytes in 234 msecs (HTTP/1.1 200) 5 headers in 177 bytes (1 switches on core 0)
Jun 28 16:14:18.447211 dv-neutron-847989-1-hyperv devstack@keystone.service[80502]: DEBUG keystone.server.flask.request_processing.middleware.auth_context [None req-0c6c4a40-96d0-4fac-93fa-4346f52244fc None admin] Authenticating user token {{(pid=80502) process_request /usr/local/lib/python3.8/dist-packages/keystonemiddleware/auth_token/__init__.py:407}}
Jun 28 16:14:18.486690 dv-neutron-847989-1-hyperv devstack@keystone.service[80501]: DEBUG dbcounter [-] [80501] Writing DB stats keystone:SELECT=100 {{(pid=80501) stat_writer /usr/local/lib/python3.8/dist-packages/dbcounter.py:114}}
Jun 28 16:14:18.497564 dv-neutron-847989-1-hyperv devstack@keystone.service[80501]: [pid: 80501|app: 0|req: 88/176] 10.222.0.23 () {58 vars in 1023 bytes} [Tue Jun 28 16:14:18 2022] POST /identity/v3/auth/tokens => generated 799 bytes in 134 msecs (HTTP/1.1 201) 6 headers in 363 bytes (1 switches on core 0)
Jun 28 16:14:18.500483 dv-neutron-847989-1-hyperv devstack@keystone.service[80501]: DEBUG keystone.server.flask.request_processing.middleware.auth_context [None req-148efebf-d820-4fb7-8f56-a402ed0c27a2 None None] Authenticating user token {{(pid=80501) process_request /usr/local/lib/python3.8/dist-packages/keystonemiddleware/auth_token/__init__.py:407}}
Jun 28 16:14:18.542498 dv-neutron-847989-1-hyperv devstack@keystone.service[80502]: DEBUG dbcounter [-] [80502] Writing DB stats keystone:SELECT=100 {{(pid=80502) stat_writer /usr/local/lib/python3.8/dist-packages/dbcounter.py:114}}
Jun 28 16:14:18.630085 dv-neutron-847989-1-hyperv devstack@keystone.service[80502]: DEBUG keystone.server.flask.request_processing.middleware.auth_context [None req-0c6c4a40-96d0-4fac-93fa-4346f52244fc None admin] Validating token access rules against request {{(pid=80502) validate_allowed_request /usr/local/lib/python3.8/dist-packages/keystonemiddleware/auth_token/__init__.py:545}}
Jun 28 16:14:18.657455 dv-neutron-847989-1-hyperv devstack@keystone.service[80501]: DEBUG keystone.server.flask.request_processing.middleware.auth_context [None req-148efebf-d820-4fb7-8f56-a402ed0c27a2 None None] Validating token access rules against request {{(pid=80501) validate_allowed_request /usr/local/lib/python3.8/dist-packages/keystonemiddleware/auth_token/__init__.py:545}}
Jun 28 16:14:18.665049 dv-neutron-847989-1-hyperv devstack@keystone.service[80502]: DEBUG keystone.server.flask.request_processing.middleware.auth_context [None req-d600b019-446d-4f88-aadb-c54e0df2eafd None admin] RBAC: auth_context: {'token': , 'domain_id': None, 'trust_id': None, 'trustor_id': None, 'trustee_id': None, 'domain_name': None, 'group_ids': [], 'user_id': '2bb0e8d5407c48da9ceb8596fb8b5f49', 'user_domain_id': 'default', 'system_scope': 'all', 'project_id': None, 'project_domain_id': None, 'roles': ['admin', 'member', 'reader'], 'is_admin_project': True, 'service_user_id': None, 'service_user_domain_id': None, 'service_project_id': None, 'service_project_domain_id': None, 'service_roles': []} {{(pid=80502) fill_context /opt/stack/keystone/keystone/server/flask/request_processing/middleware/auth_context.py:478}}
Jun 28 16:14:18.665739 dv-neutron-847989-1-hyperv devstack@keystone.service[80502]: DEBUG keystone.server.flask.request_processing.req_logging [None req-d600b019-446d-4f88-aadb-c54e0df2eafd None admin] REQUEST_METHOD: `GET` {{(pid=80502) log_request_info /opt/stack/keystone/keystone/server/flask/request_processing/req_logging.py:27}}
Jun 28 16:14:18.666024 dv-neutron-847989-1-hyperv devstack@keystone.service[80502]: DEBUG keystone.server.flask.request_processing.req_logging [None req-d600b019-446d-4f88-aadb-c54e0df2eafd None admin] SCRIPT_NAME: `/identity` {{(pid=80502) log_request_info /opt/stack/keystone/keystone/server/flask/request_processing/req_logging.py:28}}
Jun 28 16:14:18.666304 dv-neutron-847989-1-hyperv devstack@keystone.service[80502]: DEBUG keystone.server.flask.request_processing.req_logging [None req-d600b019-446d-4f88-aadb-c54e0df2eafd None admin] PATH_INFO: `/v3/role_assignments` {{(pid=80502) log_request_info /opt/stack/keystone/keystone/server/flask/request_processing/req_logging.py:29}}
Jun 28 16:14:18.667144 dv-neutron-847989-1-hyperv devstack@keystone.service[80502]: DEBUG keystone.common.rbac_enforcer.enforcer [None req-d600b019-446d-4f88-aadb-c54e0df2eafd None admin] RBAC: Adding query filter params (role.id=3bc9b3d793df4076abc5102744a87bb0, scope.project.id=8d02c4aaac944ab381b8226bcc897435, user.id=1562cc388ad948e49d8c79f8dd693826) {{(pid=80502) _extract_filter_values /opt/stack/keystone/keystone/common/rbac_enforcer/enforcer.py:167}}
Jun 28 16:14:18.667459 dv-neutron-847989-1-hyperv devstack@keystone.service[80502]: DEBUG keystone.common.rbac_enforcer.enforcer [None req-d600b019-446d-4f88-aadb-c54e0df2eafd None admin] RBAC: Authorizing `identity:list_role_assignments()` {{(pid=80502) enforce_call /opt/stack/keystone/keystone/common/rbac_enforcer/enforcer.py:449}}
Jun 28 16:14:18.669198 dv-neutron-847989-1-hyperv devstack@keystone.service[80502]: DEBUG keystone.common.rbac_enforcer.enforcer [None req-d600b019-446d-4f88-aadb-c54e0df2eafd None admin] RBAC: Authorization granted {{(pid=80502) enforce_call /opt/stack/keystone/keystone/common/rbac_enforcer/enforcer.py:457}}
Jun 28 16:14:18.675498 dv-neutron-847989-1-hyperv devstack@keystone.service[80502]: [pid: 80502|app: 0|req: 89/177] 10.222.0.23 () {56 vars in 1374 bytes} [Tue Jun 28 16:14:18 2022] GET /identity/v3/role_assignments?user.id=1562cc388ad948e49d8c79f8dd693826&scope.project.id=8d02c4aaac944ab381b8226bcc897435&role.id=3bc9b3d793df4076abc5102744a87bb0 => generated 608 bytes in 229 msecs (HTTP/1.1 200) 5 headers in 177 bytes (1 switches on core 0)
Jun 28 16:14:18.676316 dv-neutron-847989-1-hyperv devstack@keystone.service[80502]: DEBUG keystone.server.flask.request_processing.middleware.auth_context [None req-d600b019-446d-4f88-aadb-c54e0df2eafd None admin] Authenticating user token {{(pid=80502) process_request /usr/local/lib/python3.8/dist-packages/keystonemiddleware/auth_token/__init__.py:407}}
Jun 28 16:14:18.716765 dv-neutron-847989-1-hyperv devstack@keystone.service[80501]: DEBUG keystone.server.flask.request_processing.middleware.auth_context [None req-10bc7956-f9d7-4c39-970d-68ec57bb7385 None admin] RBAC: auth_context: {'token': , 'domain_id': None, 'trust_id': None, 'trustor_id': None, 'trustee_id': None, 'domain_name': None, 'group_ids': [], 'user_id': '2bb0e8d5407c48da9ceb8596fb8b5f49', 'user_domain_id': 'default', 'system_scope': 'all', 'project_id': None, 'project_domain_id': None, 'roles': ['admin', 'member', 'reader'], 'is_admin_project': True, 'service_user_id': None, 'service_user_domain_id': None, 'service_project_id': None, 'service_project_domain_id': None, 'service_roles': []} {{(pid=80501) fill_context /opt/stack/keystone/keystone/server/flask/request_processing/middleware/auth_context.py:478}}
Jun 28 16:14:18.718046 dv-neutron-847989-1-hyperv devstack@keystone.service[80501]: DEBUG keystone.server.flask.request_processing.req_logging [None req-10bc7956-f9d7-4c39-970d-68ec57bb7385 None admin] REQUEST_METHOD: `GET` {{(pid=80501) log_request_info /opt/stack/keystone/keystone/server/flask/request_processing/req_logging.py:27}}
Jun 28 16:14:18.718774 dv-neutron-847989-1-hyperv devstack@keystone.service[80501]: DEBUG keystone.server.flask.request_processing.req_logging [None req-10bc7956-f9d7-4c39-970d-68ec57bb7385 None admin] SCRIPT_NAME: `/identity` {{(pid=80501) log_request_info /opt/stack/keystone/keystone/server/flask/request_processing/req_logging.py:28}}
Jun 28 16:14:18.719199 dv-neutron-847989-1-hyperv devstack@keystone.service[80501]: DEBUG keystone.server.flask.request_processing.req_logging [None req-10bc7956-f9d7-4c39-970d-68ec57bb7385 None admin] PATH_INFO: `/v3/users/1562cc388ad948e49d8c79f8dd693826` {{(pid=80501) log_request_info /opt/stack/keystone/keystone/server/flask/request_processing/req_logging.py:29}}
Jun 28 16:14:18.721719 dv-neutron-847989-1-hyperv devstack@keystone.service[80501]: DEBUG keystone.common.rbac_enforcer.enforcer [None req-10bc7956-f9d7-4c39-970d-68ec57bb7385 None admin] RBAC: Authorizing `identity:get_user(user_id=1562cc388ad948e49d8c79f8dd693826)` {{(pid=80501) enforce_call /opt/stack/keystone/keystone/common/rbac_enforcer/enforcer.py:449}}
Jun 28 16:14:18.723384 dv-neutron-847989-1-hyperv devstack@keystone.service[80501]: DEBUG keystone.common.rbac_enforcer.enforcer [None req-10bc7956-f9d7-4c39-970d-68ec57bb7385 None admin] RBAC: Authorization granted {{(pid=80501) enforce_call /opt/stack/keystone/keystone/common/rbac_enforcer/enforcer.py:457}}
Jun 28 16:14:18.730124 dv-neutron-847989-1-hyperv devstack@keystone.service[80501]: [pid: 80501|app: 0|req: 89/178] 10.222.0.23 () {56 vars in 1177 bytes} [Tue Jun 28 16:14:18 2022] GET /identity/v3/users/1562cc388ad948e49d8c79f8dd693826 => generated 275 bytes in 228 msecs (HTTP/1.1 200) 5 headers in 177 bytes (1 switches on core 0)
Jun 28 16:14:18.730124 dv-neutron-847989-1-hyperv devstack@keystone.service[80501]: DEBUG keystone.server.flask.request_processing.middleware.auth_context [None req-10bc7956-f9d7-4c39-970d-68ec57bb7385 None admin] Authenticating user token {{(pid=80501) process_request /usr/local/lib/python3.8/dist-packages/keystonemiddleware/auth_token/__init__.py:407}}
Jun 28 16:14:18.804730 dv-neutron-847989-1-hyperv devstack@keystone.service[80502]: DEBUG keystone.server.flask.request_processing.middleware.auth_context [None req-d600b019-446d-4f88-aadb-c54e0df2eafd None admin] Validating token access rules against request {{(pid=80502) validate_allowed_request /usr/local/lib/python3.8/dist-packages/keystonemiddleware/auth_token/__init__.py:545}}
Jun 28 16:14:18.809532 dv-neutron-847989-1-hyperv devstack@keystone.service[80502]: DEBUG dbcounter [-] [80502] Writing DB stats keystone:SELECT=100 {{(pid=80502) stat_writer /usr/local/lib/python3.8/dist-packages/dbcounter.py:114}}
Jun 28 16:14:18.811946 dv-neutron-847989-1-hyperv devstack@keystone.service[80501]: DEBUG dbcounter [-] [80501] Writing DB stats keystone:SELECT=100 {{(pid=80501) stat_writer /usr/local/lib/python3.8/dist-packages/dbcounter.py:114}}
Jun 28 16:14:18.853341 dv-neutron-847989-1-hyperv devstack@keystone.service[80502]: DEBUG keystone.server.flask.request_processing.middleware.auth_context [None req-3f3960ba-a8e7-4626-8281-bf6e7fbd80ec None admin] RBAC: auth_context: {'token': , 'domain_id': None, 'trust_id': None, 'trustor_id': None, 'trustee_id': None, 'domain_name': None, 'group_ids': [], 'user_id': '2bb0e8d5407c48da9ceb8596fb8b5f49', 'user_domain_id': 'default', 'system_scope': 'all', 'project_id': None, 'project_domain_id': None, 'roles': ['admin', 'member', 'reader'], 'is_admin_project': True, 'service_user_id': None, 'service_user_domain_id': None, 'service_project_id': None, 'service_project_domain_id': None, 'service_roles': []} {{(pid=80502) fill_context /opt/stack/keystone/keystone/server/flask/request_processing/middleware/auth_context.py:478}}
Jun 28 16:14:18.854015 dv-neutron-847989-1-hyperv devstack@keystone.service[80502]: DEBUG keystone.server.flask.request_processing.req_logging [None req-3f3960ba-a8e7-4626-8281-bf6e7fbd80ec None admin] REQUEST_METHOD: `GET` {{(pid=80502) log_request_info /opt/stack/keystone/keystone/server/flask/request_processing/req_logging.py:27}}
Jun 28 16:14:18.854303 dv-neutron-847989-1-hyperv devstack@keystone.service[80502]: DEBUG keystone.server.flask.request_processing.req_logging [None req-3f3960ba-a8e7-4626-8281-bf6e7fbd80ec None admin] SCRIPT_NAME: `/identity` {{(pid=80502) log_request_info /opt/stack/keystone/keystone/server/flask/request_processing/req_logging.py:28}}
Jun 28 16:14:18.854593 dv-neutron-847989-1-hyperv devstack@keystone.service[80502]: DEBUG keystone.server.flask.request_processing.req_logging [None req-3f3960ba-a8e7-4626-8281-bf6e7fbd80ec None admin] PATH_INFO: `/v3/role_assignments` {{(pid=80502) log_request_info /opt/stack/keystone/keystone/server/flask/request_processing/req_logging.py:29}}
Jun 28 16:14:18.855725 dv-neutron-847989-1-hyperv devstack@keystone.service[80502]: DEBUG keystone.common.rbac_enforcer.enforcer [None req-3f3960ba-a8e7-4626-8281-bf6e7fbd80ec None admin] RBAC: Adding query filter params (role.id=ba489ca9e75b442caefa227dff8db336, scope.project.id=cd7530ff689b4dadb58bf6d7338785f0, user.id=2bb0e8d5407c48da9ceb8596fb8b5f49) {{(pid=80502) _extract_filter_values /opt/stack/keystone/keystone/common/rbac_enforcer/enforcer.py:167}}
Jun 28 16:14:18.856053 dv-neutron-847989-1-hyperv devstack@keystone.service[80502]: DEBUG keystone.common.rbac_enforcer.enforcer [None req-3f3960ba-a8e7-4626-8281-bf6e7fbd80ec None admin] RBAC: Authorizing `identity:list_role_assignments()` {{(pid=80502) enforce_call /opt/stack/keystone/keystone/common/rbac_enforcer/enforcer.py:449}}
Jun 28 16:14:18.859204 dv-neutron-847989-1-hyperv devstack@keystone.service[80502]: DEBUG keystone.common.rbac_enforcer.enforcer [None req-3f3960ba-a8e7-4626-8281-bf6e7fbd80ec None admin] RBAC: Authorization granted {{(pid=80502) enforce_call /opt/stack/keystone/keystone/common/rbac_enforcer/enforcer.py:457}}
Jun 28 16:14:18.867492 dv-neutron-847989-1-hyperv devstack@keystone.service[80502]: [pid: 80502|app: 0|req: 90/179] 10.222.0.23 () {56 vars in 1374 bytes} [Tue Jun 28 16:14:18 2022] GET /identity/v3/role_assignments?user.id=2bb0e8d5407c48da9ceb8596fb8b5f49&scope.project.id=cd7530ff689b4dadb58bf6d7338785f0&role.id=ba489ca9e75b442caefa227dff8db336 => generated 608 bytes in 191 msecs (HTTP/1.1 200) 5 headers in 177 bytes (1 switches on core 0)
Jun 28 16:14:18.869050 dv-neutron-847989-1-hyperv devstack@keystone.service[80502]: DEBUG keystone.server.flask.request_processing.req_logging [None req-7a3300a9-b77d-4c66-b16c-29d358720d61 None None] REQUEST_METHOD: `GET` {{(pid=80502) log_request_info /opt/stack/keystone/keystone/server/flask/request_processing/req_logging.py:27}}
Jun 28 16:14:18.869475 dv-neutron-847989-1-hyperv devstack@keystone.service[80502]: DEBUG keystone.server.flask.request_processing.req_logging [None req-7a3300a9-b77d-4c66-b16c-29d358720d61 None None] SCRIPT_NAME: `/identity` {{(pid=80502) log_request_info /opt/stack/keystone/keystone/server/flask/request_processing/req_logging.py:28}}
Jun 28 16:14:18.869832 dv-neutron-847989-1-hyperv devstack@keystone.service[80502]: DEBUG keystone.server.flask.request_processing.req_logging [None req-7a3300a9-b77d-4c66-b16c-29d358720d61 None None] PATH_INFO: `/` {{(pid=80502) log_request_info /opt/stack/keystone/keystone/server/flask/request_processing/req_logging.py:29}}
Jun 28 16:14:18.871248 dv-neutron-847989-1-hyperv devstack@keystone.service[80502]: [pid: 80502|app: 0|req: 91/180] 10.222.0.23 () {54 vars in 926 bytes} [Tue Jun 28 16:14:18 2022] GET /identity => generated 270 bytes in 3 msecs (HTTP/1.1 300) 6 headers in 234 bytes (1 switches on core 0)
Jun 28 16:14:18.872290 dv-neutron-847989-1-hyperv devstack@keystone.service[80502]: DEBUG keystone.server.flask.request_processing.req_logging [None req-53983181-f89b-4491-90d3-99147e498702 None None] REQUEST_METHOD: `GET` {{(pid=80502) log_request_info /opt/stack/keystone/keystone/server/flask/request_processing/req_logging.py:27}}
Jun 28 16:14:18.872582 dv-neutron-847989-1-hyperv devstack@keystone.service[80502]: DEBUG keystone.server.flask.request_processing.req_logging [None req-53983181-f89b-4491-90d3-99147e498702 None None] SCRIPT_NAME: `/identity` {{(pid=80502) log_request_info /opt/stack/keystone/keystone/server/flask/request_processing/req_logging.py:28}}
Jun 28 16:14:18.872858 dv-neutron-847989-1-hyperv devstack@keystone.service[80502]: DEBUG keystone.server.flask.request_processing.req_logging [None req-53983181-f89b-4491-90d3-99147e498702 None None] PATH_INFO: `/` {{(pid=80502) log_request_info /opt/stack/keystone/keystone/server/flask/request_processing/req_logging.py:29}}
Jun 28 16:14:18.879009 dv-neutron-847989-1-hyperv devstack@keystone.service[80502]: [pid: 80502|app: 0|req: 92/181] 10.222.0.23 () {54 vars in 926 bytes} [Tue Jun 28 16:14:18 2022] GET /identity => generated 270 bytes in 3 msecs (HTTP/1.1 300) 6 headers in 234 bytes (1 switches on core 0)
Jun 28 16:14:18.879009 dv-neutron-847989-1-hyperv devstack@keystone.service[80502]: DEBUG keystone.server.flask.request_processing.middleware.auth_context [None req-53983181-f89b-4491-90d3-99147e498702 None None] Authenticating user token {{(pid=80502) process_request /usr/local/lib/python3.8/dist-packages/keystonemiddleware/auth_token/__init__.py:407}}
Jun 28 16:14:18.895208 dv-neutron-847989-1-hyperv devstack@keystone.service[80501]: DEBUG keystone.server.flask.request_processing.middleware.auth_context [None req-10bc7956-f9d7-4c39-970d-68ec57bb7385 None admin] Validating token access rules against request {{(pid=80501) validate_allowed_request /usr/local/lib/python3.8/dist-packages/keystonemiddleware/auth_token/__init__.py:545}}
Jun 28 16:14:18.934169 dv-neutron-847989-1-hyperv devstack@keystone.service[80501]: DEBUG keystone.server.flask.request_processing.middleware.auth_context [None req-5887643c-2614-4efa-91bb-30252dc0668f None admin] RBAC: auth_context: {'token': , 'domain_id': None, 'trust_id': None, 'trustor_id': None, 'trustee_id': None, 'domain_name': None, 'group_ids': [], 'user_id': '2bb0e8d5407c48da9ceb8596fb8b5f49', 'user_domain_id': 'default', 'system_scope': 'all', 'project_id': None, 'project_domain_id': None, 'roles': ['admin', 'member', 'reader'], 'is_admin_project': True, 'service_user_id': None, 'service_user_domain_id': None, 'service_project_id': None, 'service_project_domain_id': None, 'service_roles': []} {{(pid=80501) fill_context /opt/stack/keystone/keystone/server/flask/request_processing/middleware/auth_context.py:478}}
Jun 28 16:14:18.934991 dv-neutron-847989-1-hyperv devstack@keystone.service[80501]: DEBUG keystone.server.flask.request_processing.req_logging [None req-5887643c-2614-4efa-91bb-30252dc0668f None admin] REQUEST_METHOD: `GET` {{(pid=80501) log_request_info /opt/stack/keystone/keystone/server/flask/request_processing/req_logging.py:27}}
Jun 28 16:14:18.935287 dv-neutron-847989-1-hyperv devstack@keystone.service[80501]: DEBUG keystone.server.flask.request_processing.req_logging [None req-5887643c-2614-4efa-91bb-30252dc0668f None admin] SCRIPT_NAME: `/identity` {{(pid=80501) log_request_info /opt/stack/keystone/keystone/server/flask/request_processing/req_logging.py:28}}
Jun 28 16:14:18.935621 dv-neutron-847989-1-hyperv devstack@keystone.service[80501]: DEBUG keystone.server.flask.request_processing.req_logging [None req-5887643c-2614-4efa-91bb-30252dc0668f None admin] PATH_INFO: `/v3/roles/admin` {{(pid=80501) log_request_info /opt/stack/keystone/keystone/server/flask/request_processing/req_logging.py:29}}
Jun 28 16:14:18.949141 dv-neutron-847989-1-hyperv devstack@keystone.service[80501]: DEBUG keystone.common.rbac_enforcer.enforcer [None req-5887643c-2614-4efa-91bb-30252dc0668f None admin] Extracting inferred target data resulted in "NOT FOUND (404)". {{(pid=80501) enforce_call /opt/stack/keystone/keystone/common/rbac_enforcer/enforcer.py:409}}
Jun 28 16:14:18.958086 dv-neutron-847989-1-hyperv devstack@keystone.service[80501]: ERROR keystone.server.flask.application [None req-5887643c-2614-4efa-91bb-30252dc0668f None admin] Could not find role: admin.: keystone.exception.RoleNotFound: Could not find role: admin.
Jun 28 16:14:18.958086 dv-neutron-847989-1-hyperv devstack@keystone.service[80501]: ERROR keystone.server.flask.application
Traceback (most recent call last):
Jun 28 16:14:18.958086 dv-neutron-847989-1-hyperv devstack@keystone.service[80501]: ERROR keystone.server.flask.application
File "/usr/local/lib/python3.8/dist-packages/flask/app.py", line 1523, in full_dispatch_request
Jun 28 16:14:18.958086 dv-neutron-847989-1-hyperv devstack@keystone.service[80501]: ERROR keystone.server.flask.application rv = self.dispatch_request()
Jun 28 16:14:18.958086 dv-neutron-847989-1-hyperv devstack@keystone.service[80501]: ERROR keystone.server.flask.application
File "/usr/local/lib/python3.8/dist-packages/flask/app.py", line 1509, in dispatch_request
Jun 28 16:14:18.958086 dv-neutron-847989-1-hyperv devstack@keystone.service[80501]: ERROR keystone.server.flask.application return self.ensure_sync(self.view_functions[rule.endpoint])(**req.view_args)
Jun 28 16:14:18.958086 dv-neutron-847989-1-hyperv devstack@keystone.service[80501]: ERROR keystone.server.flask.application
File "/usr/local/lib/python3.8/dist-packages/flask_restful/__init__.py", line 467, in wrapper
Jun 28 16:14:18.958086 dv-neutron-847989-1-hyperv devstack@keystone.service[80501]: ERROR keystone.server.flask.application resp = resource(*args, **kwargs)
Jun 28 16:14:18.958086 dv-neutron-847989-1-hyperv devstack@keystone.service[80501]: ERROR keystone.server.flask.application
File "/usr/local/lib/python3.8/dist-packages/flask/views.py", line 84, in view
Jun 28 16:14:18.958086 dv-neutron-847989-1-hyperv devstack@keystone.service[80501]: ERROR keystone.server.flask.application return current_app.ensure_sync(self.dispatch_request)(*args, **kwargs)
Jun 28 16:14:18.958086 dv-neutron-847989-1-hyperv devstack@keystone.service[80501]: ERROR keystone.server.flask.application
File "/usr/local/lib/python3.8/dist-packages/flask_restful/__init__.py", line 582, in dispatch_request
Jun 28 16:14:18.958086 dv-neutron-847989-1-hyperv devstack@keystone.service[80501]: ERROR keystone.server.flask.application resp = meth(*args, **kwargs)
Jun 28 16:14:18.958086 dv-neutron-847989-1-hyperv devstack@keystone.service[80501]: ERROR keystone.server.flask.application
File "/opt/stack/keystone/keystone/api/roles.py", line 50, in get
Jun 28 16:14:18.958086 dv-neutron-847989-1-hyperv devstack@keystone.service[80501]: ERROR keystone.server.flask.application return self._get_role(role_id)
Jun 28 16:14:18.958086 dv-neutron-847989-1-hyperv devstack@keystone.service[80501]: ERROR keystone.server.flask.application
File "/opt/stack/keystone/keystone/api/roles.py", line 70, in _get_role
Jun 28 16:14:18.958086 dv-neutron-847989-1-hyperv devstack@keystone.service[80501]: ERROR keystone.server.flask.application ENFORCER.enforce_call(action='identity:get_role')
Jun 28 16:14:18.959271 dv-neutron-847989-1-hyperv devstack@keystone.service[80501]: ERROR keystone.server.flask.application
File "/opt/stack/keystone/keystone/common/rbac_enforcer/enforcer.py", line 402, in enforce_call
Jun 28 16:14:18.959271 dv-neutron-847989-1-hyperv devstack@keystone.service[80501]: ERROR keystone.server.flask.application policy_dict.update(cls._extract_member_target_data(
Jun 28 16:14:18.959271 dv-neutron-847989-1-hyperv devstack@keystone.service[80501]: ERROR keystone.server.flask.application
File "/opt/stack/keystone/keystone/common/rbac_enforcer/enforcer.py", line 234, in _extract_member_target_data
Jun 28 16:14:18.959271 dv-neutron-847989-1-hyperv devstack@keystone.service[80501]: ERROR keystone.server.flask.application member_name: func(flask.request.view_args[key])
Jun 28 16:14:18.959271 dv-neutron-847989-1-hyperv devstack@keystone.service[80501]: ERROR keystone.server.flask.application
File "/opt/stack/keystone/keystone/common/manager.py", line 115, in wrapped
Jun 28 16:14:18.959271 dv-neutron-847989-1-hyperv devstack@keystone.service[80501]: ERROR keystone.server.flask.application __ret_val = __f(*args, **kwargs)
Jun 28 16:14:18.959271 dv-neutron-847989-1-hyperv devstack@keystone.service[80501]: ERROR keystone.server.flask.application
File "/usr/local/lib/python3.8/dist-packages/decorator.py", line 232, in fun
Jun 28 16:14:18.959271 dv-neutron-847989-1-hyperv devstack@keystone.service[80501]: ERROR keystone.server.flask.application return caller(func, *(extras + args), **kw)
Jun 28 16:14:18.959271 dv-neutron-847989-1-hyperv devstack@keystone.service[80501]: ERROR keystone.server.flask.application
File "/usr/local/lib/python3.8/dist-packages/dogpile/cache/region.py", line 1577, in get_or_create_for_user_func
Jun 28 16:14:18.959271 dv-neutron-847989-1-hyperv devstack@keystone.service[80501]: ERROR keystone.server.flask.application return self.get_or_create(
Jun 28 16:14:18.959271 dv-neutron-847989-1-hyperv devstack@keystone.service[80501]: ERROR keystone.server.flask.application
File "/usr/local/lib/python3.8/dist-packages/dogpile/cache/region.py", line 1042, in get_or_create
Jun 28 16:14:18.959271 dv-neutron-847989-1-hyperv devstack@keystone.service[80501]: ERROR keystone.server.flask.application with Lock(
Jun 28 16:14:18.959271 dv-neutron-847989-1-hyperv devstack@keystone.service[80501]: ERROR keystone.server.flask.application
File "/usr/local/lib/python3.8/dist-packages/dogpile/lock.py", line 185, in __enter__
Jun 28 16:14:18.959271 dv-neutron-847989-1-hyperv devstack@keystone.service[80501]: ERROR keystone.server.flask.application return self._enter()
Jun 28 16:14:18.959271 dv-neutron-847989-1-hyperv devstack@keystone.service[80501]: ERROR keystone.server.flask.application
File "/usr/local/lib/python3.8/dist-packages/dogpile/lock.py", line 94, in _enter
Jun 28 16:14:18.959271 dv-neutron-847989-1-hyperv devstack@keystone.service[80501]: ERROR keystone.server.flask.application generated = self._enter_create(value, createdtime)
Jun 28 16:14:18.960253 dv-neutron-847989-1-hyperv devstack@keystone.service[80501]: ERROR keystone.server.flask.application
File "/usr/local/lib/python3.8/dist-packages/dogpile/lock.py", line 178, in _enter_create
Jun 28 16:14:18.960253 dv-neutron-847989-1-hyperv devstack@keystone.service[80501]: ERROR keystone.server.flask.application return self.creator()
Jun 28 16:14:18.960253 dv-neutron-847989-1-hyperv devstack@keystone.service[80501]: ERROR keystone.server.flask.application
File "/usr/local/lib/python3.8/dist-packages/dogpile/cache/region.py", line 995, in gen_value
Jun 28 16:14:18.960253 dv-neutron-847989-1-hyperv devstack@keystone.service[80501]: ERROR keystone.server.flask.application created_value = creator(
Jun 28 16:14:18.960253 dv-neutron-847989-1-hyperv devstack@keystone.service[80501]: ERROR keystone.server.flask.application
File "/opt/stack/keystone/keystone/assignment/core.py", line 1276, in get_role
Jun 28 16:14:18.960253 dv-neutron-847989-1-hyperv devstack@keystone.service[80501]: ERROR keystone.server.flask.application return self.driver.get_role(role_id)
Jun 28 16:14:18.960253 dv-neutron-847989-1-hyperv devstack@keystone.service[80501]: ERROR keystone.server.flask.application
File "/opt/stack/keystone/keystone/assignment/role_backends/sql.py", line 70, in get_role
Jun 28 16:14:18.960253 dv-neutron-847989-1-hyperv devstack@keystone.service[80501]: ERROR keystone.server.flask.application return self._get_role(session, role_id).to_dict()
Jun 28 16:14:18.960253 dv-neutron-847989-1-hyperv devstack@keystone.service[80501]: ERROR keystone.server.flask.application
File "/opt/stack/keystone/keystone/assignment/role_backends/sql.py", line 65, in _get_role
Jun 28 16:14:18.960253 dv-neutron-847989-1-hyperv devstack@keystone.service[80501]: ERROR keystone.server.flask.application raise exception.RoleNotFound(role_id=role_id)
Jun 28 16:14:18.960253 dv-neutron-847989-1-hyperv devstack@keystone.service[80501]: ERROR keystone.server.flask.application keystone.exception.RoleNotFound: Could not find role: admin.
Jun 28 16:14:18.960253 dv-neutron-847989-1-hyperv devstack@keystone.service[80501]: ERROR keystone.server.flask.application
Jun 28 16:14:18.962254 dv-neutron-847989-1-hyperv devstack@keystone.service[80501]: [pid: 80501|app: 0|req: 90/182] 10.222.0.23 () {56 vars in 1096 bytes} [Tue Jun 28 16:14:18 2022] GET /identity/v3/roles/admin => generated 83 bytes in 236 msecs (HTTP/1.1 404) 5 headers in 183 bytes (1 switches on core 0)
Jun 28 16:14:18.963546 dv-neutron-847989-1-hyperv devstack@keystone.service[80501]: DEBUG keystone.server.flask.request_processing.req_logging [None req-54d744e0-ae97-4ffb-b05c-01122c7880c1 None None] REQUEST_METHOD: `POST` {{(pid=80501) log_request_info /opt/stack/keystone/keystone/server/flask/request_processing/req_logging.py:27}}
Jun 28 16:14:18.963935 dv-neutron-847989-1-hyperv devstack@keystone.service[80501]: DEBUG keystone.server.flask.request_processing.req_logging [None req-54d744e0-ae97-4ffb-b05c-01122c7880c1 None None] SCRIPT_NAME: `/identity` {{(pid=80501) log_request_info /opt/stack/keystone/keystone/server/flask/request_processing/req_logging.py:28}}
Jun 28 16:14:18.964314 dv-neutron-847989-1-hyperv devstack@keystone.service[80501]: DEBUG keystone.server.flask.request_processing.req_logging [None req-54d744e0-ae97-4ffb-b05c-01122c7880c1 None None] PATH_INFO: `/v3/auth/tokens` {{(pid=80501) log_request_info /opt/stack/keystone/keystone/server/flask/request_processing/req_logging.py:29}}
Jun 28 16:14:18.985124 dv-neutron-847989-1-hyperv devstack@keystone.service[80501]: DEBUG keystone.auth.core [None req-54d744e0-ae97-4ffb-b05c-01122c7880c1 None None] MFA Rules not processed for user `2bb0e8d5407c48da9ceb8596fb8b5f49`. Rule list: `[]` (Enabled: `True`). {{(pid=80501) check_auth_methods_against_rules /opt/stack/keystone/keystone/auth/core.py:438}}
Jun 28 16:14:18.986519 dv-neutron-847989-1-hyperv devstack@keystone.service[80501]: DEBUG keystone.common.fernet_utils [None req-54d744e0-ae97-4ffb-b05c-01122c7880c1 None None] Loaded 2 Fernet keys from /etc/keystone/fernet-keys/, but `[fernet_tokens] max_active_keys = 3`; perhaps there have not been enough key rotations to reach `max_active_keys` yet? {{(pid=80501) load_keys /opt/stack/keystone/keystone/common/fernet_utils.py:286}}
Jun 28 16:14:19.007503 dv-neutron-847989-1-hyperv devstack@keystone.service[80502]: DEBUG keystone.server.flask.request_processing.middleware.auth_context [None req-53983181-f89b-4491-90d3-99147e498702 None None] Validating token access rules against request {{(pid=80502) validate_allowed_request /usr/local/lib/python3.8/dist-packages/keystonemiddleware/auth_token/__init__.py:545}}
Jun 28 16:14:19.052134 dv-neutron-847989-1-hyperv devstack@keystone.service[80502]: DEBUG keystone.server.flask.request_processing.middleware.auth_context [None req-9305e5b7-0a08-48c1-8002-d03d16edce45 None admin] RBAC: auth_context: {'token': , 'domain_id': None, 'trust_id': None, 'trustor_id': None, 'trustee_id': None, 'domain_name': None, 'group_ids': [], 'user_id': '2bb0e8d5407c48da9ceb8596fb8b5f49', 'user_domain_id': 'default', 'system_scope': 'all', 'project_id': None, 'project_domain_id': None, 'roles': ['admin', 'member', 'reader'], 'is_admin_project': True, 'service_user_id': None, 'service_user_domain_id': None, 'service_project_id': None, 'service_project_domain_id': None, 'service_roles': []} {{(pid=80502) fill_context /opt/stack/keystone/keystone/server/flask/request_processing/middleware/auth_context.py:478}}
Jun 28 16:14:19.053137 dv-neutron-847989-1-hyperv devstack@keystone.service[80502]: DEBUG keystone.server.flask.request_processing.req_logging [None req-9305e5b7-0a08-48c1-8002-d03d16edce45 None admin] REQUEST_METHOD: `GET` {{(pid=80502) log_request_info /opt/stack/keystone/keystone/server/flask/request_processing/req_logging.py:27}}
Jun 28 16:14:19.053597 dv-neutron-847989-1-hyperv devstack@keystone.service[80502]: DEBUG keystone.server.flask.request_processing.req_logging [None req-9305e5b7-0a08-48c1-8002-d03d16edce45 None admin] SCRIPT_NAME: `/identity` {{(pid=80502) log_request_info /opt/stack/keystone/keystone/server/flask/request_processing/req_logging.py:28}}
Jun 28 16:14:19.054069 dv-neutron-847989-1-hyperv devstack@keystone.service[80502]: DEBUG keystone.server.flask.request_processing.req_logging [None req-9305e5b7-0a08-48c1-8002-d03d16edce45 None admin] PATH_INFO: `/v3/auth/tokens` {{(pid=80502) log_request_info /opt/stack/keystone/keystone/server/flask/request_processing/req_logging.py:29}}
Jun 28 16:14:19.068664 dv-neutron-847989-1-hyperv devstack@keystone.service[80501]: [pid: 80501|app: 0|req: 91/183] 10.222.0.23 () {58 vars in 1023 bytes} [Tue Jun 28 16:14:18 2022] POST /identity/v3/auth/tokens => generated 799 bytes in 106 msecs (HTTP/1.1 201) 6 headers in 363 bytes (1 switches on core 0)
Jun 28 16:14:19.073190 dv-neutron-847989-1-hyperv devstack@keystone.service[80501]: DEBUG keystone.server.flask.request_processing.req_logging [None req-a813fc3f-3905-4ee7-939e-bef3f25bfcd5 None None] REQUEST_METHOD: `POST` {{(pid=80501) log_request_info /opt/stack/keystone/keystone/server/flask/request_processing/req_logging.py:27}}
Jun 28 16:14:19.073190 dv-neutron-847989-1-hyperv devstack@keystone.service[80501]: DEBUG keystone.server.flask.request_processing.req_logging [None req-a813fc3f-3905-4ee7-939e-bef3f25bfcd5 None None] SCRIPT_NAME: `/identity` {{(pid=80501) log_request_info /opt/stack/keystone/keystone/server/flask/request_processing/req_logging.py:28}}
Jun 28 16:14:19.073190 dv-neutron-847989-1-hyperv devstack@keystone.service[80501]: DEBUG keystone.server.flask.request_processing.req_logging [None req-a813fc3f-3905-4ee7-939e-bef3f25bfcd5 None None] PATH_INFO: `/v3/auth/tokens` {{(pid=80501) log_request_info /opt/stack/keystone/keystone/server/flask/request_processing/req_logging.py:29}}
Jun 28 16:14:19.093027 dv-neutron-847989-1-hyperv devstack@keystone.service[80501]: DEBUG keystone.auth.core [None req-a813fc3f-3905-4ee7-939e-bef3f25bfcd5 None None] MFA Rules not processed for user `2bb0e8d5407c48da9ceb8596fb8b5f49`. Rule list: `[]` (Enabled: `True`). {{(pid=80501) check_auth_methods_against_rules /opt/stack/keystone/keystone/auth/core.py:438}}
Jun 28 16:14:19.094425 dv-neutron-847989-1-hyperv devstack@keystone.service[80501]: DEBUG keystone.common.fernet_utils [None req-a813fc3f-3905-4ee7-939e-bef3f25bfcd5 None None] Loaded 2 Fernet keys from /etc/keystone/fernet-keys/, but `[fernet_tokens] max_active_keys = 3`; perhaps there have not been enough key rotations to reach `max_active_keys` yet? {{(pid=80501) load_keys /opt/stack/keystone/keystone/common/fernet_utils.py:286}}
Jun 28 16:14:19.099332 dv-neutron-847989-1-hyperv devstack@keystone.service[80502]: DEBUG dbcounter [-] [80502] Writing DB stats keystone:SELECT=100 {{(pid=80502) stat_writer /usr/local/lib/python3.8/dist-packages/dbcounter.py:114}}
Jun 28 16:14:19.143991 dv-neutron-847989-1-hyperv devstack@keystone.service[80502]: DEBUG keystone.common.rbac_enforcer.enforcer [None req-9305e5b7-0a08-48c1-8002-d03d16edce45 None admin] RBAC: Authorizing `identity:validate_token()` {{(pid=80502) enforce_call /opt/stack/keystone/keystone/common/rbac_enforcer/enforcer.py:449}}
Jun 28 16:14:19.145029 dv-neutron-847989-1-hyperv devstack@keystone.service[80501]: DEBUG dbcounter [-] [80501] Writing DB stats keystone:SELECT=100 {{(pid=80501) stat_writer /usr/local/lib/python3.8/dist-packages/dbcounter.py:114}}
Jun 28 16:14:19.145434 dv-neutron-847989-1-hyperv devstack@keystone.service[80502]: DEBUG keystone.common.rbac_enforcer.enforcer [None req-9305e5b7-0a08-48c1-8002-d03d16edce45 None admin] RBAC: Authorization granted {{(pid=80502) enforce_call /opt/stack/keystone/keystone/common/rbac_enforcer/enforcer.py:457}}
Jun 28 16:14:19.179760 dv-neutron-847989-1-hyperv devstack@keystone.service[80501]: [pid: 80501|app: 0|req: 92/184] 10.222.0.23 () {58 vars in 1023 bytes} [Tue Jun 28 16:14:19 2022] POST /identity/v3/auth/tokens => generated 799 bytes in 111 msecs (HTTP/1.1 201) 6 headers in 363 bytes (1 switches on core 0)
Jun 28 16:14:19.180752 dv-neutron-847989-1-hyperv devstack@keystone.service[80501]: DEBUG keystone.server.flask.request_processing.middleware.auth_context [None req-a813fc3f-3905-4ee7-939e-bef3f25bfcd5 None None] Authenticating user token {{(pid=80501) process_request /usr/local/lib/python3.8/dist-packages/keystonemiddleware/auth_token/__init__.py:407}}
Jun 28 16:14:19.267213 dv-neutron-847989-1-hyperv devstack@keystone.service[80502]: [pid: 80502|app: 0|req: 93/185] 10.222.0.23 () {58 vars in 1282 bytes} [Tue Jun 28 16:14:18 2022] GET /identity/v3/auth/tokens => generated 799 bytes in 392 msecs (HTTP/1.1 200) 6 headers in 358 bytes (1 switches on core 0)
Jun 28 16:14:19.268162 dv-neutron-847989-1-hyperv devstack@keystone.service[80502]: DEBUG keystone.server.flask.request_processing.middleware.auth_context [None req-9305e5b7-0a08-48c1-8002-d03d16edce45 None admin] Authenticating user token {{(pid=80502) process_request /usr/local/lib/python3.8/dist-packages/keystonemiddleware/auth_token/__init__.py:407}}
Jun 28 16:14:19.303240 dv-neutron-847989-1-hyperv devstack@keystone.service[80501]: DEBUG keystone.server.flask.request_processing.middleware.auth_context [None req-a813fc3f-3905-4ee7-939e-bef3f25bfcd5 None None] Validating token access rules against request {{(pid=80501) validate_allowed_request /usr/local/lib/python3.8/dist-packages/keystonemiddleware/auth_token/__init__.py:545}}
Jun 28 16:14:19.339706 dv-neutron-847989-1-hyperv devstack@keystone.service[80501]: DEBUG keystone.server.flask.request_processing.middleware.auth_context [None req-ef73294b-16c3-4bcb-966a-2a11382cac6d None admin] RBAC: auth_context: {'token': , 'domain_id': None, 'trust_id': None, 'trustor_id': None, 'trustee_id': None, 'domain_name': None, 'group_ids': [], 'user_id': '2bb0e8d5407c48da9ceb8596fb8b5f49', 'user_domain_id': 'default', 'system_scope': 'all', 'project_id': None, 'project_domain_id': None, 'roles': ['admin', 'member', 'reader'], 'is_admin_project': True, 'service_user_id': None, 'service_user_domain_id': None, 'service_project_id': None, 'service_project_domain_id': None, 'service_roles': []} {{(pid=80501) fill_context /opt/stack/keystone/keystone/server/flask/request_processing/middleware/auth_context.py:478}}
Jun 28 16:14:19.339888 dv-neutron-847989-1-hyperv devstack@keystone.service[80502]: DEBUG dbcounter [-] [80502] Writing DB stats keystone:SELECT=100 {{(pid=80502) stat_writer /usr/local/lib/python3.8/dist-packages/dbcounter.py:114}}
Jun 28 16:14:19.340721 dv-neutron-847989-1-hyperv devstack@keystone.service[80501]: DEBUG keystone.server.flask.request_processing.req_logging [None req-ef73294b-16c3-4bcb-966a-2a11382cac6d None admin] REQUEST_METHOD: `GET` {{(pid=80501) log_request_info /opt/stack/keystone/keystone/server/flask/request_processing/req_logging.py:27}}
Jun 28 16:14:19.341186 dv-neutron-847989-1-hyperv devstack@keystone.service[80501]: DEBUG keystone.server.flask.request_processing.req_logging [None req-ef73294b-16c3-4bcb-966a-2a11382cac6d None admin] SCRIPT_NAME: `/identity` {{(pid=80501) log_request_info /opt/stack/keystone/keystone/server/flask/request_processing/req_logging.py:28}}
Jun 28 16:14:19.342238 dv-neutron-847989-1-hyperv devstack@keystone.service[80501]: DEBUG keystone.server.flask.request_processing.req_logging [None req-ef73294b-16c3-4bcb-966a-2a11382cac6d None admin] PATH_INFO: `/v3/roles` {{(pid=80501) log_request_info /opt/stack/keystone/keystone/server/flask/request_processing/req_logging.py:29}}
Jun 28 16:14:19.343321 dv-neutron-847989-1-hyperv devstack@keystone.service[80501]: DEBUG keystone.common.rbac_enforcer.enforcer [None req-ef73294b-16c3-4bcb-966a-2a11382cac6d None admin] RBAC: Adding query filter params (name=admin) {{(pid=80501) _extract_filter_values /opt/stack/keystone/keystone/common/rbac_enforcer/enforcer.py:167}}
Jun 28 16:14:19.343609 dv-neutron-847989-1-hyperv devstack@keystone.service[80501]: DEBUG keystone.common.rbac_enforcer.enforcer [None req-ef73294b-16c3-4bcb-966a-2a11382cac6d None admin] RBAC: Authorizing `identity:list_roles()` {{(pid=80501) enforce_call /opt/stack/keystone/keystone/common/rbac_enforcer/enforcer.py:449}}
Jun 28 16:14:19.345018 dv-neutron-847989-1-hyperv devstack@keystone.service[80501]: DEBUG keystone.common.rbac_enforcer.enforcer [None req-ef73294b-16c3-4bcb-966a-2a11382cac6d None admin] RBAC: Authorization granted {{(pid=80501) enforce_call /opt/stack/keystone/keystone/common/rbac_enforcer/enforcer.py:457}}
Jun 28 16:14:19.356563 dv-neutron-847989-1-hyperv devstack@keystone.service[80501]: [pid: 80501|app: 0|req: 93/186] 10.222.0.23 () {56 vars in 1099 bytes} [Tue Jun 28 16:14:19 2022] GET /identity/v3/roles?name=admin => generated 339 bytes in 173 msecs (HTTP/1.1 200) 5 headers in 177 bytes (1 switches on core 0)
Jun 28 16:14:19.356563 dv-neutron-847989-1-hyperv devstack@keystone.service[80501]: DEBUG keystone.server.flask.request_processing.middleware.auth_context [None req-ef73294b-16c3-4bcb-966a-2a11382cac6d None admin] Authenticating user token {{(pid=80501) process_request /usr/local/lib/python3.8/dist-packages/keystonemiddleware/auth_token/__init__.py:407}}
Jun 28 16:14:19.383703 dv-neutron-847989-1-hyperv devstack@keystone.service[80502]: DEBUG keystone.server.flask.request_processing.middleware.auth_context [None req-9305e5b7-0a08-48c1-8002-d03d16edce45 None admin] Validating token access rules against request {{(pid=80502) validate_allowed_request /usr/local/lib/python3.8/dist-packages/keystonemiddleware/auth_token/__init__.py:545}}
Jun 28 16:14:19.396649 dv-neutron-847989-1-hyperv devstack@keystone.service[80501]: DEBUG dbcounter [-] [80501] Writing DB stats keystone:SELECT=100 {{(pid=80501) stat_writer /usr/local/lib/python3.8/dist-packages/dbcounter.py:114}}
Jun 28 16:14:19.426336 dv-neutron-847989-1-hyperv devstack@keystone.service[80502]: DEBUG keystone.server.flask.request_processing.middleware.auth_context [None req-a0e5046e-0548-44c9-8b71-0db8f0395a2b None admin] RBAC: auth_context: {'token': , 'domain_id': None, 'trust_id': None, 'trustor_id': None, 'trustee_id': None, 'domain_name': None, 'group_ids': [], 'user_id': '2bb0e8d5407c48da9ceb8596fb8b5f49', 'user_domain_id': 'default', 'system_scope': 'all', 'project_id': None, 'project_domain_id': None, 'roles': ['admin', 'member', 'reader'], 'is_admin_project': True, 'service_user_id': None, 'service_user_domain_id': None, 'service_project_id': None, 'service_project_domain_id': None, 'service_roles': []} {{(pid=80502) fill_context /opt/stack/keystone/keystone/server/flask/request_processing/middleware/auth_context.py:478}}
Jun 28 16:14:19.427129 dv-neutron-847989-1-hyperv devstack@keystone.service[80502]: DEBUG keystone.server.flask.request_processing.req_logging [None req-a0e5046e-0548-44c9-8b71-0db8f0395a2b None admin] REQUEST_METHOD: `GET` {{(pid=80502) log_request_info /opt/stack/keystone/keystone/server/flask/request_processing/req_logging.py:27}}
Jun 28 16:14:19.427412 dv-neutron-847989-1-hyperv devstack@keystone.service[80502]: DEBUG keystone.server.flask.request_processing.req_logging [None req-a0e5046e-0548-44c9-8b71-0db8f0395a2b None admin] SCRIPT_NAME: `/identity` {{(pid=80502) log_request_info /opt/stack/keystone/keystone/server/flask/request_processing/req_logging.py:28}}
Jun 28 16:14:19.427686 dv-neutron-847989-1-hyperv devstack@keystone.service[80502]: DEBUG keystone.server.flask.request_processing.req_logging [None req-a0e5046e-0548-44c9-8b71-0db8f0395a2b None admin] PATH_INFO: `/v3/roles/anotherrole` {{(pid=80502) log_request_info /opt/stack/keystone/keystone/server/flask/request_processing/req_logging.py:29}}
Jun 28 16:14:19.440044 dv-neutron-847989-1-hyperv devstack@keystone.service[80502]: DEBUG keystone.common.rbac_enforcer.enforcer [None req-a0e5046e-0548-44c9-8b71-0db8f0395a2b None admin] Extracting inferred target data resulted in "NOT FOUND (404)". {{(pid=80502) enforce_call /opt/stack/keystone/keystone/common/rbac_enforcer/enforcer.py:409}}
