Jun 24 08:47:01.337388 dv-neutron-847358-3-hyperv devstack@keystone.service[80471]: DEBUG keystone.server.flask.request_processing.req_logging [None req-83015a3f-387e-42fb-a130-2d5283568a00 None None] SCRIPT_NAME: `/identity` {{(pid=80471) log_request_info /opt/stack/keystone/keystone/server/flask/request_processing/req_logging.py:28}}
Jun 24 08:47:01.338139 dv-neutron-847358-3-hyperv devstack@keystone.service[80471]: DEBUG keystone.server.flask.request_processing.req_logging [None req-83015a3f-387e-42fb-a130-2d5283568a00 None None] PATH_INFO: `/` {{(pid=80471) log_request_info /opt/stack/keystone/keystone/server/flask/request_processing/req_logging.py:29}}
Jun 24 08:47:01.341288 dv-neutron-847358-3-hyperv devstack@keystone.service[80471]: [pid: 80471|app: 0|req: 115/234] 10.222.0.58 () {54 vars in 926 bytes} [Fri Jun 24 08:47:01 2022] GET /identity => generated 270 bytes in 7 msecs (HTTP/1.1 300) 6 headers in 234 bytes (1 switches on core 0)
Jun 24 08:47:01.348129 dv-neutron-847358-3-hyperv devstack@keystone.service[80471]: DEBUG keystone.server.flask.request_processing.req_logging [None req-fdf04b81-de3e-4c08-85c7-e302e4821d35 None None] REQUEST_METHOD: `POST` {{(pid=80471) log_request_info /opt/stack/keystone/keystone/server/flask/request_processing/req_logging.py:27}}
Jun 24 08:47:01.349038 dv-neutron-847358-3-hyperv devstack@keystone.service[80471]: DEBUG keystone.server.flask.request_processing.req_logging [None req-fdf04b81-de3e-4c08-85c7-e302e4821d35 None None] SCRIPT_NAME: `/identity` {{(pid=80471) log_request_info /opt/stack/keystone/keystone/server/flask/request_processing/req_logging.py:28}}
Jun 24 08:47:01.349794 dv-neutron-847358-3-hyperv devstack@keystone.service[80471]: DEBUG keystone.server.flask.request_processing.req_logging [None req-fdf04b81-de3e-4c08-85c7-e302e4821d35 None None] PATH_INFO: `/v3/auth/tokens` {{(pid=80471) log_request_info /opt/stack/keystone/keystone/server/flask/request_processing/req_logging.py:29}}
Jun 24 08:47:01.395092 dv-neutron-847358-3-hyperv devstack@keystone.service[80471]: DEBUG keystone.auth.core [None req-fdf04b81-de3e-4c08-85c7-e302e4821d35 None None] MFA Rules not processed for user `1bfcca038fb3456482f5cd5eabc8f4e0`. Rule list: `[]` (Enabled: `True`). {{(pid=80471) check_auth_methods_against_rules /opt/stack/keystone/keystone/auth/core.py:438}}
Jun 24 08:47:01.399099 dv-neutron-847358-3-hyperv devstack@keystone.service[80471]: DEBUG keystone.common.fernet_utils [None req-fdf04b81-de3e-4c08-85c7-e302e4821d35 None None] Loaded 2 Fernet keys from /etc/keystone/fernet-keys/, but `[fernet_tokens] max_active_keys = 3`; perhaps there have not been enough key rotations to reach `max_active_keys` yet? {{(pid=80471) load_keys /opt/stack/keystone/keystone/common/fernet_utils.py:286}}
Jun 24 08:47:01.433310 dv-neutron-847358-3-hyperv devstack@keystone.service[80470]: DEBUG keystone.server.flask.request_processing.middleware.auth_context [None req-adcf41dc-e6fa-46eb-9034-099559bb323f None admin] RBAC: auth_context: {'token': , 'domain_id': None, 'trust_id': None, 'trustor_id': None, 'trustee_id': None, 'domain_name': None, 'group_ids': [], 'user_id': '1bfcca038fb3456482f5cd5eabc8f4e0', 'user_domain_id': 'default', 'system_scope': 'all', 'project_id': None, 'project_domain_id': None, 'roles': ['admin', 'member', 'reader'], 'is_admin_project': True, 'service_user_id': None, 'service_user_domain_id': None, 'service_project_id': None, 'service_project_domain_id': None, 'service_roles': []} {{(pid=80470) fill_context /opt/stack/keystone/keystone/server/flask/request_processing/middleware/auth_context.py:478}}
Jun 24 08:47:01.434784 dv-neutron-847358-3-hyperv devstack@keystone.service[80470]: DEBUG keystone.server.flask.request_processing.req_logging [None req-adcf41dc-e6fa-46eb-9034-099559bb323f None admin] REQUEST_METHOD: `PUT` {{(pid=80470) log_request_info /opt/stack/keystone/keystone/server/flask/request_processing/req_logging.py:27}}
Jun 24 08:47:01.435441 dv-neutron-847358-3-hyperv devstack@keystone.service[80470]: DEBUG keystone.server.flask.request_processing.req_logging [None req-adcf41dc-e6fa-46eb-9034-099559bb323f None admin] SCRIPT_NAME: `/identity` {{(pid=80470) log_request_info /opt/stack/keystone/keystone/server/flask/request_processing/req_logging.py:28}}
Jun 24 08:47:01.436051 dv-neutron-847358-3-hyperv devstack@keystone.service[80470]: DEBUG keystone.server.flask.request_processing.req_logging [None req-adcf41dc-e6fa-46eb-9034-099559bb323f None admin] PATH_INFO: `/v3/projects/e3b6545e70f44182ba404eabad2a10e0/users/8113805bbb1c4bd2a6b0e9d86af77b27/roles/b0d5a0c98226408db165a632e75e19bb` {{(pid=80470) log_request_info /opt/stack/keystone/keystone/server/flask/request_processing/req_logging.py:29}}
Jun 24 08:47:01.443052 dv-neutron-847358-3-hyperv devstack@keystone.service[80470]: DEBUG keystone.common.rbac_enforcer.enforcer [None req-adcf41dc-e6fa-46eb-9034-099559bb323f None admin] RBAC: Authorizing `identity:create_grant(project_id=e3b6545e70f44182ba404eabad2a10e0, user_id=8113805bbb1c4bd2a6b0e9d86af77b27, role_id=b0d5a0c98226408db165a632e75e19bb)` {{(pid=80470) enforce_call /opt/stack/keystone/keystone/common/rbac_enforcer/enforcer.py:449}}
Jun 24 08:47:01.445497 dv-neutron-847358-3-hyperv devstack@keystone.service[80470]: DEBUG keystone.common.rbac_enforcer.enforcer [None req-adcf41dc-e6fa-46eb-9034-099559bb323f None admin] RBAC: Authorization granted {{(pid=80470) enforce_call /opt/stack/keystone/keystone/common/rbac_enforcer/enforcer.py:457}}
Jun 24 08:47:01.473833 dv-neutron-847358-3-hyperv devstack@keystone.service[80470]: [pid: 80470|app: 0|req: 120/235] 10.222.0.58 () {58 vars in 1439 bytes} [Fri Jun 24 08:47:01 2022] PUT /identity/v3/projects/e3b6545e70f44182ba404eabad2a10e0/users/8113805bbb1c4bd2a6b0e9d86af77b27/roles/b0d5a0c98226408db165a632e75e19bb => generated 0 bytes in 381 msecs (HTTP/1.1 204) 3 headers in 132 bytes (0 switches on core 0)
Jun 24 08:47:01.476478 dv-neutron-847358-3-hyperv devstack@keystone.service[80470]: DEBUG keystone.server.flask.request_processing.req_logging [None req-bd3e6824-2eef-4c61-9de1-fb28230a6554 None None] REQUEST_METHOD: `GET` {{(pid=80470) log_request_info /opt/stack/keystone/keystone/server/flask/request_processing/req_logging.py:27}}
Jun 24 08:47:01.477253 dv-neutron-847358-3-hyperv devstack@keystone.service[80470]: DEBUG keystone.server.flask.request_processing.req_logging [None req-bd3e6824-2eef-4c61-9de1-fb28230a6554 None None] SCRIPT_NAME: `/identity` {{(pid=80470) log_request_info /opt/stack/keystone/keystone/server/flask/request_processing/req_logging.py:28}}
Jun 24 08:47:01.477873 dv-neutron-847358-3-hyperv devstack@keystone.service[80470]: DEBUG keystone.server.flask.request_processing.req_logging [None req-bd3e6824-2eef-4c61-9de1-fb28230a6554 None None] PATH_INFO: `/` {{(pid=80470) log_request_info /opt/stack/keystone/keystone/server/flask/request_processing/req_logging.py:29}}
Jun 24 08:47:01.482287 dv-neutron-847358-3-hyperv devstack@keystone.service[80470]: [pid: 80470|app: 0|req: 121/236] 10.222.0.58 () {54 vars in 926 bytes} [Fri Jun 24 08:47:01 2022] GET /identity => generated 270 bytes in 7 msecs (HTTP/1.1 300) 6 headers in 234 bytes (1 switches on core 0)
Jun 24 08:47:01.493920 dv-neutron-847358-3-hyperv devstack@keystone.service[80470]: DEBUG keystone.server.flask.request_processing.req_logging [None req-e9509b95-fdeb-4be2-88f4-fd710be2f65a None None] REQUEST_METHOD: `POST` {{(pid=80470) log_request_info /opt/stack/keystone/keystone/server/flask/request_processing/req_logging.py:27}}
Jun 24 08:47:01.494669 dv-neutron-847358-3-hyperv devstack@keystone.service[80470]: DEBUG keystone.server.flask.request_processing.req_logging [None req-e9509b95-fdeb-4be2-88f4-fd710be2f65a None None] SCRIPT_NAME: `/identity` {{(pid=80470) log_request_info /opt/stack/keystone/keystone/server/flask/request_processing/req_logging.py:28}}
Jun 24 08:47:01.495172 dv-neutron-847358-3-hyperv devstack@keystone.service[80470]: DEBUG keystone.server.flask.request_processing.req_logging [None req-e9509b95-fdeb-4be2-88f4-fd710be2f65a None None] PATH_INFO: `/v3/auth/tokens` {{(pid=80470) log_request_info /opt/stack/keystone/keystone/server/flask/request_processing/req_logging.py:29}}
Jun 24 08:47:01.516670 dv-neutron-847358-3-hyperv devstack@keystone.service[80470]: DEBUG dbcounter [-] [80470] Writing DB stats keystone:SELECT=99,keystone:INSERT=1 {{(pid=80470) stat_writer /usr/local/lib/python3.8/dist-packages/dbcounter.py:114}}
Jun 24 08:47:01.530074 dv-neutron-847358-3-hyperv devstack@keystone.service[80470]: DEBUG keystone.auth.core [None req-e9509b95-fdeb-4be2-88f4-fd710be2f65a None None] MFA Rules not processed for user `1bfcca038fb3456482f5cd5eabc8f4e0`. Rule list: `[]` (Enabled: `True`). {{(pid=80470) check_auth_methods_against_rules /opt/stack/keystone/keystone/auth/core.py:438}}
Jun 24 08:47:01.532577 dv-neutron-847358-3-hyperv devstack@keystone.service[80470]: DEBUG keystone.common.fernet_utils [None req-e9509b95-fdeb-4be2-88f4-fd710be2f65a None None] Loaded 2 Fernet keys from /etc/keystone/fernet-keys/, but `[fernet_tokens] max_active_keys = 3`; perhaps there have not been enough key rotations to reach `max_active_keys` yet? {{(pid=80470) load_keys /opt/stack/keystone/keystone/common/fernet_utils.py:286}}
Jun 24 08:47:01.645676 dv-neutron-847358-3-hyperv devstack@keystone.service[80471]: [pid: 80471|app: 0|req: 116/237] 10.222.0.58 () {58 vars in 1023 bytes} [Fri Jun 24 08:47:01 2022] POST /identity/v3/auth/tokens => generated 799 bytes in 299 msecs (HTTP/1.1 201) 6 headers in 363 bytes (2 switches on core 0)
Jun 24 08:47:01.691165 dv-neutron-847358-3-hyperv devstack@keystone.service[80470]: [pid: 80470|app: 0|req: 122/238] 10.222.0.58 () {58 vars in 1023 bytes} [Fri Jun 24 08:47:01 2022] POST /identity/v3/auth/tokens => generated 799 bytes in 199 msecs (HTTP/1.1 201) 6 headers in 363 bytes (2 switches on core 0)
Jun 24 08:47:01.691413 dv-neutron-847358-3-hyperv devstack@keystone.service[80471]: DEBUG keystone.server.flask.request_processing.middleware.auth_context [None req-fdf04b81-de3e-4c08-85c7-e302e4821d35 None None] Authenticating user token {{(pid=80471) process_request /usr/local/lib/python3.8/dist-packages/keystonemiddleware/auth_token/__init__.py:407}}
Jun 24 08:47:01.728952 dv-neutron-847358-3-hyperv devstack@keystone.service[80470]: DEBUG keystone.server.flask.request_processing.middleware.auth_context [None req-e9509b95-fdeb-4be2-88f4-fd710be2f65a None None] Authenticating user token {{(pid=80470) process_request /usr/local/lib/python3.8/dist-packages/keystonemiddleware/auth_token/__init__.py:407}}
Jun 24 08:47:01.770589 dv-neutron-847358-3-hyperv devstack@keystone.service[80471]: DEBUG dbcounter [-] [80471] Writing DB stats keystone:SELECT=100 {{(pid=80471) stat_writer /usr/local/lib/python3.8/dist-packages/dbcounter.py:114}}
Jun 24 08:47:01.844333 dv-neutron-847358-3-hyperv devstack@keystone.service[80471]: DEBUG keystone.server.flask.request_processing.middleware.auth_context [None req-fdf04b81-de3e-4c08-85c7-e302e4821d35 None None] Validating token access rules against request {{(pid=80471) validate_allowed_request /usr/local/lib/python3.8/dist-packages/keystonemiddleware/auth_token/__init__.py:545}}
Jun 24 08:47:01.881083 dv-neutron-847358-3-hyperv devstack@keystone.service[80470]: DEBUG keystone.server.flask.request_processing.middleware.auth_context [None req-e9509b95-fdeb-4be2-88f4-fd710be2f65a None None] Validating token access rules against request {{(pid=80470) validate_allowed_request /usr/local/lib/python3.8/dist-packages/keystonemiddleware/auth_token/__init__.py:545}}
Jun 24 08:47:01.898243 dv-neutron-847358-3-hyperv devstack@keystone.service[80471]: DEBUG keystone.server.flask.request_processing.middleware.auth_context [None req-efc46992-8693-4ed5-bef0-24b086094e05 None admin] RBAC: auth_context: {'token': , 'domain_id': None, 'trust_id': None, 'trustor_id': None, 'trustee_id': None, 'domain_name': None, 'group_ids': [], 'user_id': '1bfcca038fb3456482f5cd5eabc8f4e0', 'user_domain_id': 'default', 'system_scope': 'all', 'project_id': None, 'project_domain_id': None, 'roles': ['admin', 'member', 'reader'], 'is_admin_project': True, 'service_user_id': None, 'service_user_domain_id': None, 'service_project_id': None, 'service_project_domain_id': None, 'service_roles': []} {{(pid=80471) fill_context /opt/stack/keystone/keystone/server/flask/request_processing/middleware/auth_context.py:478}}
Jun 24 08:47:01.899415 dv-neutron-847358-3-hyperv devstack@keystone.service[80471]: DEBUG keystone.server.flask.request_processing.req_logging [None req-efc46992-8693-4ed5-bef0-24b086094e05 None admin] REQUEST_METHOD: `GET` {{(pid=80471) log_request_info /opt/stack/keystone/keystone/server/flask/request_processing/req_logging.py:27}}
Jun 24 08:47:01.899747 dv-neutron-847358-3-hyperv devstack@keystone.service[80471]: DEBUG keystone.server.flask.request_processing.req_logging [None req-efc46992-8693-4ed5-bef0-24b086094e05 None admin] SCRIPT_NAME: `/identity` {{(pid=80471) log_request_info /opt/stack/keystone/keystone/server/flask/request_processing/req_logging.py:28}}
Jun 24 08:47:01.902485 dv-neutron-847358-3-hyperv devstack@keystone.service[80471]: DEBUG keystone.server.flask.request_processing.req_logging [None req-efc46992-8693-4ed5-bef0-24b086094e05 None admin] PATH_INFO: `/v3/domains/default` {{(pid=80471) log_request_info /opt/stack/keystone/keystone/server/flask/request_processing/req_logging.py:29}}
Jun 24 08:47:01.904766 dv-neutron-847358-3-hyperv devstack@keystone.service[80471]: DEBUG keystone.common.rbac_enforcer.enforcer [None req-efc46992-8693-4ed5-bef0-24b086094e05 None admin] RBAC: Authorizing `identity:get_domain(domain_id=default)` {{(pid=80471) enforce_call /opt/stack/keystone/keystone/common/rbac_enforcer/enforcer.py:449}}
Jun 24 08:47:01.907299 dv-neutron-847358-3-hyperv devstack@keystone.service[80471]: DEBUG keystone.common.rbac_enforcer.enforcer [None req-efc46992-8693-4ed5-bef0-24b086094e05 None admin] RBAC: Authorization granted {{(pid=80471) enforce_call /opt/stack/keystone/keystone/common/rbac_enforcer/enforcer.py:457}}
Jun 24 08:47:01.912211 dv-neutron-847358-3-hyperv devstack@keystone.service[80471]: [pid: 80471|app: 0|req: 117/239] 10.222.0.58 () {56 vars in 1108 bytes} [Fri Jun 24 08:47:01 2022] GET /identity/v3/domains/default => generated 199 bytes in 222 msecs (HTTP/1.1 200) 5 headers in 177 bytes (2 switches on core 0)
Jun 24 08:47:01.917996 dv-neutron-847358-3-hyperv devstack@keystone.service[80471]: DEBUG keystone.server.flask.request_processing.middleware.auth_context [None req-efc46992-8693-4ed5-bef0-24b086094e05 None admin] Authenticating user token {{(pid=80471) process_request /usr/local/lib/python3.8/dist-packages/keystonemiddleware/auth_token/__init__.py:407}}
Jun 24 08:47:01.940064 dv-neutron-847358-3-hyperv devstack@keystone.service[80470]: DEBUG dbcounter [-] [80470] Writing DB stats keystone:SELECT=100 {{(pid=80470) stat_writer /usr/local/lib/python3.8/dist-packages/dbcounter.py:114}}
Jun 24 08:47:01.945158 dv-neutron-847358-3-hyperv devstack@keystone.service[80470]: DEBUG keystone.server.flask.request_processing.middleware.auth_context [None req-b1b6cf04-f5e2-41e8-9044-4f3658488d00 None admin] RBAC: auth_context: {'token': , 'domain_id': None, 'trust_id': None, 'trustor_id': None, 'trustee_id': None, 'domain_name': None, 'group_ids': [], 'user_id': '1bfcca038fb3456482f5cd5eabc8f4e0', 'user_domain_id': 'default', 'system_scope': 'all', 'project_id': None, 'project_domain_id': None, 'roles': ['admin', 'member', 'reader'], 'is_admin_project': True, 'service_user_id': None, 'service_user_domain_id': None, 'service_project_id': None, 'service_project_domain_id': None, 'service_roles': []} {{(pid=80470) fill_context /opt/stack/keystone/keystone/server/flask/request_processing/middleware/auth_context.py:478}}
Jun 24 08:47:01.947650 dv-neutron-847358-3-hyperv devstack@keystone.service[80470]: DEBUG keystone.server.flask.request_processing.req_logging [None req-b1b6cf04-f5e2-41e8-9044-4f3658488d00 None admin] REQUEST_METHOD: `GET` {{(pid=80470) log_request_info /opt/stack/keystone/keystone/server/flask/request_processing/req_logging.py:27}}
Jun 24 08:47:01.947938 dv-neutron-847358-3-hyperv devstack@keystone.service[80470]: DEBUG keystone.server.flask.request_processing.req_logging [None req-b1b6cf04-f5e2-41e8-9044-4f3658488d00 None admin] SCRIPT_NAME: `/identity` {{(pid=80470) log_request_info /opt/stack/keystone/keystone/server/flask/request_processing/req_logging.py:28}}
Jun 24 08:47:01.948222 dv-neutron-847358-3-hyperv devstack@keystone.service[80470]: DEBUG keystone.server.flask.request_processing.req_logging [None req-b1b6cf04-f5e2-41e8-9044-4f3658488d00 None admin] PATH_INFO: `/v3/roles/reader` {{(pid=80470) log_request_info /opt/stack/keystone/keystone/server/flask/request_processing/req_logging.py:29}}
Jun 24 08:47:01.973049 dv-neutron-847358-3-hyperv devstack@keystone.service[80470]: DEBUG keystone.common.rbac_enforcer.enforcer [None req-b1b6cf04-f5e2-41e8-9044-4f3658488d00 None admin] Extracting inferred target data resulted in "NOT FOUND (404)". {{(pid=80470) enforce_call /opt/stack/keystone/keystone/common/rbac_enforcer/enforcer.py:409}}
Jun 24 08:47:01.986884 dv-neutron-847358-3-hyperv devstack@keystone.service[80470]: ERROR keystone.server.flask.application [None req-b1b6cf04-f5e2-41e8-9044-4f3658488d00 None admin] Could not find role: reader.: keystone.exception.RoleNotFound: Could not find role: reader.
Jun 24 08:47:01.986884 dv-neutron-847358-3-hyperv devstack@keystone.service[80470]: ERROR keystone.server.flask.application
Traceback (most recent call last):
Jun 24 08:47:01.986884 dv-neutron-847358-3-hyperv devstack@keystone.service[80470]: ERROR keystone.server.flask.application
File "/usr/local/lib/python3.8/dist-packages/flask/app.py", line 1523, in full_dispatch_request
Jun 24 08:47:01.986884 dv-neutron-847358-3-hyperv devstack@keystone.service[80470]: ERROR keystone.server.flask.application rv = self.dispatch_request()
Jun 24 08:47:01.986884 dv-neutron-847358-3-hyperv devstack@keystone.service[80470]: ERROR keystone.server.flask.application
File "/usr/local/lib/python3.8/dist-packages/flask/app.py", line 1509, in dispatch_request
Jun 24 08:47:01.986884 dv-neutron-847358-3-hyperv devstack@keystone.service[80470]: ERROR keystone.server.flask.application return self.ensure_sync(self.view_functions[rule.endpoint])(**req.view_args)
Jun 24 08:47:01.986884 dv-neutron-847358-3-hyperv devstack@keystone.service[80470]: ERROR keystone.server.flask.application
File "/usr/local/lib/python3.8/dist-packages/flask_restful/__init__.py", line 467, in wrapper
Jun 24 08:47:01.986884 dv-neutron-847358-3-hyperv devstack@keystone.service[80470]: ERROR keystone.server.flask.application resp = resource(*args, **kwargs)
Jun 24 08:47:01.986884 dv-neutron-847358-3-hyperv devstack@keystone.service[80470]: ERROR keystone.server.flask.application
File "/usr/local/lib/python3.8/dist-packages/flask/views.py", line 84, in view
Jun 24 08:47:01.986884 dv-neutron-847358-3-hyperv devstack@keystone.service[80470]: ERROR keystone.server.flask.application return current_app.ensure_sync(self.dispatch_request)(*args, **kwargs)
Jun 24 08:47:01.986884 dv-neutron-847358-3-hyperv devstack@keystone.service[80470]: ERROR keystone.server.flask.application
File "/usr/local/lib/python3.8/dist-packages/flask_restful/__init__.py", line 582, in dispatch_request
Jun 24 08:47:01.986884 dv-neutron-847358-3-hyperv devstack@keystone.service[80470]: ERROR keystone.server.flask.application resp = meth(*args, **kwargs)
Jun 24 08:47:01.986884 dv-neutron-847358-3-hyperv devstack@keystone.service[80470]: ERROR keystone.server.flask.application
File "/opt/stack/keystone/keystone/api/roles.py", line 50, in get
Jun 24 08:47:01.986884 dv-neutron-847358-3-hyperv devstack@keystone.service[80470]: ERROR keystone.server.flask.application return self._get_role(role_id)
Jun 24 08:47:01.986884 dv-neutron-847358-3-hyperv devstack@keystone.service[80470]: ERROR keystone.server.flask.application
File "/opt/stack/keystone/keystone/api/roles.py", line 70, in _get_role
Jun 24 08:47:01.986884 dv-neutron-847358-3-hyperv devstack@keystone.service[80470]: ERROR keystone.server.flask.application ENFORCER.enforce_call(action='identity:get_role')
Jun 24 08:47:01.987856 dv-neutron-847358-3-hyperv devstack@keystone.service[80470]: ERROR keystone.server.flask.application
File "/opt/stack/keystone/keystone/common/rbac_enforcer/enforcer.py", line 402, in enforce_call
Jun 24 08:47:01.987856 dv-neutron-847358-3-hyperv devstack@keystone.service[80470]: ERROR keystone.server.flask.application policy_dict.update(cls._extract_member_target_data(
Jun 24 08:47:01.987856 dv-neutron-847358-3-hyperv devstack@keystone.service[80470]: ERROR keystone.server.flask.application
File "/opt/stack/keystone/keystone/common/rbac_enforcer/enforcer.py", line 234, in _extract_member_target_data
Jun 24 08:47:01.987856 dv-neutron-847358-3-hyperv devstack@keystone.service[80470]: ERROR keystone.server.flask.application member_name: func(flask.request.view_args[key])
Jun 24 08:47:01.987856 dv-neutron-847358-3-hyperv devstack@keystone.service[80470]: ERROR keystone.server.flask.application
File "/opt/stack/keystone/keystone/common/manager.py", line 115, in wrapped
Jun 24 08:47:01.987856 dv-neutron-847358-3-hyperv devstack@keystone.service[80470]: ERROR keystone.server.flask.application __ret_val = __f(*args, **kwargs)
Jun 24 08:47:01.987856 dv-neutron-847358-3-hyperv devstack@keystone.service[80470]: ERROR keystone.server.flask.application
File "/usr/local/lib/python3.8/dist-packages/decorator.py", line 232, in fun
Jun 24 08:47:01.987856 dv-neutron-847358-3-hyperv devstack@keystone.service[80470]: ERROR keystone.server.flask.application return caller(func, *(extras + args), **kw)
Jun 24 08:47:01.987856 dv-neutron-847358-3-hyperv devstack@keystone.service[80470]: ERROR keystone.server.flask.application
File "/usr/local/lib/python3.8/dist-packages/dogpile/cache/region.py", line 1577, in get_or_create_for_user_func
Jun 24 08:47:01.987856 dv-neutron-847358-3-hyperv devstack@keystone.service[80470]: ERROR keystone.server.flask.application return self.get_or_create(
Jun 24 08:47:01.987856 dv-neutron-847358-3-hyperv devstack@keystone.service[80470]: ERROR keystone.server.flask.application
File "/usr/local/lib/python3.8/dist-packages/dogpile/cache/region.py", line 1042, in get_or_create
Jun 24 08:47:01.987856 dv-neutron-847358-3-hyperv devstack@keystone.service[80470]: ERROR keystone.server.flask.application with Lock(
Jun 24 08:47:01.987856 dv-neutron-847358-3-hyperv devstack@keystone.service[80470]: ERROR keystone.server.flask.application
File "/usr/local/lib/python3.8/dist-packages/dogpile/lock.py", line 185, in __enter__
Jun 24 08:47:01.987856 dv-neutron-847358-3-hyperv devstack@keystone.service[80470]: ERROR keystone.server.flask.application return self._enter()
Jun 24 08:47:01.987856 dv-neutron-847358-3-hyperv devstack@keystone.service[80470]: ERROR keystone.server.flask.application
File "/usr/local/lib/python3.8/dist-packages/dogpile/lock.py", line 94, in _enter
Jun 24 08:47:01.987856 dv-neutron-847358-3-hyperv devstack@keystone.service[80470]: ERROR keystone.server.flask.application generated = self._enter_create(value, createdtime)
Jun 24 08:47:01.988711 dv-neutron-847358-3-hyperv devstack@keystone.service[80470]: ERROR keystone.server.flask.application
File "/usr/local/lib/python3.8/dist-packages/dogpile/lock.py", line 178, in _enter_create
Jun 24 08:47:01.988711 dv-neutron-847358-3-hyperv devstack@keystone.service[80470]: ERROR keystone.server.flask.application return self.creator()
Jun 24 08:47:01.988711 dv-neutron-847358-3-hyperv devstack@keystone.service[80470]: ERROR keystone.server.flask.application
File "/usr/local/lib/python3.8/dist-packages/dogpile/cache/region.py", line 995, in gen_value
Jun 24 08:47:01.988711 dv-neutron-847358-3-hyperv devstack@keystone.service[80470]: ERROR keystone.server.flask.application created_value = creator(
Jun 24 08:47:01.988711 dv-neutron-847358-3-hyperv devstack@keystone.service[80470]: ERROR keystone.server.flask.application
File "/opt/stack/keystone/keystone/assignment/core.py", line 1276, in get_role
Jun 24 08:47:01.988711 dv-neutron-847358-3-hyperv devstack@keystone.service[80470]: ERROR keystone.server.flask.application return self.driver.get_role(role_id)
Jun 24 08:47:01.988711 dv-neutron-847358-3-hyperv devstack@keystone.service[80470]: ERROR keystone.server.flask.application
File "/opt/stack/keystone/keystone/assignment/role_backends/sql.py", line 70, in get_role
Jun 24 08:47:01.988711 dv-neutron-847358-3-hyperv devstack@keystone.service[80470]: ERROR keystone.server.flask.application return self._get_role(session, role_id).to_dict()
Jun 24 08:47:01.988711 dv-neutron-847358-3-hyperv devstack@keystone.service[80470]: ERROR keystone.server.flask.application
File "/opt/stack/keystone/keystone/assignment/role_backends/sql.py", line 65, in _get_role
Jun 24 08:47:01.988711 dv-neutron-847358-3-hyperv devstack@keystone.service[80470]: ERROR keystone.server.flask.application raise exception.RoleNotFound(role_id=role_id)
Jun 24 08:47:01.988711 dv-neutron-847358-3-hyperv devstack@keystone.service[80470]: ERROR keystone.server.flask.application keystone.exception.RoleNotFound: Could not find role: reader.
Jun 24 08:47:01.988711 dv-neutron-847358-3-hyperv devstack@keystone.service[80470]: ERROR keystone.server.flask.application
Jun 24 08:47:01.994418 dv-neutron-847358-3-hyperv devstack@keystone.service[80470]: [pid: 80470|app: 0|req: 123/240] 10.222.0.58 () {56 vars in 1099 bytes} [Fri Jun 24 08:47:01 2022] GET /identity/v3/roles/reader => generated 84 bytes in 262 msecs (HTTP/1.1 404) 5 headers in 183 bytes (2 switches on core 0)
Jun 24 08:47:01.999077 dv-neutron-847358-3-hyperv devstack@keystone.service[80470]: DEBUG keystone.server.flask.request_processing.middleware.auth_context [None req-b1b6cf04-f5e2-41e8-9044-4f3658488d00 None admin] Authenticating user token {{(pid=80470) process_request /usr/local/lib/python3.8/dist-packages/keystonemiddleware/auth_token/__init__.py:407}}
Jun 24 08:47:02.106933 dv-neutron-847358-3-hyperv devstack@keystone.service[80471]: DEBUG keystone.server.flask.request_processing.middleware.auth_context [None req-efc46992-8693-4ed5-bef0-24b086094e05 None admin] Validating token access rules against request {{(pid=80471) validate_allowed_request /usr/local/lib/python3.8/dist-packages/keystonemiddleware/auth_token/__init__.py:545}}
Jun 24 08:47:02.126018 dv-neutron-847358-3-hyperv devstack@keystone.service[80471]: DEBUG dbcounter [-] [80471] Writing DB stats keystone:SELECT=100 {{(pid=80471) stat_writer /usr/local/lib/python3.8/dist-packages/dbcounter.py:114}}
Jun 24 08:47:02.153581 dv-neutron-847358-3-hyperv devstack@keystone.service[80471]: DEBUG keystone.server.flask.request_processing.middleware.auth_context [None req-c8ba87db-ed1b-43ae-a692-23f554f8406e None admin] RBAC: auth_context: {'token': , 'domain_id': None, 'trust_id': None, 'trustor_id': None, 'trustee_id': None, 'domain_name': None, 'group_ids': [], 'user_id': '1bfcca038fb3456482f5cd5eabc8f4e0', 'user_domain_id': 'default', 'system_scope': 'all', 'project_id': None, 'project_domain_id': None, 'roles': ['admin', 'member', 'reader'], 'is_admin_project': True, 'service_user_id': None, 'service_user_domain_id': None, 'service_project_id': None, 'service_project_domain_id': None, 'service_roles': []} {{(pid=80471) fill_context /opt/stack/keystone/keystone/server/flask/request_processing/middleware/auth_context.py:478}}
Jun 24 08:47:02.154459 dv-neutron-847358-3-hyperv devstack@keystone.service[80471]: DEBUG keystone.server.flask.request_processing.req_logging [None req-c8ba87db-ed1b-43ae-a692-23f554f8406e None admin] REQUEST_METHOD: `POST` {{(pid=80471) log_request_info /opt/stack/keystone/keystone/server/flask/request_processing/req_logging.py:27}}
Jun 24 08:47:02.154789 dv-neutron-847358-3-hyperv devstack@keystone.service[80471]: DEBUG keystone.server.flask.request_processing.req_logging [None req-c8ba87db-ed1b-43ae-a692-23f554f8406e None admin] SCRIPT_NAME: `/identity` {{(pid=80471) log_request_info /opt/stack/keystone/keystone/server/flask/request_processing/req_logging.py:28}}
Jun 24 08:47:02.155074 dv-neutron-847358-3-hyperv devstack@keystone.service[80471]: DEBUG keystone.server.flask.request_processing.req_logging [None req-c8ba87db-ed1b-43ae-a692-23f554f8406e None admin] PATH_INFO: `/v3/users` {{(pid=80471) log_request_info /opt/stack/keystone/keystone/server/flask/request_processing/req_logging.py:29}}
Jun 24 08:47:02.155803 dv-neutron-847358-3-hyperv devstack@keystone.service[80471]: DEBUG keystone.common.rbac_enforcer.enforcer [None req-c8ba87db-ed1b-43ae-a692-23f554f8406e None admin] RBAC: Authorizing `identity:create_user()` {{(pid=80471) enforce_call /opt/stack/keystone/keystone/common/rbac_enforcer/enforcer.py:449}}
Jun 24 08:47:02.157263 dv-neutron-847358-3-hyperv devstack@keystone.service[80471]: DEBUG keystone.common.rbac_enforcer.enforcer [None req-c8ba87db-ed1b-43ae-a692-23f554f8406e None admin] RBAC: Authorization granted {{(pid=80471) enforce_call /opt/stack/keystone/keystone/common/rbac_enforcer/enforcer.py:457}}
Jun 24 08:47:02.190695 dv-neutron-847358-3-hyperv devstack@keystone.service[80471]: [pid: 80471|app: 0|req: 118/241] 10.222.0.58 () {60 vars in 1132 bytes} [Fri Jun 24 08:47:01 2022] POST /identity/v3/users => generated 293 bytes in 273 msecs (HTTP/1.1 201) 5 headers in 182 bytes (2 switches on core 0)
Jun 24 08:47:02.222509 dv-neutron-847358-3-hyperv devstack@keystone.service[80470]: DEBUG keystone.server.flask.request_processing.middleware.auth_context [None req-b1b6cf04-f5e2-41e8-9044-4f3658488d00 None admin] Validating token access rules against request {{(pid=80470) validate_allowed_request /usr/local/lib/python3.8/dist-packages/keystonemiddleware/auth_token/__init__.py:545}}
Jun 24 08:47:02.267126 dv-neutron-847358-3-hyperv devstack@keystone.service[80470]: DEBUG keystone.server.flask.request_processing.middleware.auth_context [None req-b6194928-6db2-4f70-95fa-527cdc9115a8 None admin] RBAC: auth_context: {'token': , 'domain_id': None, 'trust_id': None, 'trustor_id': None, 'trustee_id': None, 'domain_name': None, 'group_ids': [], 'user_id': '1bfcca038fb3456482f5cd5eabc8f4e0', 'user_domain_id': 'default', 'system_scope': 'all', 'project_id': None, 'project_domain_id': None, 'roles': ['admin', 'member', 'reader'], 'is_admin_project': True, 'service_user_id': None, 'service_user_domain_id': None, 'service_project_id': None, 'service_project_domain_id': None, 'service_roles': []} {{(pid=80470) fill_context /opt/stack/keystone/keystone/server/flask/request_processing/middleware/auth_context.py:478}}
Jun 24 08:47:02.267837 dv-neutron-847358-3-hyperv devstack@keystone.service[80470]: DEBUG keystone.server.flask.request_processing.req_logging [None req-b6194928-6db2-4f70-95fa-527cdc9115a8 None admin] REQUEST_METHOD: `GET` {{(pid=80470) log_request_info /opt/stack/keystone/keystone/server/flask/request_processing/req_logging.py:27}}
Jun 24 08:47:02.268117 dv-neutron-847358-3-hyperv devstack@keystone.service[80470]: DEBUG keystone.server.flask.request_processing.req_logging [None req-b6194928-6db2-4f70-95fa-527cdc9115a8 None admin] SCRIPT_NAME: `/identity` {{(pid=80470) log_request_info /opt/stack/keystone/keystone/server/flask/request_processing/req_logging.py:28}}
Jun 24 08:47:02.268391 dv-neutron-847358-3-hyperv devstack@keystone.service[80470]: DEBUG keystone.server.flask.request_processing.req_logging [None req-b6194928-6db2-4f70-95fa-527cdc9115a8 None admin] PATH_INFO: `/v3/roles` {{(pid=80470) log_request_info /opt/stack/keystone/keystone/server/flask/request_processing/req_logging.py:29}}
Jun 24 08:47:02.269352 dv-neutron-847358-3-hyperv devstack@keystone.service[80470]: DEBUG keystone.common.rbac_enforcer.enforcer [None req-b6194928-6db2-4f70-95fa-527cdc9115a8 None admin] RBAC: Adding query filter params (name=reader) {{(pid=80470) _extract_filter_values /opt/stack/keystone/keystone/common/rbac_enforcer/enforcer.py:167}}
Jun 24 08:47:02.269662 dv-neutron-847358-3-hyperv devstack@keystone.service[80470]: DEBUG keystone.common.rbac_enforcer.enforcer [None req-b6194928-6db2-4f70-95fa-527cdc9115a8 None admin] RBAC: Authorizing `identity:list_roles()` {{(pid=80470) enforce_call /opt/stack/keystone/keystone/common/rbac_enforcer/enforcer.py:449}}
Jun 24 08:47:02.271224 dv-neutron-847358-3-hyperv devstack@keystone.service[80470]: DEBUG keystone.common.rbac_enforcer.enforcer [None req-b6194928-6db2-4f70-95fa-527cdc9115a8 None admin] RBAC: Authorization granted {{(pid=80470) enforce_call /opt/stack/keystone/keystone/common/rbac_enforcer/enforcer.py:457}}
Jun 24 08:47:02.287269 dv-neutron-847358-3-hyperv devstack@keystone.service[80470]: [pid: 80470|app: 0|req: 124/242] 10.222.0.58 () {56 vars in 1101 bytes} [Fri Jun 24 08:47:01 2022] GET /identity/v3/roles?name=reader => generated 341 bytes in 285 msecs (HTTP/1.1 200) 5 headers in 177 bytes (2 switches on core 0)
Jun 24 08:47:02.290925 dv-neutron-847358-3-hyperv devstack@keystone.service[80471]: DEBUG keystone.server.flask.request_processing.middleware.auth_context [None req-c8ba87db-ed1b-43ae-a692-23f554f8406e None admin] Authenticating user token {{(pid=80471) process_request /usr/local/lib/python3.8/dist-packages/keystonemiddleware/auth_token/__init__.py:407}}
Jun 24 08:47:02.502880 dv-neutron-847358-3-hyperv devstack@keystone.service[80471]: DEBUG keystone.server.flask.request_processing.middleware.auth_context [None req-c8ba87db-ed1b-43ae-a692-23f554f8406e None admin] Validating token access rules against request {{(pid=80471) validate_allowed_request /usr/local/lib/python3.8/dist-packages/keystonemiddleware/auth_token/__init__.py:545}}
Jun 24 08:47:02.571749 dv-neutron-847358-3-hyperv devstack@keystone.service[80471]: DEBUG keystone.server.flask.request_processing.middleware.auth_context [None req-e2b84024-2cdb-44ff-80c3-c1de697c9733 None admin] RBAC: auth_context: {'token': , 'domain_id': None, 'trust_id': None, 'trustor_id': None, 'trustee_id': None, 'domain_name': None, 'group_ids': [], 'user_id': '1bfcca038fb3456482f5cd5eabc8f4e0', 'user_domain_id': 'default', 'system_scope': 'all', 'project_id': None, 'project_domain_id': None, 'roles': ['admin', 'member', 'reader'], 'is_admin_project': True, 'service_user_id': None, 'service_user_domain_id': None, 'service_project_id': None, 'service_project_domain_id': None, 'service_roles': []} {{(pid=80471) fill_context /opt/stack/keystone/keystone/server/flask/request_processing/middleware/auth_context.py:478}}
Jun 24 08:47:02.573730 dv-neutron-847358-3-hyperv devstack@keystone.service[80471]: DEBUG keystone.server.flask.request_processing.req_logging [None req-e2b84024-2cdb-44ff-80c3-c1de697c9733 None admin] REQUEST_METHOD: `GET` {{(pid=80471) log_request_info /opt/stack/keystone/keystone/server/flask/request_processing/req_logging.py:27}}
Jun 24 08:47:02.574529 dv-neutron-847358-3-hyperv devstack@keystone.service[80471]: DEBUG keystone.server.flask.request_processing.req_logging [None req-e2b84024-2cdb-44ff-80c3-c1de697c9733 None admin] SCRIPT_NAME: `/identity` {{(pid=80471) log_request_info /opt/stack/keystone/keystone/server/flask/request_processing/req_logging.py:28}}
Jun 24 08:47:02.575273 dv-neutron-847358-3-hyperv devstack@keystone.service[80471]: DEBUG keystone.server.flask.request_processing.req_logging [None req-e2b84024-2cdb-44ff-80c3-c1de697c9733 None admin] PATH_INFO: `/v3/users/5e19fda4bd0a4f1088fb776c1c7d55f8` {{(pid=80471) log_request_info /opt/stack/keystone/keystone/server/flask/request_processing/req_logging.py:29}}
Jun 24 08:47:02.603671 dv-neutron-847358-3-hyperv devstack@keystone.service[80471]: DEBUG keystone.common.rbac_enforcer.enforcer [None req-e2b84024-2cdb-44ff-80c3-c1de697c9733 None admin] RBAC: Authorizing `identity:get_user(user_id=5e19fda4bd0a4f1088fb776c1c7d55f8)` {{(pid=80471) enforce_call /opt/stack/keystone/keystone/common/rbac_enforcer/enforcer.py:449}}
Jun 24 08:47:02.605896 dv-neutron-847358-3-hyperv devstack@keystone.service[80471]: DEBUG keystone.common.rbac_enforcer.enforcer [None req-e2b84024-2cdb-44ff-80c3-c1de697c9733 None admin] RBAC: Authorization granted {{(pid=80471) enforce_call /opt/stack/keystone/keystone/common/rbac_enforcer/enforcer.py:457}}
Jun 24 08:47:02.610292 dv-neutron-847358-3-hyperv devstack@keystone.service[80471]: [pid: 80471|app: 0|req: 119/243] 10.222.0.58 () {56 vars in 1177 bytes} [Fri Jun 24 08:47:02 2022] GET /identity/v3/users/5e19fda4bd0a4f1088fb776c1c7d55f8 => generated 297 bytes in 319 msecs (HTTP/1.1 200) 5 headers in 177 bytes (2 switches on core 0)
Jun 24 08:47:02.616805 dv-neutron-847358-3-hyperv devstack@keystone.service[80470]: DEBUG keystone.server.flask.request_processing.middleware.auth_context [None req-b6194928-6db2-4f70-95fa-527cdc9115a8 None admin] Authenticating user token {{(pid=80470) process_request /usr/local/lib/python3.8/dist-packages/keystonemiddleware/auth_token/__init__.py:407}}
Jun 24 08:47:02.728892 dv-neutron-847358-3-hyperv devstack@keystone.service[80470]: DEBUG dbcounter [-] [80470] Writing DB stats keystone:SELECT=100 {{(pid=80470) stat_writer /usr/local/lib/python3.8/dist-packages/dbcounter.py:114}}
Jun 24 08:47:02.785162 dv-neutron-847358-3-hyperv devstack@keystone.service[80471]: DEBUG keystone.server.flask.request_processing.req_logging [None req-386c58af-e750-4ed0-ae89-87aff8a3cd00 None None] REQUEST_METHOD: `GET` {{(pid=80471) log_request_info /opt/stack/keystone/keystone/server/flask/request_processing/req_logging.py:27}}
Jun 24 08:47:02.785368 dv-neutron-847358-3-hyperv devstack@keystone.service[80471]: DEBUG keystone.server.flask.request_processing.req_logging [None req-386c58af-e750-4ed0-ae89-87aff8a3cd00 None None] SCRIPT_NAME: `/identity` {{(pid=80471) log_request_info /opt/stack/keystone/keystone/server/flask/request_processing/req_logging.py:28}}
Jun 24 08:47:02.785631 dv-neutron-847358-3-hyperv devstack@keystone.service[80471]: DEBUG keystone.server.flask.request_processing.req_logging [None req-386c58af-e750-4ed0-ae89-87aff8a3cd00 None None] PATH_INFO: `/` {{(pid=80471) log_request_info /opt/stack/keystone/keystone/server/flask/request_processing/req_logging.py:29}}
Jun 24 08:47:02.787434 dv-neutron-847358-3-hyperv devstack@keystone.service[80471]: [pid: 80471|app: 0|req: 120/244] 10.222.0.58 () {54 vars in 926 bytes} [Fri Jun 24 08:47:02 2022] GET /identity => generated 270 bytes in 3 msecs (HTTP/1.1 300) 6 headers in 234 bytes (2 switches on core 0)
Jun 24 08:47:02.793810 dv-neutron-847358-3-hyperv devstack@keystone.service[80471]: DEBUG keystone.server.flask.request_processing.req_logging [None req-1e2086a9-7700-4707-a995-479c7b7d09a7 None None] REQUEST_METHOD: `POST` {{(pid=80471) log_request_info /opt/stack/keystone/keystone/server/flask/request_processing/req_logging.py:27}}
Jun 24 08:47:02.794404 dv-neutron-847358-3-hyperv devstack@keystone.service[80471]: DEBUG keystone.server.flask.request_processing.req_logging [None req-1e2086a9-7700-4707-a995-479c7b7d09a7 None None] SCRIPT_NAME: `/identity` {{(pid=80471) log_request_info /opt/stack/keystone/keystone/server/flask/request_processing/req_logging.py:28}}
Jun 24 08:47:02.794778 dv-neutron-847358-3-hyperv devstack@keystone.service[80471]: DEBUG keystone.server.flask.request_processing.req_logging [None req-1e2086a9-7700-4707-a995-479c7b7d09a7 None None] PATH_INFO: `/v3/auth/tokens` {{(pid=80471) log_request_info /opt/stack/keystone/keystone/server/flask/request_processing/req_logging.py:29}}
Jun 24 08:47:02.818892 dv-neutron-847358-3-hyperv devstack@keystone.service[80470]: DEBUG keystone.server.flask.request_processing.middleware.auth_context [None req-b6194928-6db2-4f70-95fa-527cdc9115a8 None admin] Validating token access rules against request {{(pid=80470) validate_allowed_request /usr/local/lib/python3.8/dist-packages/keystonemiddleware/auth_token/__init__.py:545}}
Jun 24 08:47:02.839394 dv-neutron-847358-3-hyperv devstack@keystone.service[80471]: DEBUG keystone.auth.core [None req-1e2086a9-7700-4707-a995-479c7b7d09a7 None None] MFA Rules not processed for user `1bfcca038fb3456482f5cd5eabc8f4e0`. Rule list: `[]` (Enabled: `True`). {{(pid=80471) check_auth_methods_against_rules /opt/stack/keystone/keystone/auth/core.py:438}}
Jun 24 08:47:02.840783 dv-neutron-847358-3-hyperv devstack@keystone.service[80471]: DEBUG keystone.common.fernet_utils [None req-1e2086a9-7700-4707-a995-479c7b7d09a7 None None] Loaded 2 Fernet keys from /etc/keystone/fernet-keys/, but `[fernet_tokens] max_active_keys = 3`; perhaps there have not been enough key rotations to reach `max_active_keys` yet? {{(pid=80471) load_keys /opt/stack/keystone/keystone/common/fernet_utils.py:286}}
Jun 24 08:47:02.866328 dv-neutron-847358-3-hyperv devstack@keystone.service[80470]: DEBUG keystone.server.flask.request_processing.middleware.auth_context [None req-ff3f962f-2ff1-4db2-bc92-414281d03ab5 None admin] RBAC: auth_context: {'token': , 'domain_id': None, 'trust_id': None, 'trustor_id': None, 'trustee_id': None, 'domain_name': None, 'group_ids': [], 'user_id': '1bfcca038fb3456482f5cd5eabc8f4e0', 'user_domain_id': 'default', 'system_scope': 'all', 'project_id': None, 'project_domain_id': None, 'roles': ['admin', 'member', 'reader'], 'is_admin_project': True, 'service_user_id': None, 'service_user_domain_id': None, 'service_project_id': None, 'service_project_domain_id': None, 'service_roles': []} {{(pid=80470) fill_context /opt/stack/keystone/keystone/server/flask/request_processing/middleware/auth_context.py:478}}
Jun 24 08:47:02.867014 dv-neutron-847358-3-hyperv devstack@keystone.service[80470]: DEBUG keystone.server.flask.request_processing.req_logging [None req-ff3f962f-2ff1-4db2-bc92-414281d03ab5 None admin] REQUEST_METHOD: `GET` {{(pid=80470) log_request_info /opt/stack/keystone/keystone/server/flask/request_processing/req_logging.py:27}}
Jun 24 08:47:02.867649 dv-neutron-847358-3-hyperv devstack@keystone.service[80470]: DEBUG keystone.server.flask.request_processing.req_logging [None req-ff3f962f-2ff1-4db2-bc92-414281d03ab5 None admin] SCRIPT_NAME: `/identity` {{(pid=80470) log_request_info /opt/stack/keystone/keystone/server/flask/request_processing/req_logging.py:28}}
Jun 24 08:47:02.867935 dv-neutron-847358-3-hyperv devstack@keystone.service[80470]: DEBUG keystone.server.flask.request_processing.req_logging [None req-ff3f962f-2ff1-4db2-bc92-414281d03ab5 None admin] PATH_INFO: `/v3/auth/tokens` {{(pid=80470) log_request_info /opt/stack/keystone/keystone/server/flask/request_processing/req_logging.py:29}}
Jun 24 08:47:02.889409 dv-neutron-847358-3-hyperv devstack@keystone.service[80471]: DEBUG dbcounter [-] [80471] Writing DB stats keystone:SELECT=97,keystone:INSERT=3 {{(pid=80471) stat_writer /usr/local/lib/python3.8/dist-packages/dbcounter.py:114}}
Jun 24 08:47:02.990064 dv-neutron-847358-3-hyperv devstack@keystone.service[80470]: DEBUG keystone.common.rbac_enforcer.enforcer [None req-ff3f962f-2ff1-4db2-bc92-414281d03ab5 None admin] RBAC: Authorizing `identity:validate_token()` {{(pid=80470) enforce_call /opt/stack/keystone/keystone/common/rbac_enforcer/enforcer.py:449}}
Jun 24 08:47:02.992453 dv-neutron-847358-3-hyperv devstack@keystone.service[80470]: DEBUG keystone.common.rbac_enforcer.enforcer [None req-ff3f962f-2ff1-4db2-bc92-414281d03ab5 None admin] RBAC: Authorization granted {{(pid=80470) enforce_call /opt/stack/keystone/keystone/common/rbac_enforcer/enforcer.py:457}}
Jun 24 08:47:03.027675 dv-neutron-847358-3-hyperv devstack@keystone.service[80471]: [pid: 80471|app: 0|req: 121/245] 10.222.0.58 () {58 vars in 1023 bytes} [Fri Jun 24 08:47:02 2022] POST /identity/v3/auth/tokens => generated 799 bytes in 235 msecs (HTTP/1.1 201) 6 headers in 363 bytes (1 switches on core 0)
Jun 24 08:47:03.043233 dv-neutron-847358-3-hyperv devstack@keystone.service[80471]: DEBUG keystone.server.flask.request_processing.req_logging [None req-966e0f93-7a0c-4836-8fb9-e7b441dbbb0e None None] REQUEST_METHOD: `GET` {{(pid=80471) log_request_info /opt/stack/keystone/keystone/server/flask/request_processing/req_logging.py:27}}
Jun 24 08:47:03.044542 dv-neutron-847358-3-hyperv devstack@keystone.service[80471]: DEBUG keystone.server.flask.request_processing.req_logging [None req-966e0f93-7a0c-4836-8fb9-e7b441dbbb0e None None] SCRIPT_NAME: `/identity` {{(pid=80471) log_request_info /opt/stack/keystone/keystone/server/flask/request_processing/req_logging.py:28}}
Jun 24 08:47:03.045059 dv-neutron-847358-3-hyperv devstack@keystone.service[80471]: DEBUG keystone.server.flask.request_processing.req_logging [None req-966e0f93-7a0c-4836-8fb9-e7b441dbbb0e None None] PATH_INFO: `/` {{(pid=80471) log_request_info /opt/stack/keystone/keystone/server/flask/request_processing/req_logging.py:29}}
Jun 24 08:47:03.046844 dv-neutron-847358-3-hyperv devstack@keystone.service[80471]: [pid: 80471|app: 0|req: 122/246] 10.222.0.58 () {54 vars in 926 bytes} [Fri Jun 24 08:47:03 2022] GET /identity => generated 270 bytes in 6 msecs (HTTP/1.1 300) 6 headers in 234 bytes (2 switches on core 0)
Jun 24 08:47:03.056432 dv-neutron-847358-3-hyperv devstack@keystone.service[80471]: DEBUG keystone.server.flask.request_processing.req_logging [None req-e53a3e03-bf78-4eaf-a11c-e149789b5ac1 None None] REQUEST_METHOD: `POST` {{(pid=80471) log_request_info /opt/stack/keystone/keystone/server/flask/request_processing/req_logging.py:27}}
Jun 24 08:47:03.057326 dv-neutron-847358-3-hyperv devstack@keystone.service[80471]: DEBUG keystone.server.flask.request_processing.req_logging [None req-e53a3e03-bf78-4eaf-a11c-e149789b5ac1 None None] SCRIPT_NAME: `/identity` {{(pid=80471) log_request_info /opt/stack/keystone/keystone/server/flask/request_processing/req_logging.py:28}}
Jun 24 08:47:03.058216 dv-neutron-847358-3-hyperv devstack@keystone.service[80471]: DEBUG keystone.server.flask.request_processing.req_logging [None req-e53a3e03-bf78-4eaf-a11c-e149789b5ac1 None None] PATH_INFO: `/v3/auth/tokens` {{(pid=80471) log_request_info /opt/stack/keystone/keystone/server/flask/request_processing/req_logging.py:29}}
Jun 24 08:47:03.086077 dv-neutron-847358-3-hyperv devstack@keystone.service[80470]: DEBUG dbcounter [-] [80470] Writing DB stats keystone:SELECT=100 {{(pid=80470) stat_writer /usr/local/lib/python3.8/dist-packages/dbcounter.py:114}}
Jun 24 08:47:03.094957 dv-neutron-847358-3-hyperv devstack@keystone.service[80471]: DEBUG keystone.auth.core [None req-e53a3e03-bf78-4eaf-a11c-e149789b5ac1 None None] MFA Rules not processed for user `1bfcca038fb3456482f5cd5eabc8f4e0`. Rule list: `[]` (Enabled: `True`). {{(pid=80471) check_auth_methods_against_rules /opt/stack/keystone/keystone/auth/core.py:438}}
Jun 24 08:47:03.097434 dv-neutron-847358-3-hyperv devstack@keystone.service[80471]: DEBUG keystone.common.fernet_utils [None req-e53a3e03-bf78-4eaf-a11c-e149789b5ac1 None None] Loaded 2 Fernet keys from /etc/keystone/fernet-keys/, but `[fernet_tokens] max_active_keys = 3`; perhaps there have not been enough key rotations to reach `max_active_keys` yet? {{(pid=80471) load_keys /opt/stack/keystone/keystone/common/fernet_utils.py:286}}
Jun 24 08:47:03.153365 dv-neutron-847358-3-hyperv devstack@keystone.service[80470]: [pid: 80470|app: 0|req: 125/247] 10.222.0.58 () {58 vars in 1282 bytes} [Fri Jun 24 08:47:02 2022] GET /identity/v3/auth/tokens => generated 799 bytes in 537 msecs (HTTP/1.1 200) 6 headers in 358 bytes (1 switches on core 0)
Jun 24 08:47:03.154423 dv-neutron-847358-3-hyperv devstack@keystone.service[80470]: DEBUG keystone.server.flask.request_processing.middleware.auth_context [None req-ff3f962f-2ff1-4db2-bc92-414281d03ab5 None admin] Authenticating user token {{(pid=80470) process_request /usr/local/lib/python3.8/dist-packages/keystonemiddleware/auth_token/__init__.py:407}}
Jun 24 08:47:03.227677 dv-neutron-847358-3-hyperv devstack@keystone.service[80471]: [pid: 80471|app: 0|req: 123/248] 10.222.0.58 () {58 vars in 1023 bytes} [Fri Jun 24 08:47:03 2022] POST /identity/v3/auth/tokens => generated 799 bytes in 173 msecs (HTTP/1.1 201) 6 headers in 363 bytes (2 switches on core 0)
Jun 24 08:47:03.228890 dv-neutron-847358-3-hyperv devstack@keystone.service[80471]: DEBUG keystone.server.flask.request_processing.middleware.auth_context [None req-e53a3e03-bf78-4eaf-a11c-e149789b5ac1 None None] Authenticating user token {{(pid=80471) process_request /usr/local/lib/python3.8/dist-packages/keystonemiddleware/auth_token/__init__.py:407}}
Jun 24 08:47:03.317468 dv-neutron-847358-3-hyperv devstack@keystone.service[80470]: DEBUG keystone.server.flask.request_processing.middleware.auth_context [None req-ff3f962f-2ff1-4db2-bc92-414281d03ab5 None admin] Validating token access rules against request {{(pid=80470) validate_allowed_request /usr/local/lib/python3.8/dist-packages/keystonemiddleware/auth_token/__init__.py:545}}
Jun 24 08:47:03.364894 dv-neutron-847358-3-hyperv devstack@keystone.service[80470]: DEBUG keystone.server.flask.request_processing.middleware.auth_context [None req-8e9c03cc-5881-418b-a6ed-d4536c1ea7f8 None admin] RBAC: auth_context: {'token': , 'domain_id': None, 'trust_id': None, 'trustor_id': None, 'trustee_id': None, 'domain_name': None, 'group_ids': [], 'user_id': '1bfcca038fb3456482f5cd5eabc8f4e0', 'user_domain_id': 'default', 'system_scope': 'all', 'project_id': None, 'project_domain_id': None, 'roles': ['admin', 'member', 'reader'], 'is_admin_project': True, 'service_user_id': None, 'service_user_domain_id': None, 'service_project_id': None, 'service_project_domain_id': None, 'service_roles': []} {{(pid=80470) fill_context /opt/stack/keystone/keystone/server/flask/request_processing/middleware/auth_context.py:478}}
