Jun 23 14:37:53.722617 dv-neutron-847349-1-hyperv neutron-server[105788]: DEBUG neutron.plugins.ml2.managers [None req-9c7a19f2-7994-4ec0-9900-136c2da40f2a None None] Bound port: e768b11f-36de-4d37-ae58-2abf7e625839, host: dv-neutron-847349-1-hyperv, vif_type: ovs, vif_details: {"connectivity": "l2", "port_filter": true, "ovs_hybrid_plug": false, "datapath_type": "system", "bridge_name": "br-int"}, binding_levels: [{'bound_driver': 'openvswitch', 'bound_segment': {'id': 'b2b9e95a-4916-42c3-8e77-2527640a8dce', 'network_type': 'vlan', 'physical_network': 'physnet1', 'segmentation_id': 233, 'network_id': 'b6886fbc-4fa9-49df-99f4-f5c521cabbac'}}] {{(pid=105788) _bind_port_level /opt/stack/neutron/neutron/plugins/ml2/managers.py:948}}
Jun 23 14:37:53.722989 dv-neutron-847349-1-hyperv neutron-server[105788]: DEBUG neutron_lib.callbacks.manager [None req-9c7a19f2-7994-4ec0-9900-136c2da40f2a None None] Publish callbacks ['neutron.plugins.ml2.plugin.SecurityGroupDbMixin._ensure_default_security_group_handler-66468569'] for port (e768b11f-36de-4d37-ae58-2abf7e625839), before_update {{(pid=105788) _notify_loop /usr/local/lib/python3.8/dist-packages/neutron_lib/callbacks/manager.py:176}}
Jun 23 14:37:53.738754 dv-neutron-847349-1-hyperv neutron-server[105785]: DEBUG neutron_lib.callbacks.manager [None req-e3cf90c1-214d-4794-afd4-5b6ee8997b41 tempest-PortsAdminExtendedAttrsIpV6TestJSON-364146499 tempest-PortsAdminExtendedAttrsIpV6TestJSON-364146499-project] Publish callbacks [] for security_group (964f1349-a29b-4af5-b7fa-6829925bd5a4), precommit_create {{(pid=105785) _notify_loop /usr/local/lib/python3.8/dist-packages/neutron_lib/callbacks/manager.py:176}}
Jun 23 14:37:53.740800 dv-neutron-847349-1-hyperv neutron-server[105788]: DEBUG neutron.plugins.ml2.plugin [None req-43f67b18-0a76-4838-b3b2-7026dd6af539 None None] Current status of the port 87e52165-3a09-4f80-a5d4-03beeca5d6fd is: DOWN; New status is: ACTIVE {{(pid=105788) _update_individual_port_db_status /opt/stack/neutron/neutron/plugins/ml2/plugin.py:2292}}
Jun 23 14:37:53.741196 dv-neutron-847349-1-hyperv neutron-server[105788]: DEBUG neutron_lib.callbacks.manager [None req-43f67b18-0a76-4838-b3b2-7026dd6af539 None None] Publish callbacks ['neutron.plugins.ml2.plugin.SecurityGroupDbMixin._ensure_default_security_group_handler-66468569'] for port (87e52165-3a09-4f80-a5d4-03beeca5d6fd), before_update {{(pid=105788) _notify_loop /usr/local/lib/python3.8/dist-packages/neutron_lib/callbacks/manager.py:176}}
Jun 23 14:37:53.763338 dv-neutron-847349-1-hyperv neutron-server[105785]: DEBUG neutron_lib.callbacks.manager [None req-e3cf90c1-214d-4794-afd4-5b6ee8997b41 tempest-PortsAdminExtendedAttrsIpV6TestJSON-364146499 tempest-PortsAdminExtendedAttrsIpV6TestJSON-364146499-project] Publish callbacks ['neutron.plugins.ml2.ovo_rpc._ObjectChangeHandler.handle_event-263635'] for security_group (964f1349-a29b-4af5-b7fa-6829925bd5a4), after_create {{(pid=105785) _notify_loop /usr/local/lib/python3.8/dist-packages/neutron_lib/callbacks/manager.py:176}}
Jun 23 14:37:53.773809 dv-neutron-847349-1-hyperv neutron-server[105787]: DEBUG neutron.db.db_base_plugin_common [None req-a0189077-1a15-4f97-8952-31f29e102be2 admin admin] Allocated IP 172.26.2.114 (40812968-7cd0-4121-ae94-a0be82e58ddd/3c29949a-bb63-4d82-b423-1e093d18cbaf/b798735e-09f9-4940-b283-bb46dbdad5c3) {{(pid=105787) _store_ip_allocation /opt/stack/neutron/neutron/db/db_base_plugin_common.py:131}}
Jun 23 14:37:53.833346 dv-neutron-847349-1-hyperv neutron-server[105788]: DEBUG neutron.plugins.ml2.db [None req-43f67b18-0a76-4838-b3b2-7026dd6af539 None None] For port 87e52165-3a09-4f80-a5d4-03beeca5d6fd, host dv-neutron-847349-1-hyperv, got binding levels [PortBindingLevel(driver='openvswitch',host='dv-neutron-847349-1-hyperv',level=0,port_id=87e52165-3a09-4f80-a5d4-03beeca5d6fd,segment=NetworkSegment(d7296d8f-7423-427d-9891-2495ee4a4d2d),segment_id=d7296d8f-7423-427d-9891-2495ee4a4d2d)] {{(pid=105788) get_binding_level_objs /opt/stack/neutron/neutron/plugins/ml2/db.py:74}}
Jun 23 14:37:53.866677 dv-neutron-847349-1-hyperv neutron-server[105788]: DEBUG neutron_lib.callbacks.manager [None req-43f67b18-0a76-4838-b3b2-7026dd6af539 None None] Publish callbacks ['neutron.plugins.ml2.plugin.SecurityGroupServerNotifierRpcMixin._notify_sg_on_port_change-66468504', 'neutron.plugins.ml2.ovo_rpc._ObjectChangeHandler.handle_event-255420', 'neutron.api.rpc.agentnotifiers.dhcp_rpc_agent_api.DhcpAgentNotifyAPI._native_event_send_dhcp_notification-66612722', 'neutron.db.l3_db.L3RpcNotifierMixin._notify_gateway_port_ip_changed-8780288841054', 'neutron.db.l3_dvrscheduler_db._notify_l3_agent_port_update-8780288467595', 'neutron.db.l3_hascheduler_db._notify_l3_agent_ha_port_update-8780288467613'] for port (87e52165-3a09-4f80-a5d4-03beeca5d6fd), after_update {{(pid=105788) _notify_loop /usr/local/lib/python3.8/dist-packages/neutron_lib/callbacks/manager.py:176}}
Jun 23 14:37:53.868952 dv-neutron-847349-1-hyperv neutron-server[105788]: DEBUG neutron.db.provisioning_blocks [None req-2e66c03c-426f-408d-a437-02a757e94141 None None] Provisioning complete for port 87e52165-3a09-4f80-a5d4-03beeca5d6fd triggered by entity DHCP. {{(pid=105788) provisioning_complete /opt/stack/neutron/neutron/db/provisioning_blocks.py:145}}
Jun 23 14:37:53.872325 dv-neutron-847349-1-hyperv neutron-server[105788]: DEBUG neutron_lib.callbacks.manager [None req-2e66c03c-426f-408d-a437-02a757e94141 None None] Publish callbacks ['neutron.plugins.ml2.plugin.Ml2Plugin._port_provisioned-66491353'] for port (87e52165-3a09-4f80-a5d4-03beeca5d6fd), provisioning_complete {{(pid=105788) _notify_loop /usr/local/lib/python3.8/dist-packages/neutron_lib/callbacks/manager.py:176}}
Jun 23 14:37:53.905484 dv-neutron-847349-1-hyperv neutron-server[105787]: DEBUG neutron_lib.callbacks.manager [None req-a0189077-1a15-4f97-8952-31f29e102be2 admin admin] Publish callbacks [] for port (b798735e-09f9-4940-b283-bb46dbdad5c3), precommit_create {{(pid=105787) _notify_loop /usr/local/lib/python3.8/dist-packages/neutron_lib/callbacks/manager.py:176}}
Jun 23 14:37:53.936440 dv-neutron-847349-1-hyperv neutron-server[105788]: DEBUG dbcounter [-] [105788] Writing DB stats neutron:SELECT=92,neutron:INSERT=3,neutron:UPDATE=5 {{(pid=105788) stat_writer /usr/local/lib/python3.8/dist-packages/dbcounter.py:114}}
Jun 23 14:37:53.961721 dv-neutron-847349-1-hyperv neutron-server[105787]: DEBUG dbcounter [-] [105787] Writing DB stats neutron:SELECT=85,neutron:UPDATE=6,neutron:INSERT=7,neutron:DELETE=2 {{(pid=105787) stat_writer /usr/local/lib/python3.8/dist-packages/dbcounter.py:114}}
Jun 23 14:37:53.962871 dv-neutron-847349-1-hyperv neutron-server[105785]: DEBUG neutron.plugins.ml2.drivers.helpers [None req-e3cf90c1-214d-4794-afd4-5b6ee8997b41 tempest-PortsAdminExtendedAttrsIpV6TestJSON-364146499 tempest-PortsAdminExtendedAttrsIpV6TestJSON-364146499-project] vlan segment allocate from pool success with {'physical_network': 'physnet1', 'vlan_id': 201} {{(pid=105785) allocate_partially_specified_segment /opt/stack/neutron/neutron/plugins/ml2/drivers/helpers.py:153}}
Jun 23 14:37:53.971956 dv-neutron-847349-1-hyperv neutron-server[105787]: INFO neutron.wsgi [None req-ea181dd7-59b7-4751-bfb1-6ce5e08a2d2f tempest-PortsAdminExtendedAttrsTestJSON-179513892 tempest-PortsAdminExtendedAttrsTestJSON-179513892-project] 10.222.0.42 "POST /v2.0/networks HTTP/1.1" status: 201 len: 780 time: 2.0697892
Jun 23 14:37:53.974004 dv-neutron-847349-1-hyperv neutron-server[105787]: DEBUG neutron_lib.callbacks.manager [None req-a0189077-1a15-4f97-8952-31f29e102be2 admin admin] Publish callbacks ['neutron.plugins.ml2.plugin.SecurityGroupServerNotifierRpcMixin._notify_sg_on_port_change-66468504', 'neutron.plugins.ml2.ovo_rpc._ObjectChangeHandler.handle_event-255420', 'neutron.api.rpc.agentnotifiers.dhcp_rpc_agent_api.DhcpAgentNotifyAPI._native_event_send_dhcp_notification-66612722', 'neutron.db.l3_dvrscheduler_db._notify_l3_agent_new_port-8780288467577'] for port (b798735e-09f9-4940-b283-bb46dbdad5c3), after_create {{(pid=105787) _notify_loop /usr/local/lib/python3.8/dist-packages/neutron_lib/callbacks/manager.py:176}}
Jun 23 14:37:53.985618 dv-neutron-847349-1-hyperv neutron-server[105788]: DEBUG dbcounter [-] [105788] Writing DB stats neutron:SELECT=95,neutron:INSERT=2,neutron:UPDATE=3 {{(pid=105788) stat_writer /usr/local/lib/python3.8/dist-packages/dbcounter.py:114}}
Jun 23 14:37:53.990878 dv-neutron-847349-1-hyperv neutron-server[105788]: DEBUG neutron.api.rpc.handlers.resources_rpc [None req-9c7a19f2-7994-4ec0-9900-136c2da40f2a None None] Pushing event updated for resources: {'Port': ['ID=e768b11f-36de-4d37-ae58-2abf7e625839,revision_number=1']} {{(pid=105788) push /opt/stack/neutron/neutron/api/rpc/handlers/resources_rpc.py:237}}
Jun 23 14:37:54.025302 dv-neutron-847349-1-hyperv neutron-server[105785]: DEBUG neutron.api.v2.base [None req-4b274fed-2b6a-42ea-9158-25869faf3b27 tempest-RoutersTestDVR-1093583947 tempest-RoutersTestDVR-1093583947-project-admin] Request body: {'router': {'name': 'tempest-pretest-check-1245497813'}} {{(pid=105785) prepare_request_body /opt/stack/neutron/neutron/api/v2/base.py:730}}
Jun 23 14:37:54.073052 dv-neutron-847349-1-hyperv neutron-server[105785]: DEBUG neutron.api.rpc.handlers.resources_rpc [None req-e3cf90c1-214d-4794-afd4-5b6ee8997b41 tempest-PortsAdminExtendedAttrsIpV6TestJSON-364146499 tempest-PortsAdminExtendedAttrsIpV6TestJSON-364146499-project] Pushing event updated for resources: {'SecurityGroup': ['ID=964f1349-a29b-4af5-b7fa-6829925bd5a4,revision_number=1']} {{(pid=105785) push /opt/stack/neutron/neutron/api/rpc/handlers/resources_rpc.py:237}}
Jun 23 14:37:54.082386 dv-neutron-847349-1-hyperv neutron-server[105788]: DEBUG neutron.api.rpc.handlers.resources_rpc [None req-43f67b18-0a76-4838-b3b2-7026dd6af539 None None] Pushing event updated for resources: {'Port': ['ID=87e52165-3a09-4f80-a5d4-03beeca5d6fd,revision_number=3']} {{(pid=105788) push /opt/stack/neutron/neutron/api/rpc/handlers/resources_rpc.py:237}}
Jun 23 14:37:54.091012 dv-neutron-847349-1-hyperv neutron-server[105785]: DEBUG neutron_lib.callbacks.manager [None req-e3cf90c1-214d-4794-afd4-5b6ee8997b41 tempest-PortsAdminExtendedAttrsIpV6TestJSON-364146499 tempest-PortsAdminExtendedAttrsIpV6TestJSON-364146499-project] Publish callbacks ['neutron.plugins.ml2.plugin.Ml2Plugin._handle_segment_change-624823'] for segment (3ff074ee-cebc-4b37-8a52-fd6e3292229a), precommit_create {{(pid=105785) _notify_loop /usr/local/lib/python3.8/dist-packages/neutron_lib/callbacks/manager.py:176}}
Jun 23 14:37:54.091352 dv-neutron-847349-1-hyperv neutron-server[105785]: INFO neutron.db.segments_db [None req-e3cf90c1-214d-4794-afd4-5b6ee8997b41 tempest-PortsAdminExtendedAttrsIpV6TestJSON-364146499 tempest-PortsAdminExtendedAttrsIpV6TestJSON-364146499-project] Added segment 3ff074ee-cebc-4b37-8a52-fd6e3292229a of type vlan for network 07b05b1d-21d0-4b01-bc32-2ef852611213
Jun 23 14:37:54.107163 dv-neutron-847349-1-hyperv neutron-server[105787]: DEBUG neutron.scheduler.dhcp_agent_scheduler [None req-a0189077-1a15-4f97-8952-31f29e102be2 admin admin] Network 40812968-7cd0-4121-ae94-a0be82e58ddd is already hosted by enough agents. {{(pid=105787) _get_dhcp_agents_hosting_network /opt/stack/neutron/neutron/scheduler/dhcp_agent_scheduler.py:275}}
Jun 23 14:37:54.151345 dv-neutron-847349-1-hyperv neutron-server[105788]: DEBUG neutron.plugins.ml2.plugin [None req-2e66c03c-426f-408d-a437-02a757e94141 None None] Current status of the port 87e52165-3a09-4f80-a5d4-03beeca5d6fd is: ACTIVE; New status is: ACTIVE {{(pid=105788) _update_individual_port_db_status /opt/stack/neutron/neutron/plugins/ml2/plugin.py:2292}}
Jun 23 14:37:54.158810 dv-neutron-847349-1-hyperv neutron-server[105788]: DEBUG neutron.plugins.ml2.db [None req-9c7a19f2-7994-4ec0-9900-136c2da40f2a None None] For port e768b11f-36de-4d37-ae58-2abf7e625839, host dv-neutron-847349-1-hyperv, cleared binding levels {{(pid=105788) clear_binding_levels /opt/stack/neutron/neutron/plugins/ml2/db.py:87}}
Jun 23 14:37:54.173838 dv-neutron-847349-1-hyperv neutron-server[105788]: DEBUG neutron.plugins.ml2.db [None req-9c7a19f2-7994-4ec0-9900-136c2da40f2a None None] For port e768b11f-36de-4d37-ae58-2abf7e625839, host dv-neutron-847349-1-hyperv, set binding levels [PortBindingLevel(driver='openvswitch',host='dv-neutron-847349-1-hyperv',level=0,port_id=e768b11f-36de-4d37-ae58-2abf7e625839,segment=NetworkSegment(b2b9e95a-4916-42c3-8e77-2527640a8dce),segment_id=b2b9e95a-4916-42c3-8e77-2527640a8dce)] {{(pid=105788) set_binding_levels /opt/stack/neutron/neutron/plugins/ml2/db.py:59}}
Jun 23 14:37:54.175646 dv-neutron-847349-1-hyperv neutron-server[105787]: DEBUG neutron.api.rpc.handlers.resources_rpc [None req-ea181dd7-59b7-4751-bfb1-6ce5e08a2d2f tempest-PortsAdminExtendedAttrsTestJSON-179513892 tempest-PortsAdminExtendedAttrsTestJSON-179513892-project] Pushing event updated for resources: {'Network': ['ID=e785deec-29c3-492e-908a-aa00202160b1,revision_number=1']} {{(pid=105787) push /opt/stack/neutron/neutron/api/rpc/handlers/resources_rpc.py:237}}
Jun 23 14:37:54.184887 dv-neutron-847349-1-hyperv neutron-server[105788]: DEBUG neutron_lib.callbacks.manager [None req-9c7a19f2-7994-4ec0-9900-136c2da40f2a None None] Publish callbacks ['neutron.plugins.ml2.plugin.SecurityGroupServerNotifierRpcMixin._notify_sg_on_port_change-66468504', 'neutron.plugins.ml2.ovo_rpc._ObjectChangeHandler.handle_event-255420', 'neutron.api.rpc.agentnotifiers.dhcp_rpc_agent_api.DhcpAgentNotifyAPI._native_event_send_dhcp_notification-66612722', 'neutron.db.l3_db.L3RpcNotifierMixin._notify_gateway_port_ip_changed-8780288841054', 'neutron.db.l3_dvrscheduler_db._notify_l3_agent_port_update-8780288467595', 'neutron.db.l3_hascheduler_db._notify_l3_agent_ha_port_update-8780288467613'] for port (e768b11f-36de-4d37-ae58-2abf7e625839), after_update {{(pid=105788) _notify_loop /usr/local/lib/python3.8/dist-packages/neutron_lib/callbacks/manager.py:176}}
Jun 23 14:37:54.199700 dv-neutron-847349-1-hyperv neutron-server[105787]: DEBUG neutron.scheduler.base_scheduler [None req-a0189077-1a15-4f97-8952-31f29e102be2 admin admin] Resources bound (agent type, host, resource id): {{(pid=105787) schedule /opt/stack/neutron/neutron/scheduler/base_scheduler.py:57}}
Jun 23 14:37:54.212310 dv-neutron-847349-1-hyperv neutron-server[105785]: DEBUG neutron.wsgi [-] (105785) accepted ('10.222.0.42', 55486) {{(pid=105785) server /usr/local/lib/python3.8/dist-packages/eventlet/wsgi.py:1004}}
Jun 23 14:37:54.213830 dv-neutron-847349-1-hyperv neutron-server[105787]: DEBUG neutron.db.l3_dvrscheduler_db [None req-a0189077-1a15-4f97-8952-31f29e102be2 admin admin] Received port after_create {{(pid=105787) _notify_l3_agent_new_port /opt/stack/neutron/neutron/db/l3_dvrscheduler_db.py:542}}
Jun 23 14:37:54.224564 dv-neutron-847349-1-hyperv neutron-server[105787]: DEBUG neutron.api.v2.base [None req-51fd1184-3853-4c2e-ae0f-bf047c64d2a3 tempest-DHCPAgentSchedulersTestJSON-24807289 tempest-DHCPAgentSchedulersTestJSON-24807289-project] Request body: {'network': {'name': 'tempest-DHCPAgentSchedulersTestJSON-test-network-572249106'}} {{(pid=105787) prepare_request_body /opt/stack/neutron/neutron/api/v2/base.py:730}}
Jun 23 14:37:54.235808 dv-neutron-847349-1-hyperv neutron-server[105787]: DEBUG neutron.api.rpc.handlers.resources_rpc [None req-ea181dd7-59b7-4751-bfb1-6ce5e08a2d2f tempest-PortsAdminExtendedAttrsTestJSON-179513892 tempest-PortsAdminExtendedAttrsTestJSON-179513892-project] Pushing event updated for resources: {'SecurityGroup': ['ID=c6a08e6c-e124-471f-92e9-b440a61fde57,revision_number=1']} {{(pid=105787) push /opt/stack/neutron/neutron/api/rpc/handlers/resources_rpc.py:237}}
Jun 23 14:37:54.247870 dv-neutron-847349-1-hyperv neutron-server[105785]: DEBUG neutron_lib.callbacks.manager [None req-e3cf90c1-214d-4794-afd4-5b6ee8997b41 tempest-PortsAdminExtendedAttrsIpV6TestJSON-364146499 tempest-PortsAdminExtendedAttrsIpV6TestJSON-364146499-project] Publish callbacks ['neutron.services.auto_allocate.db._ensure_external_network_default_value_callback-8780288437176'] for network (07b05b1d-21d0-4b01-bc32-2ef852611213), precommit_create {{(pid=105785) _notify_loop /usr/local/lib/python3.8/dist-packages/neutron_lib/callbacks/manager.py:176}}
Jun 23 14:37:54.268606 dv-neutron-847349-1-hyperv neutron-server[105788]: DEBUG neutron.plugins.ml2.rpc [None req-43f67b18-0a76-4838-b3b2-7026dd6af539 None None] Network e785deec-29c3-492e-908a-aa00202160b1 details requested by agent ovs-agent-dv-neutron-847349-1-hyperv with host dv-neutron-847349-1-hyperv {{(pid=105788) get_network_details /opt/stack/neutron/neutron/plugins/ml2/rpc.py:248}}
Jun 23 14:37:54.280047 dv-neutron-847349-1-hyperv neutron-server[105785]: DEBUG neutron_lib.callbacks.manager [None req-4b274fed-2b6a-42ea-9158-25869faf3b27 tempest-RoutersTestDVR-1093583947 tempest-RoutersTestDVR-1093583947-project-admin] Publish callbacks ['neutron.services.l3_router.l3_router_plugin.L3_HA_NAT_db_mixin._before_router_create_handler-400405', 'neutron.services.l3_router.service_providers.driver_controller.DriverController._check_router_request-8160'] for router (043f2f4c-07b3-4d9a-90c1-2f3e3c43332f), before_create {{(pid=105785) _notify_loop /usr/local/lib/python3.8/dist-packages/neutron_lib/callbacks/manager.py:176}}
Jun 23 14:37:54.281305 dv-neutron-847349-1-hyperv neutron-server[105785]: DEBUG neutron_lib.callbacks.manager [None req-4b274fed-2b6a-42ea-9158-25869faf3b27 tempest-RoutersTestDVR-1093583947 tempest-RoutersTestDVR-1093583947-project-admin] Publish callbacks ['neutron.services.l3_router.l3_router_plugin.L3_HA_NAT_db_mixin._precommit_router_create-400688', 'neutron.services.l3_router.l3_router_plugin.DVRResourceOperationHandler._set_distributed_flag-403304', 'neutron.services.l3_router.l3_router_plugin.RouterAvailabilityZoneMixin._process_az_request-66613686', 'neutron.services.l3_router.service_providers.driver_controller.DriverController._set_router_provider-8169'] for router (043f2f4c-07b3-4d9a-90c1-2f3e3c43332f), precommit_create {{(pid=105785) _notify_loop /usr/local/lib/python3.8/dist-packages/neutron_lib/callbacks/manager.py:176}}
Jun 23 14:37:54.299505 dv-neutron-847349-1-hyperv neutron-server[105787]: DEBUG neutron.api.rpc.handlers.resources_rpc [None req-a0189077-1a15-4f97-8952-31f29e102be2 admin admin] Pushing event updated for resources: {'Port': ['ID=b798735e-09f9-4940-b283-bb46dbdad5c3,revision_number=1']} {{(pid=105787) push /opt/stack/neutron/neutron/api/rpc/handlers/resources_rpc.py:237}}
Jun 23 14:37:54.354184 dv-neutron-847349-1-hyperv neutron-server[105788]: DEBUG neutron.db.provisioning_blocks [None req-29215932-4603-4bf2-8efa-5c97101065a4 None None] Provisioning complete for port 87e52165-3a09-4f80-a5d4-03beeca5d6fd triggered by entity DHCP. {{(pid=105788) provisioning_complete /opt/stack/neutron/neutron/db/provisioning_blocks.py:145}}
Jun 23 14:37:54.355122 dv-neutron-847349-1-hyperv neutron-server[105788]: DEBUG neutron_lib.callbacks.manager [None req-29215932-4603-4bf2-8efa-5c97101065a4 None None] Publish callbacks ['neutron.plugins.ml2.plugin.Ml2Plugin._port_provisioned-66491353'] for port (87e52165-3a09-4f80-a5d4-03beeca5d6fd), provisioning_complete {{(pid=105788) _notify_loop /usr/local/lib/python3.8/dist-packages/neutron_lib/callbacks/manager.py:176}}
Jun 23 14:37:54.357318 dv-neutron-847349-1-hyperv neutron-server[105785]: DEBUG neutron.scheduler.l3_agent_scheduler [None req-b90db4e9-80b4-4b97-b2b0-83e2931df5d3 admin admin] Router 6baf2fd0-0a83-4932-9522-03021686331a is scheduled to L3 agent 96ddcf15-c929-4ed1-8049-e62fd3f4579f with binding_index 1 {{(pid=105785) bind_router /opt/stack/neutron/neutron/scheduler/l3_agent_scheduler.py:209}}
Jun 23 14:37:54.370248 dv-neutron-847349-1-hyperv neutron-server[105785]: DEBUG neutron_lib.callbacks.manager [None req-e3cf90c1-214d-4794-afd4-5b6ee8997b41 tempest-PortsAdminExtendedAttrsIpV6TestJSON-364146499 tempest-PortsAdminExtendedAttrsIpV6TestJSON-364146499-project] Publish callbacks ['neutron.plugins.ml2.ovo_rpc._ObjectChangeHandler.handle_event-263564', 'neutron.api.rpc.agentnotifiers.dhcp_rpc_agent_api.DhcpAgentNotifyAPI._native_event_send_dhcp_notification-66612722'] for network (07b05b1d-21d0-4b01-bc32-2ef852611213), after_create {{(pid=105785) _notify_loop /usr/local/lib/python3.8/dist-packages/neutron_lib/callbacks/manager.py:176}}
Jun 23 14:37:54.375924 dv-neutron-847349-1-hyperv neutron-server[105785]: DEBUG neutron.pecan_wsgi.hooks.policy_enforcement [None req-e3cf90c1-214d-4794-afd4-5b6ee8997b41 tempest-PortsAdminExtendedAttrsIpV6TestJSON-364146499 tempest-PortsAdminExtendedAttrsIpV6TestJSON-364146499-project] Attributes excluded by policy engine: ['standard_attr_id', 'provider:network_type', 'provider:physical_network', 'provider:segmentation_id', 'vlan_transparent'] {{(pid=105785) _exclude_attributes_by_policy /opt/stack/neutron/neutron/pecan_wsgi/hooks/policy_enforcement.py:259}}
Jun 23 14:37:54.376738 dv-neutron-847349-1-hyperv neutron-server[105785]: DEBUG neutron_lib.callbacks.manager [None req-e3cf90c1-214d-4794-afd4-5b6ee8997b41 tempest-PortsAdminExtendedAttrsIpV6TestJSON-364146499 tempest-PortsAdminExtendedAttrsIpV6TestJSON-364146499-project] Publish callbacks ['neutron.api.rpc.agentnotifiers.dhcp_rpc_agent_api.DhcpAgentNotifyAPI._send_dhcp_notification-66612708'] for network (None), before_response {{(pid=105785) _notify_loop /usr/local/lib/python3.8/dist-packages/neutron_lib/callbacks/manager.py:176}}
Jun 23 14:37:54.468339 dv-neutron-847349-1-hyperv neutron-server[105787]: DEBUG neutron.pecan_wsgi.hooks.quota_enforcement [None req-51fd1184-3853-4c2e-ae0f-bf047c64d2a3 tempest-DHCPAgentSchedulersTestJSON-24807289 tempest-DHCPAgentSchedulersTestJSON-24807289-project] Made reservation on behalf of f28e7ea8f29e4963ad4f5589a80e2c0b for: {'network': 1} {{(pid=105787) before /opt/stack/neutron/neutron/pecan_wsgi/hooks/quota_enforcement.py:53}}
Jun 23 14:37:54.470573 dv-neutron-847349-1-hyperv neutron-server[105788]: DEBUG neutron.api.rpc.handlers.resources_rpc [None req-9c7a19f2-7994-4ec0-9900-136c2da40f2a None None] Pushing event updated for resources: {'Port': ['ID=e768b11f-36de-4d37-ae58-2abf7e625839,revision_number=2']} {{(pid=105788) push /opt/stack/neutron/neutron/api/rpc/handlers/resources_rpc.py:237}}
Jun 23 14:37:54.474857 dv-neutron-847349-1-hyperv neutron-server[105787]: DEBUG neutron_lib.callbacks.manager [None req-51fd1184-3853-4c2e-ae0f-bf047c64d2a3 tempest-DHCPAgentSchedulersTestJSON-24807289 tempest-DHCPAgentSchedulersTestJSON-24807289-project] Publish callbacks ['neutron.plugins.ml2.plugin.SecurityGroupDbMixin._ensure_default_security_group_handler-66468569'] for network (None), before_create {{(pid=105787) _notify_loop /usr/local/lib/python3.8/dist-packages/neutron_lib/callbacks/manager.py:176}}
Jun 23 14:37:54.510294 dv-neutron-847349-1-hyperv neutron-server[105785]: DEBUG neutron_lib.callbacks.manager [None req-4b274fed-2b6a-42ea-9158-25869faf3b27 tempest-RoutersTestDVR-1093583947 tempest-RoutersTestDVR-1093583947-project-admin] Publish callbacks [] for router_controller (043f2f4c-07b3-4d9a-90c1-2f3e3c43332f), precommit_add_association {{(pid=105785) _notify_loop /usr/local/lib/python3.8/dist-packages/neutron_lib/callbacks/manager.py:176}}
Jun 23 14:37:54.582656 dv-neutron-847349-1-hyperv neutron-server[105788]: DEBUG neutron.plugins.ml2.plugin [None req-29215932-4603-4bf2-8efa-5c97101065a4 None None] Current status of the port 87e52165-3a09-4f80-a5d4-03beeca5d6fd is: ACTIVE; New status is: ACTIVE {{(pid=105788) _update_individual_port_db_status /opt/stack/neutron/neutron/plugins/ml2/plugin.py:2292}}
Jun 23 14:37:54.628727 dv-neutron-847349-1-hyperv neutron-server[105785]: DEBUG dbcounter [-] [105785] Writing DB stats neutron:SELECT=82,neutron:INSERT=13,neutron:UPDATE=4,neutron:DELETE=1 {{(pid=105785) stat_writer /usr/local/lib/python3.8/dist-packages/dbcounter.py:114}}
Jun 23 14:37:54.673819 dv-neutron-847349-1-hyperv neutron-server[105787]: DEBUG neutron_lib.callbacks.manager [None req-a0189077-1a15-4f97-8952-31f29e102be2 admin admin] Publish callbacks [] for router_gateway (bc8e4b57-3c23-42f0-b85c-778cde3f1caa), after_create {{(pid=105787) _notify_loop /usr/local/lib/python3.8/dist-packages/neutron_lib/callbacks/manager.py:176}}
Jun 23 14:37:54.730576 dv-neutron-847349-1-hyperv neutron-server[105788]: DEBUG neutron.plugins.ml2.rpc [None req-43f67b18-0a76-4838-b3b2-7026dd6af539 None None] Device 87e52165-3a09-4f80-a5d4-03beeca5d6fd up at agent ovs-agent-dv-neutron-847349-1-hyperv {{(pid=105788) update_device_up /opt/stack/neutron/neutron/plugins/ml2/rpc.py:296}}
Jun 23 14:37:54.730930 dv-neutron-847349-1-hyperv neutron-server[105785]: DEBUG neutron.api.v2.base [None req-6a430290-d94e-47a4-96dd-2f5795b003e7 tempest-QuotasNegativeTest-2083813820 tempest-QuotasNegativeTest-2083813820-project-admin] Request body: {'quota': {'network': 2}} {{(pid=105785) prepare_request_body /opt/stack/neutron/neutron/api/v2/base.py:730}}
Jun 23 14:37:54.742836 dv-neutron-847349-1-hyperv neutron-server[105785]: DEBUG neutron.api.rpc.handlers.resources_rpc [None req-e3cf90c1-214d-4794-afd4-5b6ee8997b41 tempest-PortsAdminExtendedAttrsIpV6TestJSON-364146499 tempest-PortsAdminExtendedAttrsIpV6TestJSON-364146499-project] Pushing event updated for resources: {'Network': ['ID=07b05b1d-21d0-4b01-bc32-2ef852611213,revision_number=1']} {{(pid=105785) push /opt/stack/neutron/neutron/api/rpc/handlers/resources_rpc.py:237}}
Jun 23 14:37:54.747956 dv-neutron-847349-1-hyperv neutron-server[105785]: INFO neutron.wsgi [None req-e3cf90c1-214d-4794-afd4-5b6ee8997b41 tempest-PortsAdminExtendedAttrsIpV6TestJSON-364146499 tempest-PortsAdminExtendedAttrsIpV6TestJSON-364146499-project] 10.222.0.42 "POST /v2.0/networks HTTP/1.1" status: 201 len: 784 time: 1.8709395
Jun 23 14:37:54.763374 dv-neutron-847349-1-hyperv neutron-server[105785]: DEBUG neutron_lib.callbacks.manager [None req-4b274fed-2b6a-42ea-9158-25869faf3b27 tempest-RoutersTestDVR-1093583947 tempest-RoutersTestDVR-1093583947-project-admin] Publish callbacks ['neutron.services.l3_router.l3_router_plugin.L3_HA_NAT_db_mixin._after_router_create-397815', 'neutron.services.l3_router.l3_router_plugin.DVRResourceOperationHandler._create_snat_interfaces_after_change-403212'] for router (043f2f4c-07b3-4d9a-90c1-2f3e3c43332f), after_create {{(pid=105785) _notify_loop /usr/local/lib/python3.8/dist-packages/neutron_lib/callbacks/manager.py:176}}
Jun 23 14:37:54.798177 dv-neutron-847349-1-hyperv neutron-server[105788]: DEBUG neutron.plugins.ml2.rpc [None req-43f67b18-0a76-4838-b3b2-7026dd6af539 None None] Network 07b05b1d-21d0-4b01-bc32-2ef852611213 details requested by agent ovs-agent-dv-neutron-847349-1-hyperv with host dv-neutron-847349-1-hyperv {{(pid=105788) get_network_details /opt/stack/neutron/neutron/plugins/ml2/rpc.py:248}}
Jun 23 14:37:54.806898 dv-neutron-847349-1-hyperv neutron-server[105785]: DEBUG dbcounter [-] [105785] Writing DB stats neutron:SELECT=84,neutron:INSERT=12,neutron:UPDATE=1,neutron:DELETE=3 {{(pid=105785) stat_writer /usr/local/lib/python3.8/dist-packages/dbcounter.py:114}}
Jun 23 14:37:54.861544 dv-neutron-847349-1-hyperv neutron-server[105785]: DEBUG neutron_lib.callbacks.manager [None req-4b274fed-2b6a-42ea-9158-25869faf3b27 tempest-RoutersTestDVR-1093583947 tempest-RoutersTestDVR-1093583947-project-admin] Publish callbacks [] for router (None), before_response {{(pid=105785) _notify_loop /usr/local/lib/python3.8/dist-packages/neutron_lib/callbacks/manager.py:176}}
Jun 23 14:37:54.862836 dv-neutron-847349-1-hyperv neutron-server[105785]: INFO neutron.wsgi [None req-4b274fed-2b6a-42ea-9158-25869faf3b27 tempest-RoutersTestDVR-1093583947 tempest-RoutersTestDVR-1093583947-project-admin] 10.222.0.42 "POST /v2.0/routers HTTP/1.1" status: 201 len: 729 time: 1.2449176
Jun 23 14:37:54.869255 dv-neutron-847349-1-hyperv neutron-server[105785]: DEBUG neutron.wsgi [-] (105785) accepted ('10.222.0.42', 55516) {{(pid=105785) server /usr/local/lib/python3.8/dist-packages/eventlet/wsgi.py:1004}}
Jun 23 14:37:54.991931 dv-neutron-847349-1-hyperv neutron-server[105787]: DEBUG neutron_lib.callbacks.manager [None req-51fd1184-3853-4c2e-ae0f-bf047c64d2a3 tempest-DHCPAgentSchedulersTestJSON-24807289 tempest-DHCPAgentSchedulersTestJSON-24807289-project] Publish callbacks [] for security_group (None), before_create {{(pid=105787) _notify_loop /usr/local/lib/python3.8/dist-packages/neutron_lib/callbacks/manager.py:176}}
Jun 23 14:37:55.011695 dv-neutron-847349-1-hyperv neutron-server[105788]: DEBUG neutron.db.provisioning_blocks [None req-43f67b18-0a76-4838-b3b2-7026dd6af539 None None] Provisioning complete for port 87e52165-3a09-4f80-a5d4-03beeca5d6fd triggered by entity L2. {{(pid=105788) provisioning_complete /opt/stack/neutron/neutron/db/provisioning_blocks.py:145}}
Jun 23 14:37:55.012304 dv-neutron-847349-1-hyperv neutron-server[105788]: DEBUG neutron_lib.callbacks.manager [None req-43f67b18-0a76-4838-b3b2-7026dd6af539 None None] Publish callbacks ['neutron.plugins.ml2.plugin.Ml2Plugin._port_provisioned-66491353'] for port (87e52165-3a09-4f80-a5d4-03beeca5d6fd), provisioning_complete {{(pid=105788) _notify_loop /usr/local/lib/python3.8/dist-packages/neutron_lib/callbacks/manager.py:176}}
Jun 23 14:37:55.014245 dv-neutron-847349-1-hyperv neutron-server[105785]: DEBUG neutron_lib.callbacks.manager [None req-cc645853-24fe-4d65-b66a-68742ee39cf4 tempest-RoutersTestDVR-1093583947 tempest-RoutersTestDVR-1093583947-project-admin] Publish callbacks [] for router (043f2f4c-07b3-4d9a-90c1-2f3e3c43332f), before_delete {{(pid=105785) _notify_loop /usr/local/lib/python3.8/dist-packages/neutron_lib/callbacks/manager.py:176}}
Jun 23 14:37:55.090171 dv-neutron-847349-1-hyperv neutron-server[105785]: INFO neutron.wsgi [None req-6a430290-d94e-47a4-96dd-2f5795b003e7 tempest-QuotasNegativeTest-2083813820 tempest-QuotasNegativeTest-2083813820-project-admin] 10.222.0.42 "PUT /v2.0/quotas/b2347278e6ca450c92698128c9819578 HTTP/1.1" status: 200 len: 368 time: 0.8722794
Jun 23 14:37:55.104643 dv-neutron-847349-1-hyperv neutron-server[105785]: DEBUG neutron.wsgi [-] (105785) accepted ('10.222.0.42', 55520) {{(pid=105785) server /usr/local/lib/python3.8/dist-packages/eventlet/wsgi.py:1004}}
Jun 23 14:37:55.148849 dv-neutron-847349-1-hyperv neutron-server[105787]: DEBUG neutron_lib.callbacks.manager [None req-51fd1184-3853-4c2e-ae0f-bf047c64d2a3 tempest-DHCPAgentSchedulersTestJSON-24807289 tempest-DHCPAgentSchedulersTestJSON-24807289-project] Publish callbacks [] for security_group (4760fdb6-44a7-461e-ab7a-215df0340aa4), precommit_create {{(pid=105787) _notify_loop /usr/local/lib/python3.8/dist-packages/neutron_lib/callbacks/manager.py:176}}
Jun 23 14:37:55.158720 dv-neutron-847349-1-hyperv neutron-server[105785]: DEBUG neutron.api.v2.base [None req-e11f7224-b6b7-4cb8-9774-3284748d7a8f tempest-QuotasNegativeTest-2083813820 tempest-QuotasNegativeTest-2083813820-project-admin] Request body: {'network': {'project_id': 'b2347278e6ca450c92698128c9819578'}} {{(pid=105785) prepare_request_body /opt/stack/neutron/neutron/api/v2/base.py:730}}
Jun 23 14:37:55.172817 dv-neutron-847349-1-hyperv neutron-server[105788]: DEBUG neutron.plugins.ml2.plugin [None req-43f67b18-0a76-4838-b3b2-7026dd6af539 None None] Current status of the port 87e52165-3a09-4f80-a5d4-03beeca5d6fd is: ACTIVE; New status is: ACTIVE {{(pid=105788) _update_individual_port_db_status /opt/stack/neutron/neutron/plugins/ml2/plugin.py:2292}}
Jun 23 14:37:55.274664 dv-neutron-847349-1-hyperv neutron-server[105785]: DEBUG neutron.wsgi [-] (105785) accepted ('10.222.0.42', 55524) {{(pid=105785) server /usr/local/lib/python3.8/dist-packages/eventlet/wsgi.py:1004}}
Jun 23 14:37:55.291489 dv-neutron-847349-1-hyperv neutron-server[105787]: DEBUG dbcounter [-] [105787] Writing DB stats neutron:SELECT=91,neutron:UPDATE=3,neutron:INSERT=6 {{(pid=105787) stat_writer /usr/local/lib/python3.8/dist-packages/dbcounter.py:114}}
Jun 23 14:37:55.293034 dv-neutron-847349-1-hyperv neutron-server[105787]: DEBUG neutron_lib.callbacks.manager [None req-a0189077-1a15-4f97-8952-31f29e102be2 admin admin] Publish callbacks ['neutron.services.l3_router.l3_router_plugin.L3_HA_NAT_db_mixin._after_router_create-397815', 'neutron.services.l3_router.l3_router_plugin.DVRResourceOperationHandler._create_snat_interfaces_after_change-403212'] for router (bc8e4b57-3c23-42f0-b85c-778cde3f1caa), after_create {{(pid=105787) _notify_loop /usr/local/lib/python3.8/dist-packages/neutron_lib/callbacks/manager.py:176}}
Jun 23 14:37:55.297140 dv-neutron-847349-1-hyperv neutron-server[105787]: DEBUG neutron_lib.callbacks.manager [None req-51fd1184-3853-4c2e-ae0f-bf047c64d2a3 tempest-DHCPAgentSchedulersTestJSON-24807289 tempest-DHCPAgentSchedulersTestJSON-24807289-project] Publish callbacks ['neutron.plugins.ml2.ovo_rpc._ObjectChangeHandler.handle_event-263635'] for security_group (4760fdb6-44a7-461e-ab7a-215df0340aa4), after_create {{(pid=105787) _notify_loop /usr/local/lib/python3.8/dist-packages/neutron_lib/callbacks/manager.py:176}}
Jun 23 14:37:55.319439 dv-neutron-847349-1-hyperv neutron-server[105785]: DEBUG neutron.api.rpc.agentnotifiers.l3_rpc_agent_api [None req-b90db4e9-80b4-4b97-b2b0-83e2931df5d3 admin admin] Notify agent at l3_agent.dv-neutron-847349-1-hyperv the message routers_updated {{(pid=105785) _agent_notification /opt/stack/neutron/neutron/api/rpc/agentnotifiers/l3_rpc_agent_api.py:65}}
Jun 23 14:37:55.332550 dv-neutron-847349-1-hyperv neutron-server[105789]: DEBUG neutron.api.rpc.handlers.l3_rpc [None req-99cc9ad3-cfa3-463e-afa3-b9638bfec9cb None None] Sync routers for ids ['6baf2fd0-0a83-4932-9522-03021686331a'] in dv-neutron-847349-1-hyperv {{(pid=105789) sync_routers /opt/stack/neutron/neutron/api/rpc/handlers/l3_rpc.py:125}}
Jun 23 14:37:55.334729 dv-neutron-847349-1-hyperv neutron-server[105787]: DEBUG neutron.api.rpc.handlers.resources_rpc [None req-51fd1184-3853-4c2e-ae0f-bf047c64d2a3 tempest-DHCPAgentSchedulersTestJSON-24807289 tempest-DHCPAgentSchedulersTestJSON-24807289-project] Pushing event updated for resources: {'SecurityGroup': ['ID=4760fdb6-44a7-461e-ab7a-215df0340aa4,revision_number=1']} {{(pid=105787) push /opt/stack/neutron/neutron/api/rpc/handlers/resources_rpc.py:237}}
Jun 23 14:37:55.349856 dv-neutron-847349-1-hyperv neutron-server[105789]: DEBUG neutron.db.l3_dvrscheduler_db [None req-99cc9ad3-cfa3-463e-afa3-b9638bfec9cb None None] Routers {'6baf2fd0-0a83-4932-9522-03021686331a'} bound to L3 agent in host dv-neutron-847349-1-hyperv {{(pid=105789) _get_router_ids_for_agent /opt/stack/neutron/neutron/db/l3_dvrscheduler_db.py:426}}
Jun 23 14:37:55.352406 dv-neutron-847349-1-hyperv neutron-server[105789]: DEBUG neutron.db.l3_hamode_db [None req-99cc9ad3-cfa3-463e-afa3-b9638bfec9cb None None] neutron.services.l3_router.l3_router_plugin.L3RouterPlugin method get_ha_sync_data_for_host called with arguments (, 'dv-neutron-847349-1-hyperv', Agent(admin_state_up=True,agent_type='L3 agent',availability_zone='nova',binary='neutron-l3-agent',configurations={"agent_mode": "legacy", "ex_gw_ports": 1, "extensions": [], "floating_ips": 0, "handle_internal_only_routers": true, "interface_driver": "openvswitch", "interfaces": 1, "log_agent_heartbeats": false, "routers": 1},created_at=2022-06-23T14:30:30Z,description=,heartbeat_timestamp=2022-06-23T14:37:30Z,host='dv-neutron-847349-1-hyperv',id=96ddcf15-c929-4ed1-8049-e62fd3f4579f,load=0,resource_versions=,resources_synced=,started_at=2022-06-23T14:30:30Z,topic='l3_agent')) {'router_ids': ['6baf2fd0-0a83-4932-9522-03021686331a'], 'active': True} {{(pid=105789) wrapper /usr/local/lib/python3.8/dist-packages/oslo_log/helpers.py:65}}
Jun 23 14:37:55.396402 dv-neutron-847349-1-hyperv neutron-server[105787]: DEBUG neutron.plugins.ml2.drivers.helpers [None req-51fd1184-3853-4c2e-ae0f-bf047c64d2a3 tempest-DHCPAgentSchedulersTestJSON-24807289 tempest-DHCPAgentSchedulersTestJSON-24807289-project] vlan segment allocate from pool success with {'physical_network': 'physnet1', 'vlan_id': 213} {{(pid=105787) allocate_partially_specified_segment /opt/stack/neutron/neutron/plugins/ml2/drivers/helpers.py:153}}
Jun 23 14:37:55.420035 dv-neutron-847349-1-hyperv neutron-server[105787]: DEBUG neutron_lib.callbacks.manager [None req-51fd1184-3853-4c2e-ae0f-bf047c64d2a3 tempest-DHCPAgentSchedulersTestJSON-24807289 tempest-DHCPAgentSchedulersTestJSON-24807289-project] Publish callbacks ['neutron.plugins.ml2.plugin.Ml2Plugin._handle_segment_change-624823'] for segment (2f03e2b3-7f61-4b99-8350-f2c9974bc8a9), precommit_create {{(pid=105787) _notify_loop /usr/local/lib/python3.8/dist-packages/neutron_lib/callbacks/manager.py:176}}
Jun 23 14:37:55.420403 dv-neutron-847349-1-hyperv neutron-server[105787]: INFO neutron.db.segments_db [None req-51fd1184-3853-4c2e-ae0f-bf047c64d2a3 tempest-DHCPAgentSchedulersTestJSON-24807289 tempest-DHCPAgentSchedulersTestJSON-24807289-project] Added segment 2f03e2b3-7f61-4b99-8350-f2c9974bc8a9 of type vlan for network 63b889df-ff32-42b6-9d4a-15a23cecf940
Jun 23 14:37:55.422450 dv-neutron-847349-1-hyperv neutron-server[105785]: DEBUG neutron.pecan_wsgi.hooks.quota_enforcement [None req-e11f7224-b6b7-4cb8-9774-3284748d7a8f tempest-QuotasNegativeTest-2083813820 tempest-QuotasNegativeTest-2083813820-project-admin] Made reservation on behalf of b2347278e6ca450c92698128c9819578 for: {'network': 1} {{(pid=105785) before /opt/stack/neutron/neutron/pecan_wsgi/hooks/quota_enforcement.py:53}}
Jun 23 14:37:55.429484 dv-neutron-847349-1-hyperv neutron-server[105785]: DEBUG neutron_lib.callbacks.manager [None req-e11f7224-b6b7-4cb8-9774-3284748d7a8f tempest-QuotasNegativeTest-2083813820 tempest-QuotasNegativeTest-2083813820-project-admin] Publish callbacks ['neutron.plugins.ml2.plugin.SecurityGroupDbMixin._ensure_default_security_group_handler-66468569'] for network (None), before_create {{(pid=105785) _notify_loop /usr/local/lib/python3.8/dist-packages/neutron_lib/callbacks/manager.py:176}}
Jun 23 14:37:55.440146 dv-neutron-847349-1-hyperv neutron-server[105785]: DEBUG neutron_lib.callbacks.manager [None req-cc645853-24fe-4d65-b66a-68742ee39cf4 tempest-RoutersTestDVR-1093583947 tempest-RoutersTestDVR-1093583947-project-admin] Publish callbacks ['neutron.services.l3_router.l3_router_plugin.L3_HA_NAT_db_mixin._release_router_vr_id-397723', 'neutron.services.l3_router.service_providers.driver_controller.DriverController._clear_router_provider-8190'] for router (043f2f4c-07b3-4d9a-90c1-2f3e3c43332f), precommit_delete {{(pid=105785) _notify_loop /usr/local/lib/python3.8/dist-packages/neutron_lib/callbacks/manager.py:176}}
Jun 23 14:37:55.457122 dv-neutron-847349-1-hyperv neutron-server[105785]: DEBUG neutron_lib.callbacks.manager [None req-b90db4e9-80b4-4b97-b2b0-83e2931df5d3 admin admin] Publish callbacks [] for router (None), before_response {{(pid=105785) _notify_loop /usr/local/lib/python3.8/dist-packages/neutron_lib/callbacks/manager.py:176}}
Jun 23 14:37:55.460640 dv-neutron-847349-1-hyperv neutron-server[105785]: INFO neutron.wsgi [None req-b90db4e9-80b4-4b97-b2b0-83e2931df5d3 admin admin] 10.222.0.42 "POST /v2.0/routers HTTP/1.1" status: 201 len: 922 time: 4.5734088
Jun 23 14:37:55.462213 dv-neutron-847349-1-hyperv neutron-server[105785]: DEBUG neutron_lib.callbacks.manager [None req-cc645853-24fe-4d65-b66a-68742ee39cf4 tempest-RoutersTestDVR-1093583947 tempest-RoutersTestDVR-1093583947-project-admin] Publish callbacks [] for router_controller (043f2f4c-07b3-4d9a-90c1-2f3e3c43332f), precommit_delete_associations {{(pid=105785) _notify_loop /usr/local/lib/python3.8/dist-packages/neutron_lib/callbacks/manager.py:176}}
Jun 23 14:37:55.495545 dv-neutron-847349-1-hyperv neutron-server[105785]: DEBUG neutron.wsgi [-] (105785) accepted ('10.222.0.42', 55528) {{(pid=105785) server /usr/local/lib/python3.8/dist-packages/eventlet/wsgi.py:1004}}
Jun 23 14:37:55.496973 dv-neutron-847349-1-hyperv neutron-server[105785]: DEBUG neutron.wsgi [-] (105785) accepted ('10.222.0.42', 55530) {{(pid=105785) server /usr/local/lib/python3.8/dist-packages/eventlet/wsgi.py:1004}}
Jun 23 14:37:55.530136 dv-neutron-847349-1-hyperv neutron-server[105785]: DEBUG neutron_lib.callbacks.manager [None req-e11f7224-b6b7-4cb8-9774-3284748d7a8f tempest-QuotasNegativeTest-2083813820 tempest-QuotasNegativeTest-2083813820-project-admin] Publish callbacks [] for security_group (None), before_create {{(pid=105785) _notify_loop /usr/local/lib/python3.8/dist-packages/neutron_lib/callbacks/manager.py:176}}
Jun 23 14:37:55.561884 dv-neutron-847349-1-hyperv neutron-server[105785]: DEBUG neutron.api.v2.base [None req-ea4850f9-5175-426b-89fc-f381800d1898 tempest-PortsAdminExtendedAttrsTestJSON-1814580578 tempest-PortsAdminExtendedAttrsTestJSON-1814580578-project-admin] Request body: {'port': {'network_id': 'e785deec-29c3-492e-908a-aa00202160b1', 'binding:host_id': 'hv-neutron-8473', 'name': 'tempest-PortsAdminExtendedAttrsTestJSON-1503397577'}} {{(pid=105785) prepare_request_body /opt/stack/neutron/neutron/api/v2/base.py:730}}
Jun 23 14:37:55.571756 dv-neutron-847349-1-hyperv neutron-server[105787]: DEBUG neutron_lib.callbacks.manager [None req-51fd1184-3853-4c2e-ae0f-bf047c64d2a3 tempest-DHCPAgentSchedulersTestJSON-24807289 tempest-DHCPAgentSchedulersTestJSON-24807289-project] Publish callbacks ['neutron.services.auto_allocate.db._ensure_external_network_default_value_callback-8780288437176'] for network (63b889df-ff32-42b6-9d4a-15a23cecf940), precommit_create {{(pid=105787) _notify_loop /usr/local/lib/python3.8/dist-packages/neutron_lib/callbacks/manager.py:176}}
Jun 23 14:37:55.574476 dv-neutron-847349-1-hyperv neutron-server[105787]: DEBUG dbcounter [-] [105787] Writing DB stats neutron:SELECT=88,neutron:INSERT=11,neutron:UPDATE=1 {{(pid=105787) stat_writer /usr/local/lib/python3.8/dist-packages/dbcounter.py:114}}
Jun 23 14:37:55.638451 dv-neutron-847349-1-hyperv neutron-server[105787]: DEBUG neutron_lib.callbacks.manager [None req-51fd1184-3853-4c2e-ae0f-bf047c64d2a3 tempest-DHCPAgentSchedulersTestJSON-24807289 tempest-DHCPAgentSchedulersTestJSON-24807289-project] Publish callbacks ['neutron.plugins.ml2.ovo_rpc._ObjectChangeHandler.handle_event-263564', 'neutron.api.rpc.agentnotifiers.dhcp_rpc_agent_api.DhcpAgentNotifyAPI._native_event_send_dhcp_notification-66612722'] for network (63b889df-ff32-42b6-9d4a-15a23cecf940), after_create {{(pid=105787) _notify_loop /usr/local/lib/python3.8/dist-packages/neutron_lib/callbacks/manager.py:176}}
Jun 23 14:37:55.645554 dv-neutron-847349-1-hyperv neutron-server[105787]: DEBUG neutron.pecan_wsgi.hooks.policy_enforcement [None req-51fd1184-3853-4c2e-ae0f-bf047c64d2a3 tempest-DHCPAgentSchedulersTestJSON-24807289 tempest-DHCPAgentSchedulersTestJSON-24807289-project] Attributes excluded by policy engine: ['standard_attr_id', 'provider:network_type', 'provider:physical_network', 'provider:segmentation_id', 'vlan_transparent'] {{(pid=105787) _exclude_attributes_by_policy /opt/stack/neutron/neutron/pecan_wsgi/hooks/policy_enforcement.py:259}}
Jun 23 14:37:55.646254 dv-neutron-847349-1-hyperv neutron-server[105787]: DEBUG neutron_lib.callbacks.manager [None req-51fd1184-3853-4c2e-ae0f-bf047c64d2a3 tempest-DHCPAgentSchedulersTestJSON-24807289 tempest-DHCPAgentSchedulersTestJSON-24807289-project] Publish callbacks ['neutron.api.rpc.agentnotifiers.dhcp_rpc_agent_api.DhcpAgentNotifyAPI._send_dhcp_notification-66612708'] for network (None), before_response {{(pid=105787) _notify_loop /usr/local/lib/python3.8/dist-packages/neutron_lib/callbacks/manager.py:176}}
Jun 23 14:37:55.673235 dv-neutron-847349-1-hyperv neutron-server[105787]: DEBUG neutron.scheduler.l3_agent_scheduler [None req-a0189077-1a15-4f97-8952-31f29e102be2 admin admin] Router bc8e4b57-3c23-42f0-b85c-778cde3f1caa is scheduled to L3 agent 96ddcf15-c929-4ed1-8049-e62fd3f4579f with binding_index 1 {{(pid=105787) bind_router /opt/stack/neutron/neutron/scheduler/l3_agent_scheduler.py:209}}
Jun 23 14:37:55.690191 dv-neutron-847349-1-hyperv neutron-server[105789]: DEBUG neutron.db.l3_dvr_db [None req-99cc9ad3-cfa3-463e-afa3-b9638bfec9cb None None] Set router 6baf2fd0-0a83-4932-9522-03021686331a gateway port host: dv-neutron-847349-1-hyperv {{(pid=105789) _build_routers_list /opt/stack/neutron/neutron/db/l3_dvr_db.py:907}}
Jun 23 14:37:55.743354 dv-neutron-847349-1-hyperv neutron-server[105787]: INFO neutron.wsgi [None req-51fd1184-3853-4c2e-ae0f-bf047c64d2a3 tempest-DHCPAgentSchedulersTestJSON-24807289 tempest-DHCPAgentSchedulersTestJSON-24807289-project] 10.222.0.42 "POST /v2.0/networks HTTP/1.1" status: 201 len: 775 time: 1.7903116
Jun 23 14:37:55.745209 dv-neutron-847349-1-hyperv neutron-server[105787]: DEBUG neutron.wsgi [-] (105787) accepted ('10.222.0.42', 55534) {{(pid=105787) server /usr/local/lib/python3.8/dist-packages/eventlet/wsgi.py:1004}}
Jun 23 14:37:55.750917 dv-neutron-847349-1-hyperv neutron-server[105787]: DEBUG neutron.api.v2.base [None req-eab9bfb0-bef4-4f7b-81b6-0227190e3893 tempest-DHCPAgentSchedulersTestJSON-24807289 tempest-DHCPAgentSchedulersTestJSON-24807289-project] Request body: {'subnet': {'network_id': '63b889df-ff32-42b6-9d4a-15a23cecf940', 'cidr': '172.20.0.0/28', 'ip_version': 4, 'gateway_ip': '172.20.0.1'}} {{(pid=105787) prepare_request_body /opt/stack/neutron/neutron/api/v2/base.py:730}}
Jun 23 14:37:55.783512 dv-neutron-847349-1-hyperv neutron-server[105787]: DEBUG neutron.api.rpc.handlers.resources_rpc [None req-51fd1184-3853-4c2e-ae0f-bf047c64d2a3 tempest-DHCPAgentSchedulersTestJSON-24807289 tempest-DHCPAgentSchedulersTestJSON-24807289-project] Pushing event updated for resources: {'Network': ['ID=63b889df-ff32-42b6-9d4a-15a23cecf940,revision_number=1']} {{(pid=105787) push /opt/stack/neutron/neutron/api/rpc/handlers/resources_rpc.py:237}}
Jun 23 14:37:55.796309 dv-neutron-847349-1-hyperv neutron-server[105788]: DEBUG neutron.plugins.ml2.rpc [None req-43f67b18-0a76-4838-b3b2-7026dd6af539 None None] Network 63b889df-ff32-42b6-9d4a-15a23cecf940 details requested by agent ovs-agent-dv-neutron-847349-1-hyperv with host dv-neutron-847349-1-hyperv {{(pid=105788) get_network_details /opt/stack/neutron/neutron/plugins/ml2/rpc.py:248}}
Jun 23 14:37:55.981951 dv-neutron-847349-1-hyperv neutron-server[105788]: DEBUG neutron.api.rpc.handlers.dhcp_rpc [None req-93d218dd-eec5-4008-855d-59a0b51854da None None] Network b6886fbc-4fa9-49df-99f4-f5c521cabbac requested from dv-neutron-847349-1-hyperv {{(pid=105788) get_network_info /opt/stack/neutron/neutron/api/rpc/handlers/dhcp_rpc.py:191}}
Jun 23 14:37:56.010711 dv-neutron-847349-1-hyperv neutron-server[105787]: DEBUG neutron.wsgi [-] (105787) accepted ('10.222.0.42', 55536) {{(pid=105787) server /usr/local/lib/python3.8/dist-packages/eventlet/wsgi.py:1004}}
Jun 23 14:37:56.018925 dv-neutron-847349-1-hyperv neutron-server[105785]: DEBUG neutron.pecan_wsgi.hooks.quota_enforcement [None req-ea4850f9-5175-426b-89fc-f381800d1898 tempest-PortsAdminExtendedAttrsTestJSON-1814580578 tempest-PortsAdminExtendedAttrsTestJSON-1814580578-project-admin] Made reservation on behalf of 18855cbeeca04900a5a8ba6609a0802a for: {'port': 1} {{(pid=105785) before /opt/stack/neutron/neutron/pecan_wsgi/hooks/quota_enforcement.py:53}}
Jun 23 14:37:56.022419 dv-neutron-847349-1-hyperv neutron-server[105785]: DEBUG neutron_lib.callbacks.manager [None req-ea4850f9-5175-426b-89fc-f381800d1898 tempest-PortsAdminExtendedAttrsTestJSON-1814580578 tempest-PortsAdminExtendedAttrsTestJSON-1814580578-project-admin] Publish callbacks ['neutron.plugins.ml2.plugin.SecurityGroupDbMixin._ensure_default_security_group_handler-66468569'] for port (None), before_create {{(pid=105785) _notify_loop /usr/local/lib/python3.8/dist-packages/neutron_lib/callbacks/manager.py:176}}
Jun 23 14:37:56.023125 dv-neutron-847349-1-hyperv neutron-server[105787]: DEBUG neutron.api.v2.base [None req-f0e03101-d5fc-454c-a4d4-69ba797f3209 tempest-PortsAdminExtendedAttrsIpV6TestJSON-340574300 tempest-PortsAdminExtendedAttrsIpV6TestJSON-340574300-project-admin] Request body: {'port': {'network_id': '07b05b1d-21d0-4b01-bc32-2ef852611213', 'binding:host_id': 'hv-neutron-8473', 'name': 'tempest-PortsAdminExtendedAttrsIpV6TestJSON-109897088'}} {{(pid=105787) prepare_request_body /opt/stack/neutron/neutron/api/v2/base.py:730}}
