Jun 23 13:54:33.888000 dv-neutron-847346-1-hyperv devstack@keystone.service[80642]: DEBUG keystone.server.flask.request_processing.req_logging [None req-796dd669-64c4-402c-95bc-16add06c0bc5 None admin] REQUEST_METHOD: `GET` {{(pid=80642) log_request_info /opt/stack/keystone/keystone/server/flask/request_processing/req_logging.py:27}}
Jun 23 13:54:33.888433 dv-neutron-847346-1-hyperv devstack@keystone.service[80642]: DEBUG keystone.server.flask.request_processing.req_logging [None req-796dd669-64c4-402c-95bc-16add06c0bc5 None admin] SCRIPT_NAME: `/identity` {{(pid=80642) log_request_info /opt/stack/keystone/keystone/server/flask/request_processing/req_logging.py:28}}
Jun 23 13:54:33.888896 dv-neutron-847346-1-hyperv devstack@keystone.service[80642]: DEBUG keystone.server.flask.request_processing.req_logging [None req-796dd669-64c4-402c-95bc-16add06c0bc5 None admin] PATH_INFO: `/v3/auth/tokens` {{(pid=80642) log_request_info /opt/stack/keystone/keystone/server/flask/request_processing/req_logging.py:29}}
Jun 23 13:54:33.906238 dv-neutron-847346-1-hyperv devstack@keystone.service[80641]: DEBUG keystone.server.flask.request_processing.middleware.auth_context [None req-2957470a-f78a-4baa-a89b-1e3293225243 None admin] Validating token access rules against request {{(pid=80641) validate_allowed_request /usr/local/lib/python3.8/dist-packages/keystonemiddleware/auth_token/__init__.py:545}}
Jun 23 13:54:33.947738 dv-neutron-847346-1-hyperv devstack@keystone.service[80641]: DEBUG keystone.server.flask.request_processing.middleware.auth_context [None req-c4548457-e5b3-42c0-879f-5e626ddd8b07 None admin] RBAC: auth_context: {'token': , 'domain_id': None, 'trust_id': None, 'trustor_id': None, 'trustee_id': None, 'domain_name': None, 'group_ids': [], 'user_id': '306969d5460247f9874065d9f95d9d0e', 'user_domain_id': 'default', 'system_scope': 'all', 'project_id': None, 'project_domain_id': None, 'roles': ['admin', 'member', 'reader'], 'is_admin_project': True, 'service_user_id': None, 'service_user_domain_id': None, 'service_project_id': None, 'service_project_domain_id': None, 'service_roles': []} {{(pid=80641) fill_context /opt/stack/keystone/keystone/server/flask/request_processing/middleware/auth_context.py:478}}
Jun 23 13:54:33.947738 dv-neutron-847346-1-hyperv devstack@keystone.service[80641]: DEBUG keystone.server.flask.request_processing.req_logging [None req-c4548457-e5b3-42c0-879f-5e626ddd8b07 None admin] REQUEST_METHOD: `GET` {{(pid=80641) log_request_info /opt/stack/keystone/keystone/server/flask/request_processing/req_logging.py:27}}
Jun 23 13:54:33.948233 dv-neutron-847346-1-hyperv devstack@keystone.service[80641]: DEBUG keystone.server.flask.request_processing.req_logging [None req-c4548457-e5b3-42c0-879f-5e626ddd8b07 None admin] SCRIPT_NAME: `/identity` {{(pid=80641) log_request_info /opt/stack/keystone/keystone/server/flask/request_processing/req_logging.py:28}}
Jun 23 13:54:33.948620 dv-neutron-847346-1-hyperv devstack@keystone.service[80641]: DEBUG keystone.server.flask.request_processing.req_logging [None req-c4548457-e5b3-42c0-879f-5e626ddd8b07 None admin] PATH_INFO: `/v3/role_assignments` {{(pid=80641) log_request_info /opt/stack/keystone/keystone/server/flask/request_processing/req_logging.py:29}}
Jun 23 13:54:33.949603 dv-neutron-847346-1-hyperv devstack@keystone.service[80641]: DEBUG keystone.common.rbac_enforcer.enforcer [None req-c4548457-e5b3-42c0-879f-5e626ddd8b07 None admin] RBAC: Adding query filter params (role.id=0115033c81224cc9bfec4ef23c58d848, scope.project.id=a730358cd08544299de9934860d620c0, user.id=f86ca4e5b8304227a713b44c4787db24) {{(pid=80641) _extract_filter_values /opt/stack/keystone/keystone/common/rbac_enforcer/enforcer.py:167}}
Jun 23 13:54:33.950029 dv-neutron-847346-1-hyperv devstack@keystone.service[80641]: DEBUG keystone.common.rbac_enforcer.enforcer [None req-c4548457-e5b3-42c0-879f-5e626ddd8b07 None admin] RBAC: Authorizing `identity:list_role_assignments()` {{(pid=80641) enforce_call /opt/stack/keystone/keystone/common/rbac_enforcer/enforcer.py:449}}
Jun 23 13:54:33.951927 dv-neutron-847346-1-hyperv devstack@keystone.service[80641]: DEBUG keystone.common.rbac_enforcer.enforcer [None req-c4548457-e5b3-42c0-879f-5e626ddd8b07 None admin] RBAC: Authorization granted {{(pid=80641) enforce_call /opt/stack/keystone/keystone/common/rbac_enforcer/enforcer.py:457}}
Jun 23 13:54:33.958790 dv-neutron-847346-1-hyperv devstack@keystone.service[80641]: [pid: 80641|app: 0|req: 43/91] 10.222.0.52 () {56 vars in 1374 bytes} [Thu Jun 23 13:54:33 2022] GET /identity/v3/role_assignments?user.id=f86ca4e5b8304227a713b44c4787db24&scope.project.id=a730358cd08544299de9934860d620c0&role.id=0115033c81224cc9bfec4ef23c58d848 => generated 259 bytes in 267 msecs (HTTP/1.1 200) 5 headers in 177 bytes (1 switches on core 0)
Jun 23 13:54:33.959665 dv-neutron-847346-1-hyperv devstack@keystone.service[80641]: DEBUG keystone.server.flask.request_processing.middleware.auth_context [None req-c4548457-e5b3-42c0-879f-5e626ddd8b07 None admin] Authenticating user token {{(pid=80641) process_request /usr/local/lib/python3.8/dist-packages/keystonemiddleware/auth_token/__init__.py:407}}
Jun 23 13:54:33.973559 dv-neutron-847346-1-hyperv devstack@keystone.service[80642]: DEBUG keystone.common.rbac_enforcer.enforcer [None req-796dd669-64c4-402c-95bc-16add06c0bc5 None admin] RBAC: Authorizing `identity:validate_token()` {{(pid=80642) enforce_call /opt/stack/keystone/keystone/common/rbac_enforcer/enforcer.py:449}}
Jun 23 13:54:33.975346 dv-neutron-847346-1-hyperv devstack@keystone.service[80642]: DEBUG keystone.common.rbac_enforcer.enforcer [None req-796dd669-64c4-402c-95bc-16add06c0bc5 None admin] RBAC: Authorization granted {{(pid=80642) enforce_call /opt/stack/keystone/keystone/common/rbac_enforcer/enforcer.py:457}}
Jun 23 13:54:34.085611 dv-neutron-847346-1-hyperv devstack@keystone.service[80642]: DEBUG dbcounter [-] [80642] Writing DB stats keystone:SELECT=100 {{(pid=80642) stat_writer /usr/local/lib/python3.8/dist-packages/dbcounter.py:114}}
Jun 23 13:54:34.176891 dv-neutron-847346-1-hyperv devstack@keystone.service[80641]: DEBUG keystone.server.flask.request_processing.middleware.auth_context [None req-c4548457-e5b3-42c0-879f-5e626ddd8b07 None admin] Validating token access rules against request {{(pid=80641) validate_allowed_request /usr/local/lib/python3.8/dist-packages/keystonemiddleware/auth_token/__init__.py:545}}
Jun 23 13:54:34.208644 dv-neutron-847346-1-hyperv devstack@keystone.service[80642]: [pid: 80642|app: 0|req: 49/92] 10.222.0.52 () {58 vars in 1282 bytes} [Thu Jun 23 13:54:33 2022] GET /identity/v3/auth/tokens => generated 799 bytes in 524 msecs (HTTP/1.1 200) 6 headers in 358 bytes (1 switches on core 0)
Jun 23 13:54:34.209758 dv-neutron-847346-1-hyperv devstack@keystone.service[80641]: DEBUG dbcounter [-] [80641] Writing DB stats keystone:SELECT=100 {{(pid=80641) stat_writer /usr/local/lib/python3.8/dist-packages/dbcounter.py:114}}
Jun 23 13:54:34.214018 dv-neutron-847346-1-hyperv devstack@keystone.service[80642]: DEBUG keystone.server.flask.request_processing.middleware.auth_context [None req-796dd669-64c4-402c-95bc-16add06c0bc5 None admin] Authenticating user token {{(pid=80642) process_request /usr/local/lib/python3.8/dist-packages/keystonemiddleware/auth_token/__init__.py:407}}
Jun 23 13:54:34.243455 dv-neutron-847346-1-hyperv devstack@keystone.service[80641]: DEBUG keystone.server.flask.request_processing.middleware.auth_context [None req-d9ed8202-0893-4226-afb4-b5b1e4d8fb1e None admin] RBAC: auth_context: {'token': , 'domain_id': None, 'trust_id': None, 'trustor_id': None, 'trustee_id': None, 'domain_name': None, 'group_ids': [], 'user_id': '306969d5460247f9874065d9f95d9d0e', 'user_domain_id': 'default', 'system_scope': 'all', 'project_id': None, 'project_domain_id': None, 'roles': ['admin', 'member', 'reader'], 'is_admin_project': True, 'service_user_id': None, 'service_user_domain_id': None, 'service_project_id': None, 'service_project_domain_id': None, 'service_roles': []} {{(pid=80641) fill_context /opt/stack/keystone/keystone/server/flask/request_processing/middleware/auth_context.py:478}}
Jun 23 13:54:34.244126 dv-neutron-847346-1-hyperv devstack@keystone.service[80641]: DEBUG keystone.server.flask.request_processing.req_logging [None req-d9ed8202-0893-4226-afb4-b5b1e4d8fb1e None admin] REQUEST_METHOD: `GET` {{(pid=80641) log_request_info /opt/stack/keystone/keystone/server/flask/request_processing/req_logging.py:27}}
Jun 23 13:54:34.244421 dv-neutron-847346-1-hyperv devstack@keystone.service[80641]: DEBUG keystone.server.flask.request_processing.req_logging [None req-d9ed8202-0893-4226-afb4-b5b1e4d8fb1e None admin] SCRIPT_NAME: `/identity` {{(pid=80641) log_request_info /opt/stack/keystone/keystone/server/flask/request_processing/req_logging.py:28}}
Jun 23 13:54:34.244711 dv-neutron-847346-1-hyperv devstack@keystone.service[80641]: DEBUG keystone.server.flask.request_processing.req_logging [None req-d9ed8202-0893-4226-afb4-b5b1e4d8fb1e None admin] PATH_INFO: `/v3/auth/tokens` {{(pid=80641) log_request_info /opt/stack/keystone/keystone/server/flask/request_processing/req_logging.py:29}}
Jun 23 13:54:34.361041 dv-neutron-847346-1-hyperv devstack@keystone.service[80641]: DEBUG keystone.common.rbac_enforcer.enforcer [None req-d9ed8202-0893-4226-afb4-b5b1e4d8fb1e None admin] RBAC: Authorizing `identity:validate_token()` {{(pid=80641) enforce_call /opt/stack/keystone/keystone/common/rbac_enforcer/enforcer.py:449}}
Jun 23 13:54:34.363040 dv-neutron-847346-1-hyperv devstack@keystone.service[80641]: DEBUG keystone.common.rbac_enforcer.enforcer [None req-d9ed8202-0893-4226-afb4-b5b1e4d8fb1e None admin] RBAC: Authorization granted {{(pid=80641) enforce_call /opt/stack/keystone/keystone/common/rbac_enforcer/enforcer.py:457}}
Jun 23 13:54:34.374672 dv-neutron-847346-1-hyperv devstack@keystone.service[80642]: DEBUG keystone.server.flask.request_processing.middleware.auth_context [None req-796dd669-64c4-402c-95bc-16add06c0bc5 None admin] Validating token access rules against request {{(pid=80642) validate_allowed_request /usr/local/lib/python3.8/dist-packages/keystonemiddleware/auth_token/__init__.py:545}}
Jun 23 13:54:34.438043 dv-neutron-847346-1-hyperv devstack@keystone.service[80642]: DEBUG keystone.server.flask.request_processing.middleware.auth_context [None req-93ad2fd9-cc72-4562-965e-c8851c59a5a5 None admin] RBAC: auth_context: {'token': , 'domain_id': None, 'trust_id': None, 'trustor_id': None, 'trustee_id': None, 'domain_name': None, 'group_ids': [], 'user_id': '306969d5460247f9874065d9f95d9d0e', 'user_domain_id': 'default', 'system_scope': 'all', 'project_id': None, 'project_domain_id': None, 'roles': ['admin', 'member', 'reader'], 'is_admin_project': True, 'service_user_id': None, 'service_user_domain_id': None, 'service_project_id': None, 'service_project_domain_id': None, 'service_roles': []} {{(pid=80642) fill_context /opt/stack/keystone/keystone/server/flask/request_processing/middleware/auth_context.py:478}}
Jun 23 13:54:34.438986 dv-neutron-847346-1-hyperv devstack@keystone.service[80642]: DEBUG keystone.server.flask.request_processing.req_logging [None req-93ad2fd9-cc72-4562-965e-c8851c59a5a5 None admin] REQUEST_METHOD: `GET` {{(pid=80642) log_request_info /opt/stack/keystone/keystone/server/flask/request_processing/req_logging.py:27}}
Jun 23 13:54:34.439310 dv-neutron-847346-1-hyperv devstack@keystone.service[80642]: DEBUG keystone.server.flask.request_processing.req_logging [None req-93ad2fd9-cc72-4562-965e-c8851c59a5a5 None admin] SCRIPT_NAME: `/identity` {{(pid=80642) log_request_info /opt/stack/keystone/keystone/server/flask/request_processing/req_logging.py:28}}
Jun 23 13:54:34.439609 dv-neutron-847346-1-hyperv devstack@keystone.service[80642]: DEBUG keystone.server.flask.request_processing.req_logging [None req-93ad2fd9-cc72-4562-965e-c8851c59a5a5 None admin] PATH_INFO: `/v3/projects/051f88853aa24a838d9fbb45e04a65b9` {{(pid=80642) log_request_info /opt/stack/keystone/keystone/server/flask/request_processing/req_logging.py:29}}
Jun 23 13:54:34.441183 dv-neutron-847346-1-hyperv devstack@keystone.service[80642]: DEBUG keystone.common.rbac_enforcer.enforcer [None req-93ad2fd9-cc72-4562-965e-c8851c59a5a5 None admin] RBAC: Authorizing `identity:get_project(project_id=051f88853aa24a838d9fbb45e04a65b9)` {{(pid=80642) enforce_call /opt/stack/keystone/keystone/common/rbac_enforcer/enforcer.py:449}}
Jun 23 13:54:34.442981 dv-neutron-847346-1-hyperv devstack@keystone.service[80642]: DEBUG keystone.common.rbac_enforcer.enforcer [None req-93ad2fd9-cc72-4562-965e-c8851c59a5a5 None admin] RBAC: Authorization granted {{(pid=80642) enforce_call /opt/stack/keystone/keystone/common/rbac_enforcer/enforcer.py:457}}
Jun 23 13:54:34.444876 dv-neutron-847346-1-hyperv devstack@keystone.service[80642]: [pid: 80642|app: 0|req: 50/93] 10.222.0.52 () {56 vars in 1186 bytes} [Thu Jun 23 13:54:34 2022] GET /identity/v3/projects/051f88853aa24a838d9fbb45e04a65b9 => generated 312 bytes in 231 msecs (HTTP/1.1 200) 5 headers in 177 bytes (2 switches on core 0)
Jun 23 13:54:34.450762 dv-neutron-847346-1-hyperv devstack@keystone.service[80642]: DEBUG keystone.server.flask.request_processing.middleware.auth_context [None req-93ad2fd9-cc72-4562-965e-c8851c59a5a5 None admin] Authenticating user token {{(pid=80642) process_request /usr/local/lib/python3.8/dist-packages/keystonemiddleware/auth_token/__init__.py:407}}
Jun 23 13:54:34.466595 dv-neutron-847346-1-hyperv devstack@keystone.service[80641]: [pid: 80641|app: 0|req: 44/94] 10.222.0.52 () {58 vars in 1282 bytes} [Thu Jun 23 13:54:33 2022] GET /identity/v3/auth/tokens => generated 799 bytes in 507 msecs (HTTP/1.1 200) 6 headers in 358 bytes (1 switches on core 0)
Jun 23 13:54:34.473044 dv-neutron-847346-1-hyperv devstack@keystone.service[80641]: DEBUG keystone.server.flask.request_processing.middleware.auth_context [None req-d9ed8202-0893-4226-afb4-b5b1e4d8fb1e None admin] Authenticating user token {{(pid=80641) process_request /usr/local/lib/python3.8/dist-packages/keystonemiddleware/auth_token/__init__.py:407}}
Jun 23 13:54:34.482640 dv-neutron-847346-1-hyperv devstack@keystone.service[80642]: DEBUG dbcounter [-] [80642] Writing DB stats keystone:SELECT=100 {{(pid=80642) stat_writer /usr/local/lib/python3.8/dist-packages/dbcounter.py:114}}
Jun 23 13:54:34.491945 dv-neutron-847346-1-hyperv devstack@keystone.service[80641]: DEBUG dbcounter [-] [80641] Writing DB stats keystone:SELECT=100 {{(pid=80641) stat_writer /usr/local/lib/python3.8/dist-packages/dbcounter.py:114}}
Jun 23 13:54:34.574886 dv-neutron-847346-1-hyperv devstack@keystone.service[80641]: DEBUG keystone.server.flask.request_processing.middleware.auth_context [None req-d9ed8202-0893-4226-afb4-b5b1e4d8fb1e None admin] Validating token access rules against request {{(pid=80641) validate_allowed_request /usr/local/lib/python3.8/dist-packages/keystonemiddleware/auth_token/__init__.py:545}}
Jun 23 13:54:34.610908 dv-neutron-847346-1-hyperv devstack@keystone.service[80641]: DEBUG keystone.server.flask.request_processing.middleware.auth_context [None req-ebaf953b-ff2e-4b63-9b0e-dae21e6f6825 None admin] RBAC: auth_context: {'token': , 'domain_id': None, 'trust_id': None, 'trustor_id': None, 'trustee_id': None, 'domain_name': None, 'group_ids': [], 'user_id': '306969d5460247f9874065d9f95d9d0e', 'user_domain_id': 'default', 'system_scope': 'all', 'project_id': None, 'project_domain_id': None, 'roles': ['admin', 'member', 'reader'], 'is_admin_project': True, 'service_user_id': None, 'service_user_domain_id': None, 'service_project_id': None, 'service_project_domain_id': None, 'service_roles': []} {{(pid=80641) fill_context /opt/stack/keystone/keystone/server/flask/request_processing/middleware/auth_context.py:478}}
Jun 23 13:54:34.611972 dv-neutron-847346-1-hyperv devstack@keystone.service[80641]: DEBUG keystone.server.flask.request_processing.req_logging [None req-ebaf953b-ff2e-4b63-9b0e-dae21e6f6825 None admin] REQUEST_METHOD: `GET` {{(pid=80641) log_request_info /opt/stack/keystone/keystone/server/flask/request_processing/req_logging.py:27}}
Jun 23 13:54:34.612895 dv-neutron-847346-1-hyperv devstack@keystone.service[80641]: DEBUG keystone.server.flask.request_processing.req_logging [None req-ebaf953b-ff2e-4b63-9b0e-dae21e6f6825 None admin] SCRIPT_NAME: `/identity` {{(pid=80641) log_request_info /opt/stack/keystone/keystone/server/flask/request_processing/req_logging.py:28}}
Jun 23 13:54:34.613467 dv-neutron-847346-1-hyperv devstack@keystone.service[80641]: DEBUG keystone.server.flask.request_processing.req_logging [None req-ebaf953b-ff2e-4b63-9b0e-dae21e6f6825 None admin] PATH_INFO: `/v3/projects/a730358cd08544299de9934860d620c0` {{(pid=80641) log_request_info /opt/stack/keystone/keystone/server/flask/request_processing/req_logging.py:29}}
Jun 23 13:54:34.614826 dv-neutron-847346-1-hyperv devstack@keystone.service[80641]: DEBUG keystone.common.rbac_enforcer.enforcer [None req-ebaf953b-ff2e-4b63-9b0e-dae21e6f6825 None admin] RBAC: Authorizing `identity:get_project(project_id=a730358cd08544299de9934860d620c0)` {{(pid=80641) enforce_call /opt/stack/keystone/keystone/common/rbac_enforcer/enforcer.py:449}}
Jun 23 13:54:34.616402 dv-neutron-847346-1-hyperv devstack@keystone.service[80641]: DEBUG keystone.common.rbac_enforcer.enforcer [None req-ebaf953b-ff2e-4b63-9b0e-dae21e6f6825 None admin] RBAC: Authorization granted {{(pid=80641) enforce_call /opt/stack/keystone/keystone/common/rbac_enforcer/enforcer.py:457}}
Jun 23 13:54:34.618296 dv-neutron-847346-1-hyperv devstack@keystone.service[80641]: [pid: 80641|app: 0|req: 45/95] 10.222.0.52 () {56 vars in 1186 bytes} [Thu Jun 23 13:54:34 2022] GET /identity/v3/projects/a730358cd08544299de9934860d620c0 => generated 298 bytes in 147 msecs (HTTP/1.1 200) 5 headers in 177 bytes (2 switches on core 0)
Jun 23 13:54:34.624331 dv-neutron-847346-1-hyperv devstack@keystone.service[80641]: DEBUG keystone.server.flask.request_processing.middleware.auth_context [None req-ebaf953b-ff2e-4b63-9b0e-dae21e6f6825 None admin] Authenticating user token {{(pid=80641) process_request /usr/local/lib/python3.8/dist-packages/keystonemiddleware/auth_token/__init__.py:407}}
Jun 23 13:54:34.671008 dv-neutron-847346-1-hyperv devstack@keystone.service[80642]: DEBUG keystone.server.flask.request_processing.middleware.auth_context [None req-93ad2fd9-cc72-4562-965e-c8851c59a5a5 None admin] Validating token access rules against request {{(pid=80642) validate_allowed_request /usr/local/lib/python3.8/dist-packages/keystonemiddleware/auth_token/__init__.py:545}}
Jun 23 13:54:34.717201 dv-neutron-847346-1-hyperv devstack@keystone.service[80641]: DEBUG dbcounter [-] [80641] Writing DB stats keystone:SELECT=100 {{(pid=80641) stat_writer /usr/local/lib/python3.8/dist-packages/dbcounter.py:114}}
Jun 23 13:54:34.730140 dv-neutron-847346-1-hyperv devstack@keystone.service[80641]: DEBUG keystone.server.flask.request_processing.middleware.auth_context [None req-ebaf953b-ff2e-4b63-9b0e-dae21e6f6825 None admin] Validating token access rules against request {{(pid=80641) validate_allowed_request /usr/local/lib/python3.8/dist-packages/keystonemiddleware/auth_token/__init__.py:545}}
Jun 23 13:54:34.757029 dv-neutron-847346-1-hyperv devstack@keystone.service[80642]: DEBUG keystone.server.flask.request_processing.middleware.auth_context [None req-e6f6c457-9076-4b5e-83f5-1a94053d794b None admin] RBAC: auth_context: {'token': , 'domain_id': None, 'trust_id': None, 'trustor_id': None, 'trustee_id': None, 'domain_name': None, 'group_ids': [], 'user_id': '306969d5460247f9874065d9f95d9d0e', 'user_domain_id': 'default', 'system_scope': 'all', 'project_id': None, 'project_domain_id': None, 'roles': ['admin', 'member', 'reader'], 'is_admin_project': True, 'service_user_id': None, 'service_user_domain_id': None, 'service_project_id': None, 'service_project_domain_id': None, 'service_roles': []} {{(pid=80642) fill_context /opt/stack/keystone/keystone/server/flask/request_processing/middleware/auth_context.py:478}}
Jun 23 13:54:34.757708 dv-neutron-847346-1-hyperv devstack@keystone.service[80642]: DEBUG keystone.server.flask.request_processing.req_logging [None req-e6f6c457-9076-4b5e-83f5-1a94053d794b None admin] REQUEST_METHOD: `GET` {{(pid=80642) log_request_info /opt/stack/keystone/keystone/server/flask/request_processing/req_logging.py:27}}
Jun 23 13:54:34.758003 dv-neutron-847346-1-hyperv devstack@keystone.service[80642]: DEBUG keystone.server.flask.request_processing.req_logging [None req-e6f6c457-9076-4b5e-83f5-1a94053d794b None admin] SCRIPT_NAME: `/identity` {{(pid=80642) log_request_info /opt/stack/keystone/keystone/server/flask/request_processing/req_logging.py:28}}
Jun 23 13:54:34.760938 dv-neutron-847346-1-hyperv devstack@keystone.service[80642]: DEBUG keystone.server.flask.request_processing.req_logging [None req-e6f6c457-9076-4b5e-83f5-1a94053d794b None admin] PATH_INFO: `/v3/role_assignments` {{(pid=80642) log_request_info /opt/stack/keystone/keystone/server/flask/request_processing/req_logging.py:29}}
Jun 23 13:54:34.760938 dv-neutron-847346-1-hyperv devstack@keystone.service[80642]: DEBUG keystone.common.rbac_enforcer.enforcer [None req-e6f6c457-9076-4b5e-83f5-1a94053d794b None admin] RBAC: Adding query filter params (role.id=0115033c81224cc9bfec4ef23c58d848, scope.project.id=051f88853aa24a838d9fbb45e04a65b9, user.id=f86ca4e5b8304227a713b44c4787db24) {{(pid=80642) _extract_filter_values /opt/stack/keystone/keystone/common/rbac_enforcer/enforcer.py:167}}
Jun 23 13:54:34.760938 dv-neutron-847346-1-hyperv devstack@keystone.service[80642]: DEBUG keystone.common.rbac_enforcer.enforcer [None req-e6f6c457-9076-4b5e-83f5-1a94053d794b None admin] RBAC: Authorizing `identity:list_role_assignments()` {{(pid=80642) enforce_call /opt/stack/keystone/keystone/common/rbac_enforcer/enforcer.py:449}}
Jun 23 13:54:34.764975 dv-neutron-847346-1-hyperv devstack@keystone.service[80642]: DEBUG keystone.common.rbac_enforcer.enforcer [None req-e6f6c457-9076-4b5e-83f5-1a94053d794b None admin] RBAC: Authorization granted {{(pid=80642) enforce_call /opt/stack/keystone/keystone/common/rbac_enforcer/enforcer.py:457}}
Jun 23 13:54:34.772646 dv-neutron-847346-1-hyperv devstack@keystone.service[80642]: [pid: 80642|app: 0|req: 51/96] 10.222.0.52 () {56 vars in 1374 bytes} [Thu Jun 23 13:54:34 2022] GET /identity/v3/role_assignments?user.id=f86ca4e5b8304227a713b44c4787db24&scope.project.id=051f88853aa24a838d9fbb45e04a65b9&role.id=0115033c81224cc9bfec4ef23c58d848 => generated 259 bytes in 322 msecs (HTTP/1.1 200) 5 headers in 177 bytes (2 switches on core 0)
Jun 23 13:54:34.774156 dv-neutron-847346-1-hyperv devstack@keystone.service[80641]: DEBUG keystone.server.flask.request_processing.middleware.auth_context [None req-9061110c-d13c-4a6a-b84e-df8ae0eeeef0 None admin] RBAC: auth_context: {'token': , 'domain_id': None, 'trust_id': None, 'trustor_id': None, 'trustee_id': None, 'domain_name': None, 'group_ids': [], 'user_id': '306969d5460247f9874065d9f95d9d0e', 'user_domain_id': 'default', 'system_scope': 'all', 'project_id': None, 'project_domain_id': None, 'roles': ['admin', 'member', 'reader'], 'is_admin_project': True, 'service_user_id': None, 'service_user_domain_id': None, 'service_project_id': None, 'service_project_domain_id': None, 'service_roles': []} {{(pid=80641) fill_context /opt/stack/keystone/keystone/server/flask/request_processing/middleware/auth_context.py:478}}
Jun 23 13:54:34.774829 dv-neutron-847346-1-hyperv devstack@keystone.service[80641]: DEBUG keystone.server.flask.request_processing.req_logging [None req-9061110c-d13c-4a6a-b84e-df8ae0eeeef0 None admin] REQUEST_METHOD: `GET` {{(pid=80641) log_request_info /opt/stack/keystone/keystone/server/flask/request_processing/req_logging.py:27}}
Jun 23 13:54:34.775119 dv-neutron-847346-1-hyperv devstack@keystone.service[80641]: DEBUG keystone.server.flask.request_processing.req_logging [None req-9061110c-d13c-4a6a-b84e-df8ae0eeeef0 None admin] SCRIPT_NAME: `/identity` {{(pid=80641) log_request_info /opt/stack/keystone/keystone/server/flask/request_processing/req_logging.py:28}}
Jun 23 13:54:34.775404 dv-neutron-847346-1-hyperv devstack@keystone.service[80641]: DEBUG keystone.server.flask.request_processing.req_logging [None req-9061110c-d13c-4a6a-b84e-df8ae0eeeef0 None admin] PATH_INFO: `/v3/role_assignments` {{(pid=80641) log_request_info /opt/stack/keystone/keystone/server/flask/request_processing/req_logging.py:29}}
Jun 23 13:54:34.776274 dv-neutron-847346-1-hyperv devstack@keystone.service[80641]: DEBUG keystone.common.rbac_enforcer.enforcer [None req-9061110c-d13c-4a6a-b84e-df8ae0eeeef0 None admin] RBAC: Adding query filter params (role.id=15e370e140264a9583e1a00d6faf0445, scope.project.id=a730358cd08544299de9934860d620c0, user.id=f86ca4e5b8304227a713b44c4787db24) {{(pid=80641) _extract_filter_values /opt/stack/keystone/keystone/common/rbac_enforcer/enforcer.py:167}}
Jun 23 13:54:34.776592 dv-neutron-847346-1-hyperv devstack@keystone.service[80641]: DEBUG keystone.common.rbac_enforcer.enforcer [None req-9061110c-d13c-4a6a-b84e-df8ae0eeeef0 None admin] RBAC: Authorizing `identity:list_role_assignments()` {{(pid=80641) enforce_call /opt/stack/keystone/keystone/common/rbac_enforcer/enforcer.py:449}}
Jun 23 13:54:34.778154 dv-neutron-847346-1-hyperv devstack@keystone.service[80641]: DEBUG keystone.common.rbac_enforcer.enforcer [None req-9061110c-d13c-4a6a-b84e-df8ae0eeeef0 None admin] RBAC: Authorization granted {{(pid=80641) enforce_call /opt/stack/keystone/keystone/common/rbac_enforcer/enforcer.py:457}}
Jun 23 13:54:34.785801 dv-neutron-847346-1-hyperv devstack@keystone.service[80641]: [pid: 80641|app: 0|req: 46/97] 10.222.0.52 () {56 vars in 1374 bytes} [Thu Jun 23 13:54:34 2022] GET /identity/v3/role_assignments?user.id=f86ca4e5b8304227a713b44c4787db24&scope.project.id=a730358cd08544299de9934860d620c0&role.id=15e370e140264a9583e1a00d6faf0445 => generated 259 bytes in 162 msecs (HTTP/1.1 200) 5 headers in 177 bytes (2 switches on core 0)
Jun 23 13:54:36.353629 dv-neutron-847346-1-hyperv devstack@keystone.service[80642]: DEBUG keystone.server.flask.request_processing.req_logging [None req-213fac35-cb3e-4ea8-9f16-dee3400921bc None None] REQUEST_METHOD: `GET` {{(pid=80642) log_request_info /opt/stack/keystone/keystone/server/flask/request_processing/req_logging.py:27}}
Jun 23 13:54:36.353629 dv-neutron-847346-1-hyperv devstack@keystone.service[80642]: DEBUG keystone.server.flask.request_processing.req_logging [None req-213fac35-cb3e-4ea8-9f16-dee3400921bc None None] SCRIPT_NAME: `/identity` {{(pid=80642) log_request_info /opt/stack/keystone/keystone/server/flask/request_processing/req_logging.py:28}}
Jun 23 13:54:36.353629 dv-neutron-847346-1-hyperv devstack@keystone.service[80642]: DEBUG keystone.server.flask.request_processing.req_logging [None req-213fac35-cb3e-4ea8-9f16-dee3400921bc None None] PATH_INFO: `/` {{(pid=80642) log_request_info /opt/stack/keystone/keystone/server/flask/request_processing/req_logging.py:29}}
Jun 23 13:54:36.353629 dv-neutron-847346-1-hyperv devstack@keystone.service[80642]: [pid: 80642|app: 0|req: 52/98] 10.222.0.52 () {54 vars in 926 bytes} [Thu Jun 23 13:54:36 2022] GET /identity => generated 270 bytes in 3 msecs (HTTP/1.1 300) 6 headers in 234 bytes (1 switches on core 0)
Jun 23 13:54:36.358666 dv-neutron-847346-1-hyperv devstack@keystone.service[80641]: DEBUG keystone.server.flask.request_processing.req_logging [None req-24efcf7e-8d3e-49a0-9111-8d82a023b0a0 None None] REQUEST_METHOD: `POST` {{(pid=80641) log_request_info /opt/stack/keystone/keystone/server/flask/request_processing/req_logging.py:27}}
Jun 23 13:54:36.359481 dv-neutron-847346-1-hyperv devstack@keystone.service[80641]: DEBUG keystone.server.flask.request_processing.req_logging [None req-24efcf7e-8d3e-49a0-9111-8d82a023b0a0 None None] SCRIPT_NAME: `/identity` {{(pid=80641) log_request_info /opt/stack/keystone/keystone/server/flask/request_processing/req_logging.py:28}}
Jun 23 13:54:36.359998 dv-neutron-847346-1-hyperv devstack@keystone.service[80641]: DEBUG keystone.server.flask.request_processing.req_logging [None req-24efcf7e-8d3e-49a0-9111-8d82a023b0a0 None None] PATH_INFO: `/v3/auth/tokens` {{(pid=80641) log_request_info /opt/stack/keystone/keystone/server/flask/request_processing/req_logging.py:29}}
Jun 23 13:54:36.381866 dv-neutron-847346-1-hyperv devstack@keystone.service[80641]: DEBUG keystone.auth.core [None req-24efcf7e-8d3e-49a0-9111-8d82a023b0a0 None None] MFA Rules not processed for user `306969d5460247f9874065d9f95d9d0e`. Rule list: `[]` (Enabled: `True`). {{(pid=80641) check_auth_methods_against_rules /opt/stack/keystone/keystone/auth/core.py:438}}
Jun 23 13:54:36.383073 dv-neutron-847346-1-hyperv devstack@keystone.service[80641]: DEBUG keystone.common.fernet_utils [None req-24efcf7e-8d3e-49a0-9111-8d82a023b0a0 None None] Loaded 2 Fernet keys from /etc/keystone/fernet-keys/, but `[fernet_tokens] max_active_keys = 3`; perhaps there have not been enough key rotations to reach `max_active_keys` yet? {{(pid=80641) load_keys /opt/stack/keystone/keystone/common/fernet_utils.py:286}}
Jun 23 13:54:36.475813 dv-neutron-847346-1-hyperv devstack@keystone.service[80641]: [pid: 80641|app: 0|req: 47/99] 10.222.0.52 () {58 vars in 1023 bytes} [Thu Jun 23 13:54:36 2022] POST /identity/v3/auth/tokens => generated 799 bytes in 118 msecs (HTTP/1.1 201) 6 headers in 363 bytes (1 switches on core 0)
Jun 23 13:54:36.486436 dv-neutron-847346-1-hyperv devstack@keystone.service[80642]: DEBUG keystone.server.flask.request_processing.req_logging [None req-501d2b75-f247-443d-8706-3830555d248b None None] REQUEST_METHOD: `GET` {{(pid=80642) log_request_info /opt/stack/keystone/keystone/server/flask/request_processing/req_logging.py:27}}
Jun 23 13:54:36.486993 dv-neutron-847346-1-hyperv devstack@keystone.service[80642]: DEBUG keystone.server.flask.request_processing.req_logging [None req-501d2b75-f247-443d-8706-3830555d248b None None] SCRIPT_NAME: `/identity` {{(pid=80642) log_request_info /opt/stack/keystone/keystone/server/flask/request_processing/req_logging.py:28}}
Jun 23 13:54:36.487553 dv-neutron-847346-1-hyperv devstack@keystone.service[80642]: DEBUG keystone.server.flask.request_processing.req_logging [None req-501d2b75-f247-443d-8706-3830555d248b None None] PATH_INFO: `/` {{(pid=80642) log_request_info /opt/stack/keystone/keystone/server/flask/request_processing/req_logging.py:29}}
Jun 23 13:54:36.492877 dv-neutron-847346-1-hyperv devstack@keystone.service[80642]: [pid: 80642|app: 0|req: 53/100] 10.222.0.52 () {54 vars in 926 bytes} [Thu Jun 23 13:54:36 2022] GET /identity => generated 270 bytes in 4 msecs (HTTP/1.1 300) 6 headers in 234 bytes (1 switches on core 0)
Jun 23 13:54:36.502489 dv-neutron-847346-1-hyperv devstack@keystone.service[80641]: DEBUG keystone.server.flask.request_processing.req_logging [None req-c2ddc5ca-2bc9-4554-b06f-b3fc91ed7d81 None None] REQUEST_METHOD: `POST` {{(pid=80641) log_request_info /opt/stack/keystone/keystone/server/flask/request_processing/req_logging.py:27}}
Jun 23 13:54:36.502814 dv-neutron-847346-1-hyperv devstack@keystone.service[80641]: DEBUG keystone.server.flask.request_processing.req_logging [None req-c2ddc5ca-2bc9-4554-b06f-b3fc91ed7d81 None None] SCRIPT_NAME: `/identity` {{(pid=80641) log_request_info /opt/stack/keystone/keystone/server/flask/request_processing/req_logging.py:28}}
Jun 23 13:54:36.503104 dv-neutron-847346-1-hyperv devstack@keystone.service[80641]: DEBUG keystone.server.flask.request_processing.req_logging [None req-c2ddc5ca-2bc9-4554-b06f-b3fc91ed7d81 None None] PATH_INFO: `/v3/auth/tokens` {{(pid=80641) log_request_info /opt/stack/keystone/keystone/server/flask/request_processing/req_logging.py:29}}
Jun 23 13:54:36.522977 dv-neutron-847346-1-hyperv devstack@keystone.service[80641]: DEBUG keystone.auth.core [None req-c2ddc5ca-2bc9-4554-b06f-b3fc91ed7d81 None None] MFA Rules not processed for user `306969d5460247f9874065d9f95d9d0e`. Rule list: `[]` (Enabled: `True`). {{(pid=80641) check_auth_methods_against_rules /opt/stack/keystone/keystone/auth/core.py:438}}
Jun 23 13:54:36.524151 dv-neutron-847346-1-hyperv devstack@keystone.service[80641]: DEBUG keystone.common.fernet_utils [None req-c2ddc5ca-2bc9-4554-b06f-b3fc91ed7d81 None None] Loaded 2 Fernet keys from /etc/keystone/fernet-keys/, but `[fernet_tokens] max_active_keys = 3`; perhaps there have not been enough key rotations to reach `max_active_keys` yet? {{(pid=80641) load_keys /opt/stack/keystone/keystone/common/fernet_utils.py:286}}
Jun 23 13:54:36.537712 dv-neutron-847346-1-hyperv devstack@keystone.service[80642]: DEBUG keystone.server.flask.request_processing.middleware.auth_context [None req-501d2b75-f247-443d-8706-3830555d248b None None] Authenticating user token {{(pid=80642) process_request /usr/local/lib/python3.8/dist-packages/keystonemiddleware/auth_token/__init__.py:407}}
Jun 23 13:54:36.655216 dv-neutron-847346-1-hyperv devstack@keystone.service[80641]: [pid: 80641|app: 0|req: 48/101] 10.222.0.52 () {58 vars in 1023 bytes} [Thu Jun 23 13:54:36 2022] POST /identity/v3/auth/tokens => generated 799 bytes in 154 msecs (HTTP/1.1 201) 6 headers in 363 bytes (1 switches on core 0)
Jun 23 13:54:36.691458 dv-neutron-847346-1-hyperv devstack@keystone.service[80641]: DEBUG keystone.server.flask.request_processing.middleware.auth_context [None req-c2ddc5ca-2bc9-4554-b06f-b3fc91ed7d81 None None] Authenticating user token {{(pid=80641) process_request /usr/local/lib/python3.8/dist-packages/keystonemiddleware/auth_token/__init__.py:407}}
Jun 23 13:54:36.712363 dv-neutron-847346-1-hyperv devstack@keystone.service[80641]: DEBUG dbcounter [-] [80641] Writing DB stats keystone:SELECT=100 {{(pid=80641) stat_writer /usr/local/lib/python3.8/dist-packages/dbcounter.py:114}}
Jun 23 13:54:36.719547 dv-neutron-847346-1-hyperv devstack@keystone.service[80642]: DEBUG dbcounter [-] [80642] Writing DB stats keystone:SELECT=100 {{(pid=80642) stat_writer /usr/local/lib/python3.8/dist-packages/dbcounter.py:114}}
Jun 23 13:54:36.758450 dv-neutron-847346-1-hyperv devstack@keystone.service[80642]: DEBUG keystone.server.flask.request_processing.middleware.auth_context [None req-501d2b75-f247-443d-8706-3830555d248b None None] Validating token access rules against request {{(pid=80642) validate_allowed_request /usr/local/lib/python3.8/dist-packages/keystonemiddleware/auth_token/__init__.py:545}}
Jun 23 13:54:36.839925 dv-neutron-847346-1-hyperv devstack@keystone.service[80642]: DEBUG keystone.server.flask.request_processing.middleware.auth_context [None req-25d42637-c001-4856-aca4-ef7317bdf9ce None admin] RBAC: auth_context: {'token': , 'domain_id': None, 'trust_id': None, 'trustor_id': None, 'trustee_id': None, 'domain_name': None, 'group_ids': [], 'user_id': '306969d5460247f9874065d9f95d9d0e', 'user_domain_id': 'default', 'system_scope': 'all', 'project_id': None, 'project_domain_id': None, 'roles': ['admin', 'member', 'reader'], 'is_admin_project': True, 'service_user_id': None, 'service_user_domain_id': None, 'service_project_id': None, 'service_project_domain_id': None, 'service_roles': []} {{(pid=80642) fill_context /opt/stack/keystone/keystone/server/flask/request_processing/middleware/auth_context.py:478}}
Jun 23 13:54:36.841125 dv-neutron-847346-1-hyperv devstack@keystone.service[80642]: DEBUG keystone.server.flask.request_processing.req_logging [None req-25d42637-c001-4856-aca4-ef7317bdf9ce None admin] REQUEST_METHOD: `GET` {{(pid=80642) log_request_info /opt/stack/keystone/keystone/server/flask/request_processing/req_logging.py:27}}
Jun 23 13:54:36.841621 dv-neutron-847346-1-hyperv devstack@keystone.service[80642]: DEBUG keystone.server.flask.request_processing.req_logging [None req-25d42637-c001-4856-aca4-ef7317bdf9ce None admin] SCRIPT_NAME: `/identity` {{(pid=80642) log_request_info /opt/stack/keystone/keystone/server/flask/request_processing/req_logging.py:28}}
Jun 23 13:54:36.842089 dv-neutron-847346-1-hyperv devstack@keystone.service[80642]: DEBUG keystone.server.flask.request_processing.req_logging [None req-25d42637-c001-4856-aca4-ef7317bdf9ce None admin] PATH_INFO: `/v3/roles/reader` {{(pid=80642) log_request_info /opt/stack/keystone/keystone/server/flask/request_processing/req_logging.py:29}}
Jun 23 13:54:36.865805 dv-neutron-847346-1-hyperv devstack@keystone.service[80642]: DEBUG keystone.common.rbac_enforcer.enforcer [None req-25d42637-c001-4856-aca4-ef7317bdf9ce None admin] Extracting inferred target data resulted in "NOT FOUND (404)". {{(pid=80642) enforce_call /opt/stack/keystone/keystone/common/rbac_enforcer/enforcer.py:409}}
Jun 23 13:54:36.874183 dv-neutron-847346-1-hyperv devstack@keystone.service[80642]: ERROR keystone.server.flask.application [None req-25d42637-c001-4856-aca4-ef7317bdf9ce None admin] Could not find role: reader.: keystone.exception.RoleNotFound: Could not find role: reader.
Jun 23 13:54:36.874183 dv-neutron-847346-1-hyperv devstack@keystone.service[80642]: ERROR keystone.server.flask.application
Traceback (most recent call last):
Jun 23 13:54:36.874183 dv-neutron-847346-1-hyperv devstack@keystone.service[80642]: ERROR keystone.server.flask.application
File "/usr/local/lib/python3.8/dist-packages/flask/app.py", line 1523, in full_dispatch_request
Jun 23 13:54:36.874183 dv-neutron-847346-1-hyperv devstack@keystone.service[80642]: ERROR keystone.server.flask.application rv = self.dispatch_request()
Jun 23 13:54:36.874183 dv-neutron-847346-1-hyperv devstack@keystone.service[80642]: ERROR keystone.server.flask.application
File "/usr/local/lib/python3.8/dist-packages/flask/app.py", line 1509, in dispatch_request
Jun 23 13:54:36.874183 dv-neutron-847346-1-hyperv devstack@keystone.service[80642]: ERROR keystone.server.flask.application return self.ensure_sync(self.view_functions[rule.endpoint])(**req.view_args)
Jun 23 13:54:36.874183 dv-neutron-847346-1-hyperv devstack@keystone.service[80642]: ERROR keystone.server.flask.application
File "/usr/local/lib/python3.8/dist-packages/flask_restful/__init__.py", line 467, in wrapper
Jun 23 13:54:36.874183 dv-neutron-847346-1-hyperv devstack@keystone.service[80642]: ERROR keystone.server.flask.application resp = resource(*args, **kwargs)
Jun 23 13:54:36.874183 dv-neutron-847346-1-hyperv devstack@keystone.service[80642]: ERROR keystone.server.flask.application
File "/usr/local/lib/python3.8/dist-packages/flask/views.py", line 84, in view
Jun 23 13:54:36.874183 dv-neutron-847346-1-hyperv devstack@keystone.service[80642]: ERROR keystone.server.flask.application return current_app.ensure_sync(self.dispatch_request)(*args, **kwargs)
Jun 23 13:54:36.874183 dv-neutron-847346-1-hyperv devstack@keystone.service[80642]: ERROR keystone.server.flask.application
File "/usr/local/lib/python3.8/dist-packages/flask_restful/__init__.py", line 582, in dispatch_request
Jun 23 13:54:36.874183 dv-neutron-847346-1-hyperv devstack@keystone.service[80642]: ERROR keystone.server.flask.application resp = meth(*args, **kwargs)
Jun 23 13:54:36.874183 dv-neutron-847346-1-hyperv devstack@keystone.service[80642]: ERROR keystone.server.flask.application
File "/opt/stack/keystone/keystone/api/roles.py", line 50, in get
Jun 23 13:54:36.874183 dv-neutron-847346-1-hyperv devstack@keystone.service[80642]: ERROR keystone.server.flask.application return self._get_role(role_id)
Jun 23 13:54:36.874183 dv-neutron-847346-1-hyperv devstack@keystone.service[80642]: ERROR keystone.server.flask.application
File "/opt/stack/keystone/keystone/api/roles.py", line 70, in _get_role
Jun 23 13:54:36.874183 dv-neutron-847346-1-hyperv devstack@keystone.service[80642]: ERROR keystone.server.flask.application ENFORCER.enforce_call(action='identity:get_role')
Jun 23 13:54:36.875238 dv-neutron-847346-1-hyperv devstack@keystone.service[80642]: ERROR keystone.server.flask.application
File "/opt/stack/keystone/keystone/common/rbac_enforcer/enforcer.py", line 402, in enforce_call
Jun 23 13:54:36.875238 dv-neutron-847346-1-hyperv devstack@keystone.service[80642]: ERROR keystone.server.flask.application policy_dict.update(cls._extract_member_target_data(
Jun 23 13:54:36.875238 dv-neutron-847346-1-hyperv devstack@keystone.service[80642]: ERROR keystone.server.flask.application
File "/opt/stack/keystone/keystone/common/rbac_enforcer/enforcer.py", line 234, in _extract_member_target_data
Jun 23 13:54:36.875238 dv-neutron-847346-1-hyperv devstack@keystone.service[80642]: ERROR keystone.server.flask.application member_name: func(flask.request.view_args[key])
Jun 23 13:54:36.875238 dv-neutron-847346-1-hyperv devstack@keystone.service[80642]: ERROR keystone.server.flask.application
File "/opt/stack/keystone/keystone/common/manager.py", line 115, in wrapped
Jun 23 13:54:36.875238 dv-neutron-847346-1-hyperv devstack@keystone.service[80642]: ERROR keystone.server.flask.application __ret_val = __f(*args, **kwargs)
Jun 23 13:54:36.875238 dv-neutron-847346-1-hyperv devstack@keystone.service[80642]: ERROR keystone.server.flask.application
File "/usr/local/lib/python3.8/dist-packages/decorator.py", line 232, in fun
Jun 23 13:54:36.875238 dv-neutron-847346-1-hyperv devstack@keystone.service[80642]: ERROR keystone.server.flask.application return caller(func, *(extras + args), **kw)
Jun 23 13:54:36.875238 dv-neutron-847346-1-hyperv devstack@keystone.service[80642]: ERROR keystone.server.flask.application
File "/usr/local/lib/python3.8/dist-packages/dogpile/cache/region.py", line 1577, in get_or_create_for_user_func
Jun 23 13:54:36.875238 dv-neutron-847346-1-hyperv devstack@keystone.service[80642]: ERROR keystone.server.flask.application return self.get_or_create(
Jun 23 13:54:36.875238 dv-neutron-847346-1-hyperv devstack@keystone.service[80642]: ERROR keystone.server.flask.application
File "/usr/local/lib/python3.8/dist-packages/dogpile/cache/region.py", line 1042, in get_or_create
Jun 23 13:54:36.875238 dv-neutron-847346-1-hyperv devstack@keystone.service[80642]: ERROR keystone.server.flask.application with Lock(
Jun 23 13:54:36.875238 dv-neutron-847346-1-hyperv devstack@keystone.service[80642]: ERROR keystone.server.flask.application
File "/usr/local/lib/python3.8/dist-packages/dogpile/lock.py", line 185, in __enter__
Jun 23 13:54:36.875238 dv-neutron-847346-1-hyperv devstack@keystone.service[80642]: ERROR keystone.server.flask.application return self._enter()
Jun 23 13:54:36.875238 dv-neutron-847346-1-hyperv devstack@keystone.service[80642]: ERROR keystone.server.flask.application
File "/usr/local/lib/python3.8/dist-packages/dogpile/lock.py", line 94, in _enter
Jun 23 13:54:36.875238 dv-neutron-847346-1-hyperv devstack@keystone.service[80642]: ERROR keystone.server.flask.application generated = self._enter_create(value, createdtime)
Jun 23 13:54:36.876198 dv-neutron-847346-1-hyperv devstack@keystone.service[80642]: ERROR keystone.server.flask.application
File "/usr/local/lib/python3.8/dist-packages/dogpile/lock.py", line 178, in _enter_create
Jun 23 13:54:36.876198 dv-neutron-847346-1-hyperv devstack@keystone.service[80642]: ERROR keystone.server.flask.application return self.creator()
Jun 23 13:54:36.876198 dv-neutron-847346-1-hyperv devstack@keystone.service[80642]: ERROR keystone.server.flask.application
File "/usr/local/lib/python3.8/dist-packages/dogpile/cache/region.py", line 995, in gen_value
Jun 23 13:54:36.876198 dv-neutron-847346-1-hyperv devstack@keystone.service[80642]: ERROR keystone.server.flask.application created_value = creator(
Jun 23 13:54:36.876198 dv-neutron-847346-1-hyperv devstack@keystone.service[80642]: ERROR keystone.server.flask.application
File "/opt/stack/keystone/keystone/assignment/core.py", line 1276, in get_role
Jun 23 13:54:36.876198 dv-neutron-847346-1-hyperv devstack@keystone.service[80642]: ERROR keystone.server.flask.application return self.driver.get_role(role_id)
Jun 23 13:54:36.876198 dv-neutron-847346-1-hyperv devstack@keystone.service[80642]: ERROR keystone.server.flask.application
File "/opt/stack/keystone/keystone/assignment/role_backends/sql.py", line 70, in get_role
Jun 23 13:54:36.876198 dv-neutron-847346-1-hyperv devstack@keystone.service[80642]: ERROR keystone.server.flask.application return self._get_role(session, role_id).to_dict()
Jun 23 13:54:36.876198 dv-neutron-847346-1-hyperv devstack@keystone.service[80642]: ERROR keystone.server.flask.application
File "/opt/stack/keystone/keystone/assignment/role_backends/sql.py", line 65, in _get_role
Jun 23 13:54:36.876198 dv-neutron-847346-1-hyperv devstack@keystone.service[80642]: ERROR keystone.server.flask.application raise exception.RoleNotFound(role_id=role_id)
Jun 23 13:54:36.876198 dv-neutron-847346-1-hyperv devstack@keystone.service[80642]: ERROR keystone.server.flask.application keystone.exception.RoleNotFound: Could not find role: reader.
Jun 23 13:54:36.876198 dv-neutron-847346-1-hyperv devstack@keystone.service[80642]: ERROR keystone.server.flask.application
Jun 23 13:54:36.878581 dv-neutron-847346-1-hyperv devstack@keystone.service[80641]: DEBUG keystone.server.flask.request_processing.middleware.auth_context [None req-c2ddc5ca-2bc9-4554-b06f-b3fc91ed7d81 None None] Validating token access rules against request {{(pid=80641) validate_allowed_request /usr/local/lib/python3.8/dist-packages/keystonemiddleware/auth_token/__init__.py:545}}
Jun 23 13:54:36.886395 dv-neutron-847346-1-hyperv devstack@keystone.service[80642]: [pid: 80642|app: 0|req: 54/102] 10.222.0.52 () {56 vars in 1099 bytes} [Thu Jun 23 13:54:36 2022] GET /identity/v3/roles/reader => generated 84 bytes in 349 msecs (HTTP/1.1 404) 5 headers in 183 bytes (1 switches on core 0)
Jun 23 13:54:36.888021 dv-neutron-847346-1-hyperv devstack@keystone.service[80642]: DEBUG keystone.server.flask.request_processing.req_logging [None req-7a8a5865-b1b7-43e9-89ec-a01b66f741c9 None None] REQUEST_METHOD: `GET` {{(pid=80642) log_request_info /opt/stack/keystone/keystone/server/flask/request_processing/req_logging.py:27}}
Jun 23 13:54:36.888573 dv-neutron-847346-1-hyperv devstack@keystone.service[80642]: DEBUG keystone.server.flask.request_processing.req_logging [None req-7a8a5865-b1b7-43e9-89ec-a01b66f741c9 None None] SCRIPT_NAME: `/identity` {{(pid=80642) log_request_info /opt/stack/keystone/keystone/server/flask/request_processing/req_logging.py:28}}
Jun 23 13:54:36.889105 dv-neutron-847346-1-hyperv devstack@keystone.service[80642]: DEBUG keystone.server.flask.request_processing.req_logging [None req-7a8a5865-b1b7-43e9-89ec-a01b66f741c9 None None] PATH_INFO: `/` {{(pid=80642) log_request_info /opt/stack/keystone/keystone/server/flask/request_processing/req_logging.py:29}}
Jun 23 13:54:36.890731 dv-neutron-847346-1-hyperv devstack@keystone.service[80642]: [pid: 80642|app: 0|req: 55/103] 10.222.0.52 () {54 vars in 926 bytes} [Thu Jun 23 13:54:36 2022] GET /identity => generated 270 bytes in 4 msecs (HTTP/1.1 300) 6 headers in 234 bytes (1 switches on core 0)
Jun 23 13:54:36.892526 dv-neutron-847346-1-hyperv devstack@keystone.service[80642]: DEBUG keystone.server.flask.request_processing.middleware.auth_context [None req-7a8a5865-b1b7-43e9-89ec-a01b66f741c9 None None] Authenticating user token {{(pid=80642) process_request /usr/local/lib/python3.8/dist-packages/keystonemiddleware/auth_token/__init__.py:407}}
Jun 23 13:54:36.935552 dv-neutron-847346-1-hyperv devstack@keystone.service[80641]: DEBUG keystone.server.flask.request_processing.middleware.auth_context [None req-0e48cfa1-27f0-4e91-afc2-0bd8baf8c1cd None admin] RBAC: auth_context: {'token': , 'domain_id': None, 'trust_id': None, 'trustor_id': None, 'trustee_id': None, 'domain_name': None, 'group_ids': [], 'user_id': '306969d5460247f9874065d9f95d9d0e', 'user_domain_id': 'default', 'system_scope': 'all', 'project_id': None, 'project_domain_id': None, 'roles': ['admin', 'member', 'reader'], 'is_admin_project': True, 'service_user_id': None, 'service_user_domain_id': None, 'service_project_id': None, 'service_project_domain_id': None, 'service_roles': []} {{(pid=80641) fill_context /opt/stack/keystone/keystone/server/flask/request_processing/middleware/auth_context.py:478}}
Jun 23 13:54:36.936356 dv-neutron-847346-1-hyperv devstack@keystone.service[80641]: DEBUG keystone.server.flask.request_processing.req_logging [None req-0e48cfa1-27f0-4e91-afc2-0bd8baf8c1cd None admin] REQUEST_METHOD: `GET` {{(pid=80641) log_request_info /opt/stack/keystone/keystone/server/flask/request_processing/req_logging.py:27}}
Jun 23 13:54:36.936641 dv-neutron-847346-1-hyperv devstack@keystone.service[80641]: DEBUG keystone.server.flask.request_processing.req_logging [None req-0e48cfa1-27f0-4e91-afc2-0bd8baf8c1cd None admin] SCRIPT_NAME: `/identity` {{(pid=80641) log_request_info /opt/stack/keystone/keystone/server/flask/request_processing/req_logging.py:28}}
Jun 23 13:54:36.936946 dv-neutron-847346-1-hyperv devstack@keystone.service[80641]: DEBUG keystone.server.flask.request_processing.req_logging [None req-0e48cfa1-27f0-4e91-afc2-0bd8baf8c1cd None admin] PATH_INFO: `/v3/domains/default` {{(pid=80641) log_request_info /opt/stack/keystone/keystone/server/flask/request_processing/req_logging.py:29}}
Jun 23 13:54:36.938264 dv-neutron-847346-1-hyperv devstack@keystone.service[80641]: DEBUG keystone.common.rbac_enforcer.enforcer [None req-0e48cfa1-27f0-4e91-afc2-0bd8baf8c1cd None admin] RBAC: Authorizing `identity:get_domain(domain_id=default)` {{(pid=80641) enforce_call /opt/stack/keystone/keystone/common/rbac_enforcer/enforcer.py:449}}
Jun 23 13:54:36.939729 dv-neutron-847346-1-hyperv devstack@keystone.service[80641]: DEBUG keystone.common.rbac_enforcer.enforcer [None req-0e48cfa1-27f0-4e91-afc2-0bd8baf8c1cd None admin] RBAC: Authorization granted {{(pid=80641) enforce_call /opt/stack/keystone/keystone/common/rbac_enforcer/enforcer.py:457}}
