Jun 21 08:20:50.750502 dv-neutron-846905-2-hyperv devstack@n-api.service[119118]: DEBUG oslo_concurrency.lockutils [req-ccfbb449-8e9a-40b0-9f3b-e68795856f82 req-e99d4b62-6191-41c3-b175-e77a28b1bbcb service nova] Lock "b8abe29a-a4fb-4f61-969c-3802403a5c10" acquired by "nova.context.set_target_cell..get_or_set_cached_cell_and_set_connections" :: waited 0.000s {{(pid=119118) inner /usr/local/lib/python3.8/dist-packages/oslo_concurrency/lockutils.py:386}}
Jun 21 08:20:50.753037 dv-neutron-846905-2-hyperv devstack@n-api.service[119118]: DEBUG oslo_concurrency.lockutils [req-ccfbb449-8e9a-40b0-9f3b-e68795856f82 req-e99d4b62-6191-41c3-b175-e77a28b1bbcb service nova] Lock "b8abe29a-a4fb-4f61-969c-3802403a5c10" "released" by "nova.context.set_target_cell..get_or_set_cached_cell_and_set_connections" :: held 0.002s {{(pid=119118) inner /usr/local/lib/python3.8/dist-packages/oslo_concurrency/lockutils.py:400}}
Jun 21 08:20:50.774145 dv-neutron-846905-2-hyperv devstack@n-api.service[119118]: INFO nova.api.openstack.compute.server_external_events [req-ccfbb449-8e9a-40b0-9f3b-e68795856f82 req-e99d4b62-6191-41c3-b175-e77a28b1bbcb service nova] Creating event network-changed:a32214bb-01a6-42be-b376-c76082fe0304 for instance 378237dc-efb4-4f9d-a1fc-14cdb978f680 on hv-neutron-8469
Jun 21 08:20:50.779973 dv-neutron-846905-2-hyperv devstack@n-api.service[119118]: INFO nova.api.openstack.requestlog [req-ccfbb449-8e9a-40b0-9f3b-e68795856f82 req-e99d4b62-6191-41c3-b175-e77a28b1bbcb service nova] 10.222.0.16 "POST /compute/v2.1/os-server-external-events" status: 200 len: 179 microversion: 2.1 time: 0.051266
Jun 21 08:20:50.781157 dv-neutron-846905-2-hyperv devstack@n-api.service[119118]: [pid: 119118|app: 0|req: 38/67] 10.222.0.16 () {64 vars in 1317 bytes} [Tue Jun 21 08:20:50 2022] POST /compute/v2.1/os-server-external-events => generated 179 bytes in 53 msecs (HTTP/1.1 200) 9 headers in 357 bytes (3 switches on core 0)
Jun 21 08:20:51.170031 dv-neutron-846905-2-hyperv devstack@n-api.service[119117]: INFO nova.api.openstack.requestlog [None req-657c9e57-e484-4af4-829b-574eb7da1884 tempest-ServersTestManualDisk-1963117933 tempest-ServersTestManualDisk-1963117933-project] 10.222.0.16 "GET /compute/v2.1/servers/9425c63e-2257-4231-922a-0ba6ff308cee/os-interface" status: 200 len: 285 microversion: 2.1 time: 0.508194
Jun 21 08:20:51.170031 dv-neutron-846905-2-hyperv devstack@n-api.service[119117]: [pid: 119117|app: 0|req: 30/68] 10.222.0.16 () {58 vars in 1274 bytes} [Tue Jun 21 08:20:50 2022] GET /compute/v2.1/servers/9425c63e-2257-4231-922a-0ba6ff308cee/os-interface => generated 285 bytes in 510 msecs (HTTP/1.1 200) 9 headers in 357 bytes (1 switches on core 0)
Jun 21 08:20:52.350711 dv-neutron-846905-2-hyperv devstack@n-api.service[119118]: DEBUG nova.api.openstack.wsgi [None req-b773c188-a805-4056-bdd5-083b1ab69836 tempest-ServersTestJSON-432134649 tempest-ServersTestJSON-432134649-project] Calling method '>' {{(pid=119118) _process_stack /opt/stack/nova/nova/api/openstack/wsgi.py:513}}
Jun 21 08:20:52.351585 dv-neutron-846905-2-hyperv devstack@n-api.service[119118]: DEBUG nova.compute.api [None req-b773c188-a805-4056-bdd5-083b1ab69836 tempest-ServersTestJSON-432134649 tempest-ServersTestJSON-432134649-project] [instance: bfd61624-a310-4cd1-8bd5-c8747878aaec] Fetching instance by UUID {{(pid=119118) get /opt/stack/nova/nova/compute/api.py:2920}}
Jun 21 08:20:52.365914 dv-neutron-846905-2-hyperv devstack@n-api.service[119118]: DEBUG oslo_concurrency.lockutils [None req-b773c188-a805-4056-bdd5-083b1ab69836 tempest-ServersTestJSON-432134649 tempest-ServersTestJSON-432134649-project] Lock "b8abe29a-a4fb-4f61-969c-3802403a5c10" acquired by "nova.context.set_target_cell..get_or_set_cached_cell_and_set_connections" :: waited 0.000s {{(pid=119118) inner /usr/local/lib/python3.8/dist-packages/oslo_concurrency/lockutils.py:386}}
Jun 21 08:20:52.366390 dv-neutron-846905-2-hyperv devstack@n-api.service[119118]: DEBUG oslo_concurrency.lockutils [None req-b773c188-a805-4056-bdd5-083b1ab69836 tempest-ServersTestJSON-432134649 tempest-ServersTestJSON-432134649-project] Lock "b8abe29a-a4fb-4f61-969c-3802403a5c10" "released" by "nova.context.set_target_cell..get_or_set_cached_cell_and_set_connections" :: held 0.002s {{(pid=119118) inner /usr/local/lib/python3.8/dist-packages/oslo_concurrency/lockutils.py:400}}
Jun 21 08:20:52.367185 dv-neutron-846905-2-hyperv devstack@n-api.service[119118]: DEBUG oslo_concurrency.lockutils [None req-b773c188-a805-4056-bdd5-083b1ab69836 tempest-ServersTestJSON-432134649 tempest-ServersTestJSON-432134649-project] Lock "b8abe29a-a4fb-4f61-969c-3802403a5c10" acquired by "nova.context.set_target_cell..get_or_set_cached_cell_and_set_connections" :: waited 0.000s {{(pid=119118) inner /usr/local/lib/python3.8/dist-packages/oslo_concurrency/lockutils.py:386}}
Jun 21 08:20:52.367623 dv-neutron-846905-2-hyperv devstack@n-api.service[119118]: DEBUG oslo_concurrency.lockutils [None req-b773c188-a805-4056-bdd5-083b1ab69836 tempest-ServersTestJSON-432134649 tempest-ServersTestJSON-432134649-project] Lock "b8abe29a-a4fb-4f61-969c-3802403a5c10" "released" by "nova.context.set_target_cell..get_or_set_cached_cell_and_set_connections" :: held 0.000s {{(pid=119118) inner /usr/local/lib/python3.8/dist-packages/oslo_concurrency/lockutils.py:400}}
Jun 21 08:20:52.388298 dv-neutron-846905-2-hyperv devstack@n-api.service[119117]: DEBUG nova.api.openstack.wsgi [req-90dafde3-4333-43a8-8100-80bd89012f39 req-08fae7e0-96a2-4e2a-824e-9c30424651fa service nova] Action: 'create', calling method: >, body: {"events": [{"name": "network-changed", "server_uuid": "bfd61624-a310-4cd1-8bd5-c8747878aaec", "tag": "a23290c9-cb9a-4829-b2d8-8c1aa967e8ec"}]} {{(pid=119117) _process_stack /opt/stack/nova/nova/api/openstack/wsgi.py:511}}
Jun 21 08:20:52.413623 dv-neutron-846905-2-hyperv devstack@n-api.service[119117]: DEBUG oslo_concurrency.lockutils [req-90dafde3-4333-43a8-8100-80bd89012f39 req-08fae7e0-96a2-4e2a-824e-9c30424651fa service nova] Lock "b8abe29a-a4fb-4f61-969c-3802403a5c10" acquired by "nova.context.set_target_cell..get_or_set_cached_cell_and_set_connections" :: waited 0.000s {{(pid=119117) inner /usr/local/lib/python3.8/dist-packages/oslo_concurrency/lockutils.py:386}}
Jun 21 08:20:52.414343 dv-neutron-846905-2-hyperv devstack@n-api.service[119117]: DEBUG oslo_concurrency.lockutils [req-90dafde3-4333-43a8-8100-80bd89012f39 req-08fae7e0-96a2-4e2a-824e-9c30424651fa service nova] Lock "b8abe29a-a4fb-4f61-969c-3802403a5c10" "released" by "nova.context.set_target_cell..get_or_set_cached_cell_and_set_connections" :: held 0.001s {{(pid=119117) inner /usr/local/lib/python3.8/dist-packages/oslo_concurrency/lockutils.py:400}}
Jun 21 08:20:52.441792 dv-neutron-846905-2-hyperv devstack@n-api.service[119117]: INFO nova.api.openstack.compute.server_external_events [req-90dafde3-4333-43a8-8100-80bd89012f39 req-08fae7e0-96a2-4e2a-824e-9c30424651fa service nova] Creating event network-changed:a23290c9-cb9a-4829-b2d8-8c1aa967e8ec for instance bfd61624-a310-4cd1-8bd5-c8747878aaec on hv-neutron-8469
Jun 21 08:20:52.455708 dv-neutron-846905-2-hyperv devstack@n-api.service[119117]: INFO nova.api.openstack.requestlog [req-90dafde3-4333-43a8-8100-80bd89012f39 req-08fae7e0-96a2-4e2a-824e-9c30424651fa service nova] 10.222.0.16 "POST /compute/v2.1/os-server-external-events" status: 200 len: 179 microversion: 2.1 time: 0.069842
Jun 21 08:20:52.457825 dv-neutron-846905-2-hyperv devstack@n-api.service[119117]: [pid: 119117|app: 0|req: 31/69] 10.222.0.16 () {64 vars in 1317 bytes} [Tue Jun 21 08:20:52 2022] POST /compute/v2.1/os-server-external-events => generated 179 bytes in 74 msecs (HTTP/1.1 200) 9 headers in 357 bytes (1 switches on core 0)
Jun 21 08:20:53.223350 dv-neutron-846905-2-hyperv devstack@n-api.service[119118]: DEBUG nova.policy [None req-b773c188-a805-4056-bdd5-083b1ab69836 tempest-ServersTestJSON-432134649 tempest-ServersTestJSON-432134649-project] Policy check for os_compute_api:os-extended-server-attributes failed with credentials {'is_admin': False, 'user_id': 'ab4f3bb6fe6d468d8cefaabbc39984d4', 'user_domain_id': 'default', 'system_scope': None, 'domain_id': None, 'project_id': 'c385a2810a3a40ae91b1d79839f4543e', 'project_domain_id': 'default', 'roles': ['reader', 'member'], 'is_admin_project': True, 'service_user_id': None, 'service_user_domain_id': None, 'service_project_id': None, 'service_project_domain_id': None, 'service_roles': []} {{(pid=119118) authorize /opt/stack/nova/nova/policy.py:199}}
Jun 21 08:20:53.231962 dv-neutron-846905-2-hyperv devstack@n-api.service[119118]: INFO nova.api.openstack.requestlog [None req-b773c188-a805-4056-bdd5-083b1ab69836 tempest-ServersTestJSON-432134649 tempest-ServersTestJSON-432134649-project] 10.222.0.16 "GET /compute/v2.1/servers/bfd61624-a310-4cd1-8bd5-c8747878aaec" status: 200 len: 1576 microversion: 2.1 time: 0.885934
Jun 21 08:20:53.234565 dv-neutron-846905-2-hyperv devstack@n-api.service[119118]: [pid: 119118|app: 0|req: 39/70] 10.222.0.16 () {58 vars in 1235 bytes} [Tue Jun 21 08:20:52 2022] GET /compute/v2.1/servers/bfd61624-a310-4cd1-8bd5-c8747878aaec => generated 1576 bytes in 888 msecs (HTTP/1.1 200) 9 headers in 358 bytes (1 switches on core 0)
Jun 21 08:20:53.249789 dv-neutron-846905-2-hyperv devstack@n-api.service[119117]: DEBUG nova.api.openstack.wsgi [None req-343bb212-f447-437a-a8de-35449c99095c tempest-ServersTestJSON-432134649 tempest-ServersTestJSON-432134649-project] Calling method '>' {{(pid=119117) _process_stack /opt/stack/nova/nova/api/openstack/wsgi.py:513}}
Jun 21 08:20:53.260625 dv-neutron-846905-2-hyperv devstack@n-api.service[119117]: INFO nova.api.openstack.requestlog [None req-343bb212-f447-437a-a8de-35449c99095c tempest-ServersTestJSON-432134649 tempest-ServersTestJSON-432134649-project] 10.222.0.16 "GET /compute/v2.1/flavors/452" status: 200 len: 370 microversion: 2.1 time: 0.015244
Jun 21 08:20:53.262024 dv-neutron-846905-2-hyperv devstack@n-api.service[119117]: [pid: 119117|app: 0|req: 32/71] 10.222.0.16 () {58 vars in 1136 bytes} [Tue Jun 21 08:20:53 2022] GET /compute/v2.1/flavors/452 => generated 370 bytes in 17 msecs (HTTP/1.1 200) 9 headers in 357 bytes (1 switches on core 0)
Jun 21 08:20:55.159334 dv-neutron-846905-2-hyperv devstack@n-api.service[119118]: DEBUG nova.api.openstack.wsgi [None req-c11204db-87eb-4111-a140-bd89966a9bb1 tempest-ServersTestManualDisk-1963117933 tempest-ServersTestManualDisk-1963117933-project] Calling method '>' {{(pid=119118) _process_stack /opt/stack/nova/nova/api/openstack/wsgi.py:513}}
Jun 21 08:20:55.160781 dv-neutron-846905-2-hyperv devstack@n-api.service[119118]: DEBUG nova.compute.api [None req-c11204db-87eb-4111-a140-bd89966a9bb1 tempest-ServersTestManualDisk-1963117933 tempest-ServersTestManualDisk-1963117933-project] [instance: 9425c63e-2257-4231-922a-0ba6ff308cee] Fetching instance by UUID {{(pid=119118) get /opt/stack/nova/nova/compute/api.py:2920}}
Jun 21 08:20:55.169125 dv-neutron-846905-2-hyperv devstack@n-api.service[119117]: DEBUG nova.api.openstack.wsgi [req-30935dce-0f9d-436b-99e7-5bc8f4f1f8b1 req-dff70a4c-27f5-4f5f-98ee-bc530a31134f service nova] Action: 'create', calling method: >, body: {"events": [{"name": "network-changed", "server_uuid": "9425c63e-2257-4231-922a-0ba6ff308cee", "tag": "b4527535-2ee0-4b45-b2b7-6dc78b9dbaca"}]} {{(pid=119117) _process_stack /opt/stack/nova/nova/api/openstack/wsgi.py:511}}
Jun 21 08:20:55.184586 dv-neutron-846905-2-hyperv devstack@n-api.service[119117]: DEBUG oslo_concurrency.lockutils [req-30935dce-0f9d-436b-99e7-5bc8f4f1f8b1 req-dff70a4c-27f5-4f5f-98ee-bc530a31134f service nova] Lock "b8abe29a-a4fb-4f61-969c-3802403a5c10" acquired by "nova.context.set_target_cell..get_or_set_cached_cell_and_set_connections" :: waited 0.000s {{(pid=119117) inner /usr/local/lib/python3.8/dist-packages/oslo_concurrency/lockutils.py:386}}
Jun 21 08:20:55.185557 dv-neutron-846905-2-hyperv devstack@n-api.service[119118]: DEBUG oslo_concurrency.lockutils [None req-c11204db-87eb-4111-a140-bd89966a9bb1 tempest-ServersTestManualDisk-1963117933 tempest-ServersTestManualDisk-1963117933-project] Lock "b8abe29a-a4fb-4f61-969c-3802403a5c10" acquired by "nova.context.set_target_cell..get_or_set_cached_cell_and_set_connections" :: waited 0.000s {{(pid=119118) inner /usr/local/lib/python3.8/dist-packages/oslo_concurrency/lockutils.py:386}}
Jun 21 08:20:55.186719 dv-neutron-846905-2-hyperv devstack@n-api.service[119117]: DEBUG oslo_concurrency.lockutils [req-30935dce-0f9d-436b-99e7-5bc8f4f1f8b1 req-dff70a4c-27f5-4f5f-98ee-bc530a31134f service nova] Lock "b8abe29a-a4fb-4f61-969c-3802403a5c10" "released" by "nova.context.set_target_cell..get_or_set_cached_cell_and_set_connections" :: held 0.002s {{(pid=119117) inner /usr/local/lib/python3.8/dist-packages/oslo_concurrency/lockutils.py:400}}
Jun 21 08:20:55.187660 dv-neutron-846905-2-hyperv devstack@n-api.service[119118]: DEBUG oslo_concurrency.lockutils [None req-c11204db-87eb-4111-a140-bd89966a9bb1 tempest-ServersTestManualDisk-1963117933 tempest-ServersTestManualDisk-1963117933-project] Lock "b8abe29a-a4fb-4f61-969c-3802403a5c10" "released" by "nova.context.set_target_cell..get_or_set_cached_cell_and_set_connections" :: held 0.001s {{(pid=119118) inner /usr/local/lib/python3.8/dist-packages/oslo_concurrency/lockutils.py:400}}
Jun 21 08:20:55.188446 dv-neutron-846905-2-hyperv devstack@n-api.service[119118]: DEBUG oslo_concurrency.lockutils [None req-c11204db-87eb-4111-a140-bd89966a9bb1 tempest-ServersTestManualDisk-1963117933 tempest-ServersTestManualDisk-1963117933-project] Lock "b8abe29a-a4fb-4f61-969c-3802403a5c10" acquired by "nova.context.set_target_cell..get_or_set_cached_cell_and_set_connections" :: waited 0.000s {{(pid=119118) inner /usr/local/lib/python3.8/dist-packages/oslo_concurrency/lockutils.py:386}}
Jun 21 08:20:55.188872 dv-neutron-846905-2-hyperv devstack@n-api.service[119118]: DEBUG oslo_concurrency.lockutils [None req-c11204db-87eb-4111-a140-bd89966a9bb1 tempest-ServersTestManualDisk-1963117933 tempest-ServersTestManualDisk-1963117933-project] Lock "b8abe29a-a4fb-4f61-969c-3802403a5c10" "released" by "nova.context.set_target_cell..get_or_set_cached_cell_and_set_connections" :: held 0.000s {{(pid=119118) inner /usr/local/lib/python3.8/dist-packages/oslo_concurrency/lockutils.py:400}}
Jun 21 08:20:55.217982 dv-neutron-846905-2-hyperv devstack@n-api.service[119117]: INFO nova.api.openstack.compute.server_external_events [req-30935dce-0f9d-436b-99e7-5bc8f4f1f8b1 req-dff70a4c-27f5-4f5f-98ee-bc530a31134f service nova] Creating event network-changed:b4527535-2ee0-4b45-b2b7-6dc78b9dbaca for instance 9425c63e-2257-4231-922a-0ba6ff308cee on hv-neutron-8469
Jun 21 08:20:55.226945 dv-neutron-846905-2-hyperv devstack@n-api.service[119117]: INFO nova.api.openstack.requestlog [req-30935dce-0f9d-436b-99e7-5bc8f4f1f8b1 req-dff70a4c-27f5-4f5f-98ee-bc530a31134f service nova] 10.222.0.16 "POST /compute/v2.1/os-server-external-events" status: 200 len: 179 microversion: 2.1 time: 0.061481
Jun 21 08:20:55.232240 dv-neutron-846905-2-hyperv devstack@n-api.service[119117]: [pid: 119117|app: 0|req: 33/72] 10.222.0.16 () {64 vars in 1317 bytes} [Tue Jun 21 08:20:55 2022] POST /compute/v2.1/os-server-external-events => generated 179 bytes in 67 msecs (HTTP/1.1 200) 9 headers in 357 bytes (2 switches on core 0)
Jun 21 08:20:55.693894 dv-neutron-846905-2-hyperv devstack@n-api.service[119118]: DEBUG nova.policy [None req-c11204db-87eb-4111-a140-bd89966a9bb1 tempest-ServersTestManualDisk-1963117933 tempest-ServersTestManualDisk-1963117933-project] Policy check for os_compute_api:os-extended-server-attributes failed with credentials {'is_admin': False, 'user_id': '7bce2fe8a52243088f5cfe9e883e41b3', 'user_domain_id': 'default', 'system_scope': None, 'domain_id': None, 'project_id': '4c495afa18c54c83ab44b17f3a3a70f1', 'project_domain_id': 'default', 'roles': ['reader', 'member'], 'is_admin_project': True, 'service_user_id': None, 'service_user_domain_id': None, 'service_project_id': None, 'service_project_domain_id': None, 'service_roles': []} {{(pid=119118) authorize /opt/stack/nova/nova/policy.py:199}}
Jun 21 08:20:55.708488 dv-neutron-846905-2-hyperv devstack@n-api.service[119118]: INFO nova.api.openstack.requestlog [None req-c11204db-87eb-4111-a140-bd89966a9bb1 tempest-ServersTestManualDisk-1963117933 tempest-ServersTestManualDisk-1963117933-project] 10.222.0.16 "GET /compute/v2.1/servers/9425c63e-2257-4231-922a-0ba6ff308cee" status: 200 len: 1590 microversion: 2.1 time: 0.553214
Jun 21 08:20:55.722013 dv-neutron-846905-2-hyperv devstack@n-api.service[119118]: [pid: 119118|app: 0|req: 40/73] 10.222.0.16 () {58 vars in 1235 bytes} [Tue Jun 21 08:20:55 2022] GET /compute/v2.1/servers/9425c63e-2257-4231-922a-0ba6ff308cee => generated 1590 bytes in 568 msecs (HTTP/1.1 200) 9 headers in 358 bytes (1 switches on core 0)
Jun 21 08:20:55.728771 dv-neutron-846905-2-hyperv devstack@n-api.service[119117]: DEBUG nova.api.openstack.wsgi [None req-a1bcb54d-4790-43a2-a21f-1fd1d7fe5c7b tempest-ServersTestManualDisk-1963117933 tempest-ServersTestManualDisk-1963117933-project] Calling method '>' {{(pid=119117) _process_stack /opt/stack/nova/nova/api/openstack/wsgi.py:513}}
Jun 21 08:20:55.739237 dv-neutron-846905-2-hyperv devstack@n-api.service[119117]: INFO nova.api.openstack.requestlog [None req-a1bcb54d-4790-43a2-a21f-1fd1d7fe5c7b tempest-ServersTestManualDisk-1963117933 tempest-ServersTestManualDisk-1963117933-project] 10.222.0.16 "GET /compute/v2.1/flavors/452" status: 200 len: 370 microversion: 2.1 time: 0.015008
Jun 21 08:20:55.746042 dv-neutron-846905-2-hyperv devstack@n-api.service[119117]: [pid: 119117|app: 0|req: 34/74] 10.222.0.16 () {58 vars in 1136 bytes} [Tue Jun 21 08:20:55 2022] GET /compute/v2.1/flavors/452 => generated 370 bytes in 23 msecs (HTTP/1.1 200) 9 headers in 357 bytes (2 switches on core 0)
Jun 21 08:21:25.246869 dv-neutron-846905-2-hyperv devstack@n-api.service[119118]: DEBUG nova.api.openstack.wsgi [None req-4e2bd606-9802-418a-ad68-2b05ed0f21d5 tempest-ServerActionsTestJSON-473238937 tempest-ServerActionsTestJSON-473238937-project] Calling method '>' {{(pid=119118) _process_stack /opt/stack/nova/nova/api/openstack/wsgi.py:513}}
Jun 21 08:21:25.247548 dv-neutron-846905-2-hyperv devstack@n-api.service[119118]: DEBUG nova.compute.api [None req-4e2bd606-9802-418a-ad68-2b05ed0f21d5 tempest-ServerActionsTestJSON-473238937 tempest-ServerActionsTestJSON-473238937-project] [instance: 378237dc-efb4-4f9d-a1fc-14cdb978f680] Fetching instance by UUID {{(pid=119118) get /opt/stack/nova/nova/compute/api.py:2920}}
Jun 21 08:21:25.253267 dv-neutron-846905-2-hyperv devstack@n-api.service[119118]: DEBUG dbcounter [-] [119118] Writing DB stats nova_api:SELECT=35 {{(pid=119118) stat_writer /usr/local/lib/python3.8/dist-packages/dbcounter.py:114}}
Jun 21 08:21:25.254632 dv-neutron-846905-2-hyperv devstack@n-api.service[119118]: DEBUG dbcounter [-] [119118] Writing DB stats nova_cell1:SELECT=76 {{(pid=119118) stat_writer /usr/local/lib/python3.8/dist-packages/dbcounter.py:114}}
Jun 21 08:21:25.257541 dv-neutron-846905-2-hyperv devstack@n-api.service[119118]: DEBUG oslo_concurrency.lockutils [None req-4e2bd606-9802-418a-ad68-2b05ed0f21d5 tempest-ServerActionsTestJSON-473238937 tempest-ServerActionsTestJSON-473238937-project] Lock "b8abe29a-a4fb-4f61-969c-3802403a5c10" acquired by "nova.context.set_target_cell..get_or_set_cached_cell_and_set_connections" :: waited 0.000s {{(pid=119118) inner /usr/local/lib/python3.8/dist-packages/oslo_concurrency/lockutils.py:386}}
Jun 21 08:21:25.258069 dv-neutron-846905-2-hyperv devstack@n-api.service[119118]: DEBUG oslo_concurrency.lockutils [None req-4e2bd606-9802-418a-ad68-2b05ed0f21d5 tempest-ServerActionsTestJSON-473238937 tempest-ServerActionsTestJSON-473238937-project] Lock "b8abe29a-a4fb-4f61-969c-3802403a5c10" "released" by "nova.context.set_target_cell..get_or_set_cached_cell_and_set_connections" :: held 0.001s {{(pid=119118) inner /usr/local/lib/python3.8/dist-packages/oslo_concurrency/lockutils.py:400}}
Jun 21 08:21:25.258931 dv-neutron-846905-2-hyperv devstack@n-api.service[119118]: DEBUG oslo_concurrency.lockutils [None req-4e2bd606-9802-418a-ad68-2b05ed0f21d5 tempest-ServerActionsTestJSON-473238937 tempest-ServerActionsTestJSON-473238937-project] Lock "b8abe29a-a4fb-4f61-969c-3802403a5c10" acquired by "nova.context.set_target_cell..get_or_set_cached_cell_and_set_connections" :: waited 0.000s {{(pid=119118) inner /usr/local/lib/python3.8/dist-packages/oslo_concurrency/lockutils.py:386}}
Jun 21 08:21:25.259367 dv-neutron-846905-2-hyperv devstack@n-api.service[119118]: DEBUG oslo_concurrency.lockutils [None req-4e2bd606-9802-418a-ad68-2b05ed0f21d5 tempest-ServerActionsTestJSON-473238937 tempest-ServerActionsTestJSON-473238937-project] Lock "b8abe29a-a4fb-4f61-969c-3802403a5c10" "released" by "nova.context.set_target_cell..get_or_set_cached_cell_and_set_connections" :: held 0.000s {{(pid=119118) inner /usr/local/lib/python3.8/dist-packages/oslo_concurrency/lockutils.py:400}}
Jun 21 08:21:25.689002 dv-neutron-846905-2-hyperv devstack@n-api.service[119118]: DEBUG nova.policy [None req-4e2bd606-9802-418a-ad68-2b05ed0f21d5 tempest-ServerActionsTestJSON-473238937 tempest-ServerActionsTestJSON-473238937-project] Policy check for os_compute_api:os-extended-server-attributes failed with credentials {'is_admin': False, 'user_id': 'b6ed5873eecb4722abfbbc73397da52e', 'user_domain_id': 'default', 'system_scope': None, 'domain_id': None, 'project_id': '853f7c0cfa534b569be96655fa533388', 'project_domain_id': 'default', 'roles': ['reader', 'member'], 'is_admin_project': True, 'service_user_id': None, 'service_user_domain_id': None, 'service_project_id': None, 'service_project_domain_id': None, 'service_roles': []} {{(pid=119118) authorize /opt/stack/nova/nova/policy.py:199}}
Jun 21 08:21:25.698830 dv-neutron-846905-2-hyperv devstack@n-api.service[119118]: INFO nova.api.openstack.requestlog [None req-4e2bd606-9802-418a-ad68-2b05ed0f21d5 tempest-ServerActionsTestJSON-473238937 tempest-ServerActionsTestJSON-473238937-project] 10.222.0.16 "GET /compute/v2.1/servers/378237dc-efb4-4f9d-a1fc-14cdb978f680" status: 200 len: 1670 microversion: 2.1 time: 0.456541
Jun 21 08:21:25.699796 dv-neutron-846905-2-hyperv devstack@n-api.service[119118]: [pid: 119118|app: 0|req: 41/75] 10.222.0.16 () {58 vars in 1235 bytes} [Tue Jun 21 08:21:25 2022] GET /compute/v2.1/servers/378237dc-efb4-4f9d-a1fc-14cdb978f680 => generated 1670 bytes in 458 msecs (HTTP/1.1 200) 9 headers in 358 bytes (2 switches on core 0)
Jun 21 08:21:25.717641 dv-neutron-846905-2-hyperv devstack@n-api.service[119117]: DEBUG nova.api.openstack.wsgi [None req-11162239-e6ee-4d22-8e3f-531a94041b73 tempest-ServerActionsTestJSON-473238937 tempest-ServerActionsTestJSON-473238937-project] Calling method '>' {{(pid=119117) _process_stack /opt/stack/nova/nova/api/openstack/wsgi.py:513}}
Jun 21 08:21:25.718669 dv-neutron-846905-2-hyperv devstack@n-api.service[119117]: DEBUG nova.compute.api [None req-11162239-e6ee-4d22-8e3f-531a94041b73 tempest-ServerActionsTestJSON-473238937 tempest-ServerActionsTestJSON-473238937-project] [instance: 378237dc-efb4-4f9d-a1fc-14cdb978f680] Fetching instance by UUID {{(pid=119117) get /opt/stack/nova/nova/compute/api.py:2920}}
Jun 21 08:21:25.721128 dv-neutron-846905-2-hyperv devstack@n-api.service[119117]: DEBUG dbcounter [-] [119117] Writing DB stats nova_cell1:SELECT=58 {{(pid=119117) stat_writer /usr/local/lib/python3.8/dist-packages/dbcounter.py:114}}
Jun 21 08:21:25.722984 dv-neutron-846905-2-hyperv devstack@n-api.service[119117]: DEBUG dbcounter [-] [119117] Writing DB stats nova_api:SELECT=39 {{(pid=119117) stat_writer /usr/local/lib/python3.8/dist-packages/dbcounter.py:114}}
Jun 21 08:21:25.728312 dv-neutron-846905-2-hyperv devstack@n-api.service[119117]: DEBUG oslo_concurrency.lockutils [None req-11162239-e6ee-4d22-8e3f-531a94041b73 tempest-ServerActionsTestJSON-473238937 tempest-ServerActionsTestJSON-473238937-project] Lock "b8abe29a-a4fb-4f61-969c-3802403a5c10" acquired by "nova.context.set_target_cell..get_or_set_cached_cell_and_set_connections" :: waited 0.000s {{(pid=119117) inner /usr/local/lib/python3.8/dist-packages/oslo_concurrency/lockutils.py:386}}
Jun 21 08:21:25.729036 dv-neutron-846905-2-hyperv devstack@n-api.service[119117]: DEBUG oslo_concurrency.lockutils [None req-11162239-e6ee-4d22-8e3f-531a94041b73 tempest-ServerActionsTestJSON-473238937 tempest-ServerActionsTestJSON-473238937-project] Lock "b8abe29a-a4fb-4f61-969c-3802403a5c10" "released" by "nova.context.set_target_cell..get_or_set_cached_cell_and_set_connections" :: held 0.001s {{(pid=119117) inner /usr/local/lib/python3.8/dist-packages/oslo_concurrency/lockutils.py:400}}
Jun 21 08:21:25.730119 dv-neutron-846905-2-hyperv devstack@n-api.service[119117]: DEBUG oslo_concurrency.lockutils [None req-11162239-e6ee-4d22-8e3f-531a94041b73 tempest-ServerActionsTestJSON-473238937 tempest-ServerActionsTestJSON-473238937-project] Lock "b8abe29a-a4fb-4f61-969c-3802403a5c10" acquired by "nova.context.set_target_cell..get_or_set_cached_cell_and_set_connections" :: waited 0.000s {{(pid=119117) inner /usr/local/lib/python3.8/dist-packages/oslo_concurrency/lockutils.py:386}}
Jun 21 08:21:25.730621 dv-neutron-846905-2-hyperv devstack@n-api.service[119117]: DEBUG oslo_concurrency.lockutils [None req-11162239-e6ee-4d22-8e3f-531a94041b73 tempest-ServerActionsTestJSON-473238937 tempest-ServerActionsTestJSON-473238937-project] Lock "b8abe29a-a4fb-4f61-969c-3802403a5c10" "released" by "nova.context.set_target_cell..get_or_set_cached_cell_and_set_connections" :: held 0.000s {{(pid=119117) inner /usr/local/lib/python3.8/dist-packages/oslo_concurrency/lockutils.py:400}}
Jun 21 08:21:25.885470 dv-neutron-846905-2-hyperv devstack@n-api.service[119118]: DEBUG nova.api.openstack.wsgi [None req-b21deefb-c47e-4a47-9531-31a5b89700d0 tempest-ServersTestJSON-432134649 tempest-ServersTestJSON-432134649-project] Calling method '>' {{(pid=119118) _process_stack /opt/stack/nova/nova/api/openstack/wsgi.py:513}}
Jun 21 08:21:25.886240 dv-neutron-846905-2-hyperv devstack@n-api.service[119118]: DEBUG nova.compute.api [None req-b21deefb-c47e-4a47-9531-31a5b89700d0 tempest-ServersTestJSON-432134649 tempest-ServersTestJSON-432134649-project] [instance: bfd61624-a310-4cd1-8bd5-c8747878aaec] Fetching instance by UUID {{(pid=119118) get /opt/stack/nova/nova/compute/api.py:2920}}
Jun 21 08:21:25.894152 dv-neutron-846905-2-hyperv devstack@n-api.service[119118]: DEBUG oslo_concurrency.lockutils [None req-b21deefb-c47e-4a47-9531-31a5b89700d0 tempest-ServersTestJSON-432134649 tempest-ServersTestJSON-432134649-project] Lock "b8abe29a-a4fb-4f61-969c-3802403a5c10" acquired by "nova.context.set_target_cell..get_or_set_cached_cell_and_set_connections" :: waited 0.000s {{(pid=119118) inner /usr/local/lib/python3.8/dist-packages/oslo_concurrency/lockutils.py:386}}
Jun 21 08:21:25.894841 dv-neutron-846905-2-hyperv devstack@n-api.service[119118]: DEBUG oslo_concurrency.lockutils [None req-b21deefb-c47e-4a47-9531-31a5b89700d0 tempest-ServersTestJSON-432134649 tempest-ServersTestJSON-432134649-project] Lock "b8abe29a-a4fb-4f61-969c-3802403a5c10" "released" by "nova.context.set_target_cell..get_or_set_cached_cell_and_set_connections" :: held 0.001s {{(pid=119118) inner /usr/local/lib/python3.8/dist-packages/oslo_concurrency/lockutils.py:400}}
Jun 21 08:21:25.895954 dv-neutron-846905-2-hyperv devstack@n-api.service[119118]: DEBUG oslo_concurrency.lockutils [None req-b21deefb-c47e-4a47-9531-31a5b89700d0 tempest-ServersTestJSON-432134649 tempest-ServersTestJSON-432134649-project] Lock "b8abe29a-a4fb-4f61-969c-3802403a5c10" acquired by "nova.context.set_target_cell..get_or_set_cached_cell_and_set_connections" :: waited 0.000s {{(pid=119118) inner /usr/local/lib/python3.8/dist-packages/oslo_concurrency/lockutils.py:386}}
Jun 21 08:21:25.896561 dv-neutron-846905-2-hyperv devstack@n-api.service[119118]: DEBUG oslo_concurrency.lockutils [None req-b21deefb-c47e-4a47-9531-31a5b89700d0 tempest-ServersTestJSON-432134649 tempest-ServersTestJSON-432134649-project] Lock "b8abe29a-a4fb-4f61-969c-3802403a5c10" "released" by "nova.context.set_target_cell..get_or_set_cached_cell_and_set_connections" :: held 0.001s {{(pid=119118) inner /usr/local/lib/python3.8/dist-packages/oslo_concurrency/lockutils.py:400}}
Jun 21 08:21:25.929231 dv-neutron-846905-2-hyperv devstack@n-api.service[119118]: DEBUG nova.compute.api [None req-b21deefb-c47e-4a47-9531-31a5b89700d0 tempest-ServersTestJSON-432134649 tempest-ServersTestJSON-432134649-project] [instance: bfd61624-a310-4cd1-8bd5-c8747878aaec] Going to try to terminate instance {{(pid=119118) delete /opt/stack/nova/nova/compute/api.py:2664}}
Jun 21 08:21:26.024795 dv-neutron-846905-2-hyperv devstack@n-api.service[119117]: DEBUG nova.policy [None req-11162239-e6ee-4d22-8e3f-531a94041b73 tempest-ServerActionsTestJSON-473238937 tempest-ServerActionsTestJSON-473238937-project] Policy check for os_compute_api:os-extended-server-attributes failed with credentials {'is_admin': False, 'user_id': 'b6ed5873eecb4722abfbbc73397da52e', 'user_domain_id': 'default', 'system_scope': None, 'domain_id': None, 'project_id': '853f7c0cfa534b569be96655fa533388', 'project_domain_id': 'default', 'roles': ['reader', 'member'], 'is_admin_project': True, 'service_user_id': None, 'service_user_domain_id': None, 'service_project_id': None, 'service_project_domain_id': None, 'service_roles': []} {{(pid=119117) authorize /opt/stack/nova/nova/policy.py:199}}
Jun 21 08:21:26.032511 dv-neutron-846905-2-hyperv devstack@n-api.service[119117]: INFO nova.api.openstack.requestlog [None req-11162239-e6ee-4d22-8e3f-531a94041b73 tempest-ServerActionsTestJSON-473238937 tempest-ServerActionsTestJSON-473238937-project] 10.222.0.16 "GET /compute/v2.1/servers/378237dc-efb4-4f9d-a1fc-14cdb978f680" status: 200 len: 1670 microversion: 2.1 time: 0.319505
Jun 21 08:21:26.033813 dv-neutron-846905-2-hyperv devstack@n-api.service[119117]: [pid: 119117|app: 0|req: 35/76] 10.222.0.16 () {58 vars in 1235 bytes} [Tue Jun 21 08:21:25 2022] GET /compute/v2.1/servers/378237dc-efb4-4f9d-a1fc-14cdb978f680 => generated 1670 bytes in 321 msecs (HTTP/1.1 200) 9 headers in 358 bytes (1 switches on core 0)
Jun 21 08:21:26.049954 dv-neutron-846905-2-hyperv devstack@n-api.service[119117]: DEBUG nova.api.openstack.wsgi [None req-62bc70bf-0c61-4328-a53b-5036704df78a tempest-ServerActionsTestJSON-473238937 tempest-ServerActionsTestJSON-473238937-project] Calling method '>' {{(pid=119117) _process_stack /opt/stack/nova/nova/api/openstack/wsgi.py:513}}
Jun 21 08:21:26.051609 dv-neutron-846905-2-hyperv devstack@n-api.service[119117]: DEBUG nova.compute.api [None req-62bc70bf-0c61-4328-a53b-5036704df78a tempest-ServerActionsTestJSON-473238937 tempest-ServerActionsTestJSON-473238937-project] [instance: 378237dc-efb4-4f9d-a1fc-14cdb978f680] Fetching instance by UUID {{(pid=119117) get /opt/stack/nova/nova/compute/api.py:2920}}
Jun 21 08:21:26.059182 dv-neutron-846905-2-hyperv devstack@n-api.service[119117]: DEBUG oslo_concurrency.lockutils [None req-62bc70bf-0c61-4328-a53b-5036704df78a tempest-ServerActionsTestJSON-473238937 tempest-ServerActionsTestJSON-473238937-project] Lock "b8abe29a-a4fb-4f61-969c-3802403a5c10" acquired by "nova.context.set_target_cell..get_or_set_cached_cell_and_set_connections" :: waited 0.000s {{(pid=119117) inner /usr/local/lib/python3.8/dist-packages/oslo_concurrency/lockutils.py:386}}
Jun 21 08:21:26.059926 dv-neutron-846905-2-hyperv devstack@n-api.service[119117]: DEBUG oslo_concurrency.lockutils [None req-62bc70bf-0c61-4328-a53b-5036704df78a tempest-ServerActionsTestJSON-473238937 tempest-ServerActionsTestJSON-473238937-project] Lock "b8abe29a-a4fb-4f61-969c-3802403a5c10" "released" by "nova.context.set_target_cell..get_or_set_cached_cell_and_set_connections" :: held 0.001s {{(pid=119117) inner /usr/local/lib/python3.8/dist-packages/oslo_concurrency/lockutils.py:400}}
Jun 21 08:21:26.060908 dv-neutron-846905-2-hyperv devstack@n-api.service[119117]: DEBUG oslo_concurrency.lockutils [None req-62bc70bf-0c61-4328-a53b-5036704df78a tempest-ServerActionsTestJSON-473238937 tempest-ServerActionsTestJSON-473238937-project] Lock "b8abe29a-a4fb-4f61-969c-3802403a5c10" acquired by "nova.context.set_target_cell..get_or_set_cached_cell_and_set_connections" :: waited 0.000s {{(pid=119117) inner /usr/local/lib/python3.8/dist-packages/oslo_concurrency/lockutils.py:386}}
Jun 21 08:21:26.061704 dv-neutron-846905-2-hyperv devstack@n-api.service[119117]: DEBUG oslo_concurrency.lockutils [None req-62bc70bf-0c61-4328-a53b-5036704df78a tempest-ServerActionsTestJSON-473238937 tempest-ServerActionsTestJSON-473238937-project] Lock "b8abe29a-a4fb-4f61-969c-3802403a5c10" "released" by "nova.context.set_target_cell..get_or_set_cached_cell_and_set_connections" :: held 0.001s {{(pid=119117) inner /usr/local/lib/python3.8/dist-packages/oslo_concurrency/lockutils.py:400}}
Jun 21 08:21:26.305392 dv-neutron-846905-2-hyperv devstack@n-api.service[119118]: INFO nova.api.openstack.requestlog [None req-b21deefb-c47e-4a47-9531-31a5b89700d0 tempest-ServersTestJSON-432134649 tempest-ServersTestJSON-432134649-project] 10.222.0.16 "DELETE /compute/v2.1/servers/bfd61624-a310-4cd1-8bd5-c8747878aaec" status: 204 len: 0 microversion: 2.1 time: 0.423499
Jun 21 08:21:26.307177 dv-neutron-846905-2-hyperv devstack@n-api.service[119118]: [pid: 119118|app: 0|req: 42/77] 10.222.0.16 () {58 vars in 1238 bytes} [Tue Jun 21 08:21:25 2022] DELETE /compute/v2.1/servers/bfd61624-a310-4cd1-8bd5-c8747878aaec => generated 0 bytes in 426 msecs (HTTP/1.1 204) 9 headers in 363 bytes (2 switches on core 0)
Jun 21 08:21:26.317314 dv-neutron-846905-2-hyperv devstack@n-api.service[119118]: DEBUG nova.api.openstack.wsgi [None req-970824ec-2424-42c7-9dfa-0b7da610ec64 tempest-ServersTestJSON-432134649 tempest-ServersTestJSON-432134649-project] Calling method '>' {{(pid=119118) _process_stack /opt/stack/nova/nova/api/openstack/wsgi.py:513}}
Jun 21 08:21:26.318401 dv-neutron-846905-2-hyperv devstack@n-api.service[119118]: DEBUG nova.compute.api [None req-970824ec-2424-42c7-9dfa-0b7da610ec64 tempest-ServersTestJSON-432134649 tempest-ServersTestJSON-432134649-project] [instance: bfd61624-a310-4cd1-8bd5-c8747878aaec] Fetching instance by UUID {{(pid=119118) get /opt/stack/nova/nova/compute/api.py:2920}}
Jun 21 08:21:26.323274 dv-neutron-846905-2-hyperv devstack@n-api.service[119117]: DEBUG nova.policy [None req-62bc70bf-0c61-4328-a53b-5036704df78a tempest-ServerActionsTestJSON-473238937 tempest-ServerActionsTestJSON-473238937-project] Policy check for os_compute_api:os-extended-server-attributes failed with credentials {'is_admin': False, 'user_id': 'b6ed5873eecb4722abfbbc73397da52e', 'user_domain_id': 'default', 'system_scope': None, 'domain_id': None, 'project_id': '853f7c0cfa534b569be96655fa533388', 'project_domain_id': 'default', 'roles': ['reader', 'member'], 'is_admin_project': True, 'service_user_id': None, 'service_user_domain_id': None, 'service_project_id': None, 'service_project_domain_id': None, 'service_roles': []} {{(pid=119117) authorize /opt/stack/nova/nova/policy.py:199}}
Jun 21 08:21:26.327809 dv-neutron-846905-2-hyperv devstack@n-api.service[119118]: DEBUG oslo_concurrency.lockutils [None req-970824ec-2424-42c7-9dfa-0b7da610ec64 tempest-ServersTestJSON-432134649 tempest-ServersTestJSON-432134649-project] Lock "b8abe29a-a4fb-4f61-969c-3802403a5c10" acquired by "nova.context.set_target_cell..get_or_set_cached_cell_and_set_connections" :: waited 0.000s {{(pid=119118) inner /usr/local/lib/python3.8/dist-packages/oslo_concurrency/lockutils.py:386}}
Jun 21 08:21:26.328653 dv-neutron-846905-2-hyperv devstack@n-api.service[119118]: DEBUG oslo_concurrency.lockutils [None req-970824ec-2424-42c7-9dfa-0b7da610ec64 tempest-ServersTestJSON-432134649 tempest-ServersTestJSON-432134649-project] Lock "b8abe29a-a4fb-4f61-969c-3802403a5c10" "released" by "nova.context.set_target_cell..get_or_set_cached_cell_and_set_connections" :: held 0.001s {{(pid=119118) inner /usr/local/lib/python3.8/dist-packages/oslo_concurrency/lockutils.py:400}}
Jun 21 08:21:26.329812 dv-neutron-846905-2-hyperv devstack@n-api.service[119118]: DEBUG oslo_concurrency.lockutils [None req-970824ec-2424-42c7-9dfa-0b7da610ec64 tempest-ServersTestJSON-432134649 tempest-ServersTestJSON-432134649-project] Lock "b8abe29a-a4fb-4f61-969c-3802403a5c10" acquired by "nova.context.set_target_cell..get_or_set_cached_cell_and_set_connections" :: waited 0.000s {{(pid=119118) inner /usr/local/lib/python3.8/dist-packages/oslo_concurrency/lockutils.py:386}}
Jun 21 08:21:26.330426 dv-neutron-846905-2-hyperv devstack@n-api.service[119118]: DEBUG oslo_concurrency.lockutils [None req-970824ec-2424-42c7-9dfa-0b7da610ec64 tempest-ServersTestJSON-432134649 tempest-ServersTestJSON-432134649-project] Lock "b8abe29a-a4fb-4f61-969c-3802403a5c10" "released" by "nova.context.set_target_cell..get_or_set_cached_cell_and_set_connections" :: held 0.001s {{(pid=119118) inner /usr/local/lib/python3.8/dist-packages/oslo_concurrency/lockutils.py:400}}
Jun 21 08:21:26.333223 dv-neutron-846905-2-hyperv devstack@n-api.service[119117]: INFO nova.api.openstack.requestlog [None req-62bc70bf-0c61-4328-a53b-5036704df78a tempest-ServerActionsTestJSON-473238937 tempest-ServerActionsTestJSON-473238937-project] 10.222.0.16 "GET /compute/v2.1/servers/378237dc-efb4-4f9d-a1fc-14cdb978f680" status: 200 len: 1670 microversion: 2.1 time: 0.287383
Jun 21 08:21:26.342404 dv-neutron-846905-2-hyperv devstack@n-api.service[119117]: [pid: 119117|app: 0|req: 36/78] 10.222.0.16 () {58 vars in 1235 bytes} [Tue Jun 21 08:21:26 2022] GET /compute/v2.1/servers/378237dc-efb4-4f9d-a1fc-14cdb978f680 => generated 1670 bytes in 297 msecs (HTTP/1.1 200) 9 headers in 358 bytes (2 switches on core 0)
Jun 21 08:21:26.351479 dv-neutron-846905-2-hyperv devstack@n-api.service[119117]: DEBUG nova.api.openstack.wsgi [None req-b5f4f4e3-1f96-4c91-9e62-1a4d2cc8e914 tempest-ServerActionsTestJSON-473238937 tempest-ServerActionsTestJSON-473238937-project] Action: 'action', calling method: >, body: {"lock": {}} {{(pid=119117) _process_stack /opt/stack/nova/nova/api/openstack/wsgi.py:511}}
Jun 21 08:21:26.352679 dv-neutron-846905-2-hyperv devstack@n-api.service[119117]: DEBUG nova.compute.api [None req-b5f4f4e3-1f96-4c91-9e62-1a4d2cc8e914 tempest-ServerActionsTestJSON-473238937 tempest-ServerActionsTestJSON-473238937-project] [instance: 378237dc-efb4-4f9d-a1fc-14cdb978f680] Fetching instance by UUID {{(pid=119117) get /opt/stack/nova/nova/compute/api.py:2920}}
Jun 21 08:21:26.359477 dv-neutron-846905-2-hyperv devstack@n-api.service[119117]: DEBUG oslo_concurrency.lockutils [None req-b5f4f4e3-1f96-4c91-9e62-1a4d2cc8e914 tempest-ServerActionsTestJSON-473238937 tempest-ServerActionsTestJSON-473238937-project] Lock "b8abe29a-a4fb-4f61-969c-3802403a5c10" acquired by "nova.context.set_target_cell..get_or_set_cached_cell_and_set_connections" :: waited 0.000s {{(pid=119117) inner /usr/local/lib/python3.8/dist-packages/oslo_concurrency/lockutils.py:386}}
Jun 21 08:21:26.360173 dv-neutron-846905-2-hyperv devstack@n-api.service[119117]: DEBUG oslo_concurrency.lockutils [None req-b5f4f4e3-1f96-4c91-9e62-1a4d2cc8e914 tempest-ServerActionsTestJSON-473238937 tempest-ServerActionsTestJSON-473238937-project] Lock "b8abe29a-a4fb-4f61-969c-3802403a5c10" "released" by "nova.context.set_target_cell..get_or_set_cached_cell_and_set_connections" :: held 0.001s {{(pid=119117) inner /usr/local/lib/python3.8/dist-packages/oslo_concurrency/lockutils.py:400}}
Jun 21 08:21:26.361247 dv-neutron-846905-2-hyperv devstack@n-api.service[119117]: DEBUG oslo_concurrency.lockutils [None req-b5f4f4e3-1f96-4c91-9e62-1a4d2cc8e914 tempest-ServerActionsTestJSON-473238937 tempest-ServerActionsTestJSON-473238937-project] Lock "b8abe29a-a4fb-4f61-969c-3802403a5c10" acquired by "nova.context.set_target_cell..get_or_set_cached_cell_and_set_connections" :: waited 0.000s {{(pid=119117) inner /usr/local/lib/python3.8/dist-packages/oslo_concurrency/lockutils.py:386}}
Jun 21 08:21:26.361947 dv-neutron-846905-2-hyperv devstack@n-api.service[119117]: DEBUG oslo_concurrency.lockutils [None req-b5f4f4e3-1f96-4c91-9e62-1a4d2cc8e914 tempest-ServerActionsTestJSON-473238937 tempest-ServerActionsTestJSON-473238937-project] Lock "b8abe29a-a4fb-4f61-969c-3802403a5c10" "released" by "nova.context.set_target_cell..get_or_set_cached_cell_and_set_connections" :: held 0.001s {{(pid=119117) inner /usr/local/lib/python3.8/dist-packages/oslo_concurrency/lockutils.py:400}}
Jun 21 08:21:26.564572 dv-neutron-846905-2-hyperv devstack@n-api.service[119118]: DEBUG nova.policy [None req-970824ec-2424-42c7-9dfa-0b7da610ec64 tempest-ServersTestJSON-432134649 tempest-ServersTestJSON-432134649-project] Policy check for os_compute_api:os-extended-server-attributes failed with credentials {'is_admin': False, 'user_id': 'ab4f3bb6fe6d468d8cefaabbc39984d4', 'user_domain_id': 'default', 'system_scope': None, 'domain_id': None, 'project_id': 'c385a2810a3a40ae91b1d79839f4543e', 'project_domain_id': 'default', 'roles': ['reader', 'member'], 'is_admin_project': True, 'service_user_id': None, 'service_user_domain_id': None, 'service_project_id': None, 'service_project_domain_id': None, 'service_roles': []} {{(pid=119118) authorize /opt/stack/nova/nova/policy.py:199}}
Jun 21 08:21:26.586955 dv-neutron-846905-2-hyperv devstack@n-api.service[119118]: INFO nova.api.openstack.requestlog [None req-970824ec-2424-42c7-9dfa-0b7da610ec64 tempest-ServersTestJSON-432134649 tempest-ServersTestJSON-432134649-project] 10.222.0.16 "GET /compute/v2.1/servers/bfd61624-a310-4cd1-8bd5-c8747878aaec" status: 200 len: 1700 microversion: 2.1 time: 0.271094
Jun 21 08:21:26.592371 dv-neutron-846905-2-hyperv devstack@n-api.service[119118]: [pid: 119118|app: 0|req: 43/79] 10.222.0.16 () {58 vars in 1235 bytes} [Tue Jun 21 08:21:26 2022] GET /compute/v2.1/servers/bfd61624-a310-4cd1-8bd5-c8747878aaec => generated 1700 bytes in 281 msecs (HTTP/1.1 200) 9 headers in 358 bytes (1 switches on core 0)
Jun 21 08:21:26.646789 dv-neutron-846905-2-hyperv devstack@n-api.service[119117]: DEBUG nova.compute.api [None req-b5f4f4e3-1f96-4c91-9e62-1a4d2cc8e914 tempest-ServerActionsTestJSON-473238937 tempest-ServerActionsTestJSON-473238937-project] [instance: 378237dc-efb4-4f9d-a1fc-14cdb978f680] Locking {{(pid=119117) lock /opt/stack/nova/nova/compute/api.py:4700}}
Jun 21 08:21:26.867233 dv-neutron-846905-2-hyperv devstack@n-api.service[119117]: INFO nova.api.openstack.requestlog [None req-b5f4f4e3-1f96-4c91-9e62-1a4d2cc8e914 tempest-ServerActionsTestJSON-473238937 tempest-ServerActionsTestJSON-473238937-project] 10.222.0.16 "POST /compute/v2.1/servers/378237dc-efb4-4f9d-a1fc-14cdb978f680/action" status: 202 len: 0 microversion: 2.1 time: 0.519591
Jun 21 08:21:26.868457 dv-neutron-846905-2-hyperv devstack@n-api.service[119117]: [pid: 119117|app: 0|req: 37/80] 10.222.0.16 () {60 vars in 1277 bytes} [Tue Jun 21 08:21:26 2022] POST /compute/v2.1/servers/378237dc-efb4-4f9d-a1fc-14cdb978f680/action => generated 0 bytes in 522 msecs (HTTP/1.1 202) 9 headers in 361 bytes (2 switches on core 0)
Jun 21 08:21:26.877941 dv-neutron-846905-2-hyperv devstack@n-api.service[119118]: DEBUG nova.api.openstack.wsgi [None req-ea11f003-b137-41d3-a535-87adfbf5c53b tempest-ServerActionsTestJSON-473238937 tempest-ServerActionsTestJSON-473238937-project] Calling method '>' {{(pid=119118) _process_stack /opt/stack/nova/nova/api/openstack/wsgi.py:513}}
Jun 21 08:21:26.879985 dv-neutron-846905-2-hyperv devstack@n-api.service[119118]: DEBUG nova.compute.api [None req-ea11f003-b137-41d3-a535-87adfbf5c53b tempest-ServerActionsTestJSON-473238937 tempest-ServerActionsTestJSON-473238937-project] [instance: 378237dc-efb4-4f9d-a1fc-14cdb978f680] Fetching instance by UUID {{(pid=119118) get /opt/stack/nova/nova/compute/api.py:2920}}
Jun 21 08:21:26.887984 dv-neutron-846905-2-hyperv devstack@n-api.service[119118]: DEBUG oslo_concurrency.lockutils [None req-ea11f003-b137-41d3-a535-87adfbf5c53b tempest-ServerActionsTestJSON-473238937 tempest-ServerActionsTestJSON-473238937-project] Lock "b8abe29a-a4fb-4f61-969c-3802403a5c10" acquired by "nova.context.set_target_cell..get_or_set_cached_cell_and_set_connections" :: waited 0.000s {{(pid=119118) inner /usr/local/lib/python3.8/dist-packages/oslo_concurrency/lockutils.py:386}}
Jun 21 08:21:26.890731 dv-neutron-846905-2-hyperv devstack@n-api.service[119118]: DEBUG oslo_concurrency.lockutils [None req-ea11f003-b137-41d3-a535-87adfbf5c53b tempest-ServerActionsTestJSON-473238937 tempest-ServerActionsTestJSON-473238937-project] Lock "b8abe29a-a4fb-4f61-969c-3802403a5c10" "released" by "nova.context.set_target_cell..get_or_set_cached_cell_and_set_connections" :: held 0.001s {{(pid=119118) inner /usr/local/lib/python3.8/dist-packages/oslo_concurrency/lockutils.py:400}}
Jun 21 08:21:26.890731 dv-neutron-846905-2-hyperv devstack@n-api.service[119118]: DEBUG oslo_concurrency.lockutils [None req-ea11f003-b137-41d3-a535-87adfbf5c53b tempest-ServerActionsTestJSON-473238937 tempest-ServerActionsTestJSON-473238937-project] Lock "b8abe29a-a4fb-4f61-969c-3802403a5c10" acquired by "nova.context.set_target_cell..get_or_set_cached_cell_and_set_connections" :: waited 0.000s {{(pid=119118) inner /usr/local/lib/python3.8/dist-packages/oslo_concurrency/lockutils.py:386}}
Jun 21 08:21:26.890731 dv-neutron-846905-2-hyperv devstack@n-api.service[119118]: DEBUG oslo_concurrency.lockutils [None req-ea11f003-b137-41d3-a535-87adfbf5c53b tempest-ServerActionsTestJSON-473238937 tempest-ServerActionsTestJSON-473238937-project] Lock "b8abe29a-a4fb-4f61-969c-3802403a5c10" "released" by "nova.context.set_target_cell..get_or_set_cached_cell_and_set_connections" :: held 0.000s {{(pid=119118) inner /usr/local/lib/python3.8/dist-packages/oslo_concurrency/lockutils.py:400}}
Jun 21 08:21:27.211726 dv-neutron-846905-2-hyperv devstack@n-api.service[119118]: DEBUG nova.policy [None req-ea11f003-b137-41d3-a535-87adfbf5c53b tempest-ServerActionsTestJSON-473238937 tempest-ServerActionsTestJSON-473238937-project] Policy check for os_compute_api:os-extended-server-attributes failed with credentials {'is_admin': False, 'user_id': 'b6ed5873eecb4722abfbbc73397da52e', 'user_domain_id': 'default', 'system_scope': None, 'domain_id': None, 'project_id': '853f7c0cfa534b569be96655fa533388', 'project_domain_id': 'default', 'roles': ['reader', 'member'], 'is_admin_project': True, 'service_user_id': None, 'service_user_domain_id': None, 'service_project_id': None, 'service_project_domain_id': None, 'service_roles': []} {{(pid=119118) authorize /opt/stack/nova/nova/policy.py:199}}
Jun 21 08:21:27.234446 dv-neutron-846905-2-hyperv devstack@n-api.service[119118]: INFO nova.api.openstack.requestlog [None req-ea11f003-b137-41d3-a535-87adfbf5c53b tempest-ServerActionsTestJSON-473238937 tempest-ServerActionsTestJSON-473238937-project] 10.222.0.16 "GET /compute/v2.1/servers/378237dc-efb4-4f9d-a1fc-14cdb978f680" status: 200 len: 1670 microversion: 2.1 time: 0.360967
Jun 21 08:21:27.236569 dv-neutron-846905-2-hyperv devstack@n-api.service[119118]: [pid: 119118|app: 0|req: 44/81] 10.222.0.16 () {58 vars in 1235 bytes} [Tue Jun 21 08:21:26 2022] GET /compute/v2.1/servers/378237dc-efb4-4f9d-a1fc-14cdb978f680 => generated 1670 bytes in 364 msecs (HTTP/1.1 200) 9 headers in 358 bytes (1 switches on core 0)
Jun 21 08:21:27.261135 dv-neutron-846905-2-hyperv devstack@n-api.service[119117]: DEBUG nova.api.openstack.wsgi [None req-9169f3ab-4dd6-4321-81d9-cca6ae9696a4 tempest-ServerActionsTestJSON-473238937 tempest-ServerActionsTestJSON-473238937-project] Action: 'action', calling method: >, body: {"os-stop": {}} {{(pid=119117) _process_stack /opt/stack/nova/nova/api/openstack/wsgi.py:511}}
Jun 21 08:21:27.279773 dv-neutron-846905-2-hyperv devstack@n-api.service[119117]: DEBUG oslo_concurrency.lockutils [None req-9169f3ab-4dd6-4321-81d9-cca6ae9696a4 tempest-ServerActionsTestJSON-473238937 tempest-ServerActionsTestJSON-473238937-project] Lock "b8abe29a-a4fb-4f61-969c-3802403a5c10" acquired by "nova.context.set_target_cell..get_or_set_cached_cell_and_set_connections" :: waited 0.000s {{(pid=119117) inner /usr/local/lib/python3.8/dist-packages/oslo_concurrency/lockutils.py:386}}
Jun 21 08:21:27.282118 dv-neutron-846905-2-hyperv devstack@n-api.service[119117]: DEBUG oslo_concurrency.lockutils [None req-9169f3ab-4dd6-4321-81d9-cca6ae9696a4 tempest-ServerActionsTestJSON-473238937 tempest-ServerActionsTestJSON-473238937-project] Lock "b8abe29a-a4fb-4f61-969c-3802403a5c10" "released" by "nova.context.set_target_cell..get_or_set_cached_cell_and_set_connections" :: held 0.004s {{(pid=119117) inner /usr/local/lib/python3.8/dist-packages/oslo_concurrency/lockutils.py:400}}
Jun 21 08:21:27.414963 dv-neutron-846905-2-hyperv devstack@n-api.service[119117]: INFO nova.api.openstack.wsgi [None req-9169f3ab-4dd6-4321-81d9-cca6ae9696a4 tempest-ServerActionsTestJSON-473238937 tempest-ServerActionsTestJSON-473238937-project] HTTP exception thrown: Instance 378237dc-efb4-4f9d-a1fc-14cdb978f680 is locked
Jun 21 08:21:27.430770 dv-neutron-846905-2-hyperv devstack@n-api.service[119117]: DEBUG nova.api.openstack.wsgi [None req-9169f3ab-4dd6-4321-81d9-cca6ae9696a4 tempest-ServerActionsTestJSON-473238937 tempest-ServerActionsTestJSON-473238937-project] Request method failure captured:
Jun 21 08:21:27.430770 dv-neutron-846905-2-hyperv devstack@n-api.service[119117]: request: POST /compute/v2.1/servers/378237dc-efb4-4f9d-a1fc-14cdb978f680/action HTTP/1.1
Jun 21 08:21:27.430770 dv-neutron-846905-2-hyperv devstack@n-api.service[119117]: Accept: application/json
Jun 21 08:21:27.430770 dv-neutron-846905-2-hyperv devstack@n-api.service[119117]: Accept-Encoding: identity
Jun 21 08:21:27.430770 dv-neutron-846905-2-hyperv devstack@n-api.service[119117]: Connection: close
Jun 21 08:21:27.430770 dv-neutron-846905-2-hyperv devstack@n-api.service[119117]: Content-Length: 15
