Jun 23 20:57:57.969713 dv-neutron-846607-3-hyperv devstack@keystone.service[80665]: ERROR keystone.server.flask.application
File "/usr/local/lib/python3.8/dist-packages/flask/app.py", line 1509, in dispatch_request
Jun 23 20:57:57.969713 dv-neutron-846607-3-hyperv devstack@keystone.service[80665]: ERROR keystone.server.flask.application return self.ensure_sync(self.view_functions[rule.endpoint])(**req.view_args)
Jun 23 20:57:57.969713 dv-neutron-846607-3-hyperv devstack@keystone.service[80665]: ERROR keystone.server.flask.application
File "/usr/local/lib/python3.8/dist-packages/flask_restful/__init__.py", line 467, in wrapper
Jun 23 20:57:57.969713 dv-neutron-846607-3-hyperv devstack@keystone.service[80665]: ERROR keystone.server.flask.application resp = resource(*args, **kwargs)
Jun 23 20:57:57.969713 dv-neutron-846607-3-hyperv devstack@keystone.service[80665]: ERROR keystone.server.flask.application
File "/usr/local/lib/python3.8/dist-packages/flask/views.py", line 84, in view
Jun 23 20:57:57.969713 dv-neutron-846607-3-hyperv devstack@keystone.service[80665]: ERROR keystone.server.flask.application return current_app.ensure_sync(self.dispatch_request)(*args, **kwargs)
Jun 23 20:57:57.969713 dv-neutron-846607-3-hyperv devstack@keystone.service[80665]: ERROR keystone.server.flask.application
File "/usr/local/lib/python3.8/dist-packages/flask_restful/__init__.py", line 582, in dispatch_request
Jun 23 20:57:57.969713 dv-neutron-846607-3-hyperv devstack@keystone.service[80665]: ERROR keystone.server.flask.application resp = meth(*args, **kwargs)
Jun 23 20:57:57.969713 dv-neutron-846607-3-hyperv devstack@keystone.service[80665]: ERROR keystone.server.flask.application
File "/opt/stack/keystone/keystone/api/roles.py", line 50, in get
Jun 23 20:57:57.969713 dv-neutron-846607-3-hyperv devstack@keystone.service[80665]: ERROR keystone.server.flask.application return self._get_role(role_id)
Jun 23 20:57:57.969713 dv-neutron-846607-3-hyperv devstack@keystone.service[80665]: ERROR keystone.server.flask.application
File "/opt/stack/keystone/keystone/api/roles.py", line 70, in _get_role
Jun 23 20:57:57.969713 dv-neutron-846607-3-hyperv devstack@keystone.service[80665]: ERROR keystone.server.flask.application ENFORCER.enforce_call(action='identity:get_role')
Jun 23 20:57:57.970473 dv-neutron-846607-3-hyperv devstack@keystone.service[80665]: ERROR keystone.server.flask.application
File "/opt/stack/keystone/keystone/common/rbac_enforcer/enforcer.py", line 402, in enforce_call
Jun 23 20:57:57.970473 dv-neutron-846607-3-hyperv devstack@keystone.service[80665]: ERROR keystone.server.flask.application policy_dict.update(cls._extract_member_target_data(
Jun 23 20:57:57.970473 dv-neutron-846607-3-hyperv devstack@keystone.service[80665]: ERROR keystone.server.flask.application
File "/opt/stack/keystone/keystone/common/rbac_enforcer/enforcer.py", line 234, in _extract_member_target_data
Jun 23 20:57:57.970473 dv-neutron-846607-3-hyperv devstack@keystone.service[80665]: ERROR keystone.server.flask.application member_name: func(flask.request.view_args[key])
Jun 23 20:57:57.970473 dv-neutron-846607-3-hyperv devstack@keystone.service[80665]: ERROR keystone.server.flask.application
File "/opt/stack/keystone/keystone/common/manager.py", line 115, in wrapped
Jun 23 20:57:57.970473 dv-neutron-846607-3-hyperv devstack@keystone.service[80665]: ERROR keystone.server.flask.application __ret_val = __f(*args, **kwargs)
Jun 23 20:57:57.970473 dv-neutron-846607-3-hyperv devstack@keystone.service[80665]: ERROR keystone.server.flask.application
File "/usr/local/lib/python3.8/dist-packages/decorator.py", line 232, in fun
Jun 23 20:57:57.970473 dv-neutron-846607-3-hyperv devstack@keystone.service[80665]: ERROR keystone.server.flask.application return caller(func, *(extras + args), **kw)
Jun 23 20:57:57.970473 dv-neutron-846607-3-hyperv devstack@keystone.service[80665]: ERROR keystone.server.flask.application
File "/usr/local/lib/python3.8/dist-packages/dogpile/cache/region.py", line 1577, in get_or_create_for_user_func
Jun 23 20:57:57.970473 dv-neutron-846607-3-hyperv devstack@keystone.service[80665]: ERROR keystone.server.flask.application return self.get_or_create(
Jun 23 20:57:57.970473 dv-neutron-846607-3-hyperv devstack@keystone.service[80665]: ERROR keystone.server.flask.application
File "/usr/local/lib/python3.8/dist-packages/dogpile/cache/region.py", line 1042, in get_or_create
Jun 23 20:57:57.970473 dv-neutron-846607-3-hyperv devstack@keystone.service[80665]: ERROR keystone.server.flask.application with Lock(
Jun 23 20:57:57.970473 dv-neutron-846607-3-hyperv devstack@keystone.service[80665]: ERROR keystone.server.flask.application
File "/usr/local/lib/python3.8/dist-packages/dogpile/lock.py", line 185, in __enter__
Jun 23 20:57:57.970473 dv-neutron-846607-3-hyperv devstack@keystone.service[80665]: ERROR keystone.server.flask.application return self._enter()
Jun 23 20:57:57.970473 dv-neutron-846607-3-hyperv devstack@keystone.service[80665]: ERROR keystone.server.flask.application
File "/usr/local/lib/python3.8/dist-packages/dogpile/lock.py", line 94, in _enter
Jun 23 20:57:57.970473 dv-neutron-846607-3-hyperv devstack@keystone.service[80665]: ERROR keystone.server.flask.application generated = self._enter_create(value, createdtime)
Jun 23 20:57:57.971234 dv-neutron-846607-3-hyperv devstack@keystone.service[80665]: ERROR keystone.server.flask.application
File "/usr/local/lib/python3.8/dist-packages/dogpile/lock.py", line 178, in _enter_create
Jun 23 20:57:57.971234 dv-neutron-846607-3-hyperv devstack@keystone.service[80665]: ERROR keystone.server.flask.application return self.creator()
Jun 23 20:57:57.971234 dv-neutron-846607-3-hyperv devstack@keystone.service[80665]: ERROR keystone.server.flask.application
File "/usr/local/lib/python3.8/dist-packages/dogpile/cache/region.py", line 995, in gen_value
Jun 23 20:57:57.971234 dv-neutron-846607-3-hyperv devstack@keystone.service[80665]: ERROR keystone.server.flask.application created_value = creator(
Jun 23 20:57:57.971234 dv-neutron-846607-3-hyperv devstack@keystone.service[80665]: ERROR keystone.server.flask.application
File "/opt/stack/keystone/keystone/assignment/core.py", line 1276, in get_role
Jun 23 20:57:57.971234 dv-neutron-846607-3-hyperv devstack@keystone.service[80665]: ERROR keystone.server.flask.application return self.driver.get_role(role_id)
Jun 23 20:57:57.971234 dv-neutron-846607-3-hyperv devstack@keystone.service[80665]: ERROR keystone.server.flask.application
File "/opt/stack/keystone/keystone/assignment/role_backends/sql.py", line 70, in get_role
Jun 23 20:57:57.971234 dv-neutron-846607-3-hyperv devstack@keystone.service[80665]: ERROR keystone.server.flask.application return self._get_role(session, role_id).to_dict()
Jun 23 20:57:57.971234 dv-neutron-846607-3-hyperv devstack@keystone.service[80665]: ERROR keystone.server.flask.application
File "/opt/stack/keystone/keystone/assignment/role_backends/sql.py", line 65, in _get_role
Jun 23 20:57:57.971234 dv-neutron-846607-3-hyperv devstack@keystone.service[80665]: ERROR keystone.server.flask.application raise exception.RoleNotFound(role_id=role_id)
Jun 23 20:57:57.971234 dv-neutron-846607-3-hyperv devstack@keystone.service[80665]: ERROR keystone.server.flask.application keystone.exception.RoleNotFound: Could not find role: member.
Jun 23 20:57:57.971234 dv-neutron-846607-3-hyperv devstack@keystone.service[80665]: ERROR keystone.server.flask.application
Jun 23 20:57:57.971234 dv-neutron-846607-3-hyperv devstack@keystone.service[80665]: [pid: 80665|app: 0|req: 36/68] 10.222.0.36 () {56 vars in 1099 bytes} [Thu Jun 23 20:57:57 2022] GET /identity/v3/roles/member => generated 84 bytes in 198 msecs (HTTP/1.1 404) 5 headers in 183 bytes (1 switches on core 0)
Jun 23 20:57:57.971234 dv-neutron-846607-3-hyperv devstack@keystone.service[80665]: DEBUG keystone.server.flask.request_processing.middleware.auth_context [None req-8288ff2c-94ff-4fc7-8e28-e2d02148473a None admin] Authenticating user token {{(pid=80665) process_request /usr/local/lib/python3.8/dist-packages/keystonemiddleware/auth_token/__init__.py:407}}
Jun 23 20:57:57.974644 dv-neutron-846607-3-hyperv devstack@keystone.service[80666]: [pid: 80666|app: 0|req: 33/69] 10.222.0.36 () {56 vars in 1096 bytes} [Thu Jun 23 20:57:57 2022] GET /identity/v3/roles/admin => generated 83 bytes in 231 msecs (HTTP/1.1 404) 5 headers in 183 bytes (1 switches on core 0)
Jun 23 20:57:57.980067 dv-neutron-846607-3-hyperv devstack@keystone.service[80666]: DEBUG keystone.server.flask.request_processing.middleware.auth_context [None req-660ca3f1-82bc-4b8a-942e-801b2ad39bd2 None admin] Authenticating user token {{(pid=80666) process_request /usr/local/lib/python3.8/dist-packages/keystonemiddleware/auth_token/__init__.py:407}}
Jun 23 20:57:58.072966 dv-neutron-846607-3-hyperv devstack@keystone.service[80665]: DEBUG dbcounter [-] [80665] Writing DB stats keystone:SELECT=100 {{(pid=80665) stat_writer /usr/local/lib/python3.8/dist-packages/dbcounter.py:114}}
Jun 23 20:57:58.086580 dv-neutron-846607-3-hyperv devstack@keystone.service[80665]: DEBUG keystone.server.flask.request_processing.middleware.auth_context [None req-8288ff2c-94ff-4fc7-8e28-e2d02148473a None admin] Validating token access rules against request {{(pid=80665) validate_allowed_request /usr/local/lib/python3.8/dist-packages/keystonemiddleware/auth_token/__init__.py:545}}
Jun 23 20:57:58.098603 dv-neutron-846607-3-hyperv devstack@keystone.service[80666]: DEBUG keystone.server.flask.request_processing.middleware.auth_context [None req-660ca3f1-82bc-4b8a-942e-801b2ad39bd2 None admin] Validating token access rules against request {{(pid=80666) validate_allowed_request /usr/local/lib/python3.8/dist-packages/keystonemiddleware/auth_token/__init__.py:545}}
Jun 23 20:57:58.121003 dv-neutron-846607-3-hyperv devstack@keystone.service[80665]: DEBUG keystone.server.flask.request_processing.middleware.auth_context [None req-fe886e47-559e-4dc9-a2b9-8adad62c0250 None admin] RBAC: auth_context: {'token': , 'domain_id': None, 'trust_id': None, 'trustor_id': None, 'trustee_id': None, 'domain_name': None, 'group_ids': [], 'user_id': 'fbb76305f8bc44509d3c5de553226e24', 'user_domain_id': 'default', 'system_scope': 'all', 'project_id': None, 'project_domain_id': None, 'roles': ['admin', 'member', 'reader'], 'is_admin_project': True, 'service_user_id': None, 'service_user_domain_id': None, 'service_project_id': None, 'service_project_domain_id': None, 'service_roles': []} {{(pid=80665) fill_context /opt/stack/keystone/keystone/server/flask/request_processing/middleware/auth_context.py:478}}
Jun 23 20:57:58.121816 dv-neutron-846607-3-hyperv devstack@keystone.service[80665]: DEBUG keystone.server.flask.request_processing.req_logging [None req-fe886e47-559e-4dc9-a2b9-8adad62c0250 None admin] REQUEST_METHOD: `GET` {{(pid=80665) log_request_info /opt/stack/keystone/keystone/server/flask/request_processing/req_logging.py:27}}
Jun 23 20:57:58.122106 dv-neutron-846607-3-hyperv devstack@keystone.service[80665]: DEBUG keystone.server.flask.request_processing.req_logging [None req-fe886e47-559e-4dc9-a2b9-8adad62c0250 None admin] SCRIPT_NAME: `/identity` {{(pid=80665) log_request_info /opt/stack/keystone/keystone/server/flask/request_processing/req_logging.py:28}}
Jun 23 20:57:58.122394 dv-neutron-846607-3-hyperv devstack@keystone.service[80665]: DEBUG keystone.server.flask.request_processing.req_logging [None req-fe886e47-559e-4dc9-a2b9-8adad62c0250 None admin] PATH_INFO: `/v3/roles/anotherrole` {{(pid=80665) log_request_info /opt/stack/keystone/keystone/server/flask/request_processing/req_logging.py:29}}
Jun 23 20:57:58.133622 dv-neutron-846607-3-hyperv devstack@keystone.service[80666]: DEBUG keystone.server.flask.request_processing.middleware.auth_context [None req-072ac46f-949a-4592-bc9f-df0a045689da None admin] RBAC: auth_context: {'token': , 'domain_id': None, 'trust_id': None, 'trustor_id': None, 'trustee_id': None, 'domain_name': None, 'group_ids': [], 'user_id': 'fbb76305f8bc44509d3c5de553226e24', 'user_domain_id': 'default', 'system_scope': 'all', 'project_id': None, 'project_domain_id': None, 'roles': ['admin', 'member', 'reader'], 'is_admin_project': True, 'service_user_id': None, 'service_user_domain_id': None, 'service_project_id': None, 'service_project_domain_id': None, 'service_roles': []} {{(pid=80666) fill_context /opt/stack/keystone/keystone/server/flask/request_processing/middleware/auth_context.py:478}}
Jun 23 20:57:58.133836 dv-neutron-846607-3-hyperv devstack@keystone.service[80665]: DEBUG keystone.common.rbac_enforcer.enforcer [None req-fe886e47-559e-4dc9-a2b9-8adad62c0250 None admin] Extracting inferred target data resulted in "NOT FOUND (404)". {{(pid=80665) enforce_call /opt/stack/keystone/keystone/common/rbac_enforcer/enforcer.py:409}}
Jun 23 20:57:58.134288 dv-neutron-846607-3-hyperv devstack@keystone.service[80666]: DEBUG keystone.server.flask.request_processing.req_logging [None req-072ac46f-949a-4592-bc9f-df0a045689da None admin] REQUEST_METHOD: `GET` {{(pid=80666) log_request_info /opt/stack/keystone/keystone/server/flask/request_processing/req_logging.py:27}}
Jun 23 20:57:58.134863 dv-neutron-846607-3-hyperv devstack@keystone.service[80666]: DEBUG keystone.server.flask.request_processing.req_logging [None req-072ac46f-949a-4592-bc9f-df0a045689da None admin] SCRIPT_NAME: `/identity` {{(pid=80666) log_request_info /opt/stack/keystone/keystone/server/flask/request_processing/req_logging.py:28}}
Jun 23 20:57:58.135149 dv-neutron-846607-3-hyperv devstack@keystone.service[80666]: DEBUG keystone.server.flask.request_processing.req_logging [None req-072ac46f-949a-4592-bc9f-df0a045689da None admin] PATH_INFO: `/v3/roles` {{(pid=80666) log_request_info /opt/stack/keystone/keystone/server/flask/request_processing/req_logging.py:29}}
Jun 23 20:57:58.135915 dv-neutron-846607-3-hyperv devstack@keystone.service[80666]: DEBUG keystone.common.rbac_enforcer.enforcer [None req-072ac46f-949a-4592-bc9f-df0a045689da None admin] RBAC: Adding query filter params (name=member) {{(pid=80666) _extract_filter_values /opt/stack/keystone/keystone/common/rbac_enforcer/enforcer.py:167}}
Jun 23 20:57:58.136231 dv-neutron-846607-3-hyperv devstack@keystone.service[80666]: DEBUG keystone.common.rbac_enforcer.enforcer [None req-072ac46f-949a-4592-bc9f-df0a045689da None admin] RBAC: Authorizing `identity:list_roles()` {{(pid=80666) enforce_call /opt/stack/keystone/keystone/common/rbac_enforcer/enforcer.py:449}}
Jun 23 20:57:58.137632 dv-neutron-846607-3-hyperv devstack@keystone.service[80666]: DEBUG keystone.common.rbac_enforcer.enforcer [None req-072ac46f-949a-4592-bc9f-df0a045689da None admin] RBAC: Authorization granted {{(pid=80666) enforce_call /opt/stack/keystone/keystone/common/rbac_enforcer/enforcer.py:457}}
Jun 23 20:57:58.142091 dv-neutron-846607-3-hyperv devstack@keystone.service[80665]: ERROR keystone.server.flask.application [None req-fe886e47-559e-4dc9-a2b9-8adad62c0250 None admin] Could not find role: anotherrole.: keystone.exception.RoleNotFound: Could not find role: anotherrole.
Jun 23 20:57:58.142091 dv-neutron-846607-3-hyperv devstack@keystone.service[80665]: ERROR keystone.server.flask.application
Traceback (most recent call last):
Jun 23 20:57:58.142091 dv-neutron-846607-3-hyperv devstack@keystone.service[80665]: ERROR keystone.server.flask.application
File "/usr/local/lib/python3.8/dist-packages/flask/app.py", line 1523, in full_dispatch_request
Jun 23 20:57:58.142091 dv-neutron-846607-3-hyperv devstack@keystone.service[80665]: ERROR keystone.server.flask.application rv = self.dispatch_request()
Jun 23 20:57:58.142091 dv-neutron-846607-3-hyperv devstack@keystone.service[80665]: ERROR keystone.server.flask.application
File "/usr/local/lib/python3.8/dist-packages/flask/app.py", line 1509, in dispatch_request
Jun 23 20:57:58.142091 dv-neutron-846607-3-hyperv devstack@keystone.service[80665]: ERROR keystone.server.flask.application return self.ensure_sync(self.view_functions[rule.endpoint])(**req.view_args)
Jun 23 20:57:58.142091 dv-neutron-846607-3-hyperv devstack@keystone.service[80665]: ERROR keystone.server.flask.application
File "/usr/local/lib/python3.8/dist-packages/flask_restful/__init__.py", line 467, in wrapper
Jun 23 20:57:58.142091 dv-neutron-846607-3-hyperv devstack@keystone.service[80665]: ERROR keystone.server.flask.application resp = resource(*args, **kwargs)
Jun 23 20:57:58.142091 dv-neutron-846607-3-hyperv devstack@keystone.service[80665]: ERROR keystone.server.flask.application
File "/usr/local/lib/python3.8/dist-packages/flask/views.py", line 84, in view
Jun 23 20:57:58.142091 dv-neutron-846607-3-hyperv devstack@keystone.service[80665]: ERROR keystone.server.flask.application return current_app.ensure_sync(self.dispatch_request)(*args, **kwargs)
Jun 23 20:57:58.142091 dv-neutron-846607-3-hyperv devstack@keystone.service[80665]: ERROR keystone.server.flask.application
File "/usr/local/lib/python3.8/dist-packages/flask_restful/__init__.py", line 582, in dispatch_request
Jun 23 20:57:58.142091 dv-neutron-846607-3-hyperv devstack@keystone.service[80665]: ERROR keystone.server.flask.application resp = meth(*args, **kwargs)
Jun 23 20:57:58.142091 dv-neutron-846607-3-hyperv devstack@keystone.service[80665]: ERROR keystone.server.flask.application
File "/opt/stack/keystone/keystone/api/roles.py", line 50, in get
Jun 23 20:57:58.142091 dv-neutron-846607-3-hyperv devstack@keystone.service[80665]: ERROR keystone.server.flask.application return self._get_role(role_id)
Jun 23 20:57:58.142091 dv-neutron-846607-3-hyperv devstack@keystone.service[80665]: ERROR keystone.server.flask.application
File "/opt/stack/keystone/keystone/api/roles.py", line 70, in _get_role
Jun 23 20:57:58.142091 dv-neutron-846607-3-hyperv devstack@keystone.service[80665]: ERROR keystone.server.flask.application ENFORCER.enforce_call(action='identity:get_role')
Jun 23 20:57:58.142947 dv-neutron-846607-3-hyperv devstack@keystone.service[80665]: ERROR keystone.server.flask.application
File "/opt/stack/keystone/keystone/common/rbac_enforcer/enforcer.py", line 402, in enforce_call
Jun 23 20:57:58.142947 dv-neutron-846607-3-hyperv devstack@keystone.service[80665]: ERROR keystone.server.flask.application policy_dict.update(cls._extract_member_target_data(
Jun 23 20:57:58.142947 dv-neutron-846607-3-hyperv devstack@keystone.service[80665]: ERROR keystone.server.flask.application
File "/opt/stack/keystone/keystone/common/rbac_enforcer/enforcer.py", line 234, in _extract_member_target_data
Jun 23 20:57:58.142947 dv-neutron-846607-3-hyperv devstack@keystone.service[80665]: ERROR keystone.server.flask.application member_name: func(flask.request.view_args[key])
Jun 23 20:57:58.142947 dv-neutron-846607-3-hyperv devstack@keystone.service[80665]: ERROR keystone.server.flask.application
File "/opt/stack/keystone/keystone/common/manager.py", line 115, in wrapped
Jun 23 20:57:58.142947 dv-neutron-846607-3-hyperv devstack@keystone.service[80665]: ERROR keystone.server.flask.application __ret_val = __f(*args, **kwargs)
Jun 23 20:57:58.142947 dv-neutron-846607-3-hyperv devstack@keystone.service[80665]: ERROR keystone.server.flask.application
File "/usr/local/lib/python3.8/dist-packages/decorator.py", line 232, in fun
Jun 23 20:57:58.142947 dv-neutron-846607-3-hyperv devstack@keystone.service[80665]: ERROR keystone.server.flask.application return caller(func, *(extras + args), **kw)
Jun 23 20:57:58.142947 dv-neutron-846607-3-hyperv devstack@keystone.service[80665]: ERROR keystone.server.flask.application
File "/usr/local/lib/python3.8/dist-packages/dogpile/cache/region.py", line 1577, in get_or_create_for_user_func
Jun 23 20:57:58.142947 dv-neutron-846607-3-hyperv devstack@keystone.service[80665]: ERROR keystone.server.flask.application return self.get_or_create(
Jun 23 20:57:58.142947 dv-neutron-846607-3-hyperv devstack@keystone.service[80665]: ERROR keystone.server.flask.application
File "/usr/local/lib/python3.8/dist-packages/dogpile/cache/region.py", line 1042, in get_or_create
Jun 23 20:57:58.142947 dv-neutron-846607-3-hyperv devstack@keystone.service[80665]: ERROR keystone.server.flask.application with Lock(
Jun 23 20:57:58.142947 dv-neutron-846607-3-hyperv devstack@keystone.service[80665]: ERROR keystone.server.flask.application
File "/usr/local/lib/python3.8/dist-packages/dogpile/lock.py", line 185, in __enter__
Jun 23 20:57:58.142947 dv-neutron-846607-3-hyperv devstack@keystone.service[80665]: ERROR keystone.server.flask.application return self._enter()
Jun 23 20:57:58.142947 dv-neutron-846607-3-hyperv devstack@keystone.service[80665]: ERROR keystone.server.flask.application
File "/usr/local/lib/python3.8/dist-packages/dogpile/lock.py", line 94, in _enter
Jun 23 20:57:58.142947 dv-neutron-846607-3-hyperv devstack@keystone.service[80665]: ERROR keystone.server.flask.application generated = self._enter_create(value, createdtime)
Jun 23 20:57:58.143703 dv-neutron-846607-3-hyperv devstack@keystone.service[80665]: ERROR keystone.server.flask.application
File "/usr/local/lib/python3.8/dist-packages/dogpile/lock.py", line 178, in _enter_create
Jun 23 20:57:58.143703 dv-neutron-846607-3-hyperv devstack@keystone.service[80665]: ERROR keystone.server.flask.application return self.creator()
Jun 23 20:57:58.143703 dv-neutron-846607-3-hyperv devstack@keystone.service[80665]: ERROR keystone.server.flask.application
File "/usr/local/lib/python3.8/dist-packages/dogpile/cache/region.py", line 995, in gen_value
Jun 23 20:57:58.143703 dv-neutron-846607-3-hyperv devstack@keystone.service[80665]: ERROR keystone.server.flask.application created_value = creator(
Jun 23 20:57:58.143703 dv-neutron-846607-3-hyperv devstack@keystone.service[80665]: ERROR keystone.server.flask.application
File "/opt/stack/keystone/keystone/assignment/core.py", line 1276, in get_role
Jun 23 20:57:58.143703 dv-neutron-846607-3-hyperv devstack@keystone.service[80665]: ERROR keystone.server.flask.application return self.driver.get_role(role_id)
Jun 23 20:57:58.143703 dv-neutron-846607-3-hyperv devstack@keystone.service[80665]: ERROR keystone.server.flask.application
File "/opt/stack/keystone/keystone/assignment/role_backends/sql.py", line 70, in get_role
Jun 23 20:57:58.143703 dv-neutron-846607-3-hyperv devstack@keystone.service[80665]: ERROR keystone.server.flask.application return self._get_role(session, role_id).to_dict()
Jun 23 20:57:58.143703 dv-neutron-846607-3-hyperv devstack@keystone.service[80665]: ERROR keystone.server.flask.application
File "/opt/stack/keystone/keystone/assignment/role_backends/sql.py", line 65, in _get_role
Jun 23 20:57:58.143703 dv-neutron-846607-3-hyperv devstack@keystone.service[80665]: ERROR keystone.server.flask.application raise exception.RoleNotFound(role_id=role_id)
Jun 23 20:57:58.143703 dv-neutron-846607-3-hyperv devstack@keystone.service[80665]: ERROR keystone.server.flask.application keystone.exception.RoleNotFound: Could not find role: anotherrole.
Jun 23 20:57:58.143703 dv-neutron-846607-3-hyperv devstack@keystone.service[80665]: ERROR keystone.server.flask.application
Jun 23 20:57:58.143703 dv-neutron-846607-3-hyperv devstack@keystone.service[80665]: [pid: 80665|app: 0|req: 37/70] 10.222.0.36 () {56 vars in 1114 bytes} [Thu Jun 23 20:57:57 2022] GET /identity/v3/roles/anotherrole => generated 89 bytes in 173 msecs (HTTP/1.1 404) 5 headers in 183 bytes (1 switches on core 0)
Jun 23 20:57:58.144455 dv-neutron-846607-3-hyperv devstack@keystone.service[80665]: DEBUG keystone.server.flask.request_processing.middleware.auth_context [None req-fe886e47-559e-4dc9-a2b9-8adad62c0250 None admin] Authenticating user token {{(pid=80665) process_request /usr/local/lib/python3.8/dist-packages/keystonemiddleware/auth_token/__init__.py:407}}
Jun 23 20:57:58.149737 dv-neutron-846607-3-hyperv devstack@keystone.service[80666]: [pid: 80666|app: 0|req: 34/71] 10.222.0.36 () {56 vars in 1101 bytes} [Thu Jun 23 20:57:57 2022] GET /identity/v3/roles?name=member => generated 341 bytes in 171 msecs (HTTP/1.1 200) 5 headers in 177 bytes (1 switches on core 0)
Jun 23 20:57:58.150929 dv-neutron-846607-3-hyperv devstack@keystone.service[80666]: DEBUG keystone.server.flask.request_processing.req_logging [None req-e25f89c6-6c96-48da-9549-0935a1e9d59b None None] REQUEST_METHOD: `GET` {{(pid=80666) log_request_info /opt/stack/keystone/keystone/server/flask/request_processing/req_logging.py:27}}
Jun 23 20:57:58.151222 dv-neutron-846607-3-hyperv devstack@keystone.service[80666]: DEBUG keystone.server.flask.request_processing.req_logging [None req-e25f89c6-6c96-48da-9549-0935a1e9d59b None None] SCRIPT_NAME: `/identity` {{(pid=80666) log_request_info /opt/stack/keystone/keystone/server/flask/request_processing/req_logging.py:28}}
Jun 23 20:57:58.151506 dv-neutron-846607-3-hyperv devstack@keystone.service[80666]: DEBUG keystone.server.flask.request_processing.req_logging [None req-e25f89c6-6c96-48da-9549-0935a1e9d59b None None] PATH_INFO: `/` {{(pid=80666) log_request_info /opt/stack/keystone/keystone/server/flask/request_processing/req_logging.py:29}}
Jun 23 20:57:58.153378 dv-neutron-846607-3-hyperv devstack@keystone.service[80666]: [pid: 80666|app: 0|req: 35/72] 10.222.0.36 () {54 vars in 926 bytes} [Thu Jun 23 20:57:58 2022] GET /identity => generated 270 bytes in 3 msecs (HTTP/1.1 300) 6 headers in 234 bytes (1 switches on core 0)
Jun 23 20:57:58.153836 dv-neutron-846607-3-hyperv devstack@keystone.service[80666]: DEBUG keystone.server.flask.request_processing.req_logging [None req-e371cf25-fdfe-44c5-bdc5-229371554dec None None] REQUEST_METHOD: `GET` {{(pid=80666) log_request_info /opt/stack/keystone/keystone/server/flask/request_processing/req_logging.py:27}}
Jun 23 20:57:58.154128 dv-neutron-846607-3-hyperv devstack@keystone.service[80666]: DEBUG keystone.server.flask.request_processing.req_logging [None req-e371cf25-fdfe-44c5-bdc5-229371554dec None None] SCRIPT_NAME: `/identity` {{(pid=80666) log_request_info /opt/stack/keystone/keystone/server/flask/request_processing/req_logging.py:28}}
Jun 23 20:57:58.154421 dv-neutron-846607-3-hyperv devstack@keystone.service[80666]: DEBUG keystone.server.flask.request_processing.req_logging [None req-e371cf25-fdfe-44c5-bdc5-229371554dec None None] PATH_INFO: `/` {{(pid=80666) log_request_info /opt/stack/keystone/keystone/server/flask/request_processing/req_logging.py:29}}
Jun 23 20:57:58.155842 dv-neutron-846607-3-hyperv devstack@keystone.service[80666]: [pid: 80666|app: 0|req: 36/73] 10.222.0.36 () {54 vars in 926 bytes} [Thu Jun 23 20:57:58 2022] GET /identity => generated 270 bytes in 2 msecs (HTTP/1.1 300) 6 headers in 234 bytes (1 switches on core 0)
Jun 23 20:57:58.156374 dv-neutron-846607-3-hyperv devstack@keystone.service[80666]: DEBUG keystone.server.flask.request_processing.middleware.auth_context [None req-e371cf25-fdfe-44c5-bdc5-229371554dec None None] Authenticating user token {{(pid=80666) process_request /usr/local/lib/python3.8/dist-packages/keystonemiddleware/auth_token/__init__.py:407}}
Jun 23 20:57:58.224182 dv-neutron-846607-3-hyperv devstack@keystone.service[80666]: DEBUG dbcounter [-] [80666] Writing DB stats keystone:SELECT=100 {{(pid=80666) stat_writer /usr/local/lib/python3.8/dist-packages/dbcounter.py:114}}
Jun 23 20:57:58.252029 dv-neutron-846607-3-hyperv devstack@keystone.service[80665]: DEBUG keystone.server.flask.request_processing.middleware.auth_context [None req-fe886e47-559e-4dc9-a2b9-8adad62c0250 None admin] Validating token access rules against request {{(pid=80665) validate_allowed_request /usr/local/lib/python3.8/dist-packages/keystonemiddleware/auth_token/__init__.py:545}}
Jun 23 20:57:58.264451 dv-neutron-846607-3-hyperv devstack@keystone.service[80666]: DEBUG keystone.server.flask.request_processing.middleware.auth_context [None req-e371cf25-fdfe-44c5-bdc5-229371554dec None None] Validating token access rules against request {{(pid=80666) validate_allowed_request /usr/local/lib/python3.8/dist-packages/keystonemiddleware/auth_token/__init__.py:545}}
Jun 23 20:57:58.295011 dv-neutron-846607-3-hyperv devstack@keystone.service[80665]: DEBUG keystone.server.flask.request_processing.middleware.auth_context [None req-951aa0bc-795b-417f-b2c3-8c56a6b549e4 None admin] RBAC: auth_context: {'token': , 'domain_id': None, 'trust_id': None, 'trustor_id': None, 'trustee_id': None, 'domain_name': None, 'group_ids': [], 'user_id': 'fbb76305f8bc44509d3c5de553226e24', 'user_domain_id': 'default', 'system_scope': 'all', 'project_id': None, 'project_domain_id': None, 'roles': ['admin', 'member', 'reader'], 'is_admin_project': True, 'service_user_id': None, 'service_user_domain_id': None, 'service_project_id': None, 'service_project_domain_id': None, 'service_roles': []} {{(pid=80665) fill_context /opt/stack/keystone/keystone/server/flask/request_processing/middleware/auth_context.py:478}}
Jun 23 20:57:58.295680 dv-neutron-846607-3-hyperv devstack@keystone.service[80665]: DEBUG keystone.server.flask.request_processing.req_logging [None req-951aa0bc-795b-417f-b2c3-8c56a6b549e4 None admin] REQUEST_METHOD: `GET` {{(pid=80665) log_request_info /opt/stack/keystone/keystone/server/flask/request_processing/req_logging.py:27}}
Jun 23 20:57:58.295964 dv-neutron-846607-3-hyperv devstack@keystone.service[80665]: DEBUG keystone.server.flask.request_processing.req_logging [None req-951aa0bc-795b-417f-b2c3-8c56a6b549e4 None admin] SCRIPT_NAME: `/identity` {{(pid=80665) log_request_info /opt/stack/keystone/keystone/server/flask/request_processing/req_logging.py:28}}
Jun 23 20:57:58.296242 dv-neutron-846607-3-hyperv devstack@keystone.service[80665]: DEBUG keystone.server.flask.request_processing.req_logging [None req-951aa0bc-795b-417f-b2c3-8c56a6b549e4 None admin] PATH_INFO: `/v3/roles` {{(pid=80665) log_request_info /opt/stack/keystone/keystone/server/flask/request_processing/req_logging.py:29}}
Jun 23 20:57:58.296997 dv-neutron-846607-3-hyperv devstack@keystone.service[80665]: DEBUG keystone.common.rbac_enforcer.enforcer [None req-951aa0bc-795b-417f-b2c3-8c56a6b549e4 None admin] RBAC: Adding query filter params (name=admin) {{(pid=80665) _extract_filter_values /opt/stack/keystone/keystone/common/rbac_enforcer/enforcer.py:167}}
Jun 23 20:57:58.297308 dv-neutron-846607-3-hyperv devstack@keystone.service[80665]: DEBUG keystone.common.rbac_enforcer.enforcer [None req-951aa0bc-795b-417f-b2c3-8c56a6b549e4 None admin] RBAC: Authorizing `identity:list_roles()` {{(pid=80665) enforce_call /opt/stack/keystone/keystone/common/rbac_enforcer/enforcer.py:449}}
Jun 23 20:57:58.298293 dv-neutron-846607-3-hyperv devstack@keystone.service[80666]: DEBUG keystone.server.flask.request_processing.middleware.auth_context [None req-3e334b08-2cb3-4026-94d7-4128f78fe2ee None admin] RBAC: auth_context: {'token': , 'domain_id': None, 'trust_id': None, 'trustor_id': None, 'trustee_id': None, 'domain_name': None, 'group_ids': [], 'user_id': 'fbb76305f8bc44509d3c5de553226e24', 'user_domain_id': 'default', 'system_scope': 'all', 'project_id': None, 'project_domain_id': None, 'roles': ['admin', 'member', 'reader'], 'is_admin_project': True, 'service_user_id': None, 'service_user_domain_id': None, 'service_project_id': None, 'service_project_domain_id': None, 'service_roles': []} {{(pid=80666) fill_context /opt/stack/keystone/keystone/server/flask/request_processing/middleware/auth_context.py:478}}
Jun 23 20:57:58.298736 dv-neutron-846607-3-hyperv devstack@keystone.service[80665]: DEBUG keystone.common.rbac_enforcer.enforcer [None req-951aa0bc-795b-417f-b2c3-8c56a6b549e4 None admin] RBAC: Authorization granted {{(pid=80665) enforce_call /opt/stack/keystone/keystone/common/rbac_enforcer/enforcer.py:457}}
Jun 23 20:57:58.298990 dv-neutron-846607-3-hyperv devstack@keystone.service[80666]: DEBUG keystone.server.flask.request_processing.req_logging [None req-3e334b08-2cb3-4026-94d7-4128f78fe2ee None admin] REQUEST_METHOD: `GET` {{(pid=80666) log_request_info /opt/stack/keystone/keystone/server/flask/request_processing/req_logging.py:27}}
Jun 23 20:57:58.299275 dv-neutron-846607-3-hyperv devstack@keystone.service[80666]: DEBUG keystone.server.flask.request_processing.req_logging [None req-3e334b08-2cb3-4026-94d7-4128f78fe2ee None admin] SCRIPT_NAME: `/identity` {{(pid=80666) log_request_info /opt/stack/keystone/keystone/server/flask/request_processing/req_logging.py:28}}
Jun 23 20:57:58.299552 dv-neutron-846607-3-hyperv devstack@keystone.service[80666]: DEBUG keystone.server.flask.request_processing.req_logging [None req-3e334b08-2cb3-4026-94d7-4128f78fe2ee None admin] PATH_INFO: `/v3/roles` {{(pid=80666) log_request_info /opt/stack/keystone/keystone/server/flask/request_processing/req_logging.py:29}}
Jun 23 20:57:58.300310 dv-neutron-846607-3-hyperv devstack@keystone.service[80666]: DEBUG keystone.common.rbac_enforcer.enforcer [None req-3e334b08-2cb3-4026-94d7-4128f78fe2ee None admin] RBAC: Adding query filter params (name=anotherrole) {{(pid=80666) _extract_filter_values /opt/stack/keystone/keystone/common/rbac_enforcer/enforcer.py:167}}
Jun 23 20:57:58.300646 dv-neutron-846607-3-hyperv devstack@keystone.service[80666]: DEBUG keystone.common.rbac_enforcer.enforcer [None req-3e334b08-2cb3-4026-94d7-4128f78fe2ee None admin] RBAC: Authorizing `identity:list_roles()` {{(pid=80666) enforce_call /opt/stack/keystone/keystone/common/rbac_enforcer/enforcer.py:449}}
Jun 23 20:57:58.302023 dv-neutron-846607-3-hyperv devstack@keystone.service[80666]: DEBUG keystone.common.rbac_enforcer.enforcer [None req-3e334b08-2cb3-4026-94d7-4128f78fe2ee None admin] RBAC: Authorization granted {{(pid=80666) enforce_call /opt/stack/keystone/keystone/common/rbac_enforcer/enforcer.py:457}}
Jun 23 20:57:58.307543 dv-neutron-846607-3-hyperv devstack@keystone.service[80665]: [pid: 80665|app: 0|req: 38/74] 10.222.0.36 () {56 vars in 1099 bytes} [Thu Jun 23 20:57:58 2022] GET /identity/v3/roles?name=admin => generated 339 bytes in 164 msecs (HTTP/1.1 200) 5 headers in 177 bytes (1 switches on core 0)
Jun 23 20:57:58.308332 dv-neutron-846607-3-hyperv devstack@keystone.service[80665]: DEBUG keystone.server.flask.request_processing.middleware.auth_context [None req-951aa0bc-795b-417f-b2c3-8c56a6b549e4 None admin] Authenticating user token {{(pid=80665) process_request /usr/local/lib/python3.8/dist-packages/keystonemiddleware/auth_token/__init__.py:407}}
Jun 23 20:57:58.310045 dv-neutron-846607-3-hyperv devstack@keystone.service[80666]: [pid: 80666|app: 0|req: 37/75] 10.222.0.36 () {56 vars in 1111 bytes} [Thu Jun 23 20:57:58 2022] GET /identity/v3/roles?name=anotherrole => generated 334 bytes in 154 msecs (HTTP/1.1 200) 5 headers in 177 bytes (1 switches on core 0)
Jun 23 20:57:58.311119 dv-neutron-846607-3-hyperv devstack@keystone.service[80666]: DEBUG keystone.server.flask.request_processing.req_logging [None req-3f9a0d35-9877-4ff1-a7a1-cd6ca8a0d10c None None] REQUEST_METHOD: `POST` {{(pid=80666) log_request_info /opt/stack/keystone/keystone/server/flask/request_processing/req_logging.py:27}}
Jun 23 20:57:58.311408 dv-neutron-846607-3-hyperv devstack@keystone.service[80666]: DEBUG keystone.server.flask.request_processing.req_logging [None req-3f9a0d35-9877-4ff1-a7a1-cd6ca8a0d10c None None] SCRIPT_NAME: `/identity` {{(pid=80666) log_request_info /opt/stack/keystone/keystone/server/flask/request_processing/req_logging.py:28}}
Jun 23 20:57:58.311688 dv-neutron-846607-3-hyperv devstack@keystone.service[80666]: DEBUG keystone.server.flask.request_processing.req_logging [None req-3f9a0d35-9877-4ff1-a7a1-cd6ca8a0d10c None None] PATH_INFO: `/v3/auth/tokens` {{(pid=80666) log_request_info /opt/stack/keystone/keystone/server/flask/request_processing/req_logging.py:29}}
Jun 23 20:57:58.325618 dv-neutron-846607-3-hyperv devstack@keystone.service[80665]: DEBUG dbcounter [-] [80665] Writing DB stats keystone:SELECT=100 {{(pid=80665) stat_writer /usr/local/lib/python3.8/dist-packages/dbcounter.py:114}}
Jun 23 20:57:58.327983 dv-neutron-846607-3-hyperv devstack@keystone.service[80666]: DEBUG keystone.auth.core [None req-3f9a0d35-9877-4ff1-a7a1-cd6ca8a0d10c None None] MFA Rules not processed for user `fbb76305f8bc44509d3c5de553226e24`. Rule list: `[]` (Enabled: `True`). {{(pid=80666) check_auth_methods_against_rules /opt/stack/keystone/keystone/auth/core.py:438}}
Jun 23 20:57:58.329185 dv-neutron-846607-3-hyperv devstack@keystone.service[80666]: DEBUG keystone.common.fernet_utils [None req-3f9a0d35-9877-4ff1-a7a1-cd6ca8a0d10c None None] Loaded 2 Fernet keys from /etc/keystone/fernet-keys/, but `[fernet_tokens] max_active_keys = 3`; perhaps there have not been enough key rotations to reach `max_active_keys` yet? {{(pid=80666) load_keys /opt/stack/keystone/keystone/common/fernet_utils.py:286}}
Jun 23 20:57:58.394054 dv-neutron-846607-3-hyperv devstack@keystone.service[80666]: [pid: 80666|app: 0|req: 38/76] 10.222.0.36 () {58 vars in 1023 bytes} [Thu Jun 23 20:57:58 2022] POST /identity/v3/auth/tokens => generated 799 bytes in 84 msecs (HTTP/1.1 201) 6 headers in 363 bytes (1 switches on core 0)
Jun 23 20:57:58.396008 dv-neutron-846607-3-hyperv devstack@keystone.service[80666]: DEBUG keystone.server.flask.request_processing.req_logging [None req-7c6ad609-e52e-4577-810c-7a9033fce6c4 None None] REQUEST_METHOD: `POST` {{(pid=80666) log_request_info /opt/stack/keystone/keystone/server/flask/request_processing/req_logging.py:27}}
Jun 23 20:57:58.396300 dv-neutron-846607-3-hyperv devstack@keystone.service[80666]: DEBUG keystone.server.flask.request_processing.req_logging [None req-7c6ad609-e52e-4577-810c-7a9033fce6c4 None None] SCRIPT_NAME: `/identity` {{(pid=80666) log_request_info /opt/stack/keystone/keystone/server/flask/request_processing/req_logging.py:28}}
Jun 23 20:57:58.396582 dv-neutron-846607-3-hyperv devstack@keystone.service[80666]: DEBUG keystone.server.flask.request_processing.req_logging [None req-7c6ad609-e52e-4577-810c-7a9033fce6c4 None None] PATH_INFO: `/v3/auth/tokens` {{(pid=80666) log_request_info /opt/stack/keystone/keystone/server/flask/request_processing/req_logging.py:29}}
Jun 23 20:57:58.412036 dv-neutron-846607-3-hyperv devstack@keystone.service[80666]: DEBUG keystone.auth.core [None req-7c6ad609-e52e-4577-810c-7a9033fce6c4 None None] MFA Rules not processed for user `fbb76305f8bc44509d3c5de553226e24`. Rule list: `[]` (Enabled: `True`). {{(pid=80666) check_auth_methods_against_rules /opt/stack/keystone/keystone/auth/core.py:438}}
Jun 23 20:57:58.413217 dv-neutron-846607-3-hyperv devstack@keystone.service[80666]: DEBUG keystone.common.fernet_utils [None req-7c6ad609-e52e-4577-810c-7a9033fce6c4 None None] Loaded 2 Fernet keys from /etc/keystone/fernet-keys/, but `[fernet_tokens] max_active_keys = 3`; perhaps there have not been enough key rotations to reach `max_active_keys` yet? {{(pid=80666) load_keys /opt/stack/keystone/keystone/common/fernet_utils.py:286}}
Jun 23 20:57:58.420178 dv-neutron-846607-3-hyperv devstack@keystone.service[80665]: DEBUG keystone.server.flask.request_processing.middleware.auth_context [None req-951aa0bc-795b-417f-b2c3-8c56a6b549e4 None admin] Validating token access rules against request {{(pid=80665) validate_allowed_request /usr/local/lib/python3.8/dist-packages/keystonemiddleware/auth_token/__init__.py:545}}
Jun 23 20:57:58.461691 dv-neutron-846607-3-hyperv devstack@keystone.service[80665]: DEBUG keystone.server.flask.request_processing.middleware.auth_context [None req-572f5c1b-f79c-40b7-bbca-122b84fd9ca5 None admin] RBAC: auth_context: {'token': , 'domain_id': None, 'trust_id': None, 'trustor_id': None, 'trustee_id': None, 'domain_name': None, 'group_ids': [], 'user_id': 'fbb76305f8bc44509d3c5de553226e24', 'user_domain_id': 'default', 'system_scope': 'all', 'project_id': None, 'project_domain_id': None, 'roles': ['admin', 'member', 'reader'], 'is_admin_project': True, 'service_user_id': None, 'service_user_domain_id': None, 'service_project_id': None, 'service_project_domain_id': None, 'service_roles': []} {{(pid=80665) fill_context /opt/stack/keystone/keystone/server/flask/request_processing/middleware/auth_context.py:478}}
Jun 23 20:57:58.462602 dv-neutron-846607-3-hyperv devstack@keystone.service[80665]: DEBUG keystone.server.flask.request_processing.req_logging [None req-572f5c1b-f79c-40b7-bbca-122b84fd9ca5 None admin] REQUEST_METHOD: `GET` {{(pid=80665) log_request_info /opt/stack/keystone/keystone/server/flask/request_processing/req_logging.py:27}}
Jun 23 20:57:58.462884 dv-neutron-846607-3-hyperv devstack@keystone.service[80665]: DEBUG keystone.server.flask.request_processing.req_logging [None req-572f5c1b-f79c-40b7-bbca-122b84fd9ca5 None admin] SCRIPT_NAME: `/identity` {{(pid=80665) log_request_info /opt/stack/keystone/keystone/server/flask/request_processing/req_logging.py:28}}
Jun 23 20:57:58.463160 dv-neutron-846607-3-hyperv devstack@keystone.service[80665]: DEBUG keystone.server.flask.request_processing.req_logging [None req-572f5c1b-f79c-40b7-bbca-122b84fd9ca5 None admin] PATH_INFO: `/v3/users/bc2fd49bc0eb4c9ab27823db67d8728b` {{(pid=80665) log_request_info /opt/stack/keystone/keystone/server/flask/request_processing/req_logging.py:29}}
Jun 23 20:57:58.469728 dv-neutron-846607-3-hyperv devstack@keystone.service[80666]: DEBUG dbcounter [-] [80666] Writing DB stats keystone:SELECT=100 {{(pid=80666) stat_writer /usr/local/lib/python3.8/dist-packages/dbcounter.py:114}}
Jun 23 20:57:58.479099 dv-neutron-846607-3-hyperv devstack@keystone.service[80665]: DEBUG keystone.common.rbac_enforcer.enforcer [None req-572f5c1b-f79c-40b7-bbca-122b84fd9ca5 None admin] RBAC: Authorizing `identity:get_user(user_id=bc2fd49bc0eb4c9ab27823db67d8728b)` {{(pid=80665) enforce_call /opt/stack/keystone/keystone/common/rbac_enforcer/enforcer.py:449}}
Jun 23 20:57:58.480583 dv-neutron-846607-3-hyperv devstack@keystone.service[80665]: DEBUG keystone.common.rbac_enforcer.enforcer [None req-572f5c1b-f79c-40b7-bbca-122b84fd9ca5 None admin] RBAC: Authorization granted {{(pid=80665) enforce_call /opt/stack/keystone/keystone/common/rbac_enforcer/enforcer.py:457}}
Jun 23 20:57:58.482291 dv-neutron-846607-3-hyperv devstack@keystone.service[80665]: [pid: 80665|app: 0|req: 39/77] 10.222.0.36 () {56 vars in 1177 bytes} [Thu Jun 23 20:57:58 2022] GET /identity/v3/users/bc2fd49bc0eb4c9ab27823db67d8728b => generated 275 bytes in 174 msecs (HTTP/1.1 200) 5 headers in 177 bytes (1 switches on core 0)
Jun 23 20:57:58.483081 dv-neutron-846607-3-hyperv devstack@keystone.service[80665]: DEBUG keystone.server.flask.request_processing.middleware.auth_context [None req-572f5c1b-f79c-40b7-bbca-122b84fd9ca5 None admin] Authenticating user token {{(pid=80665) process_request /usr/local/lib/python3.8/dist-packages/keystonemiddleware/auth_token/__init__.py:407}}
Jun 23 20:57:58.489910 dv-neutron-846607-3-hyperv devstack@keystone.service[80666]: [pid: 80666|app: 0|req: 39/78] 10.222.0.36 () {58 vars in 1023 bytes} [Thu Jun 23 20:57:58 2022] POST /identity/v3/auth/tokens => generated 799 bytes in 95 msecs (HTTP/1.1 201) 6 headers in 363 bytes (1 switches on core 0)
Jun 23 20:57:58.491182 dv-neutron-846607-3-hyperv devstack@keystone.service[80666]: DEBUG keystone.server.flask.request_processing.middleware.auth_context [None req-7c6ad609-e52e-4577-810c-7a9033fce6c4 None None] Authenticating user token {{(pid=80666) process_request /usr/local/lib/python3.8/dist-packages/keystonemiddleware/auth_token/__init__.py:407}}
Jun 23 20:57:58.565130 dv-neutron-846607-3-hyperv devstack@keystone.service[80665]: DEBUG dbcounter [-] [80665] Writing DB stats keystone:SELECT=100 {{(pid=80665) stat_writer /usr/local/lib/python3.8/dist-packages/dbcounter.py:114}}
Jun 23 20:57:58.595447 dv-neutron-846607-3-hyperv devstack@keystone.service[80666]: DEBUG keystone.server.flask.request_processing.middleware.auth_context [None req-7c6ad609-e52e-4577-810c-7a9033fce6c4 None None] Validating token access rules against request {{(pid=80666) validate_allowed_request /usr/local/lib/python3.8/dist-packages/keystonemiddleware/auth_token/__init__.py:545}}
Jun 23 20:57:58.604129 dv-neutron-846607-3-hyperv devstack@keystone.service[80665]: DEBUG keystone.server.flask.request_processing.middleware.auth_context [None req-572f5c1b-f79c-40b7-bbca-122b84fd9ca5 None admin] Validating token access rules against request {{(pid=80665) validate_allowed_request /usr/local/lib/python3.8/dist-packages/keystonemiddleware/auth_token/__init__.py:545}}
Jun 23 20:57:58.633039 dv-neutron-846607-3-hyperv devstack@keystone.service[80666]: DEBUG keystone.server.flask.request_processing.middleware.auth_context [None req-7eb19462-afdf-4053-8699-55a27f22374d None admin] RBAC: auth_context: {'token': , 'domain_id': None, 'trust_id': None, 'trustor_id': None, 'trustee_id': None, 'domain_name': None, 'group_ids': [], 'user_id': 'fbb76305f8bc44509d3c5de553226e24', 'user_domain_id': 'default', 'system_scope': 'all', 'project_id': None, 'project_domain_id': None, 'roles': ['admin', 'member', 'reader'], 'is_admin_project': True, 'service_user_id': None, 'service_user_domain_id': None, 'service_project_id': None, 'service_project_domain_id': None, 'service_roles': []} {{(pid=80666) fill_context /opt/stack/keystone/keystone/server/flask/request_processing/middleware/auth_context.py:478}}
Jun 23 20:57:58.633922 dv-neutron-846607-3-hyperv devstack@keystone.service[80666]: DEBUG keystone.server.flask.request_processing.req_logging [None req-7eb19462-afdf-4053-8699-55a27f22374d None admin] REQUEST_METHOD: `GET` {{(pid=80666) log_request_info /opt/stack/keystone/keystone/server/flask/request_processing/req_logging.py:27}}
Jun 23 20:57:58.634188 dv-neutron-846607-3-hyperv devstack@keystone.service[80666]: DEBUG keystone.server.flask.request_processing.req_logging [None req-7eb19462-afdf-4053-8699-55a27f22374d None admin] SCRIPT_NAME: `/identity` {{(pid=80666) log_request_info /opt/stack/keystone/keystone/server/flask/request_processing/req_logging.py:28}}
Jun 23 20:57:58.634765 dv-neutron-846607-3-hyperv devstack@keystone.service[80666]: DEBUG keystone.server.flask.request_processing.req_logging [None req-7eb19462-afdf-4053-8699-55a27f22374d None admin] PATH_INFO: `/v3/users/bc2fd49bc0eb4c9ab27823db67d8728b` {{(pid=80666) log_request_info /opt/stack/keystone/keystone/server/flask/request_processing/req_logging.py:29}}
Jun 23 20:57:58.635962 dv-neutron-846607-3-hyperv devstack@keystone.service[80666]: DEBUG keystone.common.rbac_enforcer.enforcer [None req-7eb19462-afdf-4053-8699-55a27f22374d None admin] RBAC: Authorizing `identity:get_user(user_id=bc2fd49bc0eb4c9ab27823db67d8728b)` {{(pid=80666) enforce_call /opt/stack/keystone/keystone/common/rbac_enforcer/enforcer.py:449}}
Jun 23 20:57:58.637410 dv-neutron-846607-3-hyperv devstack@keystone.service[80666]: DEBUG keystone.common.rbac_enforcer.enforcer [None req-7eb19462-afdf-4053-8699-55a27f22374d None admin] RBAC: Authorization granted {{(pid=80666) enforce_call /opt/stack/keystone/keystone/common/rbac_enforcer/enforcer.py:457}}
Jun 23 20:57:58.639074 dv-neutron-846607-3-hyperv devstack@keystone.service[80666]: [pid: 80666|app: 0|req: 40/79] 10.222.0.36 () {56 vars in 1177 bytes} [Thu Jun 23 20:57:58 2022] GET /identity/v3/users/bc2fd49bc0eb4c9ab27823db67d8728b => generated 275 bytes in 149 msecs (HTTP/1.1 200) 5 headers in 177 bytes (1 switches on core 0)
Jun 23 20:57:58.643882 dv-neutron-846607-3-hyperv devstack@keystone.service[80666]: DEBUG keystone.server.flask.request_processing.middleware.auth_context [None req-7eb19462-afdf-4053-8699-55a27f22374d None admin] Authenticating user token {{(pid=80666) process_request /usr/local/lib/python3.8/dist-packages/keystonemiddleware/auth_token/__init__.py:407}}
Jun 23 20:57:58.643967 dv-neutron-846607-3-hyperv devstack@keystone.service[80665]: DEBUG keystone.server.flask.request_processing.middleware.auth_context [None req-0dd1fff9-f870-45f4-a7b9-bb291a66596b None admin] RBAC: auth_context: {'token': , 'domain_id': None, 'trust_id': None, 'trustor_id': None, 'trustee_id': None, 'domain_name': None, 'group_ids': [], 'user_id': 'fbb76305f8bc44509d3c5de553226e24', 'user_domain_id': 'default', 'system_scope': 'all', 'project_id': None, 'project_domain_id': None, 'roles': ['admin', 'member', 'reader'], 'is_admin_project': True, 'service_user_id': None, 'service_user_domain_id': None, 'service_project_id': None, 'service_project_domain_id': None, 'service_roles': []} {{(pid=80665) fill_context /opt/stack/keystone/keystone/server/flask/request_processing/middleware/auth_context.py:478}}
Jun 23 20:57:58.643967 dv-neutron-846607-3-hyperv devstack@keystone.service[80665]: DEBUG keystone.server.flask.request_processing.req_logging [None req-0dd1fff9-f870-45f4-a7b9-bb291a66596b None admin] REQUEST_METHOD: `GET` {{(pid=80665) log_request_info /opt/stack/keystone/keystone/server/flask/request_processing/req_logging.py:27}}
Jun 23 20:57:58.643967 dv-neutron-846607-3-hyperv devstack@keystone.service[80665]: DEBUG keystone.server.flask.request_processing.req_logging [None req-0dd1fff9-f870-45f4-a7b9-bb291a66596b None admin] SCRIPT_NAME: `/identity` {{(pid=80665) log_request_info /opt/stack/keystone/keystone/server/flask/request_processing/req_logging.py:28}}
Jun 23 20:57:58.643967 dv-neutron-846607-3-hyperv devstack@keystone.service[80665]: DEBUG keystone.server.flask.request_processing.req_logging [None req-0dd1fff9-f870-45f4-a7b9-bb291a66596b None admin] PATH_INFO: `/v3/users/fbb76305f8bc44509d3c5de553226e24` {{(pid=80665) log_request_info /opt/stack/keystone/keystone/server/flask/request_processing/req_logging.py:29}}
Jun 23 20:57:58.644228 dv-neutron-846607-3-hyperv devstack@keystone.service[80665]: DEBUG keystone.common.rbac_enforcer.enforcer [None req-0dd1fff9-f870-45f4-a7b9-bb291a66596b None admin] RBAC: Authorizing `identity:get_user(user_id=fbb76305f8bc44509d3c5de553226e24)` {{(pid=80665) enforce_call /opt/stack/keystone/keystone/common/rbac_enforcer/enforcer.py:449}}
