Jun 20 12:38:40.607217 dv-neutron-846607-1-hyperv devstack@placement-api.service[105199]: DEBUG placement.wsgi_wrapper [None req-c2ac229b-1f52-4507-9627-ed44b2b7c42a service placement] Placement API returning an error response: No resource provider with uuid c5b15c30-4046-443a-b5f7-b9f24470ada1 found for delete {{(pid=105199) call_func /opt/stack/placement/placement/wsgi_wrapper.py:31}}
Jun 20 12:38:40.607964 dv-neutron-846607-1-hyperv devstack@placement-api.service[105199]: INFO placement.requestlog [None req-c2ac229b-1f52-4507-9627-ed44b2b7c42a service placement] 10.222.0.15 "DELETE /placement/resource_providers/c5b15c30-4046-443a-b5f7-b9f24470ada1" status: 404 len: 246 microversion: 1.1
Jun 20 12:38:40.608622 dv-neutron-846607-1-hyperv devstack@placement-api.service[105199]: [pid: 105199|app: 0|req: 52/102] 10.222.0.15 () {60 vars in 1351 bytes} [Mon Jun 20 12:38:40 2022] DELETE /placement/resource_providers/c5b15c30-4046-443a-b5f7-b9f24470ada1 => generated 246 bytes in 12 msecs (HTTP/1.1 404) 6 headers in 231 bytes (1 switches on core 0)
Jun 20 12:38:42.514784 dv-neutron-846607-1-hyperv devstack@placement-api.service[105198]: DEBUG placement.requestlog [None req-a49e8b45-2b6d-43b1-9b40-a57917bfbe12 None None] Starting request: 10.222.0.15 "GET /placement/resource_providers/258cc84e-d2b6-40e4-9687-45175fedc97d/aggregates" {{(pid=105198) __call__ /opt/stack/placement/placement/requestlog.py:55}}
Jun 20 12:38:42.533034 dv-neutron-846607-1-hyperv devstack@placement-api.service[105198]: INFO placement.requestlog [None req-a49e8b45-2b6d-43b1-9b40-a57917bfbe12 service placement] 10.222.0.15 "GET /placement/resource_providers/258cc84e-d2b6-40e4-9687-45175fedc97d/aggregates" status: 404 len: 235 microversion: 1.1
Jun 20 12:38:42.534184 dv-neutron-846607-1-hyperv devstack@placement-api.service[105198]: [pid: 105198|app: 0|req: 51/103] 10.222.0.15 () {58 vars in 1362 bytes} [Mon Jun 20 12:38:42 2022] GET /placement/resource_providers/258cc84e-d2b6-40e4-9687-45175fedc97d/aggregates => generated 235 bytes in 20 msecs (HTTP/1.1 404) 5 headers in 202 bytes (1 switches on core 0)
Jun 20 12:38:42.660408 dv-neutron-846607-1-hyperv devstack@placement-api.service[105199]: DEBUG placement.requestlog [None req-0b75608f-a69a-4f79-83bd-0bdc4c4de7bf None None] Starting request: 10.222.0.15 "GET /placement/resource_providers/9f56d6d1-64d6-41f6-a624-0b759e347fb0/aggregates" {{(pid=105199) __call__ /opt/stack/placement/placement/requestlog.py:55}}
Jun 20 12:38:42.684965 dv-neutron-846607-1-hyperv devstack@placement-api.service[105198]: DEBUG placement.requestlog [None req-d5623be4-a3c8-4625-b18f-8918d32203e2 None None] Starting request: 10.222.0.15 "DELETE /placement/resource_providers/258cc84e-d2b6-40e4-9687-45175fedc97d" {{(pid=105198) __call__ /opt/stack/placement/placement/requestlog.py:55}}
Jun 20 12:38:42.714916 dv-neutron-846607-1-hyperv devstack@placement-api.service[105199]: INFO placement.requestlog [None req-0b75608f-a69a-4f79-83bd-0bdc4c4de7bf service placement] 10.222.0.15 "GET /placement/resource_providers/9f56d6d1-64d6-41f6-a624-0b759e347fb0/aggregates" status: 404 len: 235 microversion: 1.1
Jun 20 12:38:42.715840 dv-neutron-846607-1-hyperv devstack@placement-api.service[105199]: [pid: 105199|app: 0|req: 53/104] 10.222.0.15 () {58 vars in 1362 bytes} [Mon Jun 20 12:38:42 2022] GET /placement/resource_providers/9f56d6d1-64d6-41f6-a624-0b759e347fb0/aggregates => generated 235 bytes in 56 msecs (HTTP/1.1 404) 5 headers in 202 bytes (1 switches on core 0)
Jun 20 12:38:42.723636 dv-neutron-846607-1-hyperv devstack@placement-api.service[105198]: DEBUG placement.wsgi_wrapper [None req-d5623be4-a3c8-4625-b18f-8918d32203e2 service placement] Placement API returning an error response: No resource provider with uuid 258cc84e-d2b6-40e4-9687-45175fedc97d found for delete {{(pid=105198) call_func /opt/stack/placement/placement/wsgi_wrapper.py:31}}
Jun 20 12:38:42.725189 dv-neutron-846607-1-hyperv devstack@placement-api.service[105198]: INFO placement.requestlog [None req-d5623be4-a3c8-4625-b18f-8918d32203e2 service placement] 10.222.0.15 "DELETE /placement/resource_providers/258cc84e-d2b6-40e4-9687-45175fedc97d" status: 404 len: 246 microversion: 1.1
Jun 20 12:38:42.726427 dv-neutron-846607-1-hyperv devstack@placement-api.service[105198]: [pid: 105198|app: 0|req: 52/105] 10.222.0.15 () {60 vars in 1351 bytes} [Mon Jun 20 12:38:42 2022] DELETE /placement/resource_providers/258cc84e-d2b6-40e4-9687-45175fedc97d => generated 246 bytes in 44 msecs (HTTP/1.1 404) 6 headers in 231 bytes (1 switches on core 0)
Jun 20 12:38:42.766325 dv-neutron-846607-1-hyperv devstack@placement-api.service[105199]: DEBUG placement.requestlog [None req-1e707efc-2e46-4fc6-a3c7-2d1a1ab9d161 None None] Starting request: 10.222.0.15 "DELETE /placement/resource_providers/9f56d6d1-64d6-41f6-a624-0b759e347fb0" {{(pid=105199) __call__ /opt/stack/placement/placement/requestlog.py:55}}
Jun 20 12:38:42.802655 dv-neutron-846607-1-hyperv devstack@placement-api.service[105199]: DEBUG placement.wsgi_wrapper [None req-1e707efc-2e46-4fc6-a3c7-2d1a1ab9d161 service placement] Placement API returning an error response: No resource provider with uuid 9f56d6d1-64d6-41f6-a624-0b759e347fb0 found for delete {{(pid=105199) call_func /opt/stack/placement/placement/wsgi_wrapper.py:31}}
Jun 20 12:38:42.806406 dv-neutron-846607-1-hyperv devstack@placement-api.service[105199]: INFO placement.requestlog [None req-1e707efc-2e46-4fc6-a3c7-2d1a1ab9d161 service placement] 10.222.0.15 "DELETE /placement/resource_providers/9f56d6d1-64d6-41f6-a624-0b759e347fb0" status: 404 len: 246 microversion: 1.1
Jun 20 12:38:42.809843 dv-neutron-846607-1-hyperv devstack@placement-api.service[105199]: [pid: 105199|app: 0|req: 54/106] 10.222.0.15 () {60 vars in 1351 bytes} [Mon Jun 20 12:38:42 2022] DELETE /placement/resource_providers/9f56d6d1-64d6-41f6-a624-0b759e347fb0 => generated 246 bytes in 44 msecs (HTTP/1.1 404) 6 headers in 231 bytes (1 switches on core 0)
Jun 20 12:38:44.824835 dv-neutron-846607-1-hyperv devstack@placement-api.service[105198]: DEBUG placement.requestlog [None req-60546421-b539-4365-8934-68d4e541e371 None None] Starting request: 10.222.0.15 "GET /placement/resource_providers/547558b9-faec-4d70-b0b6-1907788b45fb/aggregates" {{(pid=105198) __call__ /opt/stack/placement/placement/requestlog.py:55}}
Jun 20 12:38:44.853700 dv-neutron-846607-1-hyperv devstack@placement-api.service[105198]: INFO placement.requestlog [None req-60546421-b539-4365-8934-68d4e541e371 service placement] 10.222.0.15 "GET /placement/resource_providers/547558b9-faec-4d70-b0b6-1907788b45fb/aggregates" status: 404 len: 235 microversion: 1.1
Jun 20 12:38:44.854986 dv-neutron-846607-1-hyperv devstack@placement-api.service[105198]: [pid: 105198|app: 0|req: 53/107] 10.222.0.15 () {58 vars in 1362 bytes} [Mon Jun 20 12:38:44 2022] GET /placement/resource_providers/547558b9-faec-4d70-b0b6-1907788b45fb/aggregates => generated 235 bytes in 30 msecs (HTTP/1.1 404) 5 headers in 202 bytes (1 switches on core 0)
Jun 20 12:38:44.876724 dv-neutron-846607-1-hyperv devstack@placement-api.service[105199]: DEBUG placement.requestlog [None req-e3275502-265d-46f6-a5f1-45cf5690a605 None None] Starting request: 10.222.0.15 "DELETE /placement/resource_providers/547558b9-faec-4d70-b0b6-1907788b45fb" {{(pid=105199) __call__ /opt/stack/placement/placement/requestlog.py:55}}
Jun 20 12:38:44.895254 dv-neutron-846607-1-hyperv devstack@placement-api.service[105199]: DEBUG placement.wsgi_wrapper [None req-e3275502-265d-46f6-a5f1-45cf5690a605 service placement] Placement API returning an error response: No resource provider with uuid 547558b9-faec-4d70-b0b6-1907788b45fb found for delete {{(pid=105199) call_func /opt/stack/placement/placement/wsgi_wrapper.py:31}}
Jun 20 12:38:44.895998 dv-neutron-846607-1-hyperv devstack@placement-api.service[105199]: INFO placement.requestlog [None req-e3275502-265d-46f6-a5f1-45cf5690a605 service placement] 10.222.0.15 "DELETE /placement/resource_providers/547558b9-faec-4d70-b0b6-1907788b45fb" status: 404 len: 246 microversion: 1.1
Jun 20 12:38:44.896506 dv-neutron-846607-1-hyperv devstack@placement-api.service[105199]: [pid: 105199|app: 0|req: 55/108] 10.222.0.15 () {60 vars in 1351 bytes} [Mon Jun 20 12:38:44 2022] DELETE /placement/resource_providers/547558b9-faec-4d70-b0b6-1907788b45fb => generated 246 bytes in 20 msecs (HTTP/1.1 404) 6 headers in 231 bytes (2 switches on core 0)
Jun 20 12:38:46.998012 dv-neutron-846607-1-hyperv devstack@placement-api.service[105198]: DEBUG placement.requestlog [None req-86a30cdf-dfbc-416c-ac56-ce195a24e9c6 None None] Starting request: 10.222.0.15 "GET /placement/resource_providers/888e4ad3-b1a3-4dc5-b318-2f4c65880e0a/aggregates" {{(pid=105198) __call__ /opt/stack/placement/placement/requestlog.py:55}}
Jun 20 12:38:47.024012 dv-neutron-846607-1-hyperv devstack@placement-api.service[105198]: INFO placement.requestlog [None req-86a30cdf-dfbc-416c-ac56-ce195a24e9c6 service placement] 10.222.0.15 "GET /placement/resource_providers/888e4ad3-b1a3-4dc5-b318-2f4c65880e0a/aggregates" status: 404 len: 235 microversion: 1.1
Jun 20 12:38:47.025827 dv-neutron-846607-1-hyperv devstack@placement-api.service[105198]: [pid: 105198|app: 0|req: 54/109] 10.222.0.15 () {58 vars in 1362 bytes} [Mon Jun 20 12:38:46 2022] GET /placement/resource_providers/888e4ad3-b1a3-4dc5-b318-2f4c65880e0a/aggregates => generated 235 bytes in 29 msecs (HTTP/1.1 404) 5 headers in 202 bytes (1 switches on core 0)
Jun 20 12:38:47.052456 dv-neutron-846607-1-hyperv devstack@placement-api.service[105199]: DEBUG placement.requestlog [None req-63d2b7d5-945e-4555-b5eb-788761699509 None None] Starting request: 10.222.0.15 "DELETE /placement/resource_providers/888e4ad3-b1a3-4dc5-b318-2f4c65880e0a" {{(pid=105199) __call__ /opt/stack/placement/placement/requestlog.py:55}}
Jun 20 12:38:47.080980 dv-neutron-846607-1-hyperv devstack@placement-api.service[105199]: DEBUG placement.wsgi_wrapper [None req-63d2b7d5-945e-4555-b5eb-788761699509 service placement] Placement API returning an error response: No resource provider with uuid 888e4ad3-b1a3-4dc5-b318-2f4c65880e0a found for delete {{(pid=105199) call_func /opt/stack/placement/placement/wsgi_wrapper.py:31}}
Jun 20 12:38:47.082439 dv-neutron-846607-1-hyperv devstack@placement-api.service[105199]: INFO placement.requestlog [None req-63d2b7d5-945e-4555-b5eb-788761699509 service placement] 10.222.0.15 "DELETE /placement/resource_providers/888e4ad3-b1a3-4dc5-b318-2f4c65880e0a" status: 404 len: 246 microversion: 1.1
Jun 20 12:38:47.083620 dv-neutron-846607-1-hyperv devstack@placement-api.service[105199]: [pid: 105199|app: 0|req: 56/110] 10.222.0.15 () {60 vars in 1351 bytes} [Mon Jun 20 12:38:47 2022] DELETE /placement/resource_providers/888e4ad3-b1a3-4dc5-b318-2f4c65880e0a => generated 246 bytes in 31 msecs (HTTP/1.1 404) 6 headers in 231 bytes (1 switches on core 0)
Jun 20 12:38:50.077019 dv-neutron-846607-1-hyperv devstack@placement-api.service[105198]: DEBUG placement.requestlog [None req-738afd3f-5634-42f3-a436-f4ae014439df None None] Starting request: 10.222.0.15 "GET /placement/resource_providers/92c23830-1b3e-4d00-9c14-b5ecf080276e/aggregates" {{(pid=105198) __call__ /opt/stack/placement/placement/requestlog.py:55}}
Jun 20 12:38:50.085068 dv-neutron-846607-1-hyperv devstack@placement-api.service[105198]: DEBUG dbcounter [-] [105198] Writing DB stats placement:SELECT=31,placement:DELETE=2 {{(pid=105198) stat_writer /usr/local/lib/python3.8/dist-packages/dbcounter.py:114}}
Jun 20 12:38:50.096360 dv-neutron-846607-1-hyperv devstack@placement-api.service[105198]: INFO placement.requestlog [None req-738afd3f-5634-42f3-a436-f4ae014439df service placement] 10.222.0.15 "GET /placement/resource_providers/92c23830-1b3e-4d00-9c14-b5ecf080276e/aggregates" status: 404 len: 235 microversion: 1.1
Jun 20 12:38:50.098522 dv-neutron-846607-1-hyperv devstack@placement-api.service[105198]: [pid: 105198|app: 0|req: 55/111] 10.222.0.15 () {58 vars in 1362 bytes} [Mon Jun 20 12:38:50 2022] GET /placement/resource_providers/92c23830-1b3e-4d00-9c14-b5ecf080276e/aggregates => generated 235 bytes in 22 msecs (HTTP/1.1 404) 5 headers in 202 bytes (1 switches on core 0)
Jun 20 12:38:50.122196 dv-neutron-846607-1-hyperv devstack@placement-api.service[105199]: DEBUG placement.requestlog [None req-6c7639a4-ad2d-4eb6-be6d-85a14ff22409 None None] Starting request: 10.222.0.15 "DELETE /placement/resource_providers/92c23830-1b3e-4d00-9c14-b5ecf080276e" {{(pid=105199) __call__ /opt/stack/placement/placement/requestlog.py:55}}
Jun 20 12:38:50.130386 dv-neutron-846607-1-hyperv devstack@placement-api.service[105199]: DEBUG dbcounter [-] [105199] Writing DB stats placement:SELECT=31,placement:DELETE=2 {{(pid=105199) stat_writer /usr/local/lib/python3.8/dist-packages/dbcounter.py:114}}
Jun 20 12:38:50.137503 dv-neutron-846607-1-hyperv devstack@placement-api.service[105199]: DEBUG placement.wsgi_wrapper [None req-6c7639a4-ad2d-4eb6-be6d-85a14ff22409 service placement] Placement API returning an error response: No resource provider with uuid 92c23830-1b3e-4d00-9c14-b5ecf080276e found for delete {{(pid=105199) call_func /opt/stack/placement/placement/wsgi_wrapper.py:31}}
Jun 20 12:38:50.138563 dv-neutron-846607-1-hyperv devstack@placement-api.service[105199]: INFO placement.requestlog [None req-6c7639a4-ad2d-4eb6-be6d-85a14ff22409 service placement] 10.222.0.15 "DELETE /placement/resource_providers/92c23830-1b3e-4d00-9c14-b5ecf080276e" status: 404 len: 246 microversion: 1.1
Jun 20 12:38:50.141955 dv-neutron-846607-1-hyperv devstack@placement-api.service[105199]: [pid: 105199|app: 0|req: 57/112] 10.222.0.15 () {60 vars in 1351 bytes} [Mon Jun 20 12:38:50 2022] DELETE /placement/resource_providers/92c23830-1b3e-4d00-9c14-b5ecf080276e => generated 246 bytes in 20 msecs (HTTP/1.1 404) 6 headers in 231 bytes (1 switches on core 0)
Jun 20 12:38:52.519032 dv-neutron-846607-1-hyperv devstack@placement-api.service[105198]: DEBUG placement.requestlog [None req-ef373e6b-4d7d-464f-ac0f-4c532747ef92 None None] Starting request: 10.222.0.15 "GET /placement/resource_providers/f6a76715-aad6-4fde-8df5-50b4d3b8804b/aggregates" {{(pid=105198) __call__ /opt/stack/placement/placement/requestlog.py:55}}
Jun 20 12:38:52.541811 dv-neutron-846607-1-hyperv devstack@placement-api.service[105198]: INFO placement.requestlog [None req-ef373e6b-4d7d-464f-ac0f-4c532747ef92 service placement] 10.222.0.15 "GET /placement/resource_providers/f6a76715-aad6-4fde-8df5-50b4d3b8804b/aggregates" status: 404 len: 235 microversion: 1.1
Jun 20 12:38:52.542782 dv-neutron-846607-1-hyperv devstack@placement-api.service[105198]: [pid: 105198|app: 0|req: 56/113] 10.222.0.15 () {58 vars in 1362 bytes} [Mon Jun 20 12:38:52 2022] GET /placement/resource_providers/f6a76715-aad6-4fde-8df5-50b4d3b8804b/aggregates => generated 235 bytes in 24 msecs (HTTP/1.1 404) 5 headers in 202 bytes (1 switches on core 0)
Jun 20 12:38:52.625999 dv-neutron-846607-1-hyperv devstack@placement-api.service[105199]: DEBUG placement.requestlog [None req-d27ad25e-c281-4664-abe8-40843259c155 None None] Starting request: 10.222.0.15 "DELETE /placement/resource_providers/f6a76715-aad6-4fde-8df5-50b4d3b8804b" {{(pid=105199) __call__ /opt/stack/placement/placement/requestlog.py:55}}
Jun 20 12:38:52.638842 dv-neutron-846607-1-hyperv devstack@placement-api.service[105199]: DEBUG placement.wsgi_wrapper [None req-d27ad25e-c281-4664-abe8-40843259c155 service placement] Placement API returning an error response: No resource provider with uuid f6a76715-aad6-4fde-8df5-50b4d3b8804b found for delete {{(pid=105199) call_func /opt/stack/placement/placement/wsgi_wrapper.py:31}}
Jun 20 12:38:52.639852 dv-neutron-846607-1-hyperv devstack@placement-api.service[105199]: INFO placement.requestlog [None req-d27ad25e-c281-4664-abe8-40843259c155 service placement] 10.222.0.15 "DELETE /placement/resource_providers/f6a76715-aad6-4fde-8df5-50b4d3b8804b" status: 404 len: 246 microversion: 1.1
Jun 20 12:38:52.640662 dv-neutron-846607-1-hyperv devstack@placement-api.service[105199]: [pid: 105199|app: 0|req: 58/114] 10.222.0.15 () {60 vars in 1351 bytes} [Mon Jun 20 12:38:52 2022] DELETE /placement/resource_providers/f6a76715-aad6-4fde-8df5-50b4d3b8804b => generated 246 bytes in 15 msecs (HTTP/1.1 404) 6 headers in 231 bytes (1 switches on core 0)
Jun 20 12:38:58.499897 dv-neutron-846607-1-hyperv devstack@placement-api.service[105198]: DEBUG placement.requestlog [None req-ccfba5a2-b86d-410b-b214-2261ed167bb9 None None] Starting request: 10.222.0.15 "GET /placement/resource_providers/08b626cb-282c-412b-9f7d-82471f3b22a2/aggregates" {{(pid=105198) __call__ /opt/stack/placement/placement/requestlog.py:55}}
Jun 20 12:38:58.567989 dv-neutron-846607-1-hyperv devstack@placement-api.service[105198]: INFO placement.requestlog [None req-ccfba5a2-b86d-410b-b214-2261ed167bb9 service placement] 10.222.0.15 "GET /placement/resource_providers/08b626cb-282c-412b-9f7d-82471f3b22a2/aggregates" status: 404 len: 235 microversion: 1.1
Jun 20 12:38:58.567989 dv-neutron-846607-1-hyperv devstack@placement-api.service[105198]: [pid: 105198|app: 0|req: 57/115] 10.222.0.15 () {58 vars in 1362 bytes} [Mon Jun 20 12:38:58 2022] GET /placement/resource_providers/08b626cb-282c-412b-9f7d-82471f3b22a2/aggregates => generated 235 bytes in 68 msecs (HTTP/1.1 404) 5 headers in 202 bytes (1 switches on core 0)
Jun 20 12:38:58.699491 dv-neutron-846607-1-hyperv devstack@placement-api.service[105199]: DEBUG placement.requestlog [None req-98ec6fc8-b0e2-4154-91f9-6de3a493cdd8 None None] Starting request: 10.222.0.15 "DELETE /placement/resource_providers/08b626cb-282c-412b-9f7d-82471f3b22a2" {{(pid=105199) __call__ /opt/stack/placement/placement/requestlog.py:55}}
Jun 20 12:38:58.717679 dv-neutron-846607-1-hyperv devstack@placement-api.service[105199]: DEBUG placement.wsgi_wrapper [None req-98ec6fc8-b0e2-4154-91f9-6de3a493cdd8 service placement] Placement API returning an error response: No resource provider with uuid 08b626cb-282c-412b-9f7d-82471f3b22a2 found for delete {{(pid=105199) call_func /opt/stack/placement/placement/wsgi_wrapper.py:31}}
Jun 20 12:38:58.718487 dv-neutron-846607-1-hyperv devstack@placement-api.service[105199]: INFO placement.requestlog [None req-98ec6fc8-b0e2-4154-91f9-6de3a493cdd8 service placement] 10.222.0.15 "DELETE /placement/resource_providers/08b626cb-282c-412b-9f7d-82471f3b22a2" status: 404 len: 246 microversion: 1.1
Jun 20 12:38:58.719184 dv-neutron-846607-1-hyperv devstack@placement-api.service[105199]: [pid: 105199|app: 0|req: 59/116] 10.222.0.15 () {60 vars in 1351 bytes} [Mon Jun 20 12:38:58 2022] DELETE /placement/resource_providers/08b626cb-282c-412b-9f7d-82471f3b22a2 => generated 246 bytes in 20 msecs (HTTP/1.1 404) 6 headers in 231 bytes (1 switches on core 0)
Jun 20 12:39:01.526640 dv-neutron-846607-1-hyperv devstack@placement-api.service[105198]: DEBUG placement.requestlog [None req-6e030d88-7caa-4996-9fad-f0ba4ef12a2e None None] Starting request: 10.222.0.15 "GET /placement/resource_providers/6a831129-aa59-4629-a5d3-36ff3907b7fd/aggregates" {{(pid=105198) __call__ /opt/stack/placement/placement/requestlog.py:55}}
Jun 20 12:39:01.537146 dv-neutron-846607-1-hyperv devstack@placement-api.service[105198]: INFO placement.requestlog [None req-6e030d88-7caa-4996-9fad-f0ba4ef12a2e service placement] 10.222.0.15 "GET /placement/resource_providers/6a831129-aa59-4629-a5d3-36ff3907b7fd/aggregates" status: 404 len: 235 microversion: 1.1
Jun 20 12:39:01.538128 dv-neutron-846607-1-hyperv devstack@placement-api.service[105198]: [pid: 105198|app: 0|req: 58/117] 10.222.0.15 () {58 vars in 1362 bytes} [Mon Jun 20 12:39:01 2022] GET /placement/resource_providers/6a831129-aa59-4629-a5d3-36ff3907b7fd/aggregates => generated 235 bytes in 12 msecs (HTTP/1.1 404) 5 headers in 202 bytes (1 switches on core 0)
Jun 20 12:39:01.551285 dv-neutron-846607-1-hyperv devstack@placement-api.service[105199]: DEBUG placement.requestlog [None req-52d8124f-3895-4110-b18e-05f9e4a86c61 None None] Starting request: 10.222.0.15 "DELETE /placement/resource_providers/6a831129-aa59-4629-a5d3-36ff3907b7fd" {{(pid=105199) __call__ /opt/stack/placement/placement/requestlog.py:55}}
Jun 20 12:39:01.568121 dv-neutron-846607-1-hyperv devstack@placement-api.service[105199]: DEBUG placement.wsgi_wrapper [None req-52d8124f-3895-4110-b18e-05f9e4a86c61 service placement] Placement API returning an error response: No resource provider with uuid 6a831129-aa59-4629-a5d3-36ff3907b7fd found for delete {{(pid=105199) call_func /opt/stack/placement/placement/wsgi_wrapper.py:31}}
Jun 20 12:39:01.568956 dv-neutron-846607-1-hyperv devstack@placement-api.service[105199]: INFO placement.requestlog [None req-52d8124f-3895-4110-b18e-05f9e4a86c61 service placement] 10.222.0.15 "DELETE /placement/resource_providers/6a831129-aa59-4629-a5d3-36ff3907b7fd" status: 404 len: 246 microversion: 1.1
Jun 20 12:39:01.569704 dv-neutron-846607-1-hyperv devstack@placement-api.service[105199]: [pid: 105199|app: 0|req: 60/118] 10.222.0.15 () {60 vars in 1351 bytes} [Mon Jun 20 12:39:01 2022] DELETE /placement/resource_providers/6a831129-aa59-4629-a5d3-36ff3907b7fd => generated 246 bytes in 19 msecs (HTTP/1.1 404) 6 headers in 231 bytes (1 switches on core 0)
Jun 20 12:39:03.623535 dv-neutron-846607-1-hyperv devstack@placement-api.service[105198]: DEBUG placement.requestlog [None req-12d01b39-52a1-40f4-83c4-5e1f5bc83c8a None None] Starting request: 10.222.0.15 "GET /placement/resource_providers/7bbefea0-31ad-4da7-9b70-4fdcfb0fa77d/aggregates" {{(pid=105198) __call__ /opt/stack/placement/placement/requestlog.py:55}}
Jun 20 12:39:03.654389 dv-neutron-846607-1-hyperv devstack@placement-api.service[105198]: INFO placement.requestlog [None req-12d01b39-52a1-40f4-83c4-5e1f5bc83c8a service placement] 10.222.0.15 "GET /placement/resource_providers/7bbefea0-31ad-4da7-9b70-4fdcfb0fa77d/aggregates" status: 404 len: 235 microversion: 1.1
Jun 20 12:39:03.656158 dv-neutron-846607-1-hyperv devstack@placement-api.service[105198]: [pid: 105198|app: 0|req: 59/119] 10.222.0.15 () {58 vars in 1362 bytes} [Mon Jun 20 12:39:03 2022] GET /placement/resource_providers/7bbefea0-31ad-4da7-9b70-4fdcfb0fa77d/aggregates => generated 235 bytes in 33 msecs (HTTP/1.1 404) 5 headers in 202 bytes (2 switches on core 0)
Jun 20 12:39:03.674518 dv-neutron-846607-1-hyperv devstack@placement-api.service[105199]: DEBUG placement.requestlog [None req-29784f73-cd26-45f4-a718-fc538d129448 None None] Starting request: 10.222.0.15 "DELETE /placement/resource_providers/7bbefea0-31ad-4da7-9b70-4fdcfb0fa77d" {{(pid=105199) __call__ /opt/stack/placement/placement/requestlog.py:55}}
Jun 20 12:39:03.691135 dv-neutron-846607-1-hyperv devstack@placement-api.service[105199]: DEBUG placement.wsgi_wrapper [None req-29784f73-cd26-45f4-a718-fc538d129448 service placement] Placement API returning an error response: No resource provider with uuid 7bbefea0-31ad-4da7-9b70-4fdcfb0fa77d found for delete {{(pid=105199) call_func /opt/stack/placement/placement/wsgi_wrapper.py:31}}
Jun 20 12:39:03.691919 dv-neutron-846607-1-hyperv devstack@placement-api.service[105199]: INFO placement.requestlog [None req-29784f73-cd26-45f4-a718-fc538d129448 service placement] 10.222.0.15 "DELETE /placement/resource_providers/7bbefea0-31ad-4da7-9b70-4fdcfb0fa77d" status: 404 len: 246 microversion: 1.1
Jun 20 12:39:03.692598 dv-neutron-846607-1-hyperv devstack@placement-api.service[105199]: [pid: 105199|app: 0|req: 61/120] 10.222.0.15 () {60 vars in 1351 bytes} [Mon Jun 20 12:39:03 2022] DELETE /placement/resource_providers/7bbefea0-31ad-4da7-9b70-4fdcfb0fa77d => generated 246 bytes in 18 msecs (HTTP/1.1 404) 6 headers in 231 bytes (1 switches on core 0)
Jun 20 12:39:05.738814 dv-neutron-846607-1-hyperv devstack@placement-api.service[105198]: DEBUG placement.requestlog [None req-9f7841ec-3c7d-4f70-b550-6253c27864c9 None None] Starting request: 10.222.0.15 "GET /placement/resource_providers/19d915e8-ec4f-48e2-853a-efa937357e2a/aggregates" {{(pid=105198) __call__ /opt/stack/placement/placement/requestlog.py:55}}
Jun 20 12:39:05.769352 dv-neutron-846607-1-hyperv devstack@placement-api.service[105198]: INFO placement.requestlog [None req-9f7841ec-3c7d-4f70-b550-6253c27864c9 service placement] 10.222.0.15 "GET /placement/resource_providers/19d915e8-ec4f-48e2-853a-efa937357e2a/aggregates" status: 404 len: 235 microversion: 1.1
Jun 20 12:39:05.770083 dv-neutron-846607-1-hyperv devstack@placement-api.service[105198]: [pid: 105198|app: 0|req: 60/121] 10.222.0.15 () {58 vars in 1362 bytes} [Mon Jun 20 12:39:05 2022] GET /placement/resource_providers/19d915e8-ec4f-48e2-853a-efa937357e2a/aggregates => generated 235 bytes in 32 msecs (HTTP/1.1 404) 5 headers in 202 bytes (1 switches on core 0)
Jun 20 12:39:05.825049 dv-neutron-846607-1-hyperv devstack@placement-api.service[105199]: DEBUG placement.requestlog [None req-3d5a6efc-3fcb-4d70-9ae1-135488e490df None None] Starting request: 10.222.0.15 "DELETE /placement/resource_providers/19d915e8-ec4f-48e2-853a-efa937357e2a" {{(pid=105199) __call__ /opt/stack/placement/placement/requestlog.py:55}}
Jun 20 12:39:05.864525 dv-neutron-846607-1-hyperv devstack@placement-api.service[105199]: DEBUG placement.wsgi_wrapper [None req-3d5a6efc-3fcb-4d70-9ae1-135488e490df service placement] Placement API returning an error response: No resource provider with uuid 19d915e8-ec4f-48e2-853a-efa937357e2a found for delete {{(pid=105199) call_func /opt/stack/placement/placement/wsgi_wrapper.py:31}}
Jun 20 12:39:05.873137 dv-neutron-846607-1-hyperv devstack@placement-api.service[105199]: INFO placement.requestlog [None req-3d5a6efc-3fcb-4d70-9ae1-135488e490df service placement] 10.222.0.15 "DELETE /placement/resource_providers/19d915e8-ec4f-48e2-853a-efa937357e2a" status: 404 len: 246 microversion: 1.1
Jun 20 12:39:05.873798 dv-neutron-846607-1-hyperv devstack@placement-api.service[105199]: [pid: 105199|app: 0|req: 62/122] 10.222.0.15 () {60 vars in 1351 bytes} [Mon Jun 20 12:39:05 2022] DELETE /placement/resource_providers/19d915e8-ec4f-48e2-853a-efa937357e2a => generated 246 bytes in 50 msecs (HTTP/1.1 404) 6 headers in 231 bytes (1 switches on core 0)
Jun 20 12:39:07.927040 dv-neutron-846607-1-hyperv devstack@placement-api.service[105198]: DEBUG placement.requestlog [None req-9d69a38f-c6ab-4ee8-8bbb-b9fe7eb73928 None None] Starting request: 10.222.0.15 "GET /placement/resource_providers/203081f1-c8f5-498c-b42b-6065cf39dc51/aggregates" {{(pid=105198) __call__ /opt/stack/placement/placement/requestlog.py:55}}
Jun 20 12:39:07.941383 dv-neutron-846607-1-hyperv devstack@placement-api.service[105198]: INFO placement.requestlog [None req-9d69a38f-c6ab-4ee8-8bbb-b9fe7eb73928 service placement] 10.222.0.15 "GET /placement/resource_providers/203081f1-c8f5-498c-b42b-6065cf39dc51/aggregates" status: 404 len: 235 microversion: 1.1
Jun 20 12:39:07.942547 dv-neutron-846607-1-hyperv devstack@placement-api.service[105198]: [pid: 105198|app: 0|req: 61/123] 10.222.0.15 () {58 vars in 1362 bytes} [Mon Jun 20 12:39:07 2022] GET /placement/resource_providers/203081f1-c8f5-498c-b42b-6065cf39dc51/aggregates => generated 235 bytes in 16 msecs (HTTP/1.1 404) 5 headers in 202 bytes (1 switches on core 0)
Jun 20 12:39:07.980388 dv-neutron-846607-1-hyperv devstack@placement-api.service[105199]: DEBUG placement.requestlog [None req-50e8828d-e94e-411c-97ba-7fb61f37f6c6 None None] Starting request: 10.222.0.15 "DELETE /placement/resource_providers/203081f1-c8f5-498c-b42b-6065cf39dc51" {{(pid=105199) __call__ /opt/stack/placement/placement/requestlog.py:55}}
Jun 20 12:39:07.995974 dv-neutron-846607-1-hyperv devstack@placement-api.service[105199]: DEBUG placement.wsgi_wrapper [None req-50e8828d-e94e-411c-97ba-7fb61f37f6c6 service placement] Placement API returning an error response: No resource provider with uuid 203081f1-c8f5-498c-b42b-6065cf39dc51 found for delete {{(pid=105199) call_func /opt/stack/placement/placement/wsgi_wrapper.py:31}}
Jun 20 12:39:07.995974 dv-neutron-846607-1-hyperv devstack@placement-api.service[105199]: INFO placement.requestlog [None req-50e8828d-e94e-411c-97ba-7fb61f37f6c6 service placement] 10.222.0.15 "DELETE /placement/resource_providers/203081f1-c8f5-498c-b42b-6065cf39dc51" status: 404 len: 246 microversion: 1.1
Jun 20 12:39:07.996426 dv-neutron-846607-1-hyperv devstack@placement-api.service[105199]: [pid: 105199|app: 0|req: 63/124] 10.222.0.15 () {60 vars in 1351 bytes} [Mon Jun 20 12:39:07 2022] DELETE /placement/resource_providers/203081f1-c8f5-498c-b42b-6065cf39dc51 => generated 246 bytes in 16 msecs (HTTP/1.1 404) 6 headers in 231 bytes (1 switches on core 0)
Jun 20 12:39:08.022569 dv-neutron-846607-1-hyperv devstack@placement-api.service[105198]: DEBUG placement.requestlog [None req-2cbbb093-ccb8-4b63-895f-7a2f6d781d91 None None] Starting request: 10.222.0.15 "GET /placement/resource_providers/d8666614-0b5f-4174-be3c-6a43e68db78f/aggregates" {{(pid=105198) __call__ /opt/stack/placement/placement/requestlog.py:55}}
Jun 20 12:39:08.038965 dv-neutron-846607-1-hyperv devstack@placement-api.service[105198]: INFO placement.requestlog [None req-2cbbb093-ccb8-4b63-895f-7a2f6d781d91 service placement] 10.222.0.15 "GET /placement/resource_providers/d8666614-0b5f-4174-be3c-6a43e68db78f/aggregates" status: 404 len: 235 microversion: 1.1
Jun 20 12:39:08.049838 dv-neutron-846607-1-hyperv devstack@placement-api.service[105198]: [pid: 105198|app: 0|req: 62/125] 10.222.0.15 () {58 vars in 1362 bytes} [Mon Jun 20 12:39:08 2022] GET /placement/resource_providers/d8666614-0b5f-4174-be3c-6a43e68db78f/aggregates => generated 235 bytes in 27 msecs (HTTP/1.1 404) 5 headers in 202 bytes (1 switches on core 0)
Jun 20 12:39:08.064616 dv-neutron-846607-1-hyperv devstack@placement-api.service[105199]: DEBUG placement.requestlog [None req-891e1836-4fdd-4ec1-8af2-6a5271b137eb None None] Starting request: 10.222.0.15 "DELETE /placement/resource_providers/d8666614-0b5f-4174-be3c-6a43e68db78f" {{(pid=105199) __call__ /opt/stack/placement/placement/requestlog.py:55}}
Jun 20 12:39:08.076532 dv-neutron-846607-1-hyperv devstack@placement-api.service[105199]: DEBUG placement.wsgi_wrapper [None req-891e1836-4fdd-4ec1-8af2-6a5271b137eb service placement] Placement API returning an error response: No resource provider with uuid d8666614-0b5f-4174-be3c-6a43e68db78f found for delete {{(pid=105199) call_func /opt/stack/placement/placement/wsgi_wrapper.py:31}}
Jun 20 12:39:08.077361 dv-neutron-846607-1-hyperv devstack@placement-api.service[105199]: INFO placement.requestlog [None req-891e1836-4fdd-4ec1-8af2-6a5271b137eb service placement] 10.222.0.15 "DELETE /placement/resource_providers/d8666614-0b5f-4174-be3c-6a43e68db78f" status: 404 len: 246 microversion: 1.1
Jun 20 12:39:08.080597 dv-neutron-846607-1-hyperv devstack@placement-api.service[105199]: [pid: 105199|app: 0|req: 64/126] 10.222.0.15 () {60 vars in 1351 bytes} [Mon Jun 20 12:39:08 2022] DELETE /placement/resource_providers/d8666614-0b5f-4174-be3c-6a43e68db78f => generated 246 bytes in 16 msecs (HTTP/1.1 404) 6 headers in 231 bytes (1 switches on core 0)
Jun 20 12:39:10.132559 dv-neutron-846607-1-hyperv devstack@placement-api.service[105198]: DEBUG placement.requestlog [None req-18e70a8b-47ae-4086-93be-eb40adf552dc None None] Starting request: 10.222.0.15 "GET /placement/resource_providers/b6fe7c2e-ae47-4f30-a127-cc2173de5892/aggregates" {{(pid=105198) __call__ /opt/stack/placement/placement/requestlog.py:55}}
Jun 20 12:39:10.146607 dv-neutron-846607-1-hyperv devstack@placement-api.service[105198]: INFO placement.requestlog [None req-18e70a8b-47ae-4086-93be-eb40adf552dc service placement] 10.222.0.15 "GET /placement/resource_providers/b6fe7c2e-ae47-4f30-a127-cc2173de5892/aggregates" status: 404 len: 235 microversion: 1.1
Jun 20 12:39:10.146607 dv-neutron-846607-1-hyperv devstack@placement-api.service[105198]: [pid: 105198|app: 0|req: 63/127] 10.222.0.15 () {58 vars in 1362 bytes} [Mon Jun 20 12:39:10 2022] GET /placement/resource_providers/b6fe7c2e-ae47-4f30-a127-cc2173de5892/aggregates => generated 235 bytes in 14 msecs (HTTP/1.1 404) 5 headers in 202 bytes (1 switches on core 0)
Jun 20 12:39:10.204118 dv-neutron-846607-1-hyperv devstack@placement-api.service[105199]: DEBUG placement.requestlog [None req-94b39ca5-792a-4d43-8824-76f83825477a None None] Starting request: 10.222.0.15 "DELETE /placement/resource_providers/b6fe7c2e-ae47-4f30-a127-cc2173de5892" {{(pid=105199) __call__ /opt/stack/placement/placement/requestlog.py:55}}
Jun 20 12:39:10.218807 dv-neutron-846607-1-hyperv devstack@placement-api.service[105199]: DEBUG placement.wsgi_wrapper [None req-94b39ca5-792a-4d43-8824-76f83825477a service placement] Placement API returning an error response: No resource provider with uuid b6fe7c2e-ae47-4f30-a127-cc2173de5892 found for delete {{(pid=105199) call_func /opt/stack/placement/placement/wsgi_wrapper.py:31}}
Jun 20 12:39:10.219927 dv-neutron-846607-1-hyperv devstack@placement-api.service[105199]: INFO placement.requestlog [None req-94b39ca5-792a-4d43-8824-76f83825477a service placement] 10.222.0.15 "DELETE /placement/resource_providers/b6fe7c2e-ae47-4f30-a127-cc2173de5892" status: 404 len: 246 microversion: 1.1
Jun 20 12:39:10.221270 dv-neutron-846607-1-hyperv devstack@placement-api.service[105199]: [pid: 105199|app: 0|req: 65/128] 10.222.0.15 () {60 vars in 1351 bytes} [Mon Jun 20 12:39:10 2022] DELETE /placement/resource_providers/b6fe7c2e-ae47-4f30-a127-cc2173de5892 => generated 246 bytes in 17 msecs (HTTP/1.1 404) 6 headers in 231 bytes (1 switches on core 0)
Jun 20 12:39:14.040166 dv-neutron-846607-1-hyperv devstack@placement-api.service[105198]: DEBUG placement.requestlog [req-caf156d6-0926-4e21-bab2-583a164bc5fd req-bc64eede-9063-4be6-897e-30c97a4fb96d None None] Starting request: 10.222.0.16 "GET /placement/resource_providers/f205a838-3a13-4c68-b2b9-6062cbe68087/allocations" {{(pid=105198) __call__ /opt/stack/placement/placement/requestlog.py:55}}
Jun 20 12:39:14.069407 dv-neutron-846607-1-hyperv devstack@placement-api.service[105198]: INFO placement.requestlog [req-caf156d6-0926-4e21-bab2-583a164bc5fd req-bc64eede-9063-4be6-897e-30c97a4fb96d service placement] 10.222.0.16 "GET /placement/resource_providers/f205a838-3a13-4c68-b2b9-6062cbe68087/allocations" status: 200 len: 54 microversion: 1.0
Jun 20 12:39:14.074353 dv-neutron-846607-1-hyperv devstack@placement-api.service[105198]: [pid: 105198|app: 0|req: 64/129] 10.222.0.16 () {58 vars in 1390 bytes} [Mon Jun 20 12:39:14 2022] GET /placement/resource_providers/f205a838-3a13-4c68-b2b9-6062cbe68087/allocations => generated 54 bytes in 35 msecs (HTTP/1.1 200) 6 headers in 223 bytes (1 switches on core 0)
Jun 20 12:39:14.579828 dv-neutron-846607-1-hyperv devstack@placement-api.service[105199]: DEBUG placement.requestlog [None req-24364a59-d979-4b88-be9b-ad29046555dc None None] Starting request: 10.222.0.15 "GET /placement/resource_providers/7ea7a4ce-25b4-4aa8-872b-bfc24b215836/aggregates" {{(pid=105199) __call__ /opt/stack/placement/placement/requestlog.py:55}}
Jun 20 12:39:14.600264 dv-neutron-846607-1-hyperv devstack@placement-api.service[105199]: INFO placement.requestlog [None req-24364a59-d979-4b88-be9b-ad29046555dc service placement] 10.222.0.15 "GET /placement/resource_providers/7ea7a4ce-25b4-4aa8-872b-bfc24b215836/aggregates" status: 404 len: 235 microversion: 1.1
Jun 20 12:39:14.600764 dv-neutron-846607-1-hyperv devstack@placement-api.service[105199]: [pid: 105199|app: 0|req: 66/130] 10.222.0.15 () {58 vars in 1362 bytes} [Mon Jun 20 12:39:14 2022] GET /placement/resource_providers/7ea7a4ce-25b4-4aa8-872b-bfc24b215836/aggregates => generated 235 bytes in 21 msecs (HTTP/1.1 404) 5 headers in 202 bytes (2 switches on core 0)
Jun 20 12:39:14.626608 dv-neutron-846607-1-hyperv devstack@placement-api.service[105198]: DEBUG placement.requestlog [None req-42f32d1f-5a78-4473-a77d-18c249716a34 None None] Starting request: 10.222.0.15 "DELETE /placement/resource_providers/7ea7a4ce-25b4-4aa8-872b-bfc24b215836" {{(pid=105198) __call__ /opt/stack/placement/placement/requestlog.py:55}}
Jun 20 12:39:14.641263 dv-neutron-846607-1-hyperv devstack@placement-api.service[105198]: DEBUG placement.wsgi_wrapper [None req-42f32d1f-5a78-4473-a77d-18c249716a34 service placement] Placement API returning an error response: No resource provider with uuid 7ea7a4ce-25b4-4aa8-872b-bfc24b215836 found for delete {{(pid=105198) call_func /opt/stack/placement/placement/wsgi_wrapper.py:31}}
Jun 20 12:39:14.641263 dv-neutron-846607-1-hyperv devstack@placement-api.service[105198]: INFO placement.requestlog [None req-42f32d1f-5a78-4473-a77d-18c249716a34 service placement] 10.222.0.15 "DELETE /placement/resource_providers/7ea7a4ce-25b4-4aa8-872b-bfc24b215836" status: 404 len: 246 microversion: 1.1
Jun 20 12:39:14.641263 dv-neutron-846607-1-hyperv devstack@placement-api.service[105198]: [pid: 105198|app: 0|req: 65/131] 10.222.0.15 () {60 vars in 1351 bytes} [Mon Jun 20 12:39:14 2022] DELETE /placement/resource_providers/7ea7a4ce-25b4-4aa8-872b-bfc24b215836 => generated 246 bytes in 12 msecs (HTTP/1.1 404) 6 headers in 231 bytes (1 switches on core 0)
Jun 20 12:39:21.008919 dv-neutron-846607-1-hyperv devstack@placement-api.service[105199]: DEBUG placement.requestlog [req-0f5fe5ea-9028-4d33-a126-b8c3ba5e19c5 req-6b085306-c7a7-422d-9678-c5a338a762ba None None] Starting request: 10.222.0.15 "GET /placement/allocation_candidates?limit=1000&resources=DISK_GB%3A1%2CMEMORY_MB%3A1024%2CVCPU%3A1&root_required=%21COMPUTE_STATUS_DISABLED" {{(pid=105199) __call__ /opt/stack/placement/placement/requestlog.py:55}}
Jun 20 12:39:21.016401 dv-neutron-846607-1-hyperv devstack@placement-api.service[105199]: DEBUG dbcounter [-] [105199] Writing DB stats placement:SELECT=20 {{(pid=105199) stat_writer /usr/local/lib/python3.8/dist-packages/dbcounter.py:114}}
Jun 20 12:39:21.072731 dv-neutron-846607-1-hyperv devstack@placement-api.service[105199]: DEBUG placement.objects.research_context [req-0f5fe5ea-9028-4d33-a126-b8c3ba5e19c5 req-6b085306-c7a7-422d-9678-c5a338a762ba service placement] getting providers with 1 DISK_GB {{(pid=105199) __init__ /opt/stack/placement/placement/objects/research_context.py:136}}
Jun 20 12:39:21.205045 dv-neutron-846607-1-hyperv devstack@placement-api.service[105199]: DEBUG placement.objects.research_context [req-0f5fe5ea-9028-4d33-a126-b8c3ba5e19c5 req-6b085306-c7a7-422d-9678-c5a338a762ba service placement] getting providers with 1024 MEMORY_MB {{(pid=105199) __init__ /opt/stack/placement/placement/objects/research_context.py:136}}
Jun 20 12:39:21.212549 dv-neutron-846607-1-hyperv devstack@placement-api.service[105199]: DEBUG placement.objects.research_context [req-0f5fe5ea-9028-4d33-a126-b8c3ba5e19c5 req-6b085306-c7a7-422d-9678-c5a338a762ba service placement] getting providers with 1 VCPU {{(pid=105199) __init__ /opt/stack/placement/placement/objects/research_context.py:136}}
Jun 20 12:39:21.227369 dv-neutron-846607-1-hyperv devstack@placement-api.service[105199]: DEBUG placement.objects.research_context [req-0f5fe5ea-9028-4d33-a126-b8c3ba5e19c5 req-6b085306-c7a7-422d-9678-c5a338a762ba service placement] found 1 providers with available 1 DISK_GB {{(pid=105199) get_provider_ids_matching /opt/stack/placement/placement/objects/research_context.py:563}}
Jun 20 12:39:21.228356 dv-neutron-846607-1-hyperv devstack@placement-api.service[105199]: DEBUG placement.objects.research_context [req-0f5fe5ea-9028-4d33-a126-b8c3ba5e19c5 req-6b085306-c7a7-422d-9678-c5a338a762ba service placement] found 1 providers with available 1024 MEMORY_MB {{(pid=105199) get_provider_ids_matching /opt/stack/placement/placement/objects/research_context.py:563}}
Jun 20 12:39:21.228847 dv-neutron-846607-1-hyperv devstack@placement-api.service[105199]: DEBUG placement.objects.research_context [req-0f5fe5ea-9028-4d33-a126-b8c3ba5e19c5 req-6b085306-c7a7-422d-9678-c5a338a762ba service placement] found 1 providers after filtering by previous result {{(pid=105199) get_provider_ids_matching /opt/stack/placement/placement/objects/research_context.py:594}}
Jun 20 12:39:21.231822 dv-neutron-846607-1-hyperv devstack@placement-api.service[105199]: DEBUG placement.objects.research_context [req-0f5fe5ea-9028-4d33-a126-b8c3ba5e19c5 req-6b085306-c7a7-422d-9678-c5a338a762ba service placement] found 1 providers with available 1 VCPU {{(pid=105199) get_provider_ids_matching /opt/stack/placement/placement/objects/research_context.py:563}}
Jun 20 12:39:21.232490 dv-neutron-846607-1-hyperv devstack@placement-api.service[105199]: DEBUG placement.objects.research_context [req-0f5fe5ea-9028-4d33-a126-b8c3ba5e19c5 req-6b085306-c7a7-422d-9678-c5a338a762ba service placement] found 1 providers after filtering by previous result {{(pid=105199) get_provider_ids_matching /opt/stack/placement/placement/objects/research_context.py:594}}
Jun 20 12:39:21.254139 dv-neutron-846607-1-hyperv devstack@placement-api.service[105199]: DEBUG placement.objects.allocation_candidate [req-0f5fe5ea-9028-4d33-a126-b8c3ba5e19c5 req-6b085306-c7a7-422d-9678-c5a338a762ba service placement] RequestGroup(use_same_provider=False, resources={DISK_GB:1, MEMORY_MB:1024, VCPU:1}, traits=(), aggregates=[]) (suffix '') returned 1 matches {{(pid=105199) _get_by_requests /opt/stack/placement/placement/objects/allocation_candidate.py:156}}
Jun 20 12:39:21.254841 dv-neutron-846607-1-hyperv devstack@placement-api.service[105199]: DEBUG placement.objects.allocation_candidate [req-0f5fe5ea-9028-4d33-a126-b8c3ba5e19c5 req-6b085306-c7a7-422d-9678-c5a338a762ba service placement] Merging candidates yields 1 allocation requests and 1 provider summaries {{(pid=105199) _merge_candidates /opt/stack/placement/placement/objects/allocation_candidate.py:809}}
Jun 20 12:39:21.256828 dv-neutron-846607-1-hyperv devstack@placement-api.service[105199]: INFO placement.requestlog [req-0f5fe5ea-9028-4d33-a126-b8c3ba5e19c5 req-6b085306-c7a7-422d-9678-c5a338a762ba service placement] 10.222.0.15 "GET /placement/allocation_candidates?limit=1000&resources=DISK_GB%3A1%2CMEMORY_MB%3A1024%2CVCPU%3A1&root_required=%21COMPUTE_STATUS_DISABLED" status: 200 len: 764 microversion: 1.36
Jun 20 12:39:21.263540 dv-neutron-846607-1-hyperv devstack@placement-api.service[105199]: [pid: 105199|app: 0|req: 67/132] 10.222.0.15 () {60 vars in 1506 bytes} [Mon Jun 20 12:39:21 2022] GET /placement/allocation_candidates?limit=1000&resources=DISK_GB%3A1%2CMEMORY_MB%3A1024%2CVCPU%3A1&root_required=%21COMPUTE_STATUS_DISABLED => generated 764 bytes in 255 msecs (HTTP/1.1 200) 8 headers in 296 bytes (1 switches on core 0)
Jun 20 12:39:21.335064 dv-neutron-846607-1-hyperv devstack@placement-api.service[105198]: DEBUG placement.requestlog [req-0f5fe5ea-9028-4d33-a126-b8c3ba5e19c5 req-62a0b60c-5573-47b1-8691-b2a9d23a663f None None] Starting request: 10.222.0.15 "GET /placement/allocations/2c7a51e1-5a31-42c7-b9ba-9c492c079ccc" {{(pid=105198) __call__ /opt/stack/placement/placement/requestlog.py:55}}
Jun 20 12:39:21.342301 dv-neutron-846607-1-hyperv devstack@placement-api.service[105198]: DEBUG dbcounter [-] [105198] Writing DB stats placement:SELECT=24 {{(pid=105198) stat_writer /usr/local/lib/python3.8/dist-packages/dbcounter.py:114}}
Jun 20 12:39:21.346844 dv-neutron-846607-1-hyperv devstack@placement-api.service[105199]: DEBUG placement.requestlog [None req-5a628f4a-8dc3-4145-8196-eea19e0759d2 None None] Starting request: 10.222.0.15 "GET /placement/resource_providers/d8fc446c-8a03-4278-9a1a-00a307a71ac9/aggregates" {{(pid=105199) __call__ /opt/stack/placement/placement/requestlog.py:55}}
Jun 20 12:39:21.350554 dv-neutron-846607-1-hyperv devstack@placement-api.service[105198]: INFO placement.requestlog [req-0f5fe5ea-9028-4d33-a126-b8c3ba5e19c5 req-62a0b60c-5573-47b1-8691-b2a9d23a663f service placement] 10.222.0.15 "GET /placement/allocations/2c7a51e1-5a31-42c7-b9ba-9c492c079ccc" status: 200 len: 19 microversion: 1.28
Jun 20 12:39:21.351217 dv-neutron-846607-1-hyperv devstack@placement-api.service[105198]: [pid: 105198|app: 0|req: 66/133] 10.222.0.15 () {60 vars in 1380 bytes} [Mon Jun 20 12:39:21 2022] GET /placement/allocations/2c7a51e1-5a31-42c7-b9ba-9c492c079ccc => generated 19 bytes in 16 msecs (HTTP/1.1 200) 8 headers in 295 bytes (1 switches on core 0)
Jun 20 12:39:21.372561 dv-neutron-846607-1-hyperv devstack@placement-api.service[105198]: DEBUG placement.requestlog [req-0f5fe5ea-9028-4d33-a126-b8c3ba5e19c5 req-2fac87bb-1292-4585-ad41-66ae8b07e08a None None] Starting request: 10.222.0.15 "PUT /placement/allocations/2c7a51e1-5a31-42c7-b9ba-9c492c079ccc" {{(pid=105198) __call__ /opt/stack/placement/placement/requestlog.py:55}}
Jun 20 12:39:21.388088 dv-neutron-846607-1-hyperv devstack@placement-api.service[105199]: INFO placement.requestlog [None req-5a628f4a-8dc3-4145-8196-eea19e0759d2 service placement] 10.222.0.15 "GET /placement/resource_providers/d8fc446c-8a03-4278-9a1a-00a307a71ac9/aggregates" status: 404 len: 235 microversion: 1.1
Jun 20 12:39:21.391234 dv-neutron-846607-1-hyperv devstack@placement-api.service[105199]: [pid: 105199|app: 0|req: 68/134] 10.222.0.15 () {58 vars in 1362 bytes} [Mon Jun 20 12:39:21 2022] GET /placement/resource_providers/d8fc446c-8a03-4278-9a1a-00a307a71ac9/aggregates => generated 235 bytes in 45 msecs (HTTP/1.1 404) 5 headers in 202 bytes (1 switches on core 0)
Jun 20 12:39:21.545815 dv-neutron-846607-1-hyperv devstack@placement-api.service[105198]: DEBUG placement.handlers.allocation [req-0f5fe5ea-9028-4d33-a126-b8c3ba5e19c5 req-2fac87bb-1292-4585-ad41-66ae8b07e08a service placement] Successfully wrote allocations [, , ] {{(pid=105198) _update_consumers_and_create_allocations /opt/stack/placement/placement/handlers/allocation.py:462}}
Jun 20 12:39:21.552330 dv-neutron-846607-1-hyperv devstack@placement-api.service[105198]: INFO placement.requestlog [req-0f5fe5ea-9028-4d33-a126-b8c3ba5e19c5 req-2fac87bb-1292-4585-ad41-66ae8b07e08a service placement] 10.222.0.15 "PUT /placement/allocations/2c7a51e1-5a31-42c7-b9ba-9c492c079ccc" status: 204 len: 0 microversion: 1.36
Jun 20 12:39:21.553185 dv-neutron-846607-1-hyperv devstack@placement-api.service[105199]: DEBUG placement.requestlog [None req-fe912571-b3e2-42a1-91c9-22550a60d0ae None None] Starting request: 10.222.0.15 "DELETE /placement/resource_providers/d8fc446c-8a03-4278-9a1a-00a307a71ac9" {{(pid=105199) __call__ /opt/stack/placement/placement/requestlog.py:55}}
Jun 20 12:39:21.564871 dv-neutron-846607-1-hyperv devstack@placement-api.service[105198]: [pid: 105198|app: 0|req: 67/135] 10.222.0.15 () {64 vars in 1433 bytes} [Mon Jun 20 12:39:21 2022] PUT /placement/allocations/2c7a51e1-5a31-42c7-b9ba-9c492c079ccc => generated 0 bytes in 181 msecs (HTTP/1.1 204) 5 headers in 199 bytes (1 switches on core 0)
Jun 20 12:39:21.572110 dv-neutron-846607-1-hyperv devstack@placement-api.service[105199]: DEBUG placement.wsgi_wrapper [None req-fe912571-b3e2-42a1-91c9-22550a60d0ae service placement] Placement API returning an error response: No resource provider with uuid d8fc446c-8a03-4278-9a1a-00a307a71ac9 found for delete {{(pid=105199) call_func /opt/stack/placement/placement/wsgi_wrapper.py:31}}
Jun 20 12:39:21.583481 dv-neutron-846607-1-hyperv devstack@placement-api.service[105199]: INFO placement.requestlog [None req-fe912571-b3e2-42a1-91c9-22550a60d0ae service placement] 10.222.0.15 "DELETE /placement/resource_providers/d8fc446c-8a03-4278-9a1a-00a307a71ac9" status: 404 len: 246 microversion: 1.1
Jun 20 12:39:21.594496 dv-neutron-846607-1-hyperv devstack@placement-api.service[105199]: [pid: 105199|app: 0|req: 69/136] 10.222.0.15 () {60 vars in 1351 bytes} [Mon Jun 20 12:39:21 2022] DELETE /placement/resource_providers/d8fc446c-8a03-4278-9a1a-00a307a71ac9 => generated 246 bytes in 42 msecs (HTTP/1.1 404) 6 headers in 231 bytes (2 switches on core 0)
Jun 20 12:39:22.181360 dv-neutron-846607-1-hyperv devstack@placement-api.service[105198]: DEBUG placement.requestlog [req-0f5fe5ea-9028-4d33-a126-b8c3ba5e19c5 req-3bee13bb-7f1f-44ee-8612-c39dd3117685 None None] Starting request: 10.222.0.16 "GET /placement/allocations/2c7a51e1-5a31-42c7-b9ba-9c492c079ccc" {{(pid=105198) __call__ /opt/stack/placement/placement/requestlog.py:55}}
Jun 20 12:39:22.207612 dv-neutron-846607-1-hyperv devstack@placement-api.service[105198]: INFO placement.requestlog [req-0f5fe5ea-9028-4d33-a126-b8c3ba5e19c5 req-3bee13bb-7f1f-44ee-8612-c39dd3117685 service placement] 10.222.0.16 "GET /placement/allocations/2c7a51e1-5a31-42c7-b9ba-9c492c079ccc" status: 200 len: 258 microversion: 1.28
Jun 20 12:39:22.208345 dv-neutron-846607-1-hyperv devstack@placement-api.service[105198]: [pid: 105198|app: 0|req: 68/137] 10.222.0.16 () {60 vars in 1377 bytes} [Mon Jun 20 12:39:22 2022] GET /placement/allocations/2c7a51e1-5a31-42c7-b9ba-9c492c079ccc => generated 258 bytes in 28 msecs (HTTP/1.1 200) 8 headers in 296 bytes (1 switches on core 0)
Jun 20 12:39:24.970183 dv-neutron-846607-1-hyperv devstack@placement-api.service[105199]: DEBUG placement.requestlog [None req-7cb9697f-3e50-4aa3-88f6-a42c5ad1c6d0 None None] Starting request: 10.222.0.15 "GET /placement/resource_providers/d8fc446c-8a03-4278-9a1a-00a307a71ac9/aggregates" {{(pid=105199) __call__ /opt/stack/placement/placement/requestlog.py:55}}
Jun 20 12:39:24.980618 dv-neutron-846607-1-hyperv devstack@placement-api.service[105199]: INFO placement.requestlog [None req-7cb9697f-3e50-4aa3-88f6-a42c5ad1c6d0 service placement] 10.222.0.15 "GET /placement/resource_providers/d8fc446c-8a03-4278-9a1a-00a307a71ac9/aggregates" status: 404 len: 235 microversion: 1.1
Jun 20 12:39:24.981608 dv-neutron-846607-1-hyperv devstack@placement-api.service[105199]: [pid: 105199|app: 0|req: 70/138] 10.222.0.15 () {58 vars in 1362 bytes} [Mon Jun 20 12:39:24 2022] GET /placement/resource_providers/d8fc446c-8a03-4278-9a1a-00a307a71ac9/aggregates => generated 235 bytes in 12 msecs (HTTP/1.1 404) 5 headers in 202 bytes (1 switches on core 0)
