Jun 20 12:00:14.241294 dv-neutron-846422-2-hyperv neutron-server[104512]: INFO neutron.wsgi [req-0eb9da85-e408-46e6-a2b5-cefdf627a24a req-6eb5823f-c6f0-4152-87c4-e35e92bfb19c tempest-ServersTestManualDisk-2143571300 tempest-ServersTestManualDisk-2143571300-project] 10.222.0.18 "GET /v2.0/ports?device_id=3c6a650c-c39d-4402-a716-f5bdf90009a3 HTTP/1.1" status: 200 len: 210 time: 0.5003397
Jun 20 12:00:14.255081 dv-neutron-846422-2-hyperv neutron-server[104513]: DEBUG neutron.plugins.ml2.drivers.mech_agent [None req-3e21982f-7da8-442b-afc6-6b6949c141e8 tempest-PortsAdminExtendedAttrsTestJSON-483681446 tempest-PortsAdminExtendedAttrsTestJSON-483681446-project-admin] Port fd59fb69-1123-496a-bd88-a7eb11049d7e on network f22285eb-cf06-4919-a2de-521f635d10f9 not bound, no agent of type Open vSwitch agent registered on host hv-neutron-8464 {{(pid=104513) bind_port /opt/stack/neutron/neutron/plugins/ml2/drivers/mech_agent.py:103}}
Jun 20 12:00:14.255678 dv-neutron-846422-2-hyperv neutron-server[104513]: ERROR neutron.plugins.ml2.managers [None req-3e21982f-7da8-442b-afc6-6b6949c141e8 tempest-PortsAdminExtendedAttrsTestJSON-483681446 tempest-PortsAdminExtendedAttrsTestJSON-483681446-project-admin] Failed to bind port fd59fb69-1123-496a-bd88-a7eb11049d7e on host hv-neutron-8464 for vnic_type normal using segments [{'id': '2225301e-d06c-4076-912d-6ebce3781565', 'network_type': 'vlan', 'physical_network': 'physnet1', 'segmentation_id': 693, 'network_id': 'f22285eb-cf06-4919-a2de-521f635d10f9'}]
Jun 20 12:00:14.256599 dv-neutron-846422-2-hyperv neutron-server[104512]: DEBUG neutron_lib.callbacks.manager [None req-24929aea-d0f7-4aa8-b669-ed144de506ce tempest-ExternalNetworksTestJSON-893286362 tempest-ExternalNetworksTestJSON-893286362-project-admin] Publish callbacks ['neutron.plugins.ml2.ovo_rpc._ObjectChangeHandler.handle_event-7969789', 'neutron.api.rpc.agentnotifiers.dhcp_rpc_agent_api.DhcpAgentNotifyAPI._native_event_send_dhcp_notification-7873068'] for network (72bcdd52-0ad9-452f-aa0c-341cd7485d63), after_create {{(pid=104512) _notify_loop /usr/local/lib/python3.8/dist-packages/neutron_lib/callbacks/manager.py:176}}
Jun 20 12:00:14.258673 dv-neutron-846422-2-hyperv neutron-server[104512]: DEBUG neutron.pecan_wsgi.hooks.policy_enforcement [None req-24929aea-d0f7-4aa8-b669-ed144de506ce tempest-ExternalNetworksTestJSON-893286362 tempest-ExternalNetworksTestJSON-893286362-project-admin] Attributes excluded by policy engine: ['standard_attr_id', 'vlan_transparent'] {{(pid=104512) _exclude_attributes_by_policy /opt/stack/neutron/neutron/pecan_wsgi/hooks/policy_enforcement.py:259}}
Jun 20 12:00:14.259494 dv-neutron-846422-2-hyperv neutron-server[104512]: DEBUG neutron_lib.callbacks.manager [None req-24929aea-d0f7-4aa8-b669-ed144de506ce tempest-ExternalNetworksTestJSON-893286362 tempest-ExternalNetworksTestJSON-893286362-project-admin] Publish callbacks ['neutron.api.rpc.agentnotifiers.dhcp_rpc_agent_api.DhcpAgentNotifyAPI._send_dhcp_notification-7873054'] for network (None), before_response {{(pid=104512) _notify_loop /usr/local/lib/python3.8/dist-packages/neutron_lib/callbacks/manager.py:176}}
Jun 20 12:00:14.261284 dv-neutron-846422-2-hyperv neutron-server[104513]: INFO neutron.plugins.ml2.plugin [None req-3e21982f-7da8-442b-afc6-6b6949c141e8 tempest-PortsAdminExtendedAttrsTestJSON-483681446 tempest-PortsAdminExtendedAttrsTestJSON-483681446-project-admin] Attempt 3 to bind port fd59fb69-1123-496a-bd88-a7eb11049d7e
Jun 20 12:00:14.302148 dv-neutron-846422-2-hyperv neutron-server[104513]: DEBUG neutron.pecan_wsgi.hooks.policy_enforcement [req-2d0c8f2d-19d5-46ab-85fe-622c4be5245e req-44ce6304-cbb4-4f92-85cb-83b696af72f7 tempest-ServersTestJSON-942347698 tempest-ServersTestJSON-942347698-project] Attributes excluded by policy engine: ['standard_attr_id', 'binding:profile', 'binding:host_id', 'binding:vif_type', 'binding:vif_details', 'network'] {{(pid=104513) _exclude_attributes_by_policy /opt/stack/neutron/neutron/pecan_wsgi/hooks/policy_enforcement.py:259}}
Jun 20 12:00:14.302848 dv-neutron-846422-2-hyperv neutron-server[104513]: DEBUG neutron_lib.callbacks.manager [req-2d0c8f2d-19d5-46ab-85fe-622c4be5245e req-44ce6304-cbb4-4f92-85cb-83b696af72f7 tempest-ServersTestJSON-942347698 tempest-ServersTestJSON-942347698-project] Publish callbacks ['neutron.notifiers.nova.Notifier._send_nova_notification-259396'] for port (None), before_response {{(pid=104513) _notify_loop /usr/local/lib/python3.8/dist-packages/neutron_lib/callbacks/manager.py:176}}
Jun 20 12:00:14.314871 dv-neutron-846422-2-hyperv neutron-server[104513]: DEBUG neutron.api.rpc.handlers.resources_rpc [None req-44ce6304-cbb4-4f92-85cb-83b696af72f7 tempest-ServersTestJSON-942347698 tempest-ServersTestJSON-942347698-project] Pushing event updated for resources: {'Port': ['ID=db8900fd-3238-4d02-8180-f009f816be1a,revision_number=1']} {{(pid=104513) push /opt/stack/neutron/neutron/api/rpc/handlers/resources_rpc.py:237}}
Jun 20 12:00:14.342974 dv-neutron-846422-2-hyperv neutron-server[104513]: DEBUG neutron_lib.callbacks.manager [None req-96fd3181-b2d0-4351-972f-bb49298c02fe tempest-FloatingIPAdminTestJSON-852652346 tempest-FloatingIPAdminTestJSON-852652346-project-admin] Publish callbacks ['neutron.plugins.ml2.plugin.SecurityGroupDbMixin._ensure_default_security_group_handler-666695'] for port (None), before_create {{(pid=104513) _notify_loop /usr/local/lib/python3.8/dist-packages/neutron_lib/callbacks/manager.py:176}}
Jun 20 12:00:14.345281 dv-neutron-846422-2-hyperv neutron-server[104513]: DEBUG neutron.plugins.ml2.managers [None req-3e21982f-7da8-442b-afc6-6b6949c141e8 tempest-PortsAdminExtendedAttrsTestJSON-483681446 tempest-PortsAdminExtendedAttrsTestJSON-483681446-project-admin] Attempting to bind port fd59fb69-1123-496a-bd88-a7eb11049d7e on host hv-neutron-8464 for vnic_type normal with profile {{(pid=104513) bind_port /opt/stack/neutron/neutron/plugins/ml2/managers.py:811}}
Jun 20 12:00:14.345626 dv-neutron-846422-2-hyperv neutron-server[104513]: DEBUG neutron.plugins.ml2.managers [None req-3e21982f-7da8-442b-afc6-6b6949c141e8 tempest-PortsAdminExtendedAttrsTestJSON-483681446 tempest-PortsAdminExtendedAttrsTestJSON-483681446-project-admin] Attempting to bind port fd59fb69-1123-496a-bd88-a7eb11049d7e by drivers openvswitch,hyperv on host hv-neutron-8464 at level 0 using segments [{'id': '2225301e-d06c-4076-912d-6ebce3781565', 'network_type': 'vlan', 'physical_network': 'physnet1', 'segmentation_id': 693, 'network_id': 'f22285eb-cf06-4919-a2de-521f635d10f9'}] {{(pid=104513) _bind_port_level /opt/stack/neutron/neutron/plugins/ml2/managers.py:836}}
Jun 20 12:00:14.345968 dv-neutron-846422-2-hyperv neutron-server[104513]: DEBUG neutron.plugins.ml2.drivers.mech_agent [None req-3e21982f-7da8-442b-afc6-6b6949c141e8 tempest-PortsAdminExtendedAttrsTestJSON-483681446 tempest-PortsAdminExtendedAttrsTestJSON-483681446-project-admin] Attempting to bind port fd59fb69-1123-496a-bd88-a7eb11049d7e on network f22285eb-cf06-4919-a2de-521f635d10f9 {{(pid=104513) bind_port /opt/stack/neutron/neutron/plugins/ml2/drivers/mech_agent.py:91}}
Jun 20 12:00:14.354896 dv-neutron-846422-2-hyperv neutron-server[104513]: INFO neutron.wsgi [req-2d0c8f2d-19d5-46ab-85fe-622c4be5245e req-44ce6304-cbb4-4f92-85cb-83b696af72f7 tempest-ServersTestJSON-942347698 tempest-ServersTestJSON-942347698-project] 10.222.0.57 "POST /v2.0/ports HTTP/1.1" status: 201 len: 933 time: 4.7497628
Jun 20 12:00:14.366909 dv-neutron-846422-2-hyperv neutron-server[104513]: DEBUG neutron.plugins.ml2.drivers.mech_agent [None req-3e21982f-7da8-442b-afc6-6b6949c141e8 tempest-PortsAdminExtendedAttrsTestJSON-483681446 tempest-PortsAdminExtendedAttrsTestJSON-483681446-project-admin] Port fd59fb69-1123-496a-bd88-a7eb11049d7e on network f22285eb-cf06-4919-a2de-521f635d10f9 not bound, no agent of type Open vSwitch agent registered on host hv-neutron-8464 {{(pid=104513) bind_port /opt/stack/neutron/neutron/plugins/ml2/drivers/mech_agent.py:103}}
Jun 20 12:00:14.367264 dv-neutron-846422-2-hyperv neutron-server[104513]: ERROR neutron.plugins.ml2.managers [None req-3e21982f-7da8-442b-afc6-6b6949c141e8 tempest-PortsAdminExtendedAttrsTestJSON-483681446 tempest-PortsAdminExtendedAttrsTestJSON-483681446-project-admin] Failed to bind port fd59fb69-1123-496a-bd88-a7eb11049d7e on host hv-neutron-8464 for vnic_type normal using segments [{'id': '2225301e-d06c-4076-912d-6ebce3781565', 'network_type': 'vlan', 'physical_network': 'physnet1', 'segmentation_id': 693, 'network_id': 'f22285eb-cf06-4919-a2de-521f635d10f9'}]
Jun 20 12:00:14.369347 dv-neutron-846422-2-hyperv neutron-server[104513]: INFO neutron.plugins.ml2.plugin [None req-3e21982f-7da8-442b-afc6-6b6949c141e8 tempest-PortsAdminExtendedAttrsTestJSON-483681446 tempest-PortsAdminExtendedAttrsTestJSON-483681446-project-admin] Attempt 4 to bind port fd59fb69-1123-496a-bd88-a7eb11049d7e
Jun 20 12:00:14.378548 dv-neutron-846422-2-hyperv neutron-server[104512]: DEBUG neutron_lib.callbacks.manager [None req-28206281-64be-45d6-bd36-50c4c8556d8f tempest-RoutersIpV6AdminTest-1553568331 tempest-RoutersIpV6AdminTest-1553568331-project-admin] Publish callbacks ['neutron.services.l3_router.l3_router_plugin.L3_HA_NAT_db_mixin._after_router_create-8094666', 'neutron.services.l3_router.l3_router_plugin.DVRResourceOperationHandler._create_snat_interfaces_after_change-8104324'] for router (58f8cbaa-6950-4ea3-9d76-237fae00347f), after_create {{(pid=104512) _notify_loop /usr/local/lib/python3.8/dist-packages/neutron_lib/callbacks/manager.py:176}}
Jun 20 12:00:14.437300 dv-neutron-846422-2-hyperv neutron-server[104513]: DEBUG neutron.plugins.ml2.managers [None req-3e21982f-7da8-442b-afc6-6b6949c141e8 tempest-PortsAdminExtendedAttrsTestJSON-483681446 tempest-PortsAdminExtendedAttrsTestJSON-483681446-project-admin] Attempting to bind port fd59fb69-1123-496a-bd88-a7eb11049d7e on host hv-neutron-8464 for vnic_type normal with profile {{(pid=104513) bind_port /opt/stack/neutron/neutron/plugins/ml2/managers.py:811}}
Jun 20 12:00:14.437635 dv-neutron-846422-2-hyperv neutron-server[104513]: DEBUG neutron.plugins.ml2.managers [None req-3e21982f-7da8-442b-afc6-6b6949c141e8 tempest-PortsAdminExtendedAttrsTestJSON-483681446 tempest-PortsAdminExtendedAttrsTestJSON-483681446-project-admin] Attempting to bind port fd59fb69-1123-496a-bd88-a7eb11049d7e by drivers openvswitch,hyperv on host hv-neutron-8464 at level 0 using segments [{'id': '2225301e-d06c-4076-912d-6ebce3781565', 'network_type': 'vlan', 'physical_network': 'physnet1', 'segmentation_id': 693, 'network_id': 'f22285eb-cf06-4919-a2de-521f635d10f9'}] {{(pid=104513) _bind_port_level /opt/stack/neutron/neutron/plugins/ml2/managers.py:836}}
Jun 20 12:00:14.437980 dv-neutron-846422-2-hyperv neutron-server[104513]: DEBUG neutron.plugins.ml2.drivers.mech_agent [None req-3e21982f-7da8-442b-afc6-6b6949c141e8 tempest-PortsAdminExtendedAttrsTestJSON-483681446 tempest-PortsAdminExtendedAttrsTestJSON-483681446-project-admin] Attempting to bind port fd59fb69-1123-496a-bd88-a7eb11049d7e on network f22285eb-cf06-4919-a2de-521f635d10f9 {{(pid=104513) bind_port /opt/stack/neutron/neutron/plugins/ml2/drivers/mech_agent.py:91}}
Jun 20 12:00:14.451224 dv-neutron-846422-2-hyperv neutron-server[104513]: DEBUG neutron.plugins.ml2.drivers.mech_agent [None req-3e21982f-7da8-442b-afc6-6b6949c141e8 tempest-PortsAdminExtendedAttrsTestJSON-483681446 tempest-PortsAdminExtendedAttrsTestJSON-483681446-project-admin] Port fd59fb69-1123-496a-bd88-a7eb11049d7e on network f22285eb-cf06-4919-a2de-521f635d10f9 not bound, no agent of type Open vSwitch agent registered on host hv-neutron-8464 {{(pid=104513) bind_port /opt/stack/neutron/neutron/plugins/ml2/drivers/mech_agent.py:103}}
Jun 20 12:00:14.451444 dv-neutron-846422-2-hyperv neutron-server[104513]: ERROR neutron.plugins.ml2.managers [None req-3e21982f-7da8-442b-afc6-6b6949c141e8 tempest-PortsAdminExtendedAttrsTestJSON-483681446 tempest-PortsAdminExtendedAttrsTestJSON-483681446-project-admin] Failed to bind port fd59fb69-1123-496a-bd88-a7eb11049d7e on host hv-neutron-8464 for vnic_type normal using segments [{'id': '2225301e-d06c-4076-912d-6ebce3781565', 'network_type': 'vlan', 'physical_network': 'physnet1', 'segmentation_id': 693, 'network_id': 'f22285eb-cf06-4919-a2de-521f635d10f9'}]
Jun 20 12:00:14.455395 dv-neutron-846422-2-hyperv neutron-server[104513]: INFO neutron.plugins.ml2.plugin [None req-3e21982f-7da8-442b-afc6-6b6949c141e8 tempest-PortsAdminExtendedAttrsTestJSON-483681446 tempest-PortsAdminExtendedAttrsTestJSON-483681446-project-admin] Attempt 5 to bind port fd59fb69-1123-496a-bd88-a7eb11049d7e
Jun 20 12:00:14.494108 dv-neutron-846422-2-hyperv neutron-server[104512]: DEBUG neutron_lib.callbacks.manager [None req-ce251b48-2b9e-4dda-8ad0-99b516884072 tempest-RoutersAdminNegativeIpV6Test-1734578436 tempest-RoutersAdminNegativeIpV6Test-1734578436-project-admin] Publish callbacks [] for router_gateway (39e1c262-23cc-48d6-8bf5-61f453c7659b), precommit_update {{(pid=104512) _notify_loop /usr/local/lib/python3.8/dist-packages/neutron_lib/callbacks/manager.py:176}}
Jun 20 12:00:14.499488 dv-neutron-846422-2-hyperv neutron-server[104512]: DEBUG dbcounter [-] [104512] Writing DB stats neutron:SELECT=81,neutron:INSERT=12,neutron:UPDATE=4,neutron:DELETE=3 {{(pid=104512) stat_writer /usr/local/lib/python3.8/dist-packages/dbcounter.py:114}}
Jun 20 12:00:14.501345 dv-neutron-846422-2-hyperv neutron-server[104513]: DEBUG neutron.plugins.ml2.managers [None req-3e21982f-7da8-442b-afc6-6b6949c141e8 tempest-PortsAdminExtendedAttrsTestJSON-483681446 tempest-PortsAdminExtendedAttrsTestJSON-483681446-project-admin] Attempting to bind port fd59fb69-1123-496a-bd88-a7eb11049d7e on host hv-neutron-8464 for vnic_type normal with profile {{(pid=104513) bind_port /opt/stack/neutron/neutron/plugins/ml2/managers.py:811}}
Jun 20 12:00:14.501662 dv-neutron-846422-2-hyperv neutron-server[104513]: DEBUG neutron.plugins.ml2.managers [None req-3e21982f-7da8-442b-afc6-6b6949c141e8 tempest-PortsAdminExtendedAttrsTestJSON-483681446 tempest-PortsAdminExtendedAttrsTestJSON-483681446-project-admin] Attempting to bind port fd59fb69-1123-496a-bd88-a7eb11049d7e by drivers openvswitch,hyperv on host hv-neutron-8464 at level 0 using segments [{'id': '2225301e-d06c-4076-912d-6ebce3781565', 'network_type': 'vlan', 'physical_network': 'physnet1', 'segmentation_id': 693, 'network_id': 'f22285eb-cf06-4919-a2de-521f635d10f9'}] {{(pid=104513) _bind_port_level /opt/stack/neutron/neutron/plugins/ml2/managers.py:836}}
Jun 20 12:00:14.502145 dv-neutron-846422-2-hyperv neutron-server[104513]: DEBUG neutron.plugins.ml2.drivers.mech_agent [None req-3e21982f-7da8-442b-afc6-6b6949c141e8 tempest-PortsAdminExtendedAttrsTestJSON-483681446 tempest-PortsAdminExtendedAttrsTestJSON-483681446-project-admin] Attempting to bind port fd59fb69-1123-496a-bd88-a7eb11049d7e on network f22285eb-cf06-4919-a2de-521f635d10f9 {{(pid=104513) bind_port /opt/stack/neutron/neutron/plugins/ml2/drivers/mech_agent.py:91}}
Jun 20 12:00:14.503066 dv-neutron-846422-2-hyperv neutron-server[104512]: DEBUG neutron_lib.callbacks.manager [None req-28206281-64be-45d6-bd36-50c4c8556d8f tempest-RoutersIpV6AdminTest-1553568331 tempest-RoutersIpV6AdminTest-1553568331-project-admin] Publish callbacks [] for router (None), before_response {{(pid=104512) _notify_loop /usr/local/lib/python3.8/dist-packages/neutron_lib/callbacks/manager.py:176}}
Jun 20 12:00:14.507422 dv-neutron-846422-2-hyperv neutron-server[104512]: INFO neutron.wsgi [None req-28206281-64be-45d6-bd36-50c4c8556d8f tempest-RoutersIpV6AdminTest-1553568331 tempest-RoutersIpV6AdminTest-1553568331-project-admin] 10.222.0.18 "POST /v2.0/routers HTTP/1.1" status: 201 len: 722 time: 1.8054187
Jun 20 12:00:14.509487 dv-neutron-846422-2-hyperv neutron-server[104513]: DEBUG neutron.wsgi [-] (104513) accepted ('10.222.0.18', 54228) {{(pid=104513) server /usr/local/lib/python3.8/dist-packages/eventlet/wsgi.py:1004}}
Jun 20 12:00:14.617517 dv-neutron-846422-2-hyperv neutron-server[104513]: DEBUG neutron.db.db_base_plugin_common [None req-96fd3181-b2d0-4351-972f-bb49298c02fe tempest-FloatingIPAdminTestJSON-852652346 tempest-FloatingIPAdminTestJSON-852652346-project-admin] Allocated IP 172.26.1.11 (68aac458-ead7-41d1-a51a-db46dfa56e56/0781fb9d-2a87-41e5-9488-bc24108826f4/dad440e3-618a-4b97-8495-f2c197602928) {{(pid=104513) _store_ip_allocation /opt/stack/neutron/neutron/db/db_base_plugin_common.py:131}}
Jun 20 12:00:14.643506 dv-neutron-846422-2-hyperv neutron-server[104513]: DEBUG neutron.plugins.ml2.drivers.mech_agent [None req-3e21982f-7da8-442b-afc6-6b6949c141e8 tempest-PortsAdminExtendedAttrsTestJSON-483681446 tempest-PortsAdminExtendedAttrsTestJSON-483681446-project-admin] Port fd59fb69-1123-496a-bd88-a7eb11049d7e on network f22285eb-cf06-4919-a2de-521f635d10f9 not bound, no agent of type Open vSwitch agent registered on host hv-neutron-8464 {{(pid=104513) bind_port /opt/stack/neutron/neutron/plugins/ml2/drivers/mech_agent.py:103}}
Jun 20 12:00:14.643885 dv-neutron-846422-2-hyperv neutron-server[104513]: ERROR neutron.plugins.ml2.managers [None req-3e21982f-7da8-442b-afc6-6b6949c141e8 tempest-PortsAdminExtendedAttrsTestJSON-483681446 tempest-PortsAdminExtendedAttrsTestJSON-483681446-project-admin] Failed to bind port fd59fb69-1123-496a-bd88-a7eb11049d7e on host hv-neutron-8464 for vnic_type normal using segments [{'id': '2225301e-d06c-4076-912d-6ebce3781565', 'network_type': 'vlan', 'physical_network': 'physnet1', 'segmentation_id': 693, 'network_id': 'f22285eb-cf06-4919-a2de-521f635d10f9'}]
Jun 20 12:00:14.675287 dv-neutron-846422-2-hyperv neutron-server[104512]: INFO neutron.wsgi [None req-24929aea-d0f7-4aa8-b669-ed144de506ce tempest-ExternalNetworksTestJSON-893286362 tempest-ExternalNetworksTestJSON-893286362-project-admin] 10.222.0.18 "POST /v2.0/networks HTTP/1.1" status: 201 len: 845 time: 2.0918527
Jun 20 12:00:14.736265 dv-neutron-846422-2-hyperv neutron-server[104512]: INFO neutron.wsgi [req-a0013617-8aa8-4bce-b84e-24b0d5e52d6e req-093cc7e4-0a41-4811-a4d8-dd99d258f681 tempest-ServerActionsTestJSON-75934332 tempest-ServerActionsTestJSON-75934332-project] 10.222.0.18 "GET /v2.0/ports?device_id=46570495-7a5c-4a9c-8a51-1c99f61c9ad9 HTTP/1.1" status: 200 len: 210 time: 0.3426511
Jun 20 12:00:14.739879 dv-neutron-846422-2-hyperv neutron-server[104513]: INFO neutron.plugins.ml2.plugin [None req-3e21982f-7da8-442b-afc6-6b6949c141e8 tempest-PortsAdminExtendedAttrsTestJSON-483681446 tempest-PortsAdminExtendedAttrsTestJSON-483681446-project-admin] Attempt 6 to bind port fd59fb69-1123-496a-bd88-a7eb11049d7e
Jun 20 12:00:14.742096 dv-neutron-846422-2-hyperv neutron-server[104514]: DEBUG neutron_lib.callbacks.manager [None req-e3c8f9b1-67e9-4e84-83e3-c41d750d7aee None None] Publish callbacks ['neutron.services.segments.db._update_segment_host_mapping_for_agent-8760295058436', 'neutron.plugins.ml2.plugin.Ml2Plugin._retry_binding_revived_agents-692771'] for agent (34c60d8d-3fa5-422e-b675-6efa444cc4da), after_update {{(pid=104514) _notify_loop /usr/local/lib/python3.8/dist-packages/neutron_lib/callbacks/manager.py:176}}
Jun 20 12:00:14.742804 dv-neutron-846422-2-hyperv neutron-server[104513]: DEBUG neutron.wsgi [-] (104513) accepted ('10.222.0.18', 54230) {{(pid=104513) server /usr/local/lib/python3.8/dist-packages/eventlet/wsgi.py:1004}}
Jun 20 12:00:14.761012 dv-neutron-846422-2-hyperv neutron-server[104513]: DEBUG neutron.api.v2.base [None req-7e8728b3-ca0a-43a4-8385-f0e045feac8b tempest-ExternalNetworksTestJSON-893286362 tempest-ExternalNetworksTestJSON-893286362-project-admin] Request body: {'network': {'router:external': True}} {{(pid=104513) prepare_request_body /opt/stack/neutron/neutron/api/v2/base.py:730}}
Jun 20 12:00:14.784810 dv-neutron-846422-2-hyperv neutron-server[104512]: DEBUG neutron.api.rpc.handlers.resources_rpc [None req-24929aea-d0f7-4aa8-b669-ed144de506ce tempest-ExternalNetworksTestJSON-893286362 tempest-ExternalNetworksTestJSON-893286362-project-admin] Pushing event updated for resources: {'Network': ['ID=72bcdd52-0ad9-452f-aa0c-341cd7485d63,revision_number=1']} {{(pid=104512) push /opt/stack/neutron/neutron/api/rpc/handlers/resources_rpc.py:237}}
Jun 20 12:00:14.817182 dv-neutron-846422-2-hyperv neutron-server[104514]: DEBUG neutron.plugins.ml2.rpc [None req-ec45cf46-81e8-41cb-bba2-c79dcd973000 None None] Network 72bcdd52-0ad9-452f-aa0c-341cd7485d63 details requested by agent ovs-agent-dv-neutron-846422-2-hyperv with host dv-neutron-846422-2-hyperv {{(pid=104514) get_network_details /opt/stack/neutron/neutron/plugins/ml2/rpc.py:248}}
Jun 20 12:00:14.832219 dv-neutron-846422-2-hyperv neutron-server[104513]: DEBUG dbcounter [-] [104513] Writing DB stats neutron:SELECT=92,neutron:DELETE=1,neutron:INSERT=3,neutron:UPDATE=4 {{(pid=104513) stat_writer /usr/local/lib/python3.8/dist-packages/dbcounter.py:114}}
Jun 20 12:00:14.851632 dv-neutron-846422-2-hyperv neutron-server[104512]: INFO neutron.wsgi [req-1313ddc0-5209-4244-b893-2a36931e29d7 req-2076e17f-1277-4880-92d4-baccf1ed7b95 tempest-ServersTestJSON-942347698 tempest-ServersTestJSON-942347698-project] 10.222.0.18 "GET /v2.0/security-groups?id=84764e59-46ca-4d17-8146-8fb5e2bb6771&fields=id&fields=name HTTP/1.1" status: 200 len: 313 time: 0.9433370
Jun 20 12:00:14.863990 dv-neutron-846422-2-hyperv neutron-server[104513]: DEBUG neutron.plugins.ml2.managers [None req-3e21982f-7da8-442b-afc6-6b6949c141e8 tempest-PortsAdminExtendedAttrsTestJSON-483681446 tempest-PortsAdminExtendedAttrsTestJSON-483681446-project-admin] Attempting to bind port fd59fb69-1123-496a-bd88-a7eb11049d7e on host hv-neutron-8464 for vnic_type normal with profile {{(pid=104513) bind_port /opt/stack/neutron/neutron/plugins/ml2/managers.py:811}}
Jun 20 12:00:14.864337 dv-neutron-846422-2-hyperv neutron-server[104513]: DEBUG neutron.plugins.ml2.managers [None req-3e21982f-7da8-442b-afc6-6b6949c141e8 tempest-PortsAdminExtendedAttrsTestJSON-483681446 tempest-PortsAdminExtendedAttrsTestJSON-483681446-project-admin] Attempting to bind port fd59fb69-1123-496a-bd88-a7eb11049d7e by drivers openvswitch,hyperv on host hv-neutron-8464 at level 0 using segments [{'id': '2225301e-d06c-4076-912d-6ebce3781565', 'network_type': 'vlan', 'physical_network': 'physnet1', 'segmentation_id': 693, 'network_id': 'f22285eb-cf06-4919-a2de-521f635d10f9'}] {{(pid=104513) _bind_port_level /opt/stack/neutron/neutron/plugins/ml2/managers.py:836}}
Jun 20 12:00:14.864698 dv-neutron-846422-2-hyperv neutron-server[104513]: DEBUG neutron.plugins.ml2.drivers.mech_agent [None req-3e21982f-7da8-442b-afc6-6b6949c141e8 tempest-PortsAdminExtendedAttrsTestJSON-483681446 tempest-PortsAdminExtendedAttrsTestJSON-483681446-project-admin] Attempting to bind port fd59fb69-1123-496a-bd88-a7eb11049d7e on network f22285eb-cf06-4919-a2de-521f635d10f9 {{(pid=104513) bind_port /opt/stack/neutron/neutron/plugins/ml2/drivers/mech_agent.py:91}}
Jun 20 12:00:14.885460 dv-neutron-846422-2-hyperv neutron-server[104513]: DEBUG neutron_lib.callbacks.manager [None req-4d6f44ca-e72e-43f0-8eae-78b28186a12e tempest-RoutersIpV6AdminTest-1553568331 tempest-RoutersIpV6AdminTest-1553568331-project-admin] Publish callbacks [] for router (58f8cbaa-6950-4ea3-9d76-237fae00347f), before_delete {{(pid=104513) _notify_loop /usr/local/lib/python3.8/dist-packages/neutron_lib/callbacks/manager.py:176}}
Jun 20 12:00:14.894295 dv-neutron-846422-2-hyperv neutron-server[104513]: DEBUG neutron.plugins.ml2.drivers.mech_agent [None req-3e21982f-7da8-442b-afc6-6b6949c141e8 tempest-PortsAdminExtendedAttrsTestJSON-483681446 tempest-PortsAdminExtendedAttrsTestJSON-483681446-project-admin] Port fd59fb69-1123-496a-bd88-a7eb11049d7e on network f22285eb-cf06-4919-a2de-521f635d10f9 not bound, no agent of type Open vSwitch agent registered on host hv-neutron-8464 {{(pid=104513) bind_port /opt/stack/neutron/neutron/plugins/ml2/drivers/mech_agent.py:103}}
Jun 20 12:00:14.894653 dv-neutron-846422-2-hyperv neutron-server[104513]: ERROR neutron.plugins.ml2.managers [None req-3e21982f-7da8-442b-afc6-6b6949c141e8 tempest-PortsAdminExtendedAttrsTestJSON-483681446 tempest-PortsAdminExtendedAttrsTestJSON-483681446-project-admin] Failed to bind port fd59fb69-1123-496a-bd88-a7eb11049d7e on host hv-neutron-8464 for vnic_type normal using segments [{'id': '2225301e-d06c-4076-912d-6ebce3781565', 'network_type': 'vlan', 'physical_network': 'physnet1', 'segmentation_id': 693, 'network_id': 'f22285eb-cf06-4919-a2de-521f635d10f9'}]
Jun 20 12:00:14.932916 dv-neutron-846422-2-hyperv neutron-server[104512]: DEBUG neutron_lib.callbacks.manager [None req-ce251b48-2b9e-4dda-8ad0-99b516884072 tempest-RoutersAdminNegativeIpV6Test-1734578436 tempest-RoutersAdminNegativeIpV6Test-1734578436-project-admin] Publish callbacks [] for router_gateway (39e1c262-23cc-48d6-8bf5-61f453c7659b), before_create {{(pid=104512) _notify_loop /usr/local/lib/python3.8/dist-packages/neutron_lib/callbacks/manager.py:176}}
Jun 20 12:00:14.954518 dv-neutron-846422-2-hyperv neutron-server[104513]: INFO neutron.plugins.ml2.plugin [None req-3e21982f-7da8-442b-afc6-6b6949c141e8 tempest-PortsAdminExtendedAttrsTestJSON-483681446 tempest-PortsAdminExtendedAttrsTestJSON-483681446-project-admin] Attempt 7 to bind port fd59fb69-1123-496a-bd88-a7eb11049d7e
Jun 20 12:00:15.015573 dv-neutron-846422-2-hyperv neutron-server[104512]: DEBUG neutron_lib.callbacks.manager [None req-ce251b48-2b9e-4dda-8ad0-99b516884072 tempest-RoutersAdminNegativeIpV6Test-1734578436 tempest-RoutersAdminNegativeIpV6Test-1734578436-project-admin] Publish callbacks ['neutron.plugins.ml2.plugin.SecurityGroupDbMixin._ensure_default_security_group_handler-666695'] for port (None), before_create {{(pid=104512) _notify_loop /usr/local/lib/python3.8/dist-packages/neutron_lib/callbacks/manager.py:176}}
Jun 20 12:00:15.064818 dv-neutron-846422-2-hyperv neutron-server[104513]: DEBUG neutron_lib.callbacks.manager [None req-96fd3181-b2d0-4351-972f-bb49298c02fe tempest-FloatingIPAdminTestJSON-852652346 tempest-FloatingIPAdminTestJSON-852652346-project-admin] Publish callbacks [] for port (dad440e3-618a-4b97-8495-f2c197602928), precommit_create {{(pid=104513) _notify_loop /usr/local/lib/python3.8/dist-packages/neutron_lib/callbacks/manager.py:176}}
Jun 20 12:00:15.091708 dv-neutron-846422-2-hyperv neutron-server[104514]: DEBUG neutron_lib.callbacks.manager [None req-e4e9c35f-78d6-4653-b785-904b6b0c6bab None None] Publish callbacks ['neutron.services.segments.db._update_segment_host_mapping_for_agent-8760295058436', 'neutron.plugins.ml2.plugin.Ml2Plugin._retry_binding_revived_agents-692771'] for agent (e947bb86-77f0-4808-b64a-cf895451fc06), after_update {{(pid=104514) _notify_loop /usr/local/lib/python3.8/dist-packages/neutron_lib/callbacks/manager.py:176}}
Jun 20 12:00:15.134168 dv-neutron-846422-2-hyperv neutron-server[104513]: DEBUG neutron.plugins.ml2.managers [None req-3e21982f-7da8-442b-afc6-6b6949c141e8 tempest-PortsAdminExtendedAttrsTestJSON-483681446 tempest-PortsAdminExtendedAttrsTestJSON-483681446-project-admin] Attempting to bind port fd59fb69-1123-496a-bd88-a7eb11049d7e on host hv-neutron-8464 for vnic_type normal with profile {{(pid=104513) bind_port /opt/stack/neutron/neutron/plugins/ml2/managers.py:811}}
Jun 20 12:00:15.134515 dv-neutron-846422-2-hyperv neutron-server[104513]: DEBUG neutron.plugins.ml2.managers [None req-3e21982f-7da8-442b-afc6-6b6949c141e8 tempest-PortsAdminExtendedAttrsTestJSON-483681446 tempest-PortsAdminExtendedAttrsTestJSON-483681446-project-admin] Attempting to bind port fd59fb69-1123-496a-bd88-a7eb11049d7e by drivers openvswitch,hyperv on host hv-neutron-8464 at level 0 using segments [{'id': '2225301e-d06c-4076-912d-6ebce3781565', 'network_type': 'vlan', 'physical_network': 'physnet1', 'segmentation_id': 693, 'network_id': 'f22285eb-cf06-4919-a2de-521f635d10f9'}] {{(pid=104513) _bind_port_level /opt/stack/neutron/neutron/plugins/ml2/managers.py:836}}
Jun 20 12:00:15.134856 dv-neutron-846422-2-hyperv neutron-server[104513]: DEBUG neutron.plugins.ml2.drivers.mech_agent [None req-3e21982f-7da8-442b-afc6-6b6949c141e8 tempest-PortsAdminExtendedAttrsTestJSON-483681446 tempest-PortsAdminExtendedAttrsTestJSON-483681446-project-admin] Attempting to bind port fd59fb69-1123-496a-bd88-a7eb11049d7e on network f22285eb-cf06-4919-a2de-521f635d10f9 {{(pid=104513) bind_port /opt/stack/neutron/neutron/plugins/ml2/drivers/mech_agent.py:91}}
Jun 20 12:00:15.247161 dv-neutron-846422-2-hyperv neutron-server[104513]: DEBUG neutron.plugins.ml2.drivers.mech_agent [None req-3e21982f-7da8-442b-afc6-6b6949c141e8 tempest-PortsAdminExtendedAttrsTestJSON-483681446 tempest-PortsAdminExtendedAttrsTestJSON-483681446-project-admin] Port fd59fb69-1123-496a-bd88-a7eb11049d7e on network f22285eb-cf06-4919-a2de-521f635d10f9 not bound, no agent of type Open vSwitch agent registered on host hv-neutron-8464 {{(pid=104513) bind_port /opt/stack/neutron/neutron/plugins/ml2/drivers/mech_agent.py:103}}
Jun 20 12:00:15.248285 dv-neutron-846422-2-hyperv neutron-server[104513]: ERROR neutron.plugins.ml2.managers [None req-3e21982f-7da8-442b-afc6-6b6949c141e8 tempest-PortsAdminExtendedAttrsTestJSON-483681446 tempest-PortsAdminExtendedAttrsTestJSON-483681446-project-admin] Failed to bind port fd59fb69-1123-496a-bd88-a7eb11049d7e on host hv-neutron-8464 for vnic_type normal using segments [{'id': '2225301e-d06c-4076-912d-6ebce3781565', 'network_type': 'vlan', 'physical_network': 'physnet1', 'segmentation_id': 693, 'network_id': 'f22285eb-cf06-4919-a2de-521f635d10f9'}]
Jun 20 12:00:15.252427 dv-neutron-846422-2-hyperv neutron-server[104513]: INFO neutron.plugins.ml2.plugin [None req-3e21982f-7da8-442b-afc6-6b6949c141e8 tempest-PortsAdminExtendedAttrsTestJSON-483681446 tempest-PortsAdminExtendedAttrsTestJSON-483681446-project-admin] Attempt 8 to bind port fd59fb69-1123-496a-bd88-a7eb11049d7e
Jun 20 12:00:15.323516 dv-neutron-846422-2-hyperv neutron-server[104513]: DEBUG neutron.plugins.ml2.managers [None req-3e21982f-7da8-442b-afc6-6b6949c141e8 tempest-PortsAdminExtendedAttrsTestJSON-483681446 tempest-PortsAdminExtendedAttrsTestJSON-483681446-project-admin] Attempting to bind port fd59fb69-1123-496a-bd88-a7eb11049d7e on host hv-neutron-8464 for vnic_type normal with profile {{(pid=104513) bind_port /opt/stack/neutron/neutron/plugins/ml2/managers.py:811}}
Jun 20 12:00:15.324379 dv-neutron-846422-2-hyperv neutron-server[104513]: DEBUG neutron.plugins.ml2.managers [None req-3e21982f-7da8-442b-afc6-6b6949c141e8 tempest-PortsAdminExtendedAttrsTestJSON-483681446 tempest-PortsAdminExtendedAttrsTestJSON-483681446-project-admin] Attempting to bind port fd59fb69-1123-496a-bd88-a7eb11049d7e by drivers openvswitch,hyperv on host hv-neutron-8464 at level 0 using segments [{'id': '2225301e-d06c-4076-912d-6ebce3781565', 'network_type': 'vlan', 'physical_network': 'physnet1', 'segmentation_id': 693, 'network_id': 'f22285eb-cf06-4919-a2de-521f635d10f9'}] {{(pid=104513) _bind_port_level /opt/stack/neutron/neutron/plugins/ml2/managers.py:836}}
Jun 20 12:00:15.325012 dv-neutron-846422-2-hyperv neutron-server[104513]: DEBUG neutron.plugins.ml2.drivers.mech_agent [None req-3e21982f-7da8-442b-afc6-6b6949c141e8 tempest-PortsAdminExtendedAttrsTestJSON-483681446 tempest-PortsAdminExtendedAttrsTestJSON-483681446-project-admin] Attempting to bind port fd59fb69-1123-496a-bd88-a7eb11049d7e on network f22285eb-cf06-4919-a2de-521f635d10f9 {{(pid=104513) bind_port /opt/stack/neutron/neutron/plugins/ml2/drivers/mech_agent.py:91}}
Jun 20 12:00:15.364491 dv-neutron-846422-2-hyperv neutron-server[104513]: DEBUG neutron_lib.callbacks.manager [None req-4d6f44ca-e72e-43f0-8eae-78b28186a12e tempest-RoutersIpV6AdminTest-1553568331 tempest-RoutersIpV6AdminTest-1553568331-project-admin] Publish callbacks ['neutron.services.l3_router.l3_router_plugin.L3_HA_NAT_db_mixin._release_router_vr_id-8094242', 'neutron.services.l3_router.service_providers.driver_controller.DriverController._clear_router_provider-9349'] for router (58f8cbaa-6950-4ea3-9d76-237fae00347f), precommit_delete {{(pid=104513) _notify_loop /usr/local/lib/python3.8/dist-packages/neutron_lib/callbacks/manager.py:176}}
Jun 20 12:00:15.375918 dv-neutron-846422-2-hyperv neutron-server[104513]: DEBUG neutron_lib.callbacks.manager [None req-4d6f44ca-e72e-43f0-8eae-78b28186a12e tempest-RoutersIpV6AdminTest-1553568331 tempest-RoutersIpV6AdminTest-1553568331-project-admin] Publish callbacks [] for router_controller (58f8cbaa-6950-4ea3-9d76-237fae00347f), precommit_delete_associations {{(pid=104513) _notify_loop /usr/local/lib/python3.8/dist-packages/neutron_lib/callbacks/manager.py:176}}
Jun 20 12:00:15.379751 dv-neutron-846422-2-hyperv neutron-server[104512]: INFO neutron.wsgi [req-551a2a97-be9c-49d5-af1e-e09877da72ba req-57584154-c2b0-43fd-93e0-3f195a58b512 tempest-ServersTestManualDisk-2143571300 tempest-ServersTestManualDisk-2143571300-project] 10.222.0.18 "GET /v2.0/ports?device_id=3c6a650c-c39d-4402-a716-f5bdf90009a3 HTTP/1.1" status: 200 len: 210 time: 0.0457840
Jun 20 12:00:15.390063 dv-neutron-846422-2-hyperv neutron-server[104513]: DEBUG neutron.plugins.ml2.drivers.mech_agent [None req-3e21982f-7da8-442b-afc6-6b6949c141e8 tempest-PortsAdminExtendedAttrsTestJSON-483681446 tempest-PortsAdminExtendedAttrsTestJSON-483681446-project-admin] Port fd59fb69-1123-496a-bd88-a7eb11049d7e on network f22285eb-cf06-4919-a2de-521f635d10f9 not bound, no agent of type Open vSwitch agent registered on host hv-neutron-8464 {{(pid=104513) bind_port /opt/stack/neutron/neutron/plugins/ml2/drivers/mech_agent.py:103}}
Jun 20 12:00:15.390502 dv-neutron-846422-2-hyperv neutron-server[104513]: ERROR neutron.plugins.ml2.managers [None req-3e21982f-7da8-442b-afc6-6b6949c141e8 tempest-PortsAdminExtendedAttrsTestJSON-483681446 tempest-PortsAdminExtendedAttrsTestJSON-483681446-project-admin] Failed to bind port fd59fb69-1123-496a-bd88-a7eb11049d7e on host hv-neutron-8464 for vnic_type normal using segments [{'id': '2225301e-d06c-4076-912d-6ebce3781565', 'network_type': 'vlan', 'physical_network': 'physnet1', 'segmentation_id': 693, 'network_id': 'f22285eb-cf06-4919-a2de-521f635d10f9'}]
Jun 20 12:00:15.417886 dv-neutron-846422-2-hyperv neutron-server[104513]: INFO neutron.plugins.ml2.plugin [None req-3e21982f-7da8-442b-afc6-6b6949c141e8 tempest-PortsAdminExtendedAttrsTestJSON-483681446 tempest-PortsAdminExtendedAttrsTestJSON-483681446-project-admin] Attempt 9 to bind port fd59fb69-1123-496a-bd88-a7eb11049d7e
Jun 20 12:00:15.451186 dv-neutron-846422-2-hyperv neutron-server[104514]: DEBUG neutron_lib.callbacks.manager [None req-4798f48f-d085-4e05-bae9-772428ec1bc4 None None] Publish callbacks ['neutron.services.segments.db._update_segment_host_mapping_for_agent-8760295058436', 'neutron.plugins.ml2.plugin.Ml2Plugin._retry_binding_revived_agents-692771'] for agent (6e9c4dac-b72a-43b0-bcbe-e4da71200cd7), after_update {{(pid=104514) _notify_loop /usr/local/lib/python3.8/dist-packages/neutron_lib/callbacks/manager.py:176}}
Jun 20 12:00:15.455961 dv-neutron-846422-2-hyperv neutron-server[104513]: DEBUG neutron_lib.callbacks.manager [None req-96fd3181-b2d0-4351-972f-bb49298c02fe tempest-FloatingIPAdminTestJSON-852652346 tempest-FloatingIPAdminTestJSON-852652346-project-admin] Publish callbacks ['neutron.plugins.ml2.plugin.SecurityGroupServerNotifierRpcMixin._notify_sg_on_port_change-666630', 'neutron.plugins.ml2.ovo_rpc._ObjectChangeHandler.handle_event-244010', 'neutron.api.rpc.agentnotifiers.dhcp_rpc_agent_api.DhcpAgentNotifyAPI._native_event_send_dhcp_notification-7873068', 'neutron.db.l3_dvrscheduler_db._notify_l3_agent_new_port-8760294552028', 'neutron.services.segments.plugin.NovaSegmentNotifier._notify_port_created_or_deleted-5119750'] for port (dad440e3-618a-4b97-8495-f2c197602928), after_create {{(pid=104513) _notify_loop /usr/local/lib/python3.8/dist-packages/neutron_lib/callbacks/manager.py:176}}
Jun 20 12:00:15.458002 dv-neutron-846422-2-hyperv neutron-server[104513]: DEBUG dbcounter [-] [104513] Writing DB stats neutron:SELECT=94,neutron:DELETE=3,neutron:INSERT=3 {{(pid=104513) stat_writer /usr/local/lib/python3.8/dist-packages/dbcounter.py:114}}
Jun 20 12:00:15.482090 dv-neutron-846422-2-hyperv neutron-server[104512]: DEBUG neutron_lib.callbacks.manager [None req-ce251b48-2b9e-4dda-8ad0-99b516884072 tempest-RoutersAdminNegativeIpV6Test-1734578436 tempest-RoutersAdminNegativeIpV6Test-1734578436-project-admin] Publish callbacks [] for router (39e1c262-23cc-48d6-8bf5-61f453c7659b), before_delete {{(pid=104512) _notify_loop /usr/local/lib/python3.8/dist-packages/neutron_lib/callbacks/manager.py:176}}
Jun 20 12:00:15.503902 dv-neutron-846422-2-hyperv neutron-server[104513]: DEBUG neutron_lib.callbacks.manager [None req-7e8728b3-ca0a-43a4-8385-f0e045feac8b tempest-ExternalNetworksTestJSON-893286362 tempest-ExternalNetworksTestJSON-893286362-project-admin] Publish callbacks ['neutron.services.auto_allocate.db._ensure_external_network_default_value_callback-8760294521622'] for network (72bcdd52-0ad9-452f-aa0c-341cd7485d63), precommit_update {{(pid=104513) _notify_loop /usr/local/lib/python3.8/dist-packages/neutron_lib/callbacks/manager.py:176}}
Jun 20 12:00:15.536787 dv-neutron-846422-2-hyperv neutron-server[104513]: DEBUG neutron.plugins.ml2.managers [None req-3e21982f-7da8-442b-afc6-6b6949c141e8 tempest-PortsAdminExtendedAttrsTestJSON-483681446 tempest-PortsAdminExtendedAttrsTestJSON-483681446-project-admin] Attempting to bind port fd59fb69-1123-496a-bd88-a7eb11049d7e on host hv-neutron-8464 for vnic_type normal with profile {{(pid=104513) bind_port /opt/stack/neutron/neutron/plugins/ml2/managers.py:811}}
Jun 20 12:00:15.537348 dv-neutron-846422-2-hyperv neutron-server[104513]: DEBUG neutron.plugins.ml2.managers [None req-3e21982f-7da8-442b-afc6-6b6949c141e8 tempest-PortsAdminExtendedAttrsTestJSON-483681446 tempest-PortsAdminExtendedAttrsTestJSON-483681446-project-admin] Attempting to bind port fd59fb69-1123-496a-bd88-a7eb11049d7e by drivers openvswitch,hyperv on host hv-neutron-8464 at level 0 using segments [{'id': '2225301e-d06c-4076-912d-6ebce3781565', 'network_type': 'vlan', 'physical_network': 'physnet1', 'segmentation_id': 693, 'network_id': 'f22285eb-cf06-4919-a2de-521f635d10f9'}] {{(pid=104513) _bind_port_level /opt/stack/neutron/neutron/plugins/ml2/managers.py:836}}
Jun 20 12:00:15.537913 dv-neutron-846422-2-hyperv neutron-server[104513]: DEBUG neutron.plugins.ml2.drivers.mech_agent [None req-3e21982f-7da8-442b-afc6-6b6949c141e8 tempest-PortsAdminExtendedAttrsTestJSON-483681446 tempest-PortsAdminExtendedAttrsTestJSON-483681446-project-admin] Attempting to bind port fd59fb69-1123-496a-bd88-a7eb11049d7e on network f22285eb-cf06-4919-a2de-521f635d10f9 {{(pid=104513) bind_port /opt/stack/neutron/neutron/plugins/ml2/drivers/mech_agent.py:91}}
Jun 20 12:00:15.559775 dv-neutron-846422-2-hyperv neutron-server[104513]: DEBUG neutron_lib.callbacks.manager [None req-4d6f44ca-e72e-43f0-8eae-78b28186a12e tempest-RoutersIpV6AdminTest-1553568331 tempest-RoutersIpV6AdminTest-1553568331-project-admin] Publish callbacks ['neutron.services.l3_router.l3_router_plugin.L3_HA_NAT_db_mixin._cleanup_ha_network_handler-8109381'] for router (58f8cbaa-6950-4ea3-9d76-237fae00347f), after_delete {{(pid=104513) _notify_loop /usr/local/lib/python3.8/dist-packages/neutron_lib/callbacks/manager.py:176}}
Jun 20 12:00:15.560935 dv-neutron-846422-2-hyperv neutron-server[104513]: DEBUG neutron.api.rpc.agentnotifiers.l3_rpc_agent_api [None req-4d6f44ca-e72e-43f0-8eae-78b28186a12e tempest-RoutersIpV6AdminTest-1553568331 tempest-RoutersIpV6AdminTest-1553568331-project-admin] Fanout notify agent at l3_agent the message router_deleted on router 58f8cbaa-6950-4ea3-9d76-237fae00347f {{(pid=104513) _notification_fanout /opt/stack/neutron/neutron/api/rpc/agentnotifiers/l3_rpc_agent_api.py:114}}
Jun 20 12:00:15.597834 dv-neutron-846422-2-hyperv neutron-server[104513]: DEBUG neutron_lib.callbacks.manager [None req-4d6f44ca-e72e-43f0-8eae-78b28186a12e tempest-RoutersIpV6AdminTest-1553568331 tempest-RoutersIpV6AdminTest-1553568331-project-admin] Publish callbacks [] for router (None), before_response {{(pid=104513) _notify_loop /usr/local/lib/python3.8/dist-packages/neutron_lib/callbacks/manager.py:176}}
Jun 20 12:00:15.599953 dv-neutron-846422-2-hyperv neutron-server[104513]: INFO neutron.wsgi [None req-4d6f44ca-e72e-43f0-8eae-78b28186a12e tempest-RoutersIpV6AdminTest-1553568331 tempest-RoutersIpV6AdminTest-1553568331-project-admin] 10.222.0.18 "DELETE /v2.0/routers/58f8cbaa-6950-4ea3-9d76-237fae00347f HTTP/1.1" status: 204 len: 168 time: 1.0867219
Jun 20 12:00:15.604178 dv-neutron-846422-2-hyperv neutron-server[104513]: DEBUG neutron.scheduler.dhcp_agent_scheduler [None req-96fd3181-b2d0-4351-972f-bb49298c02fe tempest-FloatingIPAdminTestJSON-852652346 tempest-FloatingIPAdminTestJSON-852652346-project-admin] Network 68aac458-ead7-41d1-a51a-db46dfa56e56 is already hosted by enough agents. {{(pid=104513) _get_dhcp_agents_hosting_network /opt/stack/neutron/neutron/scheduler/dhcp_agent_scheduler.py:275}}
Jun 20 12:00:15.614742 dv-neutron-846422-2-hyperv neutron-server[104513]: DEBUG neutron.plugins.ml2.drivers.mech_agent [None req-3e21982f-7da8-442b-afc6-6b6949c141e8 tempest-PortsAdminExtendedAttrsTestJSON-483681446 tempest-PortsAdminExtendedAttrsTestJSON-483681446-project-admin] Port fd59fb69-1123-496a-bd88-a7eb11049d7e on network f22285eb-cf06-4919-a2de-521f635d10f9 not bound, no agent of type Open vSwitch agent registered on host hv-neutron-8464 {{(pid=104513) bind_port /opt/stack/neutron/neutron/plugins/ml2/drivers/mech_agent.py:103}}
Jun 20 12:00:15.615306 dv-neutron-846422-2-hyperv neutron-server[104513]: ERROR neutron.plugins.ml2.managers [None req-3e21982f-7da8-442b-afc6-6b6949c141e8 tempest-PortsAdminExtendedAttrsTestJSON-483681446 tempest-PortsAdminExtendedAttrsTestJSON-483681446-project-admin] Failed to bind port fd59fb69-1123-496a-bd88-a7eb11049d7e on host hv-neutron-8464 for vnic_type normal using segments [{'id': '2225301e-d06c-4076-912d-6ebce3781565', 'network_type': 'vlan', 'physical_network': 'physnet1', 'segmentation_id': 693, 'network_id': 'f22285eb-cf06-4919-a2de-521f635d10f9'}]
Jun 20 12:00:15.619640 dv-neutron-846422-2-hyperv neutron-server[104513]: INFO neutron.plugins.ml2.plugin [None req-3e21982f-7da8-442b-afc6-6b6949c141e8 tempest-PortsAdminExtendedAttrsTestJSON-483681446 tempest-PortsAdminExtendedAttrsTestJSON-483681446-project-admin] Attempt 10 to bind port fd59fb69-1123-496a-bd88-a7eb11049d7e
Jun 20 12:00:15.625033 dv-neutron-846422-2-hyperv neutron-server[104513]: DEBUG neutron_lib.callbacks.manager [None req-7e8728b3-ca0a-43a4-8385-f0e045feac8b tempest-ExternalNetworksTestJSON-893286362 tempest-ExternalNetworksTestJSON-893286362-project-admin] Publish callbacks ['neutron.plugins.ml2.ovo_rpc._ObjectChangeHandler.handle_event-7969789', 'neutron.api.rpc.agentnotifiers.dhcp_rpc_agent_api.DhcpAgentNotifyAPI._native_event_send_dhcp_notification-7873068'] for network (72bcdd52-0ad9-452f-aa0c-341cd7485d63), after_update {{(pid=104513) _notify_loop /usr/local/lib/python3.8/dist-packages/neutron_lib/callbacks/manager.py:176}}
Jun 20 12:00:15.637649 dv-neutron-846422-2-hyperv neutron-server[104513]: DEBUG neutron.scheduler.base_scheduler [None req-96fd3181-b2d0-4351-972f-bb49298c02fe tempest-FloatingIPAdminTestJSON-852652346 tempest-FloatingIPAdminTestJSON-852652346-project-admin] Resources bound (agent type, host, resource id): {{(pid=104513) schedule /opt/stack/neutron/neutron/scheduler/base_scheduler.py:57}}
Jun 20 12:00:15.656866 dv-neutron-846422-2-hyperv neutron-server[104513]: DEBUG neutron.db.l3_dvrscheduler_db [None req-96fd3181-b2d0-4351-972f-bb49298c02fe tempest-FloatingIPAdminTestJSON-852652346 tempest-FloatingIPAdminTestJSON-852652346-project-admin] Received port after_create {{(pid=104513) _notify_l3_agent_new_port /opt/stack/neutron/neutron/db/l3_dvrscheduler_db.py:542}}
Jun 20 12:00:15.678006 dv-neutron-846422-2-hyperv neutron-server[104513]: DEBUG neutron.api.rpc.handlers.resources_rpc [None req-96fd3181-b2d0-4351-972f-bb49298c02fe tempest-FloatingIPAdminTestJSON-852652346 tempest-FloatingIPAdminTestJSON-852652346-project-admin] Pushing event updated for resources: {'Port': ['ID=dad440e3-618a-4b97-8495-f2c197602928,revision_number=1']} {{(pid=104513) push /opt/stack/neutron/neutron/api/rpc/handlers/resources_rpc.py:237}}
Jun 20 12:00:15.707097 dv-neutron-846422-2-hyperv neutron-server[104513]: DEBUG neutron.api.rpc.agentnotifiers.dhcp_rpc_agent_api [None req-7e8728b3-ca0a-43a4-8385-f0e045feac8b tempest-ExternalNetworksTestJSON-893286362 tempest-ExternalNetworksTestJSON-893286362-project-admin] Network 72bcdd52-0ad9-452f-aa0c-341cd7485d63 is not hosted by any dhcp agent {{(pid=104513) _notify_agents /opt/stack/neutron/neutron/api/rpc/agentnotifiers/dhcp_rpc_agent_api.py:225}}
Jun 20 12:00:15.708990 dv-neutron-846422-2-hyperv neutron-server[104513]: DEBUG neutron.pecan_wsgi.hooks.policy_enforcement [None req-7e8728b3-ca0a-43a4-8385-f0e045feac8b tempest-ExternalNetworksTestJSON-893286362 tempest-ExternalNetworksTestJSON-893286362-project-admin] Attributes excluded by policy engine: ['standard_attr_id', 'vlan_transparent'] {{(pid=104513) _exclude_attributes_by_policy /opt/stack/neutron/neutron/pecan_wsgi/hooks/policy_enforcement.py:259}}
Jun 20 12:00:15.710004 dv-neutron-846422-2-hyperv neutron-server[104513]: DEBUG neutron_lib.callbacks.manager [None req-7e8728b3-ca0a-43a4-8385-f0e045feac8b tempest-ExternalNetworksTestJSON-893286362 tempest-ExternalNetworksTestJSON-893286362-project-admin] Publish callbacks [] for network (None), before_response {{(pid=104513) _notify_loop /usr/local/lib/python3.8/dist-packages/neutron_lib/callbacks/manager.py:176}}
Jun 20 12:00:15.712172 dv-neutron-846422-2-hyperv neutron-server[104513]: INFO neutron.wsgi [None req-7e8728b3-ca0a-43a4-8385-f0e045feac8b tempest-ExternalNetworksTestJSON-893286362 tempest-ExternalNetworksTestJSON-893286362-project-admin] 10.222.0.18 "PUT /v2.0/networks/72bcdd52-0ad9-452f-aa0c-341cd7485d63 HTTP/1.1" status: 200 len: 858 time: 0.9661450
Jun 20 12:00:15.720064 dv-neutron-846422-2-hyperv neutron-server[104513]: DEBUG neutron.plugins.ml2.managers [None req-3e21982f-7da8-442b-afc6-6b6949c141e8 tempest-PortsAdminExtendedAttrsTestJSON-483681446 tempest-PortsAdminExtendedAttrsTestJSON-483681446-project-admin] Attempting to bind port fd59fb69-1123-496a-bd88-a7eb11049d7e on host hv-neutron-8464 for vnic_type normal with profile {{(pid=104513) bind_port /opt/stack/neutron/neutron/plugins/ml2/managers.py:811}}
Jun 20 12:00:15.720436 dv-neutron-846422-2-hyperv neutron-server[104513]: DEBUG neutron.plugins.ml2.managers [None req-3e21982f-7da8-442b-afc6-6b6949c141e8 tempest-PortsAdminExtendedAttrsTestJSON-483681446 tempest-PortsAdminExtendedAttrsTestJSON-483681446-project-admin] Attempting to bind port fd59fb69-1123-496a-bd88-a7eb11049d7e by drivers openvswitch,hyperv on host hv-neutron-8464 at level 0 using segments [{'id': '2225301e-d06c-4076-912d-6ebce3781565', 'network_type': 'vlan', 'physical_network': 'physnet1', 'segmentation_id': 693, 'network_id': 'f22285eb-cf06-4919-a2de-521f635d10f9'}] {{(pid=104513) _bind_port_level /opt/stack/neutron/neutron/plugins/ml2/managers.py:836}}
Jun 20 12:00:15.720774 dv-neutron-846422-2-hyperv neutron-server[104513]: DEBUG neutron.plugins.ml2.drivers.mech_agent [None req-3e21982f-7da8-442b-afc6-6b6949c141e8 tempest-PortsAdminExtendedAttrsTestJSON-483681446 tempest-PortsAdminExtendedAttrsTestJSON-483681446-project-admin] Attempting to bind port fd59fb69-1123-496a-bd88-a7eb11049d7e on network f22285eb-cf06-4919-a2de-521f635d10f9 {{(pid=104513) bind_port /opt/stack/neutron/neutron/plugins/ml2/drivers/mech_agent.py:91}}
Jun 20 12:00:15.723057 dv-neutron-846422-2-hyperv neutron-server[104513]: DEBUG neutron.wsgi [-] (104513) accepted ('10.222.0.18', 54236) {{(pid=104513) server /usr/local/lib/python3.8/dist-packages/eventlet/wsgi.py:1004}}
Jun 20 12:00:15.847789 dv-neutron-846422-2-hyperv neutron-server[104513]: DEBUG neutron.plugins.ml2.drivers.mech_agent [None req-3e21982f-7da8-442b-afc6-6b6949c141e8 tempest-PortsAdminExtendedAttrsTestJSON-483681446 tempest-PortsAdminExtendedAttrsTestJSON-483681446-project-admin] Port fd59fb69-1123-496a-bd88-a7eb11049d7e on network f22285eb-cf06-4919-a2de-521f635d10f9 not bound, no agent of type Open vSwitch agent registered on host hv-neutron-8464 {{(pid=104513) bind_port /opt/stack/neutron/neutron/plugins/ml2/drivers/mech_agent.py:103}}
Jun 20 12:00:15.848456 dv-neutron-846422-2-hyperv neutron-server[104513]: ERROR neutron.plugins.ml2.managers [None req-3e21982f-7da8-442b-afc6-6b6949c141e8 tempest-PortsAdminExtendedAttrsTestJSON-483681446 tempest-PortsAdminExtendedAttrsTestJSON-483681446-project-admin] Failed to bind port fd59fb69-1123-496a-bd88-a7eb11049d7e on host hv-neutron-8464 for vnic_type normal using segments [{'id': '2225301e-d06c-4076-912d-6ebce3781565', 'network_type': 'vlan', 'physical_network': 'physnet1', 'segmentation_id': 693, 'network_id': 'f22285eb-cf06-4919-a2de-521f635d10f9'}]
Jun 20 12:00:15.849065 dv-neutron-846422-2-hyperv neutron-server[104513]: DEBUG neutron_lib.callbacks.manager [None req-3e21982f-7da8-442b-afc6-6b6949c141e8 tempest-PortsAdminExtendedAttrsTestJSON-483681446 tempest-PortsAdminExtendedAttrsTestJSON-483681446-project-admin] Publish callbacks ['neutron.plugins.ml2.plugin.SecurityGroupDbMixin._ensure_default_security_group_handler-666695'] for port (fd59fb69-1123-496a-bd88-a7eb11049d7e), before_update {{(pid=104513) _notify_loop /usr/local/lib/python3.8/dist-packages/neutron_lib/callbacks/manager.py:176}}
