Jul 01 10:40:33.986286 dv-neutron-846275-3-hyperv neutron-server[111626]: Metadata agent@dv-neutron-846275-3-hyperv: {},
Jul 01 10:40:33.986286 dv-neutron-846275-3-hyperv neutron-server[111626]: Metering agent@dv-neutron-846275-3-hyperv: {},
Jul 01 10:40:33.986286 dv-neutron-846275-3-hyperv neutron-server[111626]: Open vSwitch agent@dv-neutron-846275-3-hyperv: { 'AddressGroup': '1.2',
Jul 01 10:40:33.986286 dv-neutron-846275-3-hyperv neutron-server[111626]: 'Agent': '1.1',
Jul 01 10:40:33.986286 dv-neutron-846275-3-hyperv neutron-server[111626]: 'ConntrackHelper': '1.0',
Jul 01 10:40:33.986286 dv-neutron-846275-3-hyperv neutron-server[111626]: 'LocalIPAssociation': '1.0',
Jul 01 10:40:33.986286 dv-neutron-846275-3-hyperv neutron-server[111626]: 'Log': '1.0',
Jul 01 10:40:33.986286 dv-neutron-846275-3-hyperv neutron-server[111626]: 'NDPProxy': '1.0',
Jul 01 10:40:33.986286 dv-neutron-846275-3-hyperv neutron-server[111626]: 'Network': '1.1',
Jul 01 10:40:33.986286 dv-neutron-846275-3-hyperv neutron-server[111626]: 'Port': '1.7',
Jul 01 10:40:33.986286 dv-neutron-846275-3-hyperv neutron-server[111626]: 'PortForwarding': '1.3',
Jul 01 10:40:33.986286 dv-neutron-846275-3-hyperv neutron-server[111626]: 'QosPolicy': '1.10',
Jul 01 10:40:33.986286 dv-neutron-846275-3-hyperv neutron-server[111626]: 'SecurityGroup': '1.5',
Jul 01 10:40:33.986286 dv-neutron-846275-3-hyperv neutron-server[111626]: 'SecurityGroupRule': '1.2',
Jul 01 10:40:33.986286 dv-neutron-846275-3-hyperv neutron-server[111626]: 'SubPort': '1.0',
Jul 01 10:40:33.986286 dv-neutron-846275-3-hyperv neutron-server[111626]: 'Subnet': '1.1',
Jul 01 10:40:33.986286 dv-neutron-846275-3-hyperv neutron-server[111626]: 'Trunk': '1.1'}}
Jul 01 10:40:33.986286 dv-neutron-846275-3-hyperv neutron-server[111626]: {{(pid=111626) report /opt/stack/neutron/neutron/api/rpc/callbacks/version_manager.py:175}}
Jul 01 10:40:34.024611 dv-neutron-846275-3-hyperv neutron-server[111624]: DEBUG neutron.plugins.ml2.drivers.mech_agent [None req-c5f5fbb8-6c4f-44ac-8d24-23245d8501ac tempest-FloatingIPAdminTestJSON-1153999816 tempest-FloatingIPAdminTestJSON-1153999816-project] Checking segment: {'id': '06bb6313-d7e2-4678-866f-1e8926ec6abc', 'network_type': 'vlan', 'physical_network': 'physnet1', 'segmentation_id': 689, 'network_id': '609a7e52-743c-454a-80b4-b3dd455501bf'} for mappings: {'physnet1': 'br-data'} with network types: ['local', 'flat', 'vlan'] {{(pid=111624) check_segment_for_agent /opt/stack/neutron/neutron/plugins/ml2/drivers/mech_agent.py:373}}
Jul 01 10:40:34.024611 dv-neutron-846275-3-hyperv neutron-server[111624]: DEBUG neutron.scheduler.dhcp_agent_scheduler [None req-c5f5fbb8-6c4f-44ac-8d24-23245d8501ac tempest-FloatingIPAdminTestJSON-1153999816 tempest-FloatingIPAdminTestJSON-1153999816-project] Network hostable DHCP agents. Network: 609a7e52-743c-454a-80b4-b3dd455501bf, hostable agents: ['62476022-21fd-47f8-abf9-e1b4ec731adb'], hosted agents: [] {{(pid=111624) _get_network_hostable_dhcp_agents /opt/stack/neutron/neutron/scheduler/dhcp_agent_scheduler.py:329}}
Jul 01 10:40:34.039146 dv-neutron-846275-3-hyperv neutron-server[111626]: DEBUG neutron_lib.callbacks.manager [None req-01188134-3393-483f-a01c-0b43b32737cc None None] Publish callbacks ['neutron.plugins.ml2.plugin.SecurityGroupServerNotifierRpcMixin._notify_sg_on_port_change-3739579', 'neutron.plugins.ml2.ovo_rpc._ObjectChangeHandler.handle_event-206413', 'neutron.api.rpc.agentnotifiers.dhcp_rpc_agent_api.DhcpAgentNotifyAPI._native_event_send_dhcp_notification-527401', 'neutron.db.l3_db.L3RpcNotifierMixin._notify_gateway_port_ip_changed-8729761711562', 'neutron.db.l3_dvrscheduler_db._notify_l3_agent_port_update-8729761365351', 'neutron.db.l3_hascheduler_db._notify_l3_agent_ha_port_update-8729761365369'] for port (5b1423ed-3847-482f-8485-580f846eca7d), after_update {{(pid=111626) _notify_loop /usr/local/lib/python3.8/dist-packages/neutron_lib/callbacks/manager.py:176}}
Jul 01 10:40:34.111427 dv-neutron-846275-3-hyperv neutron-server[111624]: DEBUG neutron.plugins.ml2.plugin [None req-7b639194-544e-4f9b-8eb9-6d9430167205 tempest-DHCPAgentSchedulersTestJSON-815512875 tempest-DHCPAgentSchedulersTestJSON-815512875-project] Deleting port 2269f696-81f7-4bf1-bd51-8d6fe6f40d48 {{(pid=111624) _pre_delete_port /opt/stack/neutron/neutron/plugins/ml2/plugin.py:2037}}
Jul 01 10:40:34.111789 dv-neutron-846275-3-hyperv neutron-server[111624]: DEBUG neutron_lib.callbacks.manager [None req-7b639194-544e-4f9b-8eb9-6d9430167205 tempest-DHCPAgentSchedulersTestJSON-815512875 tempest-DHCPAgentSchedulersTestJSON-815512875-project] Publish callbacks ['neutron.db.l3_db.L3_NAT_dbonly_mixin._prevent_l3_port_delete_callback-8729761707268'] for port (2269f696-81f7-4bf1-bd51-8d6fe6f40d48), before_delete {{(pid=111624) _notify_loop /usr/local/lib/python3.8/dist-packages/neutron_lib/callbacks/manager.py:176}}
Jul 01 10:40:34.129078 dv-neutron-846275-3-hyperv neutron-server[111624]: DEBUG neutron.wsgi [-] (111624) accepted ('10.222.0.55', 44930) {{(pid=111624) server /usr/local/lib/python3.8/dist-packages/eventlet/wsgi.py:1004}}
Jul 01 10:40:34.175687 dv-neutron-846275-3-hyperv neutron-server[111626]: DEBUG dbcounter [-] [111626] Writing DB stats neutron:SELECT=96,neutron:DELETE=1,neutron:UPDATE=3 {{(pid=111626) stat_writer /usr/local/lib/python3.8/dist-packages/dbcounter.py:114}}
Jul 01 10:40:34.188303 dv-neutron-846275-3-hyperv neutron-server[111626]: DEBUG neutron.api.rpc.handlers.resources_rpc [None req-cbfad80f-b03d-49dc-a5c5-0f121b572af1 None None] Pushing event updated for resources: {'Port': ['ID=5b1423ed-3847-482f-8485-580f846eca7d,revision_number=3']} {{(pid=111626) push /opt/stack/neutron/neutron/api/rpc/handlers/resources_rpc.py:237}}
Jul 01 10:40:34.195363 dv-neutron-846275-3-hyperv neutron-server[111626]: DEBUG neutron.db.l3_dvrscheduler_db [None req-01188134-3393-483f-a01c-0b43b32737cc None None] Routers {'ef9e2cd6-2855-481c-8bd0-73a2ab365bbc'} bound to L3 agent in host dv-neutron-846275-3-hyperv {{(pid=111626) _get_router_ids_for_agent /opt/stack/neutron/neutron/db/l3_dvrscheduler_db.py:426}}
Jul 01 10:40:34.196155 dv-neutron-846275-3-hyperv neutron-server[111626]: DEBUG neutron.db.l3_hamode_db [None req-01188134-3393-483f-a01c-0b43b32737cc None None] neutron.services.l3_router.l3_router_plugin.L3RouterPlugin method get_ha_sync_data_for_host called with arguments (, 'dv-neutron-846275-3-hyperv', Agent(admin_state_up=True,agent_type='L3 agent',availability_zone='nova',binary='neutron-l3-agent',configurations={"agent_mode": "legacy", "ex_gw_ports": 1, "extensions": [], "floating_ips": 0, "handle_internal_only_routers": true, "interface_driver": "openvswitch", "interfaces": 1, "log_agent_heartbeats": false, "routers": 1},created_at=2022-07-01T10:32:35Z,description=,heartbeat_timestamp=2022-07-01T10:40:05Z,host='dv-neutron-846275-3-hyperv',id=0b752165-8753-42cf-9b01-63e7d34d7ffc,load=0,resource_versions=,resources_synced=,started_at=2022-07-01T10:32:36Z,topic='l3_agent')) {'router_ids': ['ef9e2cd6-2855-481c-8bd0-73a2ab365bbc'], 'active': True} {{(pid=111626) wrapper /usr/local/lib/python3.8/dist-packages/oslo_log/helpers.py:65}}
Jul 01 10:40:34.211706 dv-neutron-846275-3-hyperv neutron-server[111623]: DEBUG neutron_lib.callbacks.manager [None req-cee1fdb0-32aa-4a3a-9222-aba3e31b345c admin admin] Publish callbacks ['neutron.services.l3_router.l3_router_plugin.L3_HA_NAT_db_mixin._after_router_create-671553', 'neutron.services.l3_router.l3_router_plugin.DVRResourceOperationHandler._create_snat_interfaces_after_change-666866'] for router (95c73f70-0d65-4eae-8ec5-93a739faf7d2), after_create {{(pid=111623) _notify_loop /usr/local/lib/python3.8/dist-packages/neutron_lib/callbacks/manager.py:176}}
Jul 01 10:40:34.216139 dv-neutron-846275-3-hyperv neutron-server[111623]: DEBUG dbcounter [-] [111623] Writing DB stats neutron:SELECT=93,neutron:UPDATE=2,neutron:INSERT=3,neutron:DELETE=2 {{(pid=111623) stat_writer /usr/local/lib/python3.8/dist-packages/dbcounter.py:114}}
Jul 01 10:40:34.232132 dv-neutron-846275-3-hyperv neutron-server[111623]: DEBUG neutron.pecan_wsgi.hooks.policy_enforcement [None req-6a3bb5f8-a029-4084-87c6-499ce3738eef tempest-AllowedAddressPairTestJSON-497069220 tempest-AllowedAddressPairTestJSON-497069220-project] Attributes excluded by policy engine: ['standard_attr_id', 'binding:profile', 'binding:host_id', 'binding:vif_type', 'binding:vif_details'] {{(pid=111623) _exclude_attributes_by_policy /opt/stack/neutron/neutron/pecan_wsgi/hooks/policy_enforcement.py:259}}
Jul 01 10:40:34.238401 dv-neutron-846275-3-hyperv neutron-server[111623]: DEBUG neutron.pecan_wsgi.hooks.policy_enforcement [None req-6a3bb5f8-a029-4084-87c6-499ce3738eef tempest-AllowedAddressPairTestJSON-497069220 tempest-AllowedAddressPairTestJSON-497069220-project] Attributes excluded by policy engine: ['standard_attr_id', 'binding:profile', 'binding:host_id', 'binding:vif_type', 'binding:vif_details'] {{(pid=111623) _exclude_attributes_by_policy /opt/stack/neutron/neutron/pecan_wsgi/hooks/policy_enforcement.py:259}}
Jul 01 10:40:34.243898 dv-neutron-846275-3-hyperv neutron-server[111623]: DEBUG neutron.pecan_wsgi.hooks.policy_enforcement [None req-6a3bb5f8-a029-4084-87c6-499ce3738eef tempest-AllowedAddressPairTestJSON-497069220 tempest-AllowedAddressPairTestJSON-497069220-project] Attributes excluded by policy engine: ['standard_attr_id', 'binding:profile', 'binding:host_id', 'binding:vif_type', 'binding:vif_details'] {{(pid=111623) _exclude_attributes_by_policy /opt/stack/neutron/neutron/pecan_wsgi/hooks/policy_enforcement.py:259}}
Jul 01 10:40:34.248508 dv-neutron-846275-3-hyperv neutron-server[111623]: INFO neutron.wsgi [None req-6a3bb5f8-a029-4084-87c6-499ce3738eef tempest-AllowedAddressPairTestJSON-497069220 tempest-AllowedAddressPairTestJSON-497069220-project] 10.222.0.55 "GET /v2.0/ports HTTP/1.1" status: 200 len: 2466 time: 0.9546626
Jul 01 10:40:34.258038 dv-neutron-846275-3-hyperv neutron-server[111623]: DEBUG neutron.wsgi [-] (111623) accepted ('10.222.0.55', 44934) {{(pid=111623) server /usr/local/lib/python3.8/dist-packages/eventlet/wsgi.py:1004}}
Jul 01 10:40:34.270059 dv-neutron-846275-3-hyperv neutron-server[111624]: DEBUG neutron.scheduler.dhcp_agent_scheduler [None req-c5f5fbb8-6c4f-44ac-8d24-23245d8501ac tempest-FloatingIPAdminTestJSON-1153999816 tempest-FloatingIPAdminTestJSON-1153999816-project] Network 609a7e52-743c-454a-80b4-b3dd455501bf is scheduled to be hosted by DHCP agent 62476022-21fd-47f8-abf9-e1b4ec731adb with binding_index 1 {{(pid=111624) bind /opt/stack/neutron/neutron/scheduler/dhcp_agent_scheduler.py:227}}
Jul 01 10:40:34.304040 dv-neutron-846275-3-hyperv neutron-server[111626]: DEBUG dbcounter [-] [111626] Writing DB stats neutron:SELECT=97,neutron:UPDATE=2,neutron:INSERT=1 {{(pid=111626) stat_writer /usr/local/lib/python3.8/dist-packages/dbcounter.py:114}}
Jul 01 10:40:34.327783 dv-neutron-846275-3-hyperv neutron-server[111624]: DEBUG neutron_lib.callbacks.manager [None req-f2fec80f-4394-46c4-912b-8b4d263889ab admin admin] Publish callbacks [] for security_group (None), before_create {{(pid=111624) _notify_loop /usr/local/lib/python3.8/dist-packages/neutron_lib/callbacks/manager.py:176}}
Jul 01 10:40:34.330007 dv-neutron-846275-3-hyperv neutron-server[111624]: DEBUG dbcounter [-] [111624] Writing DB stats neutron:SELECT=95,neutron:INSERT=2,neutron:DELETE=2,neutron:UPDATE=1 {{(pid=111624) stat_writer /usr/local/lib/python3.8/dist-packages/dbcounter.py:114}}
Jul 01 10:40:34.333399 dv-neutron-846275-3-hyperv neutron-server[111624]: DEBUG neutron_lib.callbacks.manager [None req-7b639194-544e-4f9b-8eb9-6d9430167205 tempest-DHCPAgentSchedulersTestJSON-815512875 tempest-DHCPAgentSchedulersTestJSON-815512875-project] Publish callbacks ['neutron.services.l3_router.l3_router_plugin.L3_NAT_dbonly_mixin._precommit_delete_port_callback-665231'] for port (2269f696-81f7-4bf1-bd51-8d6fe6f40d48), precommit_delete {{(pid=111624) _notify_loop /usr/local/lib/python3.8/dist-packages/neutron_lib/callbacks/manager.py:176}}
Jul 01 10:40:34.342543 dv-neutron-846275-3-hyperv neutron-server[111626]: DEBUG neutron.db.l3_dvr_db [None req-01188134-3393-483f-a01c-0b43b32737cc None None] Set router ef9e2cd6-2855-481c-8bd0-73a2ab365bbc gateway port host: dv-neutron-846275-3-hyperv {{(pid=111626) _build_routers_list /opt/stack/neutron/neutron/db/l3_dvr_db.py:907}}
Jul 01 10:40:34.351392 dv-neutron-846275-3-hyperv neutron-server[111625]: DEBUG neutron.api.rpc.handlers.dhcp_rpc [None req-29c6ca1a-2362-4d5b-8516-63dde487af4f None None] Network 982dd2a4-9d46-4a8c-a2c6-6f3e57dcdc1f requested from dv-neutron-846275-3-hyperv {{(pid=111625) get_network_info /opt/stack/neutron/neutron/api/rpc/handlers/dhcp_rpc.py:191}}
Jul 01 10:40:34.389364 dv-neutron-846275-3-hyperv neutron-server[111625]: DEBUG neutron.db.provisioning_blocks [None req-cfbc797e-cbbf-4015-9f61-ffa3d3c841d7 None None] Provisioning complete for port 3801101a-f36d-403f-8ddd-af3380cc3fcf triggered by entity DHCP. {{(pid=111625) provisioning_complete /opt/stack/neutron/neutron/db/provisioning_blocks.py:145}}
Jul 01 10:40:34.390764 dv-neutron-846275-3-hyperv neutron-server[111625]: DEBUG neutron_lib.callbacks.manager [None req-cfbc797e-cbbf-4015-9f61-ffa3d3c841d7 None None] Publish callbacks ['neutron.plugins.ml2.plugin.Ml2Plugin._port_provisioned-3895055'] for port (3801101a-f36d-403f-8ddd-af3380cc3fcf), provisioning_complete {{(pid=111625) _notify_loop /usr/local/lib/python3.8/dist-packages/neutron_lib/callbacks/manager.py:176}}
Jul 01 10:40:34.441031 dv-neutron-846275-3-hyperv neutron-server[111624]: DEBUG neutron_lib.callbacks.manager [None req-f2fec80f-4394-46c4-912b-8b4d263889ab admin admin] Publish callbacks [] for security_group (971a70a4-81bf-438e-bea9-084af1f96c58), precommit_create {{(pid=111624) _notify_loop /usr/local/lib/python3.8/dist-packages/neutron_lib/callbacks/manager.py:176}}
Jul 01 10:40:34.442718 dv-neutron-846275-3-hyperv neutron-server[111624]: DEBUG neutron.scheduler.base_scheduler [None req-c5f5fbb8-6c4f-44ac-8d24-23245d8501ac tempest-FloatingIPAdminTestJSON-1153999816 tempest-FloatingIPAdminTestJSON-1153999816-project] Resources bound (agent type, host, resource id): (DHCP agent, dv-neutron-846275-3-hyperv, 609a7e52-743c-454a-80b4-b3dd455501bf) {{(pid=111624) schedule /opt/stack/neutron/neutron/scheduler/base_scheduler.py:57}}
Jul 01 10:40:34.448026 dv-neutron-846275-3-hyperv neutron-server[111624]: DEBUG neutron.pecan_wsgi.hooks.policy_enforcement [None req-c5f5fbb8-6c4f-44ac-8d24-23245d8501ac tempest-FloatingIPAdminTestJSON-1153999816 tempest-FloatingIPAdminTestJSON-1153999816-project] Attributes excluded by policy engine: ['standard_attr_id', 'shared', 'network'] {{(pid=111624) _exclude_attributes_by_policy /opt/stack/neutron/neutron/pecan_wsgi/hooks/policy_enforcement.py:259}}
Jul 01 10:40:34.448783 dv-neutron-846275-3-hyperv neutron-server[111624]: DEBUG neutron_lib.callbacks.manager [None req-c5f5fbb8-6c4f-44ac-8d24-23245d8501ac tempest-FloatingIPAdminTestJSON-1153999816 tempest-FloatingIPAdminTestJSON-1153999816-project] Publish callbacks ['neutron.api.rpc.agentnotifiers.dhcp_rpc_agent_api.DhcpAgentNotifyAPI._send_dhcp_notification-527387'] for subnet (None), before_response {{(pid=111624) _notify_loop /usr/local/lib/python3.8/dist-packages/neutron_lib/callbacks/manager.py:176}}
Jul 01 10:40:34.452195 dv-neutron-846275-3-hyperv neutron-server[111624]: DEBUG neutron.plugins.ml2.plugin [None req-7b639194-544e-4f9b-8eb9-6d9430167205 tempest-DHCPAgentSchedulersTestJSON-815512875 tempest-DHCPAgentSchedulersTestJSON-815512875-project] Calling delete_port for 2269f696-81f7-4bf1-bd51-8d6fe6f40d48 owned by {{(pid=111624) delete_port /opt/stack/neutron/neutron/plugins/ml2/plugin.py:2116}}
Jul 01 10:40:34.487437 dv-neutron-846275-3-hyperv neutron-server[111625]: DEBUG neutron.api.rpc.handlers.dhcp_rpc [None req-272c9553-ac88-4ca4-9552-ce2f2b63d006 None None] Network 609a7e52-743c-454a-80b4-b3dd455501bf requested from dv-neutron-846275-3-hyperv {{(pid=111625) get_network_info /opt/stack/neutron/neutron/api/rpc/handlers/dhcp_rpc.py:191}}
Jul 01 10:40:34.548890 dv-neutron-846275-3-hyperv neutron-server[111624]: DEBUG neutron_lib.callbacks.manager [None req-f2fec80f-4394-46c4-912b-8b4d263889ab admin admin] Publish callbacks ['neutron.plugins.ml2.ovo_rpc._ObjectChangeHandler.handle_event-580290'] for security_group (971a70a4-81bf-438e-bea9-084af1f96c58), after_create {{(pid=111624) _notify_loop /usr/local/lib/python3.8/dist-packages/neutron_lib/callbacks/manager.py:176}}
Jul 01 10:40:34.579404 dv-neutron-846275-3-hyperv neutron-server[111626]: DEBUG neutron.db.l3_hamode_db [None req-01188134-3393-483f-a01c-0b43b32737cc None None] neutron.services.l3_router.l3_router_plugin.L3RouterPlugin method _process_sync_ha_data called with arguments (, [{'id': 'ef9e2cd6-2855-481c-8bd0-73a2ab365bbc', 'name': 'tempest-ServerActionsTestJSON-41762925-router', 'tenant_id': '4ed112efff314a3fbd9de77b689fb335', 'admin_state_up': True, 'status': 'ACTIVE', 'external_gateway_info': {'network_id': '838e383f-0fb5-4f66-a847-a7561f92a2a2', 'external_fixed_ips': [{'subnet_id': 'baf95667-3a0d-4ca9-9417-840228a3d373', 'ip_address': '172.26.9.177'}], 'enable_snat': True}, 'gw_port_id': '5b1423ed-3847-482f-8485-580f846eca7d', 'description': '', 'availability_zones': ['nova'], 'distributed': False, 'ha': False, 'ha_vr_id': 0, 'availability_zone_hints': [], 'routes': [], 'flavor_id': None, 'tags': [], 'created_at': '2022-07-01T10:40:25Z', 'updated_at': '2022-07-01T10:40:28Z', 'revision_number': 3, 'project_id': '4ed112efff314a3fbd9de77b689fb335', 'gw_port': {'id': '5b1423ed-3847-482f-8485-580f846eca7d', 'name': '', 'network_id': '838e383f-0fb5-4f66-a847-a7561f92a2a2', 'tenant_id': '', 'mac_address': 'fa:16:3e:87:09:1a', 'admin_state_up': True, 'status': 'DOWN', 'device_id': 'ef9e2cd6-2855-481c-8bd0-73a2ab365bbc', 'device_owner': 'network:router_gateway', 'standard_attr_id': 79, 'fixed_ips': [{'subnet_id': 'baf95667-3a0d-4ca9-9417-840228a3d373', 'ip_address': '172.26.9.177', 'prefixlen': 24}], 'allowed_address_pairs': [], 'extra_dhcp_opts': [], 'security_groups': [], 'description': '', 'binding:vnic_type': 'normal', 'binding:profile': {}, 'binding:host_id': 'dv-neutron-846275-3-hyperv', 'binding:vif_type': 'ovs', 'binding:vif_details': {'connectivity': 'l2', 'port_filter': True, 'ovs_hybrid_plug': False, 'datapath_type': 'system', 'bridge_name': 'br-int', 'bound_drivers': {'0': 'openvswitch'}}, 'port_security_enabled': False, 'tags': [], 'created_at': '2022-07-01T10:40:26Z', 'updated_at': '2022-07-01T10:40:33Z', 'revision_number': 3, 'project_id': '', 'subnets': [{'id': 'baf95667-3a0d-4ca9-9417-840228a3d373', 'cidr': '172.26.9.0/24', 'gateway_ip': '172.26.9.1', 'dns_nameservers': [], 'ipv6_ra_mode': None, 'subnetpool_id': None}], 'extra_subnets': [], 'address_scopes': {4: None, 6: None}, 'mtu': 1500}, 'enable_snat': True, 'gw_port_host': 'dv-neutron-846275-3-hyperv'}], 'dv-neutron-846275-3-hyperv', False) {} {{(pid=111626) wrapper /usr/local/lib/python3.8/dist-packages/oslo_log/helpers.py:65}}
Jul 01 10:40:34.581849 dv-neutron-846275-3-hyperv neutron-server[111624]: INFO neutron.wsgi [None req-c5f5fbb8-6c4f-44ac-8d24-23245d8501ac tempest-FloatingIPAdminTestJSON-1153999816 tempest-FloatingIPAdminTestJSON-1153999816-project] 10.222.0.55 "POST /v2.0/subnets HTTP/1.1" status: 201 len: 801 time: 2.1530364
Jul 01 10:40:34.594430 dv-neutron-846275-3-hyperv neutron-server[111623]: DEBUG neutron.wsgi [-] (111623) accepted ('10.222.0.55', 44936) {{(pid=111623) server /usr/local/lib/python3.8/dist-packages/eventlet/wsgi.py:1004}}
Jul 01 10:40:34.627342 dv-neutron-846275-3-hyperv neutron-server[111625]: DEBUG neutron_lib.callbacks.manager [None req-4a67e855-9ed4-44f1-88b4-7c7c935a71f3 None None] Publish callbacks [] for port (d303c8f6-4e8e-40e8-b2e0-94df13951374), precommit_update {{(pid=111625) _notify_loop /usr/local/lib/python3.8/dist-packages/neutron_lib/callbacks/manager.py:176}}
Jul 01 10:40:34.632941 dv-neutron-846275-3-hyperv neutron-server[111623]: DEBUG neutron.api.v2.base [None req-3b6544e9-fb57-42f2-997b-bc48f31e761f tempest-FloatingIPAdminTestJSON-1153999816 tempest-FloatingIPAdminTestJSON-1153999816-project] Request body: {'router': {'name': 'tempest-FloatingIPAdminTestJSON-router-1609692350', 'external_gateway_info': {'network_id': '838e383f-0fb5-4f66-a847-a7561f92a2a2'}, 'admin_state_up': False}} {{(pid=111623) prepare_request_body /opt/stack/neutron/neutron/api/v2/base.py:730}}
Jul 01 10:40:34.636603 dv-neutron-846275-3-hyperv neutron-server[111624]: INFO neutron.wsgi [None req-f2fec80f-4394-46c4-912b-8b4d263889ab admin admin] 10.222.0.55 "GET /v2.0/security-groups?tenant_id=a9a9b59850ca4860af3c29a81e7caced&name=default HTTP/1.1" status: 200 len: 2996 time: 0.5040185
Jul 01 10:40:34.637337 dv-neutron-846275-3-hyperv neutron-server[111624]: DEBUG neutron.wsgi [-] (111624) accepted ('10.222.0.55', 44938) {{(pid=111624) server /usr/local/lib/python3.8/dist-packages/eventlet/wsgi.py:1004}}
Jul 01 10:40:34.646562 dv-neutron-846275-3-hyperv neutron-server[111624]: DEBUG neutron.api.rpc.handlers.resources_rpc [None req-f2fec80f-4394-46c4-912b-8b4d263889ab admin admin] Pushing event updated for resources: {'SecurityGroup': ['ID=971a70a4-81bf-438e-bea9-084af1f96c58,revision_number=1']} {{(pid=111624) push /opt/stack/neutron/neutron/api/rpc/handlers/resources_rpc.py:237}}
Jul 01 10:40:34.656910 dv-neutron-846275-3-hyperv neutron-server[111626]: DEBUG neutron.api.rpc.handlers.l3_rpc [None req-01188134-3393-483f-a01c-0b43b32737cc None None] The sync data for ids ['ef9e2cd6-2855-481c-8bd0-73a2ab365bbc'] in dv-neutron-846275-3-hyperv is: [{'id': 'ef9e2cd6-2855-481c-8bd0-73a2ab365bbc', 'name': 'tempest-ServerActionsTestJSON-41762925-router', 'tenant_id': '4ed112efff314a3fbd9de77b689fb335', 'admin_state_up': True, 'status': 'ACTIVE', 'external_gateway_info': {'network_id': '838e383f-0fb5-4f66-a847-a7561f92a2a2', 'external_fixed_ips': [{'subnet_id': 'baf95667-3a0d-4ca9-9417-840228a3d373', 'ip_address': '172.26.9.177'}], 'enable_snat': True}, 'gw_port_id': '5b1423ed-3847-482f-8485-580f846eca7d', 'description': '', 'availability_zones': ['nova'], 'distributed': False, 'ha': False, 'ha_vr_id': 0, 'availability_zone_hints': [], 'routes': [], 'flavor_id': None, 'tags': [], 'created_at': '2022-07-01T10:40:25Z', 'updated_at': '2022-07-01T10:40:28Z', 'revision_number': 3, 'project_id': '4ed112efff314a3fbd9de77b689fb335', 'gw_port': {'id': '5b1423ed-3847-482f-8485-580f846eca7d', 'name': '', 'network_id': '838e383f-0fb5-4f66-a847-a7561f92a2a2', 'tenant_id': '', 'mac_address': 'fa:16:3e:87:09:1a', 'admin_state_up': True, 'status': 'DOWN', 'device_id': 'ef9e2cd6-2855-481c-8bd0-73a2ab365bbc', 'device_owner': 'network:router_gateway', 'standard_attr_id': 79, 'fixed_ips': [{'subnet_id': 'baf95667-3a0d-4ca9-9417-840228a3d373', 'ip_address': '172.26.9.177', 'prefixlen': 24}], 'allowed_address_pairs': [], 'extra_dhcp_opts': [], 'security_groups': [], 'description': '', 'binding:vnic_type': 'normal', 'binding:profile': {}, 'binding:host_id': 'dv-neutron-846275-3-hyperv', 'binding:vif_type': 'ovs', 'binding:vif_details': {'connectivity': 'l2', 'port_filter': True, 'ovs_hybrid_plug': False, 'datapath_type': 'system', 'bridge_name': 'br-int', 'bound_drivers': {'0': 'openvswitch'}}, 'port_security_enabled': False, 'tags': [], 'created_at': '2022-07-01T10:40:26Z', 'updated_at': '2022-07-01T10:40:33Z', 'revision_number': 3, 'project_id': '', 'subnets': [{'id': 'baf95667-3a0d-4ca9-9417-840228a3d373', 'cidr': '172.26.9.0/24', 'gateway_ip': '172.26.9.1', 'dns_nameservers': [], 'ipv6_ra_mode': None, 'subnetpool_id': None}], 'extra_subnets': [], 'address_scopes': {4: None, 6: None}, 'mtu': 1500}, 'enable_snat': True, 'gw_port_host': 'dv-neutron-846275-3-hyperv'}] {{(pid=111626) sync_routers /opt/stack/neutron/neutron/api/rpc/handlers/l3_rpc.py:137}}
Jul 01 10:40:34.677496 dv-neutron-846275-3-hyperv neutron-server[111625]: DEBUG neutron.api.rpc.handlers.dhcp_rpc [None req-cfbdba0f-e1e8-43b7-800f-9d270a550031 None None] Create dhcp port {'port': {'name': '', 'admin_state_up': True, 'device_id': 'dhcpbc4f157f-c07b-5182-8958-3bf7dc9ab0e7-609a7e52-743c-454a-80b4-b3dd455501bf', 'network_id': '609a7e52-743c-454a-80b4-b3dd455501bf', 'project_id': '65f37035320b4762b91a50778bb5c980', 'fixed_ips': [{'subnet_id': '16bb4e31-f714-4dc2-a6ec-43695af80152'}]}} from dv-neutron-846275-3-hyperv. {{(pid=111625) create_dhcp_port /opt/stack/neutron/neutron/api/rpc/handlers/dhcp_rpc.py:268}}
Jul 01 10:40:34.678211 dv-neutron-846275-3-hyperv neutron-server[111625]: DEBUG neutron_lib.callbacks.manager [None req-cfbdba0f-e1e8-43b7-800f-9d270a550031 None None] Publish callbacks ['neutron.plugins.ml2.plugin.SecurityGroupDbMixin._ensure_default_security_group_handler-3739636'] for port (None), before_create {{(pid=111625) _notify_loop /usr/local/lib/python3.8/dist-packages/neutron_lib/callbacks/manager.py:176}}
Jul 01 10:40:34.788953 dv-neutron-846275-3-hyperv neutron-server[111624]: DEBUG neutron_lib.callbacks.manager [None req-5b2dc031-44db-4914-84f1-1fbc630ef747 admin admin] Publish callbacks [] for security_group (971a70a4-81bf-438e-bea9-084af1f96c58), before_delete {{(pid=111624) _notify_loop /usr/local/lib/python3.8/dist-packages/neutron_lib/callbacks/manager.py:176}}
Jul 01 10:40:34.856080 dv-neutron-846275-3-hyperv neutron-server[111624]: DEBUG neutron_lib.callbacks.manager [None req-5b2dc031-44db-4914-84f1-1fbc630ef747 admin admin] Publish callbacks [] for security_group (971a70a4-81bf-438e-bea9-084af1f96c58), precommit_delete {{(pid=111624) _notify_loop /usr/local/lib/python3.8/dist-packages/neutron_lib/callbacks/manager.py:176}}
Jul 01 10:40:34.901235 dv-neutron-846275-3-hyperv neutron-server[111625]: DEBUG dbcounter [-] [111625] Writing DB stats neutron:SELECT=95,neutron:UPDATE=3,neutron:INSERT=2 {{(pid=111625) stat_writer /usr/local/lib/python3.8/dist-packages/dbcounter.py:114}}
Jul 01 10:40:34.902750 dv-neutron-846275-3-hyperv neutron-server[111625]: DEBUG neutron.plugins.ml2.rpc [None req-ca554998-f2b1-4a38-9a98-270062c1cb12 None None] Device 3801101a-f36d-403f-8ddd-af3380cc3fcf up at agent ovs-agent-dv-neutron-846275-3-hyperv {{(pid=111625) update_device_up /opt/stack/neutron/neutron/plugins/ml2/rpc.py:296}}
Jul 01 10:40:34.912979 dv-neutron-846275-3-hyperv neutron-server[111625]: DEBUG neutron_lib.callbacks.manager [None req-4a67e855-9ed4-44f1-88b4-7c7c935a71f3 None None] Publish callbacks ['neutron.plugins.ml2.plugin.SecurityGroupServerNotifierRpcMixin._notify_sg_on_port_change-3739579', 'neutron.plugins.ml2.ovo_rpc._ObjectChangeHandler.handle_event-206413', 'neutron.api.rpc.agentnotifiers.dhcp_rpc_agent_api.DhcpAgentNotifyAPI._native_event_send_dhcp_notification-527401', 'neutron.db.l3_db.L3RpcNotifierMixin._notify_gateway_port_ip_changed-8729761711562', 'neutron.db.l3_dvrscheduler_db._notify_l3_agent_port_update-8729761365351', 'neutron.db.l3_hascheduler_db._notify_l3_agent_ha_port_update-8729761365369'] for port (d303c8f6-4e8e-40e8-b2e0-94df13951374), after_update {{(pid=111625) _notify_loop /usr/local/lib/python3.8/dist-packages/neutron_lib/callbacks/manager.py:176}}
Jul 01 10:40:34.920382 dv-neutron-846275-3-hyperv neutron-server[111624]: DEBUG neutron_lib.callbacks.manager [None req-7b639194-544e-4f9b-8eb9-6d9430167205 tempest-DHCPAgentSchedulersTestJSON-815512875 tempest-DHCPAgentSchedulersTestJSON-815512875-project] Publish callbacks ['neutron.plugins.ml2.plugin.SecurityGroupServerNotifierRpcMixin._notify_sg_on_port_change-3739579', 'neutron.plugins.ml2.ovo_rpc._ObjectChangeHandler.handle_event-206413', 'neutron.api.rpc.agentnotifiers.dhcp_rpc_agent_api.DhcpAgentNotifyAPI._native_event_send_dhcp_notification-527401', 'neutron.db.l3_db.L3RpcNotifierMixin._notify_routers_callback-8729761712936', 'neutron.db.l3_dvrscheduler_db._notify_port_delete-8729761365342'] for port (2269f696-81f7-4bf1-bd51-8d6fe6f40d48), after_delete {{(pid=111624) _notify_loop /usr/local/lib/python3.8/dist-packages/neutron_lib/callbacks/manager.py:176}}
Jul 01 10:40:34.975649 dv-neutron-846275-3-hyperv neutron-server[111624]: DEBUG neutron.api.rpc.handlers.resources_rpc [None req-7b639194-544e-4f9b-8eb9-6d9430167205 tempest-DHCPAgentSchedulersTestJSON-815512875 tempest-DHCPAgentSchedulersTestJSON-815512875-project] Pushing event deleted for resources: {'Port': ['ID=2269f696-81f7-4bf1-bd51-8d6fe6f40d48,revision_number=None']} {{(pid=111624) push /opt/stack/neutron/neutron/api/rpc/handlers/resources_rpc.py:237}}
Jul 01 10:40:35.014127 dv-neutron-846275-3-hyperv neutron-server[111625]: DEBUG neutron.plugins.ml2.plugin [None req-cfbc797e-cbbf-4015-9f61-ffa3d3c841d7 None None] Current status of the port 3801101a-f36d-403f-8ddd-af3380cc3fcf is: DOWN; New status is: ACTIVE {{(pid=111625) _update_individual_port_db_status /opt/stack/neutron/neutron/plugins/ml2/plugin.py:2292}}
Jul 01 10:40:35.014704 dv-neutron-846275-3-hyperv neutron-server[111625]: DEBUG neutron_lib.callbacks.manager [None req-cfbc797e-cbbf-4015-9f61-ffa3d3c841d7 None None] Publish callbacks ['neutron.plugins.ml2.plugin.SecurityGroupDbMixin._ensure_default_security_group_handler-3739636'] for port (3801101a-f36d-403f-8ddd-af3380cc3fcf), before_update {{(pid=111625) _notify_loop /usr/local/lib/python3.8/dist-packages/neutron_lib/callbacks/manager.py:176}}
Jul 01 10:40:35.021042 dv-neutron-846275-3-hyperv neutron-server[111625]: DEBUG neutron.db.db_base_plugin_common [None req-cfbdba0f-e1e8-43b7-800f-9d270a550031 None None] Allocated IP 172.20.0.2 (609a7e52-743c-454a-80b4-b3dd455501bf/16bb4e31-f714-4dc2-a6ec-43695af80152/222d7d4c-08d0-4ec1-bedc-9c1424bdddbd) {{(pid=111625) _store_ip_allocation /opt/stack/neutron/neutron/db/db_base_plugin_common.py:131}}
Jul 01 10:40:35.023383 dv-neutron-846275-3-hyperv neutron-server[111623]: DEBUG neutron.plugins.ml2.plugin [None req-f0976a8b-e52a-4296-ae32-6244c7580ce3 tempest-AllowedAddressPairTestJSON-497069220 tempest-AllowedAddressPairTestJSON-497069220-project] Deleting port bbf79ecd-0156-4836-b9f3-23508d14af30 {{(pid=111623) _pre_delete_port /opt/stack/neutron/neutron/plugins/ml2/plugin.py:2037}}
Jul 01 10:40:35.023839 dv-neutron-846275-3-hyperv neutron-server[111623]: DEBUG neutron_lib.callbacks.manager [None req-f0976a8b-e52a-4296-ae32-6244c7580ce3 tempest-AllowedAddressPairTestJSON-497069220 tempest-AllowedAddressPairTestJSON-497069220-project] Publish callbacks ['neutron.db.l3_db.L3_NAT_dbonly_mixin._prevent_l3_port_delete_callback-8729761707268'] for port (bbf79ecd-0156-4836-b9f3-23508d14af30), before_delete {{(pid=111623) _notify_loop /usr/local/lib/python3.8/dist-packages/neutron_lib/callbacks/manager.py:176}}
Jul 01 10:40:35.049998 dv-neutron-846275-3-hyperv neutron-server[111624]: DEBUG dbcounter [-] [111624] Writing DB stats neutron:SELECT=80,neutron:INSERT=11,neutron:UPDATE=1,neutron:DELETE=8 {{(pid=111624) stat_writer /usr/local/lib/python3.8/dist-packages/dbcounter.py:114}}
Jul 01 10:40:35.053865 dv-neutron-846275-3-hyperv neutron-server[111624]: DEBUG neutron_lib.callbacks.manager [None req-7b639194-544e-4f9b-8eb9-6d9430167205 tempest-DHCPAgentSchedulersTestJSON-815512875 tempest-DHCPAgentSchedulersTestJSON-815512875-project] Publish callbacks ['neutron.notifiers.nova.Notifier._send_nova_notification-4588'] for port (None), before_response {{(pid=111624) _notify_loop /usr/local/lib/python3.8/dist-packages/neutron_lib/callbacks/manager.py:176}}
Jul 01 10:40:35.069186 dv-neutron-846275-3-hyperv neutron-server[111624]: INFO neutron.wsgi [None req-7b639194-544e-4f9b-8eb9-6d9430167205 tempest-DHCPAgentSchedulersTestJSON-815512875 tempest-DHCPAgentSchedulersTestJSON-815512875-project] 10.222.0.55 "DELETE /v2.0/ports/2269f696-81f7-4bf1-bd51-8d6fe6f40d48 HTTP/1.1" status: 204 len: 168 time: 1.2133000
Jul 01 10:40:35.071715 dv-neutron-846275-3-hyperv neutron-server[111624]: DEBUG neutron.wsgi [-] (111624) accepted ('10.222.0.55', 44940) {{(pid=111624) server /usr/local/lib/python3.8/dist-packages/eventlet/wsgi.py:1004}}
Jul 01 10:40:35.107539 dv-neutron-846275-3-hyperv neutron-server[111623]: DEBUG neutron_lib.callbacks.manager [None req-3b6544e9-fb57-42f2-997b-bc48f31e761f tempest-FloatingIPAdminTestJSON-1153999816 tempest-FloatingIPAdminTestJSON-1153999816-project] Publish callbacks ['neutron.services.l3_router.l3_router_plugin.L3_HA_NAT_db_mixin._before_router_create_handler-668737', 'neutron.services.l3_router.service_providers.driver_controller.DriverController._check_router_request-74455'] for router (5b6c34f9-f90a-474b-9fb0-969c191c47d2), before_create {{(pid=111623) _notify_loop /usr/local/lib/python3.8/dist-packages/neutron_lib/callbacks/manager.py:176}}
Jul 01 10:40:35.108727 dv-neutron-846275-3-hyperv neutron-server[111623]: DEBUG neutron_lib.callbacks.manager [None req-3b6544e9-fb57-42f2-997b-bc48f31e761f tempest-FloatingIPAdminTestJSON-1153999816 tempest-FloatingIPAdminTestJSON-1153999816-project] Publish callbacks ['neutron.services.l3_router.l3_router_plugin.L3_HA_NAT_db_mixin._precommit_router_create-670663', 'neutron.services.l3_router.l3_router_plugin.DVRResourceOperationHandler._set_distributed_flag-667270', 'neutron.services.l3_router.l3_router_plugin.RouterAvailabilityZoneMixin._process_az_request-679660', 'neutron.services.l3_router.service_providers.driver_controller.DriverController._set_router_provider-74462'] for router (5b6c34f9-f90a-474b-9fb0-969c191c47d2), precommit_create {{(pid=111623) _notify_loop /usr/local/lib/python3.8/dist-packages/neutron_lib/callbacks/manager.py:176}}
Jul 01 10:40:35.129073 dv-neutron-846275-3-hyperv neutron-server[111625]: DEBUG neutron.api.rpc.handlers.resources_rpc [None req-31afee90-c81f-49cc-887e-d88e83a7bf0b None None] Pushing event updated for resources: {'Port': ['ID=d303c8f6-4e8e-40e8-b2e0-94df13951374,revision_number=2']} {{(pid=111625) push /opt/stack/neutron/neutron/api/rpc/handlers/resources_rpc.py:237}}
Jul 01 10:40:35.141272 dv-neutron-846275-3-hyperv neutron-server[111623]: DEBUG neutron_lib.callbacks.manager [None req-9167c446-ea34-4b04-8a46-8c1a21bd5c63 admin admin] Publish callbacks [] for security_group (e4845939-d07e-46de-b2ea-505a4443a1fb), precommit_create {{(pid=111623) _notify_loop /usr/local/lib/python3.8/dist-packages/neutron_lib/callbacks/manager.py:176}}
Jul 01 10:40:35.152555 dv-neutron-846275-3-hyperv neutron-server[111624]: DEBUG neutron_lib.callbacks.manager [None req-5b2dc031-44db-4914-84f1-1fbc630ef747 admin admin] Publish callbacks ['neutron.plugins.ml2.ovo_rpc._ObjectChangeHandler.handle_event-580290'] for security_group (971a70a4-81bf-438e-bea9-084af1f96c58), after_delete {{(pid=111624) _notify_loop /usr/local/lib/python3.8/dist-packages/neutron_lib/callbacks/manager.py:176}}
Jul 01 10:40:35.155656 dv-neutron-846275-3-hyperv neutron-server[111624]: DEBUG neutron_lib.callbacks.manager [None req-5b2dc031-44db-4914-84f1-1fbc630ef747 admin admin] Publish callbacks [] for security_group (None), before_response {{(pid=111624) _notify_loop /usr/local/lib/python3.8/dist-packages/neutron_lib/callbacks/manager.py:176}}
Jul 01 10:40:35.157277 dv-neutron-846275-3-hyperv neutron-server[111624]: INFO neutron.wsgi [None req-5b2dc031-44db-4914-84f1-1fbc630ef747 admin admin] 10.222.0.55 "DELETE /v2.0/security-groups/971a70a4-81bf-438e-bea9-084af1f96c58 HTTP/1.1" status: 204 len: 168 time: 0.5188851
Jul 01 10:40:35.175169 dv-neutron-846275-3-hyperv neutron-server[111625]: DEBUG neutron.plugins.ml2.managers [None req-4a67e855-9ed4-44f1-88b4-7c7c935a71f3 None None] Attempting to bind port d303c8f6-4e8e-40e8-b2e0-94df13951374 on host dv-neutron-846275-3-hyperv for vnic_type normal with profile {{(pid=111625) bind_port /opt/stack/neutron/neutron/plugins/ml2/managers.py:811}}
Jul 01 10:40:35.175747 dv-neutron-846275-3-hyperv neutron-server[111625]: DEBUG neutron.plugins.ml2.managers [None req-4a67e855-9ed4-44f1-88b4-7c7c935a71f3 None None] Attempting to bind port d303c8f6-4e8e-40e8-b2e0-94df13951374 by drivers openvswitch,hyperv on host dv-neutron-846275-3-hyperv at level 0 using segments [{'id': '9903f7c8-5ff6-4313-a5d2-b1388b62be96', 'network_type': 'flat', 'physical_network': 'physnet1', 'segmentation_id': None, 'network_id': '838e383f-0fb5-4f66-a847-a7561f92a2a2'}] {{(pid=111625) _bind_port_level /opt/stack/neutron/neutron/plugins/ml2/managers.py:836}}
Jul 01 10:40:35.176904 dv-neutron-846275-3-hyperv neutron-server[111625]: DEBUG neutron.plugins.ml2.drivers.mech_agent [None req-4a67e855-9ed4-44f1-88b4-7c7c935a71f3 None None] Attempting to bind port d303c8f6-4e8e-40e8-b2e0-94df13951374 on network 838e383f-0fb5-4f66-a847-a7561f92a2a2 {{(pid=111625) bind_port /opt/stack/neutron/neutron/plugins/ml2/drivers/mech_agent.py:91}}
Jul 01 10:40:35.191018 dv-neutron-846275-3-hyperv neutron-server[111625]: DEBUG neutron.plugins.ml2.db [None req-cfbc797e-cbbf-4015-9f61-ffa3d3c841d7 None None] For port 3801101a-f36d-403f-8ddd-af3380cc3fcf, host dv-neutron-846275-3-hyperv, got binding levels [PortBindingLevel(driver='openvswitch',host='dv-neutron-846275-3-hyperv',level=0,port_id=3801101a-f36d-403f-8ddd-af3380cc3fcf,segment=NetworkSegment(410e5649-49cb-403f-8c4c-6abd6bf85d38),segment_id=410e5649-49cb-403f-8c4c-6abd6bf85d38)] {{(pid=111625) get_binding_level_objs /opt/stack/neutron/neutron/plugins/ml2/db.py:74}}
Jul 01 10:40:35.204827 dv-neutron-846275-3-hyperv neutron-server[111624]: DEBUG neutron.api.rpc.handlers.resources_rpc [None req-5b2dc031-44db-4914-84f1-1fbc630ef747 admin admin] Pushing event deleted for resources: {'SecurityGroup': ['ID=971a70a4-81bf-438e-bea9-084af1f96c58,revision_number=None']} {{(pid=111624) push /opt/stack/neutron/neutron/api/rpc/handlers/resources_rpc.py:237}}
Jul 01 10:40:35.211718 dv-neutron-846275-3-hyperv neutron-server[111625]: DEBUG dbcounter [-] [111625] Writing DB stats neutron:SELECT=91,neutron:UPDATE=6,neutron:INSERT=3 {{(pid=111625) stat_writer /usr/local/lib/python3.8/dist-packages/dbcounter.py:114}}
Jul 01 10:40:35.255447 dv-neutron-846275-3-hyperv neutron-server[111625]: DEBUG neutron.plugins.ml2.drivers.mech_agent [None req-4a67e855-9ed4-44f1-88b4-7c7c935a71f3 None None] Checking agent: {'id': '8903c989-4b40-4359-8ee9-d6782f4a12fb', 'agent_type': 'Open vSwitch agent', 'binary': 'neutron-openvswitch-agent', 'topic': 'N/A', 'host': 'dv-neutron-846275-3-hyperv', 'admin_state_up': True, 'created_at': datetime.datetime(2022, 7, 1, 10, 32, 38), 'started_at': datetime.datetime(2022, 7, 1, 10, 33, 8), 'heartbeat_timestamp': datetime.datetime(2022, 7, 1, 10, 40, 8), 'description': None, 'resources_synced': None, 'availability_zone': None, 'alive': True, 'configurations': {'arp_responder_enabled': False, 'baremetal_smartnic': False, 'bridge_mappings': {'physnet1': 'br-data'}, 'datapath_type': 'system', 'devices': 0, 'enable_distributed_routing': False, 'extensions': [], 'in_distributed_mode': False, 'integration_bridge': 'br-int', 'l2_population': False, 'log_agent_heartbeats': False, 'ovs_capabilities': {'datapath_types': ['netdev', 'system'], 'iface_types': ['erspan', 'geneve', 'gre', 'internal', 'ip6erspan', 'ip6gre', 'lisp', 'patch', 'stt', 'system', 'tap', 'vxlan']}, 'ovs_hybrid_plug': False, 'resource_provider_bandwidths': {}, 'resource_provider_hypervisors': {'br-data': 'dv-neutron-846275-3-hyperv'}, 'resource_provider_inventory_defaults': {'allocation_ratio': 1.0, 'min_unit': 1, 'step_size': 1, 'reserved': 0}, 'resource_provider_packet_processing_inventory_defaults': {'allocation_ratio': 1.0, 'min_unit': 1, 'step_size': 1, 'reserved': 0}, 'resource_provider_packet_processing_with_direction': {}, 'resource_provider_packet_processing_without_direction': {}, 'tunnel_types': [], 'tunneling_ip': None, 'vhostuser_socket_dir': '/var/run/openvswitch'}, 'resource_versions': {'AddressGroup': '1.2', 'Agent': '1.1', 'ConntrackHelper': '1.0', 'LocalIPAssociation': '1.0', 'Log': '1.0', 'NDPProxy': '1.0', 'Network': '1.1', 'Port': '1.7', 'PortForwarding': '1.3', 'QosPolicy': '1.10', 'SecurityGroup': '1.5', 'SecurityGroupRule': '1.2', 'SubPort': '1.0', 'Subnet': '1.1', 'Trunk': '1.1'}} {{(pid=111625) bind_port /opt/stack/neutron/neutron/plugins/ml2/drivers/mech_agent.py:110}}
Jul 01 10:40:35.258860 dv-neutron-846275-3-hyperv neutron-server[111625]: DEBUG neutron.plugins.ml2.drivers.mech_agent [None req-4a67e855-9ed4-44f1-88b4-7c7c935a71f3 None None] Checking segment: {'id': '9903f7c8-5ff6-4313-a5d2-b1388b62be96', 'network_type': 'flat', 'physical_network': 'physnet1', 'segmentation_id': None, 'network_id': '838e383f-0fb5-4f66-a847-a7561f92a2a2'} for mappings: {'physnet1': 'br-data'} with network types: ['local', 'flat', 'vlan'] {{(pid=111625) check_segment_for_agent /opt/stack/neutron/neutron/plugins/ml2/drivers/mech_agent.py:373}}
Jul 01 10:40:35.260356 dv-neutron-846275-3-hyperv neutron-server[111625]: DEBUG neutron_lib.callbacks.manager [None req-4a67e855-9ed4-44f1-88b4-7c7c935a71f3 None None] Publish callbacks [] for ovs_bridge_name (None), before_read {{(pid=111625) _notify_loop /usr/local/lib/python3.8/dist-packages/neutron_lib/callbacks/manager.py:176}}
Jul 01 10:40:35.264275 dv-neutron-846275-3-hyperv neutron-server[111625]: DEBUG neutron.plugins.ml2.drivers.mech_agent [None req-4a67e855-9ed4-44f1-88b4-7c7c935a71f3 None None] Bound using segment: {'id': '9903f7c8-5ff6-4313-a5d2-b1388b62be96', 'network_type': 'flat', 'physical_network': 'physnet1', 'segmentation_id': None, 'network_id': '838e383f-0fb5-4f66-a847-a7561f92a2a2'} {{(pid=111625) bind_port /opt/stack/neutron/neutron/plugins/ml2/drivers/mech_agent.py:120}}
Jul 01 10:40:35.264933 dv-neutron-846275-3-hyperv neutron-server[111625]: DEBUG neutron.plugins.ml2.managers [None req-4a67e855-9ed4-44f1-88b4-7c7c935a71f3 None None] Bound port: d303c8f6-4e8e-40e8-b2e0-94df13951374, host: dv-neutron-846275-3-hyperv, vif_type: ovs, vif_details: {"connectivity": "l2", "port_filter": true, "ovs_hybrid_plug": false, "datapath_type": "system", "bridge_name": "br-int"}, binding_levels: [{'bound_driver': 'openvswitch', 'bound_segment': {'id': '9903f7c8-5ff6-4313-a5d2-b1388b62be96', 'network_type': 'flat', 'physical_network': 'physnet1', 'segmentation_id': None, 'network_id': '838e383f-0fb5-4f66-a847-a7561f92a2a2'}}] {{(pid=111625) _bind_port_level /opt/stack/neutron/neutron/plugins/ml2/managers.py:948}}
Jul 01 10:40:35.265473 dv-neutron-846275-3-hyperv neutron-server[111625]: DEBUG neutron_lib.callbacks.manager [None req-4a67e855-9ed4-44f1-88b4-7c7c935a71f3 None None] Publish callbacks ['neutron.plugins.ml2.plugin.SecurityGroupDbMixin._ensure_default_security_group_handler-3739636'] for port (d303c8f6-4e8e-40e8-b2e0-94df13951374), before_update {{(pid=111625) _notify_loop /usr/local/lib/python3.8/dist-packages/neutron_lib/callbacks/manager.py:176}}
Jul 01 10:40:35.284025 dv-neutron-846275-3-hyperv neutron-server[111623]: DEBUG neutron_lib.callbacks.manager [None req-9167c446-ea34-4b04-8a46-8c1a21bd5c63 admin admin] Publish callbacks ['neutron.plugins.ml2.ovo_rpc._ObjectChangeHandler.handle_event-580290'] for security_group (e4845939-d07e-46de-b2ea-505a4443a1fb), after_create {{(pid=111623) _notify_loop /usr/local/lib/python3.8/dist-packages/neutron_lib/callbacks/manager.py:176}}
Jul 01 10:40:35.287052 dv-neutron-846275-3-hyperv neutron-server[111623]: DEBUG neutron.scheduler.l3_agent_scheduler [None req-cee1fdb0-32aa-4a3a-9222-aba3e31b345c admin admin] Router 95c73f70-0d65-4eae-8ec5-93a739faf7d2 is scheduled to L3 agent 0b752165-8753-42cf-9b01-63e7d34d7ffc with binding_index 1 {{(pid=111623) bind_router /opt/stack/neutron/neutron/scheduler/l3_agent_scheduler.py:209}}
Jul 01 10:40:35.292940 dv-neutron-846275-3-hyperv neutron-server[111625]: DEBUG neutron.db.provisioning_blocks [None req-ca554998-f2b1-4a38-9a98-270062c1cb12 None None] Provisioning complete for port 3801101a-f36d-403f-8ddd-af3380cc3fcf triggered by entity L2. {{(pid=111625) provisioning_complete /opt/stack/neutron/neutron/db/provisioning_blocks.py:145}}
Jul 01 10:40:35.299879 dv-neutron-846275-3-hyperv neutron-server[111625]: DEBUG neutron_lib.callbacks.manager [None req-ca554998-f2b1-4a38-9a98-270062c1cb12 None None] Publish callbacks ['neutron.plugins.ml2.plugin.Ml2Plugin._port_provisioned-3895055'] for port (3801101a-f36d-403f-8ddd-af3380cc3fcf), provisioning_complete {{(pid=111625) _notify_loop /usr/local/lib/python3.8/dist-packages/neutron_lib/callbacks/manager.py:176}}
Jul 01 10:40:35.329407 dv-neutron-846275-3-hyperv neutron-server[111625]: DEBUG neutron_lib.callbacks.manager [None req-cfbc797e-cbbf-4015-9f61-ffa3d3c841d7 None None] Publish callbacks ['neutron.plugins.ml2.plugin.SecurityGroupServerNotifierRpcMixin._notify_sg_on_port_change-3739579', 'neutron.plugins.ml2.ovo_rpc._ObjectChangeHandler.handle_event-206413', 'neutron.api.rpc.agentnotifiers.dhcp_rpc_agent_api.DhcpAgentNotifyAPI._native_event_send_dhcp_notification-527401', 'neutron.db.l3_db.L3RpcNotifierMixin._notify_gateway_port_ip_changed-8729761711562', 'neutron.db.l3_dvrscheduler_db._notify_l3_agent_port_update-8729761365351', 'neutron.db.l3_hascheduler_db._notify_l3_agent_ha_port_update-8729761365369'] for port (3801101a-f36d-403f-8ddd-af3380cc3fcf), after_update {{(pid=111625) _notify_loop /usr/local/lib/python3.8/dist-packages/neutron_lib/callbacks/manager.py:176}}
Jul 01 10:40:35.347427 dv-neutron-846275-3-hyperv neutron-server[111624]: INFO neutron.wsgi [None req-4afd6f14-8128-4bb7-8592-8829c1dcdc1c tempest-DHCPAgentSchedulersTestJSON-1109813910 tempest-DHCPAgentSchedulersTestJSON-1109813910-project-admin] 10.222.0.55 "GET /v2.0/agents HTTP/1.1" status: 200 len: 4560 time: 0.2743552
Jul 01 10:40:35.351078 dv-neutron-846275-3-hyperv neutron-server[111624]: DEBUG neutron.wsgi [-] (111624) accepted ('10.222.0.55', 44948) {{(pid=111624) server /usr/local/lib/python3.8/dist-packages/eventlet/wsgi.py:1004}}
Jul 01 10:40:35.362816 dv-neutron-846275-3-hyperv neutron-server[111624]: DEBUG neutron.api.v2.base [None req-a2fc6c8b-581a-4c18-841e-ee71c2899258 tempest-DHCPAgentSchedulersTestJSON-815512875 tempest-DHCPAgentSchedulersTestJSON-815512875-project] Request body: {'network': {'name': 'tempest-DHCPAgentSchedulersTestJSON-test-network-1076154702'}} {{(pid=111624) prepare_request_body /opt/stack/neutron/neutron/api/v2/base.py:730}}
Jul 01 10:40:35.484017 dv-neutron-846275-3-hyperv neutron-server[111624]: DEBUG neutron.pecan_wsgi.hooks.quota_enforcement [None req-a2fc6c8b-581a-4c18-841e-ee71c2899258 tempest-DHCPAgentSchedulersTestJSON-815512875 tempest-DHCPAgentSchedulersTestJSON-815512875-project] Made reservation on behalf of da99ab866dfc43fd9ca2e203efc83012 for: {'network': 1} {{(pid=111624) before /opt/stack/neutron/neutron/pecan_wsgi/hooks/quota_enforcement.py:53}}
Jul 01 10:40:35.487759 dv-neutron-846275-3-hyperv neutron-server[111624]: DEBUG neutron_lib.callbacks.manager [None req-a2fc6c8b-581a-4c18-841e-ee71c2899258 tempest-DHCPAgentSchedulersTestJSON-815512875 tempest-DHCPAgentSchedulersTestJSON-815512875-project] Publish callbacks ['neutron.plugins.ml2.plugin.SecurityGroupDbMixin._ensure_default_security_group_handler-3739636'] for network (None), before_create {{(pid=111624) _notify_loop /usr/local/lib/python3.8/dist-packages/neutron_lib/callbacks/manager.py:176}}
Jul 01 10:40:35.499843 dv-neutron-846275-3-hyperv neutron-server[111623]: DEBUG neutron_lib.callbacks.manager [None req-f0976a8b-e52a-4296-ae32-6244c7580ce3 tempest-AllowedAddressPairTestJSON-497069220 tempest-AllowedAddressPairTestJSON-497069220-project] Publish callbacks ['neutron.services.l3_router.l3_router_plugin.L3_NAT_dbonly_mixin._precommit_delete_port_callback-665231'] for port (bbf79ecd-0156-4836-b9f3-23508d14af30), precommit_delete {{(pid=111623) _notify_loop /usr/local/lib/python3.8/dist-packages/neutron_lib/callbacks/manager.py:176}}
Jul 01 10:40:35.522351 dv-neutron-846275-3-hyperv neutron-server[111623]: DEBUG neutron.plugins.ml2.plugin [None req-f0976a8b-e52a-4296-ae32-6244c7580ce3 tempest-AllowedAddressPairTestJSON-497069220 tempest-AllowedAddressPairTestJSON-497069220-project] Calling delete_port for bbf79ecd-0156-4836-b9f3-23508d14af30 owned by {{(pid=111623) delete_port /opt/stack/neutron/neutron/plugins/ml2/plugin.py:2116}}
Jul 01 10:40:35.531855 dv-neutron-846275-3-hyperv neutron-server[111624]: DEBUG neutron.plugins.ml2.drivers.helpers [None req-a2fc6c8b-581a-4c18-841e-ee71c2899258 tempest-DHCPAgentSchedulersTestJSON-815512875 tempest-DHCPAgentSchedulersTestJSON-815512875-project] vlan segment allocate from pool success with {'physical_network': 'physnet1', 'vlan_id': 678} {{(pid=111624) allocate_partially_specified_segment /opt/stack/neutron/neutron/plugins/ml2/drivers/helpers.py:153}}
Jul 01 10:40:35.542682 dv-neutron-846275-3-hyperv neutron-server[111625]: DEBUG neutron_lib.callbacks.manager [None req-a29fe71e-6abb-4f65-acac-86a2e71de464 None None] Publish callbacks ['neutron.services.segments.db._update_segment_host_mapping_for_agent-8729761815116', 'neutron.plugins.ml2.plugin.Ml2Plugin._retry_binding_revived_agents-3895249'] for agent (0b752165-8753-42cf-9b01-63e7d34d7ffc), after_update {{(pid=111625) _notify_loop /usr/local/lib/python3.8/dist-packages/neutron_lib/callbacks/manager.py:176}}
Jul 01 10:40:35.561299 dv-neutron-846275-3-hyperv neutron-server[111624]: DEBUG neutron_lib.callbacks.manager [None req-a2fc6c8b-581a-4c18-841e-ee71c2899258 tempest-DHCPAgentSchedulersTestJSON-815512875 tempest-DHCPAgentSchedulersTestJSON-815512875-project] Publish callbacks ['neutron.plugins.ml2.plugin.Ml2Plugin._handle_segment_change-3806605'] for segment (0324661f-e570-4bed-93ba-1d44d94b84f0), precommit_create {{(pid=111624) _notify_loop /usr/local/lib/python3.8/dist-packages/neutron_lib/callbacks/manager.py:176}}
Jul 01 10:40:35.563381 dv-neutron-846275-3-hyperv neutron-server[111624]: INFO neutron.db.segments_db [None req-a2fc6c8b-581a-4c18-841e-ee71c2899258 tempest-DHCPAgentSchedulersTestJSON-815512875 tempest-DHCPAgentSchedulersTestJSON-815512875-project] Added segment 0324661f-e570-4bed-93ba-1d44d94b84f0 of type vlan for network c00ccfd8-08ab-4a2f-ba07-668b790f1ef4
