Jul 06 07:54:00.444134 dv-neutron-846032-5-hyperv neutron-server[89034]: DEBUG neutron_lib.callbacks.manager [None req-ca7d2748-5ebb-4ba9-b6a8-2d097aeda4f6 tempest-BulkNetworkOpsIpV6Test-2073305962 tempest-BulkNetworkOpsIpV6Test-2073305962-project] Notify callbacks ['neutron.plugins.ml2.plugin.SecurityGroupServerNotifierRpcMixin.notify_sg_on_port_change-2017359', 'neutron.plugins.ml2.ovo_rpc._ObjectChangeHandler.handle_event-139000', 'neutron.api.rpc.agentnotifiers.dhcp_rpc_agent_api.DhcpAgentNotifyAPI._native_event_send_dhcp_notification-627980', 'neutron.db.l3_db.L3RpcNotifierMixin._notify_routers_callback-8746741549716', 'neutron.db.l3_dvrscheduler_db._notify_port_delete-8746741026232', 'neutron.services.segments.plugin.NovaSegmentNotifier._notify_port_created_or_deleted-3491820'] for port, after_delete {{(pid=89034) _notify_loop /usr/local/lib/python3.8/dist-packages/neutron_lib/callbacks/manager.py:192}}
Jul 06 07:54:00.451943 dv-neutron-846032-5-hyperv neutron-server[89035]: DEBUG neutron.plugins.ml2.managers [None req-045473b8-654b-4eb0-82d3-c34f4f1178d4 tempest-PortsAdminExtendedAttrsIpV6TestJSON-399994128 tempest-PortsAdminExtendedAttrsIpV6TestJSON-399994128-project-admin] Attempting to bind port 8e7ad909-ffc0-4519-8f99-d3f7cfb8ee45 by drivers openvswitch,hyperv on host hv-neutron-8460 at level 0 using segments [{'id': '6284cb29-1559-42e4-92c8-c8ee2bc85a01', 'network_type': 'vlan', 'physical_network': 'physnet1', 'segmentation_id': 126, 'network_id': '1f1956e8-a966-4731-bf74-17fbc62df114'}] {{(pid=89035) _bind_port_level /opt/stack/neutron/neutron/plugins/ml2/managers.py:831}}
Jul 06 07:54:00.454197 dv-neutron-846032-5-hyperv neutron-server[89035]: DEBUG neutron.plugins.ml2.drivers.mech_agent [None req-045473b8-654b-4eb0-82d3-c34f4f1178d4 tempest-PortsAdminExtendedAttrsIpV6TestJSON-399994128 tempest-PortsAdminExtendedAttrsIpV6TestJSON-399994128-project-admin] Attempting to bind port 8e7ad909-ffc0-4519-8f99-d3f7cfb8ee45 on network 1f1956e8-a966-4731-bf74-17fbc62df114 {{(pid=89035) bind_port /opt/stack/neutron/neutron/plugins/ml2/drivers/mech_agent.py:86}}
Jul 06 07:54:00.465752 dv-neutron-846032-5-hyperv neutron-server[89037]: DEBUG neutron.plugins.ml2.db [None req-05cd49cb-5a69-47ec-bca7-6a1295746106 None None] For port ad47b5fc-abae-44cf-93e2-fb72ed56bb3d, host dv-neutron-846032-5-hyperv, cleared binding levels {{(pid=89037) clear_binding_levels /opt/stack/neutron/neutron/plugins/ml2/db.py:88}}
Jul 06 07:54:00.470281 dv-neutron-846032-5-hyperv neutron-server[89037]: DEBUG neutron.plugins.ml2.db [None req-05cd49cb-5a69-47ec-bca7-6a1295746106 None None] For port ad47b5fc-abae-44cf-93e2-fb72ed56bb3d, host dv-neutron-846032-5-hyperv, set binding levels [PortBindingLevel(driver='openvswitch',host='dv-neutron-846032-5-hyperv',level=0,port_id=ad47b5fc-abae-44cf-93e2-fb72ed56bb3d,segment=NetworkSegment(afacc5df-1747-4b02-8433-cf27f2a5fab6),segment_id=afacc5df-1747-4b02-8433-cf27f2a5fab6)] {{(pid=89037) set_binding_levels /opt/stack/neutron/neutron/plugins/ml2/db.py:60}}
Jul 06 07:54:00.479541 dv-neutron-846032-5-hyperv neutron-server[89037]: DEBUG neutron_lib.callbacks.manager [None req-05cd49cb-5a69-47ec-bca7-6a1295746106 None None] Notify callbacks ['neutron.plugins.ml2.plugin.SecurityGroupServerNotifierRpcMixin.notify_sg_on_port_change-2017359', 'neutron.plugins.ml2.ovo_rpc._ObjectChangeHandler.handle_event-139000', 'neutron.api.rpc.agentnotifiers.dhcp_rpc_agent_api.DhcpAgentNotifyAPI._native_event_send_dhcp_notification-627980', 'neutron.db.l3_db.L3RpcNotifierMixin._notify_gateway_port_ip_changed-8746741549689', 'neutron.db.l3_dvrscheduler_db._notify_l3_agent_port_update-8746741026241', 'neutron.db.l3_hascheduler_db._notify_l3_agent_ha_port_update-8746741026286'] for port, after_update {{(pid=89037) _notify_loop /usr/local/lib/python3.8/dist-packages/neutron_lib/callbacks/manager.py:192}}
Jul 06 07:54:00.547275 dv-neutron-846032-5-hyperv neutron-server[89034]: DEBUG neutron_lib.callbacks.manager [None req-1e99e150-f356-4724-a698-3de869468ae9 tempest-ServersTestJSON-1626043730 tempest-ServersTestJSON-1626043730-project] Notify callbacks [] for floatingip, precommit_create {{(pid=89034) _notify_loop /usr/local/lib/python3.8/dist-packages/neutron_lib/callbacks/manager.py:192}}
Jul 06 07:54:00.565364 dv-neutron-846032-5-hyperv neutron-server[89034]: DEBUG neutron.plugins.ml2.plugin [None req-2a6b151d-ce7a-4129-a560-6ac6c8cfb836 tempest-RoutersAdminTest-1983081484 tempest-RoutersAdminTest-1983081484-project-admin] Deleting port ad47b5fc-abae-44cf-93e2-fb72ed56bb3d {{(pid=89034) _pre_delete_port /opt/stack/neutron/neutron/plugins/ml2/plugin.py:1941}}
Jul 06 07:54:00.565708 dv-neutron-846032-5-hyperv neutron-server[89034]: DEBUG neutron_lib.callbacks.manager [None req-2a6b151d-ce7a-4129-a560-6ac6c8cfb836 tempest-RoutersAdminTest-1983081484 tempest-RoutersAdminTest-1983081484-project-admin] Notify callbacks ['neutron.db.l3_db.L3_NAT_dbonly_mixin._prevent_l3_port_delete_callback-8746741548858'] for port, before_delete {{(pid=89034) _notify_loop /usr/local/lib/python3.8/dist-packages/neutron_lib/callbacks/manager.py:192}}
Jul 06 07:54:00.603432 dv-neutron-846032-5-hyperv neutron-server[89034]: DEBUG neutron.api.rpc.handlers.resources_rpc [None req-ca7d2748-5ebb-4ba9-b6a8-2d097aeda4f6 tempest-BulkNetworkOpsIpV6Test-2073305962 tempest-BulkNetworkOpsIpV6Test-2073305962-project] Pushing event deleted for resources: {'Port': ['ID=f76b290f-0d02-49ef-9e8a-bfd86f42df0c,revision_number=None']} {{(pid=89034) push /opt/stack/neutron/neutron/api/rpc/handlers/resources_rpc.py:237}}
Jul 06 07:54:00.662419 dv-neutron-846032-5-hyperv neutron-server[89035]: DEBUG neutron.plugins.ml2.drivers.mech_agent [None req-045473b8-654b-4eb0-82d3-c34f4f1178d4 tempest-PortsAdminExtendedAttrsIpV6TestJSON-399994128 tempest-PortsAdminExtendedAttrsIpV6TestJSON-399994128-project-admin] Port 8e7ad909-ffc0-4519-8f99-d3f7cfb8ee45 on network 1f1956e8-a966-4731-bf74-17fbc62df114 not bound, no agent of type Open vSwitch agent registered on host hv-neutron-8460 {{(pid=89035) bind_port /opt/stack/neutron/neutron/plugins/ml2/drivers/mech_agent.py:98}}
Jul 06 07:54:00.663287 dv-neutron-846032-5-hyperv neutron-server[89035]: ERROR neutron.plugins.ml2.managers [None req-045473b8-654b-4eb0-82d3-c34f4f1178d4 tempest-PortsAdminExtendedAttrsIpV6TestJSON-399994128 tempest-PortsAdminExtendedAttrsIpV6TestJSON-399994128-project-admin] Failed to bind port 8e7ad909-ffc0-4519-8f99-d3f7cfb8ee45 on host hv-neutron-8460 for vnic_type normal using segments [{'id': '6284cb29-1559-42e4-92c8-c8ee2bc85a01', 'network_type': 'vlan', 'physical_network': 'physnet1', 'segmentation_id': 126, 'network_id': '1f1956e8-a966-4731-bf74-17fbc62df114'}]
Jul 06 07:54:00.665422 dv-neutron-846032-5-hyperv neutron-server[89035]: DEBUG neutron.api.rpc.handlers.resources_rpc [None req-a3c5a02b-ec0d-4f32-99c5-7669e268b899 tempest-ExternalNetworksTestJSON-1897112057 tempest-ExternalNetworksTestJSON-1897112057-project-admin] Pushing event updated for resources: {'Network': ['ID=9bb4afa7-a6f1-40e9-a85c-a5d150d4127d,revision_number=1']} {{(pid=89035) push /opt/stack/neutron/neutron/api/rpc/handlers/resources_rpc.py:237}}
Jul 06 07:54:00.673593 dv-neutron-846032-5-hyperv neutron-server[89035]: INFO neutron.plugins.ml2.plugin [None req-045473b8-654b-4eb0-82d3-c34f4f1178d4 tempest-PortsAdminExtendedAttrsIpV6TestJSON-399994128 tempest-PortsAdminExtendedAttrsIpV6TestJSON-399994128-project-admin] Attempt 2 to bind port 8e7ad909-ffc0-4519-8f99-d3f7cfb8ee45
Jul 06 07:54:00.721220 dv-neutron-846032-5-hyperv neutron-server[89035]: INFO neutron.wsgi [None req-a3c5a02b-ec0d-4f32-99c5-7669e268b899 tempest-ExternalNetworksTestJSON-1897112057 tempest-ExternalNetworksTestJSON-1897112057-project-admin] 10.222.0.18 "POST /v2.0/networks HTTP/1.1" status: 201 len: 863 time: 0.6180234
Jul 06 07:54:00.727866 dv-neutron-846032-5-hyperv neutron-server[89035]: DEBUG neutron.wsgi [-] (89035) accepted ('10.222.0.18', 34224) {{(pid=89035) server /usr/local/lib/python3.8/dist-packages/eventlet/wsgi.py:992}}
Jul 06 07:54:00.734669 dv-neutron-846032-5-hyperv neutron-server[89035]: DEBUG neutron.quota.resource [req-bd3a5724-45ae-4789-985c-a717f1a3b1bc req-65789a77-82a9-405c-bfd0-310217fb6fff tempest-ServersTestManualDisk-95404915 tempest-ServersTestManualDisk-95404915-project] Unset dirty status for tenant:7333e31798334da3a852483b62a94c50 on resource:security_group {{(pid=89035) _resync /opt/stack/neutron/neutron/quota/resource.py:233}}
Jul 06 07:54:00.737875 dv-neutron-846032-5-hyperv neutron-server[89035]: INFO neutron.wsgi [req-bd3a5724-45ae-4789-985c-a717f1a3b1bc req-65789a77-82a9-405c-bfd0-310217fb6fff tempest-ServersTestManualDisk-95404915 tempest-ServersTestManualDisk-95404915-project] 10.222.0.18 "GET /v2.0/security-groups?name=tempest-securitygroup--792674920&fields=id&tenant_id=7333e31798334da3a852483b62a94c50 HTTP/1.1" status: 200 len: 267 time: 0.7019424
Jul 06 07:54:00.755693 dv-neutron-846032-5-hyperv neutron-server[89036]: DEBUG neutron.plugins.ml2.rpc [None req-0b07188f-a0f3-43d3-8807-f574e7b98676 None None] Network 9bb4afa7-a6f1-40e9-a85c-a5d150d4127d details requested by agent ovs-agent-dv-neutron-846032-5-hyperv with host dv-neutron-846032-5-hyperv {{(pid=89036) get_network_details /opt/stack/neutron/neutron/plugins/ml2/rpc.py:232}}
Jul 06 07:54:00.775111 dv-neutron-846032-5-hyperv neutron-server[89037]: DEBUG neutron.db.l3_dvrscheduler_db [None req-05cd49cb-5a69-47ec-bca7-6a1295746106 None None] Routers {'210f071e-b231-4919-abb5-12df47d55fe2'} bound to L3 agent in host dv-neutron-846032-5-hyperv {{(pid=89037) _get_router_ids_for_agent /opt/stack/neutron/neutron/db/l3_dvrscheduler_db.py:423}}
Jul 06 07:54:00.776088 dv-neutron-846032-5-hyperv neutron-server[89037]: DEBUG neutron.db.l3_hamode_db [None req-05cd49cb-5a69-47ec-bca7-6a1295746106 None None] neutron.services.l3_router.l3_router_plugin.L3RouterPlugin method get_ha_sync_data_for_host called with arguments (, 'dv-neutron-846032-5-hyperv', Agent(admin_state_up=True,agent_type='L3 agent',availability_zone='nova',binary='neutron-l3-agent',configurations={"agent_mode": "legacy", "ex_gw_ports": 3, "extensions": [], "floating_ips": 0, "handle_internal_only_routers": true, "interface_driver": "openvswitch", "interfaces": 1, "log_agent_heartbeats": false, "routers": 3},created_at=2022-07-06T07:45:25Z,description=,heartbeat_timestamp=2022-07-06T07:53:55Z,host='dv-neutron-846032-5-hyperv',id=c0f25db0-05d0-409c-8dc2-843abab79164,load=0,resource_versions=,resources_synced=,started_at=2022-07-06T07:45:25Z,topic='l3_agent')) {'router_ids': ['210f071e-b231-4919-abb5-12df47d55fe2'], 'active': True} {{(pid=89037) wrapper /usr/local/lib/python3.8/dist-packages/oslo_log/helpers.py:65}}
Jul 06 07:54:00.778185 dv-neutron-846032-5-hyperv neutron-server[89036]: DEBUG neutron.plugins.ml2.rpc [None req-0b07188f-a0f3-43d3-8807-f574e7b98676 None None] Device 4195f408-888a-4215-ad16-c7ff9d940d53 up at agent ovs-agent-dv-neutron-846032-5-hyperv {{(pid=89036) update_device_up /opt/stack/neutron/neutron/plugins/ml2/rpc.py:278}}
Jul 06 07:54:00.790916 dv-neutron-846032-5-hyperv neutron-server[89034]: DEBUG neutron_lib.callbacks.manager [None req-ca7d2748-5ebb-4ba9-b6a8-2d097aeda4f6 tempest-BulkNetworkOpsIpV6Test-2073305962 tempest-BulkNetworkOpsIpV6Test-2073305962-project] Notify callbacks ['neutron.notifiers.nova.Notifier._send_nova_notification-252399'] for port, before_response {{(pid=89034) _notify_loop /usr/local/lib/python3.8/dist-packages/neutron_lib/callbacks/manager.py:192}}
Jul 06 07:54:00.794111 dv-neutron-846032-5-hyperv neutron-server[89034]: DEBUG neutron.db.quota.driver [None req-5bf9993e-13d6-48d5-9379-e8a0ef1e76d4 tempest-AllowedAddressPairIpV6TestJSON-1316237686 tempest-AllowedAddressPairIpV6TestJSON-1316237686-project] Resources subnetpool have unlimited quota limit. It is not required to calculate headroom {{(pid=89034) make_reservation /opt/stack/neutron/neutron/db/quota/driver.py:219}}
Jul 06 07:54:00.806647 dv-neutron-846032-5-hyperv neutron-server[89034]: DEBUG neutron.wsgi [-] (89034) accepted ('10.222.0.18', 34230) {{(pid=89034) server /usr/local/lib/python3.8/dist-packages/eventlet/wsgi.py:992}}
Jul 06 07:54:00.840357 dv-neutron-846032-5-hyperv neutron-server[89037]: DEBUG neutron.api.rpc.handlers.resources_rpc [None req-6521dd8e-0a28-4a73-a96d-bdb430adabff None None] Pushing event updated for resources: {'Port': ['ID=ad47b5fc-abae-44cf-93e2-fb72ed56bb3d,revision_number=3']} {{(pid=89037) push /opt/stack/neutron/neutron/api/rpc/handlers/resources_rpc.py:237}}
Jul 06 07:54:00.855109 dv-neutron-846032-5-hyperv neutron-server[89034]: DEBUG neutron.quota.resource [None req-5bf9993e-13d6-48d5-9379-e8a0ef1e76d4 tempest-AllowedAddressPairIpV6TestJSON-1316237686 tempest-AllowedAddressPairIpV6TestJSON-1316237686-project] Usage tracker for resource:port and tenant:4fa1db717df74feea9eaa9f7feefc502 is out of sync, need to count used quota {{(pid=89034) count_used /opt/stack/neutron/neutron/quota/resource.py:270}}
Jul 06 07:54:00.863442 dv-neutron-846032-5-hyperv neutron-server[89034]: DEBUG neutron.quota.resource [None req-5bf9993e-13d6-48d5-9379-e8a0ef1e76d4 tempest-AllowedAddressPairIpV6TestJSON-1316237686 tempest-AllowedAddressPairIpV6TestJSON-1316237686-project] Quota usage for port was recalculated. Used quota:0. {{(pid=89034) count_used /opt/stack/neutron/neutron/quota/resource.py:290}}
Jul 06 07:54:00.956353 dv-neutron-846032-5-hyperv neutron-server[89035]: DEBUG neutron.plugins.ml2.managers [None req-045473b8-654b-4eb0-82d3-c34f4f1178d4 tempest-PortsAdminExtendedAttrsIpV6TestJSON-399994128 tempest-PortsAdminExtendedAttrsIpV6TestJSON-399994128-project-admin] Attempting to bind port 8e7ad909-ffc0-4519-8f99-d3f7cfb8ee45 on host hv-neutron-8460 for vnic_type normal with profile {{(pid=89035) bind_port /opt/stack/neutron/neutron/plugins/ml2/managers.py:806}}
Jul 06 07:54:00.956966 dv-neutron-846032-5-hyperv neutron-server[89035]: DEBUG neutron.plugins.ml2.managers [None req-045473b8-654b-4eb0-82d3-c34f4f1178d4 tempest-PortsAdminExtendedAttrsIpV6TestJSON-399994128 tempest-PortsAdminExtendedAttrsIpV6TestJSON-399994128-project-admin] Attempting to bind port 8e7ad909-ffc0-4519-8f99-d3f7cfb8ee45 by drivers openvswitch,hyperv on host hv-neutron-8460 at level 0 using segments [{'id': '6284cb29-1559-42e4-92c8-c8ee2bc85a01', 'network_type': 'vlan', 'physical_network': 'physnet1', 'segmentation_id': 126, 'network_id': '1f1956e8-a966-4731-bf74-17fbc62df114'}] {{(pid=89035) _bind_port_level /opt/stack/neutron/neutron/plugins/ml2/managers.py:831}}
Jul 06 07:54:00.957809 dv-neutron-846032-5-hyperv neutron-server[89035]: DEBUG neutron.plugins.ml2.drivers.mech_agent [None req-045473b8-654b-4eb0-82d3-c34f4f1178d4 tempest-PortsAdminExtendedAttrsIpV6TestJSON-399994128 tempest-PortsAdminExtendedAttrsIpV6TestJSON-399994128-project-admin] Attempting to bind port 8e7ad909-ffc0-4519-8f99-d3f7cfb8ee45 on network 1f1956e8-a966-4731-bf74-17fbc62df114 {{(pid=89035) bind_port /opt/stack/neutron/neutron/plugins/ml2/drivers/mech_agent.py:86}}
Jul 06 07:54:00.961231 dv-neutron-846032-5-hyperv neutron-server[89037]: DEBUG neutron.db.l3_dvr_db [None req-05cd49cb-5a69-47ec-bca7-6a1295746106 None None] Set router 210f071e-b231-4919-abb5-12df47d55fe2 gateway port host: None {{(pid=89037) _build_routers_list /opt/stack/neutron/neutron/db/l3_dvr_db.py:875}}
Jul 06 07:54:00.989824 dv-neutron-846032-5-hyperv neutron-server[89034]: INFO neutron.wsgi [None req-ca7d2748-5ebb-4ba9-b6a8-2d097aeda4f6 tempest-BulkNetworkOpsIpV6Test-2073305962 tempest-BulkNetworkOpsIpV6Test-2073305962-project] 10.222.0.18 "DELETE /v2.0/ports/f76b290f-0d02-49ef-9e8a-bfd86f42df0c HTTP/1.1" status: 204 len: 168 time: 1.5221994
Jul 06 07:54:00.993423 dv-neutron-846032-5-hyperv neutron-server[89034]: DEBUG neutron.wsgi [-] (89034) accepted ('10.222.0.18', 34236) {{(pid=89034) server /usr/local/lib/python3.8/dist-packages/eventlet/wsgi.py:992}}
Jul 06 07:54:01.013913 dv-neutron-846032-5-hyperv neutron-server[89036]: DEBUG neutron_lib.callbacks.manager [None req-a81db4bf-fd7a-442f-af33-6c36b66153f3 None None] Notify callbacks [] for port, precommit_create {{(pid=89036) _notify_loop /usr/local/lib/python3.8/dist-packages/neutron_lib/callbacks/manager.py:192}}
Jul 06 07:54:01.025402 dv-neutron-846032-5-hyperv neutron-server[89035]: DEBUG neutron.plugins.ml2.drivers.mech_agent [None req-045473b8-654b-4eb0-82d3-c34f4f1178d4 tempest-PortsAdminExtendedAttrsIpV6TestJSON-399994128 tempest-PortsAdminExtendedAttrsIpV6TestJSON-399994128-project-admin] Port 8e7ad909-ffc0-4519-8f99-d3f7cfb8ee45 on network 1f1956e8-a966-4731-bf74-17fbc62df114 not bound, no agent of type Open vSwitch agent registered on host hv-neutron-8460 {{(pid=89035) bind_port /opt/stack/neutron/neutron/plugins/ml2/drivers/mech_agent.py:98}}
Jul 06 07:54:01.025955 dv-neutron-846032-5-hyperv neutron-server[89035]: ERROR neutron.plugins.ml2.managers [None req-045473b8-654b-4eb0-82d3-c34f4f1178d4 tempest-PortsAdminExtendedAttrsIpV6TestJSON-399994128 tempest-PortsAdminExtendedAttrsIpV6TestJSON-399994128-project-admin] Failed to bind port 8e7ad909-ffc0-4519-8f99-d3f7cfb8ee45 on host hv-neutron-8460 for vnic_type normal using segments [{'id': '6284cb29-1559-42e4-92c8-c8ee2bc85a01', 'network_type': 'vlan', 'physical_network': 'physnet1', 'segmentation_id': 126, 'network_id': '1f1956e8-a966-4731-bf74-17fbc62df114'}]
Jul 06 07:54:01.063915 dv-neutron-846032-5-hyperv neutron-server[89036]: DEBUG neutron.db.provisioning_blocks [None req-a81db4bf-fd7a-442f-af33-6c36b66153f3 None None] Transition to ACTIVE for port object d01e9dc9-1933-4ee3-b60c-af4386c49f6f will not be triggered until provisioned by entity L2. {{(pid=89036) add_provisioning_component /opt/stack/neutron/neutron/db/provisioning_blocks.py:73}}
Jul 06 07:54:01.098353 dv-neutron-846032-5-hyperv neutron-server[89034]: DEBUG neutron.db.quota.driver [None req-5bf9993e-13d6-48d5-9379-e8a0ef1e76d4 tempest-AllowedAddressPairIpV6TestJSON-1316237686 tempest-AllowedAddressPairIpV6TestJSON-1316237686-project] Attempting to reserve 1 items for resource port. Total usage: 0; quota limit: 500; headroom:500 {{(pid=89034) make_reservation /opt/stack/neutron/neutron/db/quota/driver.py:246}}
Jul 06 07:54:01.103503 dv-neutron-846032-5-hyperv neutron-server[89034]: DEBUG neutron.plugins.ml2.plugin [None req-54a77c92-e5ff-47e1-98f2-2c14dc66c88d tempest-BulkNetworkOpsIpV6Test-2073305962 tempest-BulkNetworkOpsIpV6Test-2073305962-project] Deleting port 6066af85-d005-4acc-9de8-56a02b701e54 {{(pid=89034) _pre_delete_port /opt/stack/neutron/neutron/plugins/ml2/plugin.py:1941}}
Jul 06 07:54:01.103852 dv-neutron-846032-5-hyperv neutron-server[89034]: DEBUG neutron_lib.callbacks.manager [None req-54a77c92-e5ff-47e1-98f2-2c14dc66c88d tempest-BulkNetworkOpsIpV6Test-2073305962 tempest-BulkNetworkOpsIpV6Test-2073305962-project] Notify callbacks ['neutron.db.l3_db.L3_NAT_dbonly_mixin._prevent_l3_port_delete_callback-8746741548858'] for port, before_delete {{(pid=89034) _notify_loop /usr/local/lib/python3.8/dist-packages/neutron_lib/callbacks/manager.py:192}}
Jul 06 07:54:01.121468 dv-neutron-846032-5-hyperv neutron-server[89037]: DEBUG neutron.db.l3_hamode_db [None req-05cd49cb-5a69-47ec-bca7-6a1295746106 None None] neutron.services.l3_router.l3_router_plugin.L3RouterPlugin method _process_sync_ha_data called with arguments (, [{'id': '210f071e-b231-4919-abb5-12df47d55fe2', 'name': '', 'tenant_id': '8ffd5c825215427f9836542ad683f64e', 'admin_state_up': True, 'status': 'ACTIVE', 'external_gateway_info': None, 'gw_port_id': None, 'description': '', 'availability_zones': ['nova'], 'distributed': False, 'ha': False, 'ha_vr_id': 0, 'availability_zone_hints': [], 'routes': [], 'flavor_id': None, 'tags': [], 'created_at': '2022-07-06T07:53:48Z', 'updated_at': '2022-07-06T07:54:00Z', 'revision_number': 4, 'project_id': '8ffd5c825215427f9836542ad683f64e', 'gw_port_host': None}], 'dv-neutron-846032-5-hyperv', False) {} {{(pid=89037) wrapper /usr/local/lib/python3.8/dist-packages/oslo_log/helpers.py:65}}
Jul 06 07:54:01.127288 dv-neutron-846032-5-hyperv neutron-server[89037]: DEBUG neutron.api.rpc.handlers.l3_rpc [None req-05cd49cb-5a69-47ec-bca7-6a1295746106 None None] The sync data for ids ['210f071e-b231-4919-abb5-12df47d55fe2'] in dv-neutron-846032-5-hyperv is: [{'id': '210f071e-b231-4919-abb5-12df47d55fe2', 'name': '', 'tenant_id': '8ffd5c825215427f9836542ad683f64e', 'admin_state_up': True, 'status': 'ACTIVE', 'external_gateway_info': None, 'gw_port_id': None, 'description': '', 'availability_zones': ['nova'], 'distributed': False, 'ha': False, 'ha_vr_id': 0, 'availability_zone_hints': [], 'routes': [], 'flavor_id': None, 'tags': [], 'created_at': '2022-07-06T07:53:48Z', 'updated_at': '2022-07-06T07:54:00Z', 'revision_number': 4, 'project_id': '8ffd5c825215427f9836542ad683f64e', 'gw_port_host': None}] {{(pid=89037) sync_routers /opt/stack/neutron/neutron/api/rpc/handlers/l3_rpc.py:137}}
Jul 06 07:54:01.138585 dv-neutron-846032-5-hyperv neutron-server[89036]: DEBUG neutron.db.provisioning_blocks [None req-a81db4bf-fd7a-442f-af33-6c36b66153f3 None None] Transition to ACTIVE for port object d01e9dc9-1933-4ee3-b60c-af4386c49f6f will not be triggered until provisioned by entity DHCP. {{(pid=89036) add_provisioning_component /opt/stack/neutron/neutron/db/provisioning_blocks.py:73}}
Jul 06 07:54:01.146478 dv-neutron-846032-5-hyperv neutron-server[89035]: INFO neutron.plugins.ml2.plugin [None req-045473b8-654b-4eb0-82d3-c34f4f1178d4 tempest-PortsAdminExtendedAttrsIpV6TestJSON-399994128 tempest-PortsAdminExtendedAttrsIpV6TestJSON-399994128-project-admin] Attempt 3 to bind port 8e7ad909-ffc0-4519-8f99-d3f7cfb8ee45
Jul 06 07:54:01.146647 dv-neutron-846032-5-hyperv neutron-server[89036]: DEBUG neutron.db.provisioning_blocks [None req-0b07188f-a0f3-43d3-8807-f574e7b98676 None None] Provisioning complete for port 4195f408-888a-4215-ad16-c7ff9d940d53 triggered by entity L2. {{(pid=89036) provisioning_complete /opt/stack/neutron/neutron/db/provisioning_blocks.py:139}}
Jul 06 07:54:01.147124 dv-neutron-846032-5-hyperv neutron-server[89036]: DEBUG neutron_lib.callbacks.manager [None req-0b07188f-a0f3-43d3-8807-f574e7b98676 None None] Notify callbacks ['neutron.plugins.ml2.plugin.Ml2Plugin._port_provisioned-2037384'] for port, provisioning_complete {{(pid=89036) _notify_loop /usr/local/lib/python3.8/dist-packages/neutron_lib/callbacks/manager.py:192}}
Jul 06 07:54:01.163563 dv-neutron-846032-5-hyperv neutron-server[89035]: DEBUG neutron.pecan_wsgi.hooks.policy_enforcement [None req-659d30d1-8f0b-482c-87e9-d81781d95b43 tempest-ExternalNetworksTestJSON-1097506499 tempest-ExternalNetworksTestJSON-1097506499-project] Attributes excluded by policy engine: ['standard_attr_id', 'vlan_transparent', 'provider:network_type', 'provider:physical_network', 'provider:segmentation_id'] {{(pid=89035) _exclude_attributes_by_policy /opt/stack/neutron/neutron/pecan_wsgi/hooks/policy_enforcement.py:259}}
Jul 06 07:54:01.173364 dv-neutron-846032-5-hyperv neutron-server[89035]: INFO neutron.wsgi [None req-659d30d1-8f0b-482c-87e9-d81781d95b43 tempest-ExternalNetworksTestJSON-1097506499 tempest-ExternalNetworksTestJSON-1097506499-project] 10.222.0.18 "GET /v2.0/networks/9bb4afa7-a6f1-40e9-a85c-a5d150d4127d HTTP/1.1" status: 200 len: 757 time: 0.4344711
Jul 06 07:54:01.176305 dv-neutron-846032-5-hyperv neutron-server[89034]: DEBUG neutron_lib.callbacks.manager [None req-1e99e150-f356-4724-a698-3de869468ae9 tempest-ServersTestJSON-1626043730 tempest-ServersTestJSON-1626043730-project] Notify callbacks ['neutron.plugins.ml2.plugin.SecurityGroupDbMixin._ensure_default_security_group_handler-2017416'] for port, before_update {{(pid=89034) _notify_loop /usr/local/lib/python3.8/dist-packages/neutron_lib/callbacks/manager.py:192}}
Jul 06 07:54:01.204014 dv-neutron-846032-5-hyperv neutron-server[89034]: DEBUG neutron.wsgi [-] (89034) accepted ('10.222.0.18', 34240) {{(pid=89034) server /usr/local/lib/python3.8/dist-packages/eventlet/wsgi.py:992}}
Jul 06 07:54:01.205783 dv-neutron-846032-5-hyperv neutron-server[89036]: DEBUG neutron_lib.callbacks.manager [None req-a81db4bf-fd7a-442f-af33-6c36b66153f3 None None] Notify callbacks ['neutron.plugins.ml2.plugin.SecurityGroupServerNotifierRpcMixin.notify_sg_on_port_change-2017359', 'neutron.plugins.ml2.ovo_rpc._ObjectChangeHandler.handle_event-139000', 'neutron.api.rpc.agentnotifiers.dhcp_rpc_agent_api.DhcpAgentNotifyAPI._native_event_send_dhcp_notification-627980', 'neutron.db.l3_dvrscheduler_db._notify_l3_agent_new_port-8746741026223'] for port, after_create {{(pid=89036) _notify_loop /usr/local/lib/python3.8/dist-packages/neutron_lib/callbacks/manager.py:192}}
Jul 06 07:54:01.276663 dv-neutron-846032-5-hyperv neutron-server[89035]: DEBUG neutron.plugins.ml2.managers [None req-045473b8-654b-4eb0-82d3-c34f4f1178d4 tempest-PortsAdminExtendedAttrsIpV6TestJSON-399994128 tempest-PortsAdminExtendedAttrsIpV6TestJSON-399994128-project-admin] Attempting to bind port 8e7ad909-ffc0-4519-8f99-d3f7cfb8ee45 on host hv-neutron-8460 for vnic_type normal with profile {{(pid=89035) bind_port /opt/stack/neutron/neutron/plugins/ml2/managers.py:806}}
Jul 06 07:54:01.277004 dv-neutron-846032-5-hyperv neutron-server[89035]: DEBUG neutron.plugins.ml2.managers [None req-045473b8-654b-4eb0-82d3-c34f4f1178d4 tempest-PortsAdminExtendedAttrsIpV6TestJSON-399994128 tempest-PortsAdminExtendedAttrsIpV6TestJSON-399994128-project-admin] Attempting to bind port 8e7ad909-ffc0-4519-8f99-d3f7cfb8ee45 by drivers openvswitch,hyperv on host hv-neutron-8460 at level 0 using segments [{'id': '6284cb29-1559-42e4-92c8-c8ee2bc85a01', 'network_type': 'vlan', 'physical_network': 'physnet1', 'segmentation_id': 126, 'network_id': '1f1956e8-a966-4731-bf74-17fbc62df114'}] {{(pid=89035) _bind_port_level /opt/stack/neutron/neutron/plugins/ml2/managers.py:831}}
Jul 06 07:54:01.280438 dv-neutron-846032-5-hyperv neutron-server[89035]: DEBUG neutron.plugins.ml2.drivers.mech_agent [None req-045473b8-654b-4eb0-82d3-c34f4f1178d4 tempest-PortsAdminExtendedAttrsIpV6TestJSON-399994128 tempest-PortsAdminExtendedAttrsIpV6TestJSON-399994128-project-admin] Attempting to bind port 8e7ad909-ffc0-4519-8f99-d3f7cfb8ee45 on network 1f1956e8-a966-4731-bf74-17fbc62df114 {{(pid=89035) bind_port /opt/stack/neutron/neutron/plugins/ml2/drivers/mech_agent.py:86}}
Jul 06 07:54:01.293318 dv-neutron-846032-5-hyperv neutron-server[89035]: DEBUG neutron.pecan_wsgi.hooks.policy_enforcement [req-bd3a5724-45ae-4789-985c-a717f1a3b1bc req-abc613b2-8e62-42c5-8303-d2eea28356c9 tempest-ServersTestManualDisk-95404915 tempest-ServersTestManualDisk-95404915-project] Attributes excluded by policy engine: ['standard_attr_id', 'vlan_transparent', 'provider:network_type', 'provider:physical_network', 'provider:segmentation_id'] {{(pid=89035) _exclude_attributes_by_policy /opt/stack/neutron/neutron/pecan_wsgi/hooks/policy_enforcement.py:259}}
Jul 06 07:54:01.294052 dv-neutron-846032-5-hyperv neutron-server[89035]: DEBUG neutron.quota.resource [req-bd3a5724-45ae-4789-985c-a717f1a3b1bc req-abc613b2-8e62-42c5-8303-d2eea28356c9 tempest-ServersTestManualDisk-95404915 tempest-ServersTestManualDisk-95404915-project] Synchronizing usage tracker for tenant:7333e31798334da3a852483b62a94c50 on resource:network {{(pid=89035) resync /opt/stack/neutron/neutron/quota/resource.py:241}}
Jul 06 07:54:01.312568 dv-neutron-846032-5-hyperv neutron-server[89035]: DEBUG neutron.plugins.ml2.drivers.mech_agent [None req-045473b8-654b-4eb0-82d3-c34f4f1178d4 tempest-PortsAdminExtendedAttrsIpV6TestJSON-399994128 tempest-PortsAdminExtendedAttrsIpV6TestJSON-399994128-project-admin] Port 8e7ad909-ffc0-4519-8f99-d3f7cfb8ee45 on network 1f1956e8-a966-4731-bf74-17fbc62df114 not bound, no agent of type Open vSwitch agent registered on host hv-neutron-8460 {{(pid=89035) bind_port /opt/stack/neutron/neutron/plugins/ml2/drivers/mech_agent.py:98}}
Jul 06 07:54:01.312978 dv-neutron-846032-5-hyperv neutron-server[89035]: ERROR neutron.plugins.ml2.managers [None req-045473b8-654b-4eb0-82d3-c34f4f1178d4 tempest-PortsAdminExtendedAttrsIpV6TestJSON-399994128 tempest-PortsAdminExtendedAttrsIpV6TestJSON-399994128-project-admin] Failed to bind port 8e7ad909-ffc0-4519-8f99-d3f7cfb8ee45 on host hv-neutron-8460 for vnic_type normal using segments [{'id': '6284cb29-1559-42e4-92c8-c8ee2bc85a01', 'network_type': 'vlan', 'physical_network': 'physnet1', 'segmentation_id': 126, 'network_id': '1f1956e8-a966-4731-bf74-17fbc62df114'}]
Jul 06 07:54:01.313603 dv-neutron-846032-5-hyperv neutron-server[89035]: INFO neutron.plugins.ml2.plugin [None req-045473b8-654b-4eb0-82d3-c34f4f1178d4 tempest-PortsAdminExtendedAttrsIpV6TestJSON-399994128 tempest-PortsAdminExtendedAttrsIpV6TestJSON-399994128-project-admin] Attempt 4 to bind port 8e7ad909-ffc0-4519-8f99-d3f7cfb8ee45
Jul 06 07:54:01.325756 dv-neutron-846032-5-hyperv neutron-server[89035]: DEBUG neutron.quota.resource [req-bd3a5724-45ae-4789-985c-a717f1a3b1bc req-abc613b2-8e62-42c5-8303-d2eea28356c9 tempest-ServersTestManualDisk-95404915 tempest-ServersTestManualDisk-95404915-project] Unset dirty status for tenant:7333e31798334da3a852483b62a94c50 on resource:network {{(pid=89035) _resync /opt/stack/neutron/neutron/quota/resource.py:233}}
Jul 06 07:54:01.326522 dv-neutron-846032-5-hyperv neutron-server[89036]: DEBUG neutron.scheduler.dhcp_agent_scheduler [None req-a81db4bf-fd7a-442f-af33-6c36b66153f3 None None] Network 7d30afdf-8720-48ef-8116-d8e484fc7b77 is already hosted by enough agents. {{(pid=89036) _get_dhcp_agents_hosting_network /opt/stack/neutron/neutron/scheduler/dhcp_agent_scheduler.py:275}}
Jul 06 07:54:01.327294 dv-neutron-846032-5-hyperv neutron-server[89035]: INFO neutron.wsgi [req-bd3a5724-45ae-4789-985c-a717f1a3b1bc req-abc613b2-8e62-42c5-8303-d2eea28356c9 tempest-ServersTestManualDisk-95404915 tempest-ServersTestManualDisk-95404915-project] 10.222.0.18 "GET /v2.0/networks?id=89e64479-8c56-4248-82cb-38cdc90a6417 HTTP/1.1" status: 200 len: 811 time: 0.5822508
Jul 06 07:54:01.335694 dv-neutron-846032-5-hyperv neutron-server[89036]: DEBUG neutron.scheduler.base_scheduler [None req-a81db4bf-fd7a-442f-af33-6c36b66153f3 None None] Resources bound (agent type, host, resource id): {{(pid=89036) schedule /opt/stack/neutron/neutron/scheduler/base_scheduler.py:57}}
Jul 06 07:54:01.346571 dv-neutron-846032-5-hyperv neutron-server[89035]: DEBUG neutron.plugins.ml2.managers [None req-045473b8-654b-4eb0-82d3-c34f4f1178d4 tempest-PortsAdminExtendedAttrsIpV6TestJSON-399994128 tempest-PortsAdminExtendedAttrsIpV6TestJSON-399994128-project-admin] Attempting to bind port 8e7ad909-ffc0-4519-8f99-d3f7cfb8ee45 on host hv-neutron-8460 for vnic_type normal with profile {{(pid=89035) bind_port /opt/stack/neutron/neutron/plugins/ml2/managers.py:806}}
Jul 06 07:54:01.346821 dv-neutron-846032-5-hyperv neutron-server[89035]: DEBUG neutron.plugins.ml2.managers [None req-045473b8-654b-4eb0-82d3-c34f4f1178d4 tempest-PortsAdminExtendedAttrsIpV6TestJSON-399994128 tempest-PortsAdminExtendedAttrsIpV6TestJSON-399994128-project-admin] Attempting to bind port 8e7ad909-ffc0-4519-8f99-d3f7cfb8ee45 by drivers openvswitch,hyperv on host hv-neutron-8460 at level 0 using segments [{'id': '6284cb29-1559-42e4-92c8-c8ee2bc85a01', 'network_type': 'vlan', 'physical_network': 'physnet1', 'segmentation_id': 126, 'network_id': '1f1956e8-a966-4731-bf74-17fbc62df114'}] {{(pid=89035) _bind_port_level /opt/stack/neutron/neutron/plugins/ml2/managers.py:831}}
Jul 06 07:54:01.347158 dv-neutron-846032-5-hyperv neutron-server[89035]: DEBUG neutron.plugins.ml2.drivers.mech_agent [None req-045473b8-654b-4eb0-82d3-c34f4f1178d4 tempest-PortsAdminExtendedAttrsIpV6TestJSON-399994128 tempest-PortsAdminExtendedAttrsIpV6TestJSON-399994128-project-admin] Attempting to bind port 8e7ad909-ffc0-4519-8f99-d3f7cfb8ee45 on network 1f1956e8-a966-4731-bf74-17fbc62df114 {{(pid=89035) bind_port /opt/stack/neutron/neutron/plugins/ml2/drivers/mech_agent.py:86}}
Jul 06 07:54:01.353084 dv-neutron-846032-5-hyperv neutron-server[89035]: DEBUG neutron.plugins.ml2.drivers.mech_agent [None req-045473b8-654b-4eb0-82d3-c34f4f1178d4 tempest-PortsAdminExtendedAttrsIpV6TestJSON-399994128 tempest-PortsAdminExtendedAttrsIpV6TestJSON-399994128-project-admin] Port 8e7ad909-ffc0-4519-8f99-d3f7cfb8ee45 on network 1f1956e8-a966-4731-bf74-17fbc62df114 not bound, no agent of type Open vSwitch agent registered on host hv-neutron-8460 {{(pid=89035) bind_port /opt/stack/neutron/neutron/plugins/ml2/drivers/mech_agent.py:98}}
Jul 06 07:54:01.353439 dv-neutron-846032-5-hyperv neutron-server[89035]: ERROR neutron.plugins.ml2.managers [None req-045473b8-654b-4eb0-82d3-c34f4f1178d4 tempest-PortsAdminExtendedAttrsIpV6TestJSON-399994128 tempest-PortsAdminExtendedAttrsIpV6TestJSON-399994128-project-admin] Failed to bind port 8e7ad909-ffc0-4519-8f99-d3f7cfb8ee45 on host hv-neutron-8460 for vnic_type normal using segments [{'id': '6284cb29-1559-42e4-92c8-c8ee2bc85a01', 'network_type': 'vlan', 'physical_network': 'physnet1', 'segmentation_id': 126, 'network_id': '1f1956e8-a966-4731-bf74-17fbc62df114'}]
Jul 06 07:54:01.354115 dv-neutron-846032-5-hyperv neutron-server[89035]: INFO neutron.plugins.ml2.plugin [None req-045473b8-654b-4eb0-82d3-c34f4f1178d4 tempest-PortsAdminExtendedAttrsIpV6TestJSON-399994128 tempest-PortsAdminExtendedAttrsIpV6TestJSON-399994128-project-admin] Attempt 5 to bind port 8e7ad909-ffc0-4519-8f99-d3f7cfb8ee45
Jul 06 07:54:01.362191 dv-neutron-846032-5-hyperv neutron-server[89036]: DEBUG neutron.api.rpc.handlers.resources_rpc [None req-a81db4bf-fd7a-442f-af33-6c36b66153f3 None None] Pushing event updated for resources: {'Port': ['ID=d01e9dc9-1933-4ee3-b60c-af4386c49f6f,revision_number=1']} {{(pid=89036) push /opt/stack/neutron/neutron/api/rpc/handlers/resources_rpc.py:237}}
Jul 06 07:54:01.367283 dv-neutron-846032-5-hyperv neutron-server[89036]: DEBUG neutron.db.l3_dvrscheduler_db [None req-a81db4bf-fd7a-442f-af33-6c36b66153f3 None None] Received port after_create {{(pid=89036) _notify_l3_agent_new_port /opt/stack/neutron/neutron/db/l3_dvrscheduler_db.py:538}}
Jul 06 07:54:01.372892 dv-neutron-846032-5-hyperv neutron-server[89035]: INFO neutron.wsgi [req-bd3a5724-45ae-4789-985c-a717f1a3b1bc req-f6beba6d-9d82-4111-8a9c-105a8195a0e5 tempest-ServersTestManualDisk-95404915 tempest-ServersTestManualDisk-95404915-project] 10.222.0.18 "GET /v2.0/quotas/7333e31798334da3a852483b62a94c50 HTTP/1.1" status: 200 len: 375 time: 0.0369864
Jul 06 07:54:01.374408 dv-neutron-846032-5-hyperv neutron-server[89035]: DEBUG neutron.plugins.ml2.managers [None req-045473b8-654b-4eb0-82d3-c34f4f1178d4 tempest-PortsAdminExtendedAttrsIpV6TestJSON-399994128 tempest-PortsAdminExtendedAttrsIpV6TestJSON-399994128-project-admin] Attempting to bind port 8e7ad909-ffc0-4519-8f99-d3f7cfb8ee45 on host hv-neutron-8460 for vnic_type normal with profile {{(pid=89035) bind_port /opt/stack/neutron/neutron/plugins/ml2/managers.py:806}}
Jul 06 07:54:01.374627 dv-neutron-846032-5-hyperv neutron-server[89035]: DEBUG neutron.plugins.ml2.managers [None req-045473b8-654b-4eb0-82d3-c34f4f1178d4 tempest-PortsAdminExtendedAttrsIpV6TestJSON-399994128 tempest-PortsAdminExtendedAttrsIpV6TestJSON-399994128-project-admin] Attempting to bind port 8e7ad909-ffc0-4519-8f99-d3f7cfb8ee45 by drivers openvswitch,hyperv on host hv-neutron-8460 at level 0 using segments [{'id': '6284cb29-1559-42e4-92c8-c8ee2bc85a01', 'network_type': 'vlan', 'physical_network': 'physnet1', 'segmentation_id': 126, 'network_id': '1f1956e8-a966-4731-bf74-17fbc62df114'}] {{(pid=89035) _bind_port_level /opt/stack/neutron/neutron/plugins/ml2/managers.py:831}}
Jul 06 07:54:01.374958 dv-neutron-846032-5-hyperv neutron-server[89035]: DEBUG neutron.plugins.ml2.drivers.mech_agent [None req-045473b8-654b-4eb0-82d3-c34f4f1178d4 tempest-PortsAdminExtendedAttrsIpV6TestJSON-399994128 tempest-PortsAdminExtendedAttrsIpV6TestJSON-399994128-project-admin] Attempting to bind port 8e7ad909-ffc0-4519-8f99-d3f7cfb8ee45 on network 1f1956e8-a966-4731-bf74-17fbc62df114 {{(pid=89035) bind_port /opt/stack/neutron/neutron/plugins/ml2/drivers/mech_agent.py:86}}
Jul 06 07:54:01.381813 dv-neutron-846032-5-hyperv neutron-server[89035]: DEBUG neutron.plugins.ml2.drivers.mech_agent [None req-045473b8-654b-4eb0-82d3-c34f4f1178d4 tempest-PortsAdminExtendedAttrsIpV6TestJSON-399994128 tempest-PortsAdminExtendedAttrsIpV6TestJSON-399994128-project-admin] Port 8e7ad909-ffc0-4519-8f99-d3f7cfb8ee45 on network 1f1956e8-a966-4731-bf74-17fbc62df114 not bound, no agent of type Open vSwitch agent registered on host hv-neutron-8460 {{(pid=89035) bind_port /opt/stack/neutron/neutron/plugins/ml2/drivers/mech_agent.py:98}}
Jul 06 07:54:01.382529 dv-neutron-846032-5-hyperv neutron-server[89035]: ERROR neutron.plugins.ml2.managers [None req-045473b8-654b-4eb0-82d3-c34f4f1178d4 tempest-PortsAdminExtendedAttrsIpV6TestJSON-399994128 tempest-PortsAdminExtendedAttrsIpV6TestJSON-399994128-project-admin] Failed to bind port 8e7ad909-ffc0-4519-8f99-d3f7cfb8ee45 on host hv-neutron-8460 for vnic_type normal using segments [{'id': '6284cb29-1559-42e4-92c8-c8ee2bc85a01', 'network_type': 'vlan', 'physical_network': 'physnet1', 'segmentation_id': 126, 'network_id': '1f1956e8-a966-4731-bf74-17fbc62df114'}]
Jul 06 07:54:01.384529 dv-neutron-846032-5-hyperv neutron-server[89035]: INFO neutron.plugins.ml2.plugin [None req-045473b8-654b-4eb0-82d3-c34f4f1178d4 tempest-PortsAdminExtendedAttrsIpV6TestJSON-399994128 tempest-PortsAdminExtendedAttrsIpV6TestJSON-399994128-project-admin] Attempt 6 to bind port 8e7ad909-ffc0-4519-8f99-d3f7cfb8ee45
Jul 06 07:54:01.439515 dv-neutron-846032-5-hyperv neutron-server[89035]: DEBUG neutron.plugins.ml2.managers [None req-045473b8-654b-4eb0-82d3-c34f4f1178d4 tempest-PortsAdminExtendedAttrsIpV6TestJSON-399994128 tempest-PortsAdminExtendedAttrsIpV6TestJSON-399994128-project-admin] Attempting to bind port 8e7ad909-ffc0-4519-8f99-d3f7cfb8ee45 on host hv-neutron-8460 for vnic_type normal with profile {{(pid=89035) bind_port /opt/stack/neutron/neutron/plugins/ml2/managers.py:806}}
Jul 06 07:54:01.439882 dv-neutron-846032-5-hyperv neutron-server[89035]: DEBUG neutron.plugins.ml2.managers [None req-045473b8-654b-4eb0-82d3-c34f4f1178d4 tempest-PortsAdminExtendedAttrsIpV6TestJSON-399994128 tempest-PortsAdminExtendedAttrsIpV6TestJSON-399994128-project-admin] Attempting to bind port 8e7ad909-ffc0-4519-8f99-d3f7cfb8ee45 by drivers openvswitch,hyperv on host hv-neutron-8460 at level 0 using segments [{'id': '6284cb29-1559-42e4-92c8-c8ee2bc85a01', 'network_type': 'vlan', 'physical_network': 'physnet1', 'segmentation_id': 126, 'network_id': '1f1956e8-a966-4731-bf74-17fbc62df114'}] {{(pid=89035) _bind_port_level /opt/stack/neutron/neutron/plugins/ml2/managers.py:831}}
Jul 06 07:54:01.440176 dv-neutron-846032-5-hyperv neutron-server[89035]: DEBUG neutron.plugins.ml2.drivers.mech_agent [None req-045473b8-654b-4eb0-82d3-c34f4f1178d4 tempest-PortsAdminExtendedAttrsIpV6TestJSON-399994128 tempest-PortsAdminExtendedAttrsIpV6TestJSON-399994128-project-admin] Attempting to bind port 8e7ad909-ffc0-4519-8f99-d3f7cfb8ee45 on network 1f1956e8-a966-4731-bf74-17fbc62df114 {{(pid=89035) bind_port /opt/stack/neutron/neutron/plugins/ml2/drivers/mech_agent.py:86}}
Jul 06 07:54:01.459847 dv-neutron-846032-5-hyperv neutron-server[89035]: DEBUG neutron.plugins.ml2.drivers.mech_agent [None req-045473b8-654b-4eb0-82d3-c34f4f1178d4 tempest-PortsAdminExtendedAttrsIpV6TestJSON-399994128 tempest-PortsAdminExtendedAttrsIpV6TestJSON-399994128-project-admin] Port 8e7ad909-ffc0-4519-8f99-d3f7cfb8ee45 on network 1f1956e8-a966-4731-bf74-17fbc62df114 not bound, no agent of type Open vSwitch agent registered on host hv-neutron-8460 {{(pid=89035) bind_port /opt/stack/neutron/neutron/plugins/ml2/drivers/mech_agent.py:98}}
Jul 06 07:54:01.459847 dv-neutron-846032-5-hyperv neutron-server[89035]: ERROR neutron.plugins.ml2.managers [None req-045473b8-654b-4eb0-82d3-c34f4f1178d4 tempest-PortsAdminExtendedAttrsIpV6TestJSON-399994128 tempest-PortsAdminExtendedAttrsIpV6TestJSON-399994128-project-admin] Failed to bind port 8e7ad909-ffc0-4519-8f99-d3f7cfb8ee45 on host hv-neutron-8460 for vnic_type normal using segments [{'id': '6284cb29-1559-42e4-92c8-c8ee2bc85a01', 'network_type': 'vlan', 'physical_network': 'physnet1', 'segmentation_id': 126, 'network_id': '1f1956e8-a966-4731-bf74-17fbc62df114'}]
Jul 06 07:54:01.459847 dv-neutron-846032-5-hyperv neutron-server[89035]: INFO neutron.plugins.ml2.plugin [None req-045473b8-654b-4eb0-82d3-c34f4f1178d4 tempest-PortsAdminExtendedAttrsIpV6TestJSON-399994128 tempest-PortsAdminExtendedAttrsIpV6TestJSON-399994128-project-admin] Attempt 7 to bind port 8e7ad909-ffc0-4519-8f99-d3f7cfb8ee45
Jul 06 07:54:01.497154 dv-neutron-846032-5-hyperv neutron-server[89035]: DEBUG neutron.plugins.ml2.managers [None req-045473b8-654b-4eb0-82d3-c34f4f1178d4 tempest-PortsAdminExtendedAttrsIpV6TestJSON-399994128 tempest-PortsAdminExtendedAttrsIpV6TestJSON-399994128-project-admin] Attempting to bind port 8e7ad909-ffc0-4519-8f99-d3f7cfb8ee45 on host hv-neutron-8460 for vnic_type normal with profile {{(pid=89035) bind_port /opt/stack/neutron/neutron/plugins/ml2/managers.py:806}}
Jul 06 07:54:01.497488 dv-neutron-846032-5-hyperv neutron-server[89035]: DEBUG neutron.plugins.ml2.managers [None req-045473b8-654b-4eb0-82d3-c34f4f1178d4 tempest-PortsAdminExtendedAttrsIpV6TestJSON-399994128 tempest-PortsAdminExtendedAttrsIpV6TestJSON-399994128-project-admin] Attempting to bind port 8e7ad909-ffc0-4519-8f99-d3f7cfb8ee45 by drivers openvswitch,hyperv on host hv-neutron-8460 at level 0 using segments [{'id': '6284cb29-1559-42e4-92c8-c8ee2bc85a01', 'network_type': 'vlan', 'physical_network': 'physnet1', 'segmentation_id': 126, 'network_id': '1f1956e8-a966-4731-bf74-17fbc62df114'}] {{(pid=89035) _bind_port_level /opt/stack/neutron/neutron/plugins/ml2/managers.py:831}}
Jul 06 07:54:01.497810 dv-neutron-846032-5-hyperv neutron-server[89035]: DEBUG neutron.plugins.ml2.drivers.mech_agent [None req-045473b8-654b-4eb0-82d3-c34f4f1178d4 tempest-PortsAdminExtendedAttrsIpV6TestJSON-399994128 tempest-PortsAdminExtendedAttrsIpV6TestJSON-399994128-project-admin] Attempting to bind port 8e7ad909-ffc0-4519-8f99-d3f7cfb8ee45 on network 1f1956e8-a966-4731-bf74-17fbc62df114 {{(pid=89035) bind_port /opt/stack/neutron/neutron/plugins/ml2/drivers/mech_agent.py:86}}
Jul 06 07:54:01.513232 dv-neutron-846032-5-hyperv neutron-server[89035]: DEBUG neutron.plugins.ml2.drivers.mech_agent [None req-045473b8-654b-4eb0-82d3-c34f4f1178d4 tempest-PortsAdminExtendedAttrsIpV6TestJSON-399994128 tempest-PortsAdminExtendedAttrsIpV6TestJSON-399994128-project-admin] Port 8e7ad909-ffc0-4519-8f99-d3f7cfb8ee45 on network 1f1956e8-a966-4731-bf74-17fbc62df114 not bound, no agent of type Open vSwitch agent registered on host hv-neutron-8460 {{(pid=89035) bind_port /opt/stack/neutron/neutron/plugins/ml2/drivers/mech_agent.py:98}}
Jul 06 07:54:01.513530 dv-neutron-846032-5-hyperv neutron-server[89035]: ERROR neutron.plugins.ml2.managers [None req-045473b8-654b-4eb0-82d3-c34f4f1178d4 tempest-PortsAdminExtendedAttrsIpV6TestJSON-399994128 tempest-PortsAdminExtendedAttrsIpV6TestJSON-399994128-project-admin] Failed to bind port 8e7ad909-ffc0-4519-8f99-d3f7cfb8ee45 on host hv-neutron-8460 for vnic_type normal using segments [{'id': '6284cb29-1559-42e4-92c8-c8ee2bc85a01', 'network_type': 'vlan', 'physical_network': 'physnet1', 'segmentation_id': 126, 'network_id': '1f1956e8-a966-4731-bf74-17fbc62df114'}]
Jul 06 07:54:01.514919 dv-neutron-846032-5-hyperv neutron-server[89035]: INFO neutron.plugins.ml2.plugin [None req-045473b8-654b-4eb0-82d3-c34f4f1178d4 tempest-PortsAdminExtendedAttrsIpV6TestJSON-399994128 tempest-PortsAdminExtendedAttrsIpV6TestJSON-399994128-project-admin] Attempt 8 to bind port 8e7ad909-ffc0-4519-8f99-d3f7cfb8ee45
Jul 06 07:54:01.535750 dv-neutron-846032-5-hyperv neutron-server[89035]: DEBUG neutron.plugins.ml2.managers [None req-045473b8-654b-4eb0-82d3-c34f4f1178d4 tempest-PortsAdminExtendedAttrsIpV6TestJSON-399994128 tempest-PortsAdminExtendedAttrsIpV6TestJSON-399994128-project-admin] Attempting to bind port 8e7ad909-ffc0-4519-8f99-d3f7cfb8ee45 on host hv-neutron-8460 for vnic_type normal with profile {{(pid=89035) bind_port /opt/stack/neutron/neutron/plugins/ml2/managers.py:806}}
Jul 06 07:54:01.536077 dv-neutron-846032-5-hyperv neutron-server[89035]: DEBUG neutron.plugins.ml2.managers [None req-045473b8-654b-4eb0-82d3-c34f4f1178d4 tempest-PortsAdminExtendedAttrsIpV6TestJSON-399994128 tempest-PortsAdminExtendedAttrsIpV6TestJSON-399994128-project-admin] Attempting to bind port 8e7ad909-ffc0-4519-8f99-d3f7cfb8ee45 by drivers openvswitch,hyperv on host hv-neutron-8460 at level 0 using segments [{'id': '6284cb29-1559-42e4-92c8-c8ee2bc85a01', 'network_type': 'vlan', 'physical_network': 'physnet1', 'segmentation_id': 126, 'network_id': '1f1956e8-a966-4731-bf74-17fbc62df114'}] {{(pid=89035) _bind_port_level /opt/stack/neutron/neutron/plugins/ml2/managers.py:831}}
Jul 06 07:54:01.536401 dv-neutron-846032-5-hyperv neutron-server[89035]: DEBUG neutron.plugins.ml2.drivers.mech_agent [None req-045473b8-654b-4eb0-82d3-c34f4f1178d4 tempest-PortsAdminExtendedAttrsIpV6TestJSON-399994128 tempest-PortsAdminExtendedAttrsIpV6TestJSON-399994128-project-admin] Attempting to bind port 8e7ad909-ffc0-4519-8f99-d3f7cfb8ee45 on network 1f1956e8-a966-4731-bf74-17fbc62df114 {{(pid=89035) bind_port /opt/stack/neutron/neutron/plugins/ml2/drivers/mech_agent.py:86}}
Jul 06 07:54:01.538266 dv-neutron-846032-5-hyperv neutron-server[89034]: DEBUG neutron.pecan_wsgi.hooks.quota_enforcement [None req-5bf9993e-13d6-48d5-9379-e8a0ef1e76d4 tempest-AllowedAddressPairIpV6TestJSON-1316237686 tempest-AllowedAddressPairIpV6TestJSON-1316237686-project] Made reservation on behalf of 4fa1db717df74feea9eaa9f7feefc502 for: {'port': 1} {{(pid=89034) before /opt/stack/neutron/neutron/pecan_wsgi/hooks/quota_enforcement.py:53}}
Jul 06 07:54:01.542268 dv-neutron-846032-5-hyperv neutron-server[89034]: DEBUG neutron_lib.callbacks.manager [None req-5bf9993e-13d6-48d5-9379-e8a0ef1e76d4 tempest-AllowedAddressPairIpV6TestJSON-1316237686 tempest-AllowedAddressPairIpV6TestJSON-1316237686-project] Notify callbacks ['neutron.plugins.ml2.plugin.SecurityGroupDbMixin._ensure_default_security_group_handler-2017416'] for port, before_create {{(pid=89034) _notify_loop /usr/local/lib/python3.8/dist-packages/neutron_lib/callbacks/manager.py:192}}
Jul 06 07:54:01.553961 dv-neutron-846032-5-hyperv neutron-server[89036]: DEBUG neutron.plugins.ml2.managers [None req-a81db4bf-fd7a-442f-af33-6c36b66153f3 None None] Attempting to bind port d01e9dc9-1933-4ee3-b60c-af4386c49f6f on host dv-neutron-846032-5-hyperv for vnic_type normal with profile {{(pid=89036) bind_port /opt/stack/neutron/neutron/plugins/ml2/managers.py:806}}
Jul 06 07:54:01.554149 dv-neutron-846032-5-hyperv neutron-server[89035]: INFO neutron.wsgi [req-bd3a5724-45ae-4789-985c-a717f1a3b1bc req-406f6eff-c285-4e18-91b5-80ee725d0b99 tempest-ServersTestManualDisk-95404915 tempest-ServersTestManualDisk-95404915-project] 10.222.0.18 "GET /v2.0/ports?tenant_id=7333e31798334da3a852483b62a94c50&fields=id HTTP/1.1" status: 200 len: 348 time: 0.1706800
Jul 06 07:54:01.555162 dv-neutron-846032-5-hyperv neutron-server[89036]: DEBUG neutron.plugins.ml2.managers [None req-a81db4bf-fd7a-442f-af33-6c36b66153f3 None None] Attempting to bind port d01e9dc9-1933-4ee3-b60c-af4386c49f6f by drivers openvswitch,hyperv on host dv-neutron-846032-5-hyperv at level 0 using segments [{'id': '35b84b19-09ab-4b99-b98c-1c34b0895643', 'network_type': 'vlan', 'physical_network': 'physnet1', 'segmentation_id': 123, 'network_id': '7d30afdf-8720-48ef-8116-d8e484fc7b77'}] {{(pid=89036) _bind_port_level /opt/stack/neutron/neutron/plugins/ml2/managers.py:831}}
Jul 06 07:54:01.555751 dv-neutron-846032-5-hyperv neutron-server[89036]: DEBUG neutron.plugins.ml2.drivers.mech_agent [None req-a81db4bf-fd7a-442f-af33-6c36b66153f3 None None] Attempting to bind port d01e9dc9-1933-4ee3-b60c-af4386c49f6f on network 7d30afdf-8720-48ef-8116-d8e484fc7b77 {{(pid=89036) bind_port /opt/stack/neutron/neutron/plugins/ml2/drivers/mech_agent.py:86}}
Jul 06 07:54:01.556500 dv-neutron-846032-5-hyperv neutron-server[89035]: DEBUG neutron.plugins.ml2.drivers.mech_agent [None req-045473b8-654b-4eb0-82d3-c34f4f1178d4 tempest-PortsAdminExtendedAttrsIpV6TestJSON-399994128 tempest-PortsAdminExtendedAttrsIpV6TestJSON-399994128-project-admin] Port 8e7ad909-ffc0-4519-8f99-d3f7cfb8ee45 on network 1f1956e8-a966-4731-bf74-17fbc62df114 not bound, no agent of type Open vSwitch agent registered on host hv-neutron-8460 {{(pid=89035) bind_port /opt/stack/neutron/neutron/plugins/ml2/drivers/mech_agent.py:98}}
Jul 06 07:54:01.556923 dv-neutron-846032-5-hyperv neutron-server[89035]: ERROR neutron.plugins.ml2.managers [None req-045473b8-654b-4eb0-82d3-c34f4f1178d4 tempest-PortsAdminExtendedAttrsIpV6TestJSON-399994128 tempest-PortsAdminExtendedAttrsIpV6TestJSON-399994128-project-admin] Failed to bind port 8e7ad909-ffc0-4519-8f99-d3f7cfb8ee45 on host hv-neutron-8460 for vnic_type normal using segments [{'id': '6284cb29-1559-42e4-92c8-c8ee2bc85a01', 'network_type': 'vlan', 'physical_network': 'physnet1', 'segmentation_id': 126, 'network_id': '1f1956e8-a966-4731-bf74-17fbc62df114'}]
Jul 06 07:54:01.557359 dv-neutron-846032-5-hyperv neutron-server[89035]: INFO neutron.plugins.ml2.plugin [None req-045473b8-654b-4eb0-82d3-c34f4f1178d4 tempest-PortsAdminExtendedAttrsIpV6TestJSON-399994128 tempest-PortsAdminExtendedAttrsIpV6TestJSON-399994128-project-admin] Attempt 9 to bind port 8e7ad909-ffc0-4519-8f99-d3f7cfb8ee45
