Jul 06 07:53:48.264303 dv-neutron-846032-5-hyperv neutron-server[89035]: INFO neutron.wsgi [None req-f920860f-93c4-4778-ae09-2e1486909f3b admin admin] 10.222.0.18 "GET /v2.0/security-groups?tenant_id=56afab5e0b534879b6e8ba8d40bf53d2&name=default HTTP/1.1" status: 200 len: 2979 time: 0.2252362
Jul 06 07:53:48.282443 dv-neutron-846032-5-hyperv neutron-server[89034]: DEBUG neutron.wsgi [-] (89034) accepted ('10.222.0.18', 33946) {{(pid=89034) server /usr/local/lib/python3.8/dist-packages/eventlet/wsgi.py:992}}
Jul 06 07:53:48.336556 dv-neutron-846032-5-hyperv neutron-server[89035]: DEBUG neutron_lib.callbacks.manager [None req-f068950b-3d1b-44a1-b2d8-efb01fb4950c tempest-RoutersAdminTest-1983081484 tempest-RoutersAdminTest-1983081484-project-admin] Notify callbacks ['neutron.notifiers.nova.Notifier._send_nova_notification-252399'] for port, before_response {{(pid=89035) _notify_loop /usr/local/lib/python3.8/dist-packages/neutron_lib/callbacks/manager.py:192}}
Jul 06 07:53:48.346442 dv-neutron-846032-5-hyperv neutron-server[89035]: DEBUG neutron_lib.callbacks.manager [None req-1359b5f6-1461-448a-94b7-212b86f5f9fa tempest-BulkNetworkOpsIpV6Test-2073305962 tempest-BulkNetworkOpsIpV6Test-2073305962-project] Notify callbacks ['neutron.plugins.ml2.ovo_rpc._ObjectChangeHandler.handle_event-1037682', 'neutron.api.rpc.agentnotifiers.dhcp_rpc_agent_api.DhcpAgentNotifyAPI._native_event_send_dhcp_notification-627980'] for network, after_create {{(pid=89035) _notify_loop /usr/local/lib/python3.8/dist-packages/neutron_lib/callbacks/manager.py:192}}
Jul 06 07:53:48.351727 dv-neutron-846032-5-hyperv neutron-server[89035]: DEBUG neutron.pecan_wsgi.hooks.policy_enforcement [None req-1359b5f6-1461-448a-94b7-212b86f5f9fa tempest-BulkNetworkOpsIpV6Test-2073305962 tempest-BulkNetworkOpsIpV6Test-2073305962-project] Attributes excluded by policy engine: ['standard_attr_id', 'provider:network_type', 'provider:physical_network', 'provider:segmentation_id', 'vlan_transparent'] {{(pid=89035) _exclude_attributes_by_policy /opt/stack/neutron/neutron/pecan_wsgi/hooks/policy_enforcement.py:259}}
Jul 06 07:53:48.352418 dv-neutron-846032-5-hyperv neutron-server[89035]: DEBUG neutron_lib.callbacks.manager [None req-1359b5f6-1461-448a-94b7-212b86f5f9fa tempest-BulkNetworkOpsIpV6Test-2073305962 tempest-BulkNetworkOpsIpV6Test-2073305962-project] Notify callbacks ['neutron.api.rpc.agentnotifiers.dhcp_rpc_agent_api.DhcpAgentNotifyAPI._send_dhcp_notification-627998'] for network, before_response {{(pid=89035) _notify_loop /usr/local/lib/python3.8/dist-packages/neutron_lib/callbacks/manager.py:192}}
Jul 06 07:53:48.372562 dv-neutron-846032-5-hyperv neutron-server[89035]: DEBUG neutron_lib.callbacks.manager [None req-62a88d30-516f-491d-a909-262d05ad731f tempest-ExternalNetworksTestJSON-1897112057 tempest-ExternalNetworksTestJSON-1897112057-project-admin] Notify callbacks ['neutron.plugins.ml2.plugin.SecurityGroupDbMixin._ensure_default_security_group_handler-2017416'] for port, before_update {{(pid=89035) _notify_loop /usr/local/lib/python3.8/dist-packages/neutron_lib/callbacks/manager.py:192}}
Jul 06 07:53:48.427335 dv-neutron-846032-5-hyperv neutron-server[89036]: DEBUG neutron.plugins.ml2.rpc [None req-0b07188f-a0f3-43d3-8807-f574e7b98676 None None] Device c22e320a-07bf-4b19-af9f-0c4c81db1adc up at agent ovs-agent-dv-neutron-846032-5-hyperv {{(pid=89036) update_device_up /opt/stack/neutron/neutron/plugins/ml2/rpc.py:278}}
Jul 06 07:53:48.439093 dv-neutron-846032-5-hyperv neutron-server[89034]: DEBUG neutron_lib.callbacks.manager [None req-14c8bb0b-3774-48ee-916f-e40125caa7d9 admin admin] Notify callbacks [] for port, precommit_create {{(pid=89034) _notify_loop /usr/local/lib/python3.8/dist-packages/neutron_lib/callbacks/manager.py:192}}
Jul 06 07:53:48.502103 dv-neutron-846032-5-hyperv neutron-server[89035]: INFO neutron.wsgi [None req-f068950b-3d1b-44a1-b2d8-efb01fb4950c tempest-RoutersAdminTest-1983081484 tempest-RoutersAdminTest-1983081484-project-admin] 10.222.0.18 "DELETE /v2.0/ports/a36d87ae-bfe1-4db5-b7ef-48e683ff00da HTTP/1.1" status: 204 len: 168 time: 2.0919142
Jul 06 07:53:48.510057 dv-neutron-846032-5-hyperv neutron-server[89035]: DEBUG neutron.wsgi [-] (89035) accepted ('10.222.0.18', 33950) {{(pid=89035) server /usr/local/lib/python3.8/dist-packages/eventlet/wsgi.py:992}}
Jul 06 07:53:48.513771 dv-neutron-846032-5-hyperv neutron-server[89035]: INFO neutron.wsgi [None req-1359b5f6-1461-448a-94b7-212b86f5f9fa tempest-BulkNetworkOpsIpV6Test-2073305962 tempest-BulkNetworkOpsIpV6Test-2073305962-project] 10.222.0.18 "POST /v2.0/networks HTTP/1.1" status: 201 len: 789 time: 1.1245847
Jul 06 07:53:48.525114 dv-neutron-846032-5-hyperv neutron-server[89035]: DEBUG neutron.wsgi [-] (89035) accepted ('10.222.0.18', 33954) {{(pid=89035) server /usr/local/lib/python3.8/dist-packages/eventlet/wsgi.py:992}}
Jul 06 07:53:48.528158 dv-neutron-846032-5-hyperv neutron-server[89035]: DEBUG neutron.api.v2.base [None req-4cfa94b3-bba3-46db-b5cc-7e2ef4ef36ea tempest-RoutersAdminTest-1983081484 tempest-RoutersAdminTest-1983081484-project-admin] Request body: {'router': {'external_gateway_info': {'network_id': '42e7d36e-39f0-4167-bbff-77780cddf951', 'external_fixed_ips': [{'subnet_id': '3079b6c1-a5d9-4f0c-89af-55ff5d8af542', 'ip_address': '172.20.0.11'}]}}} {{(pid=89035) prepare_request_body /opt/stack/neutron/neutron/api/v2/base.py:729}}
Jul 06 07:53:48.541302 dv-neutron-846032-5-hyperv neutron-server[89035]: DEBUG neutron.db.quota.driver [None req-4cfa94b3-bba3-46db-b5cc-7e2ef4ef36ea tempest-RoutersAdminTest-1983081484 tempest-RoutersAdminTest-1983081484-project-admin] Resources subnetpool have unlimited quota limit. It is not required to calculate headroom {{(pid=89035) make_reservation /opt/stack/neutron/neutron/db/quota/driver.py:219}}
Jul 06 07:53:48.546309 dv-neutron-846032-5-hyperv neutron-server[89035]: DEBUG neutron.api.v2.base [None req-d9042d89-9ee8-4cb8-a2c8-0deff035d6ea tempest-BulkNetworkOpsIpV6Test-2073305962 tempest-BulkNetworkOpsIpV6Test-2073305962-project] Request body: {'network': {'name': 'tempest-BulkNetworkOpsIpV6Test-test-network-1418027343'}} {{(pid=89035) prepare_request_body /opt/stack/neutron/neutron/api/v2/base.py:729}}
Jul 06 07:53:48.553903 dv-neutron-846032-5-hyperv neutron-server[89036]: DEBUG neutron.db.provisioning_blocks [None req-0b07188f-a0f3-43d3-8807-f574e7b98676 None None] Provisioning complete for port c22e320a-07bf-4b19-af9f-0c4c81db1adc triggered by entity L2. {{(pid=89036) provisioning_complete /opt/stack/neutron/neutron/db/provisioning_blocks.py:139}}
Jul 06 07:53:48.554403 dv-neutron-846032-5-hyperv neutron-server[89036]: DEBUG neutron_lib.callbacks.manager [None req-0b07188f-a0f3-43d3-8807-f574e7b98676 None None] Notify callbacks ['neutron.plugins.ml2.plugin.Ml2Plugin._port_provisioned-2037384'] for port, provisioning_complete {{(pid=89036) _notify_loop /usr/local/lib/python3.8/dist-packages/neutron_lib/callbacks/manager.py:192}}
Jul 06 07:53:48.559490 dv-neutron-846032-5-hyperv neutron-server[89035]: DEBUG neutron.db.quota.driver [None req-d9042d89-9ee8-4cb8-a2c8-0deff035d6ea tempest-BulkNetworkOpsIpV6Test-2073305962 tempest-BulkNetworkOpsIpV6Test-2073305962-project] Resources subnetpool have unlimited quota limit. It is not required to calculate headroom {{(pid=89035) make_reservation /opt/stack/neutron/neutron/db/quota/driver.py:219}}
Jul 06 07:53:48.563791 dv-neutron-846032-5-hyperv neutron-server[89035]: DEBUG neutron.quota.resource [None req-4cfa94b3-bba3-46db-b5cc-7e2ef4ef36ea tempest-RoutersAdminTest-1983081484 tempest-RoutersAdminTest-1983081484-project-admin] Usage tracker for resource:router and tenant:8ffd5c825215427f9836542ad683f64e is out of sync, need to count used quota {{(pid=89035) count_used /opt/stack/neutron/neutron/quota/resource.py:270}}
Jul 06 07:53:48.568323 dv-neutron-846032-5-hyperv neutron-server[89035]: DEBUG neutron.api.rpc.handlers.resources_rpc [None req-1359b5f6-1461-448a-94b7-212b86f5f9fa tempest-BulkNetworkOpsIpV6Test-2073305962 tempest-BulkNetworkOpsIpV6Test-2073305962-project] Pushing event updated for resources: {'Network': ['ID=6a6eae1f-56b8-4f88-9a74-012000b6fb30,revision_number=1']} {{(pid=89035) push /opt/stack/neutron/neutron/api/rpc/handlers/resources_rpc.py:237}}
Jul 06 07:53:48.570934 dv-neutron-846032-5-hyperv neutron-server[89035]: DEBUG neutron.quota.resource [None req-d9042d89-9ee8-4cb8-a2c8-0deff035d6ea tempest-BulkNetworkOpsIpV6Test-2073305962 tempest-BulkNetworkOpsIpV6Test-2073305962-project] Usage tracker for resource:network and tenant:910dac4c98564db99810029ca31f6722 is out of sync, need to count used quota {{(pid=89035) count_used /opt/stack/neutron/neutron/quota/resource.py:270}}
Jul 06 07:53:48.573680 dv-neutron-846032-5-hyperv neutron-server[89035]: DEBUG neutron.quota.resource [None req-4cfa94b3-bba3-46db-b5cc-7e2ef4ef36ea tempest-RoutersAdminTest-1983081484 tempest-RoutersAdminTest-1983081484-project-admin] Quota usage for router was recalculated. Used quota:0. {{(pid=89035) count_used /opt/stack/neutron/neutron/quota/resource.py:290}}
Jul 06 07:53:48.579128 dv-neutron-846032-5-hyperv neutron-server[89035]: DEBUG neutron.quota.resource [None req-d9042d89-9ee8-4cb8-a2c8-0deff035d6ea tempest-BulkNetworkOpsIpV6Test-2073305962 tempest-BulkNetworkOpsIpV6Test-2073305962-project] Quota usage for network was recalculated. Used quota:1. {{(pid=89035) count_used /opt/stack/neutron/neutron/quota/resource.py:290}}
Jul 06 07:53:48.589323 dv-neutron-846032-5-hyperv neutron-server[89035]: DEBUG neutron.db.quota.driver [None req-4cfa94b3-bba3-46db-b5cc-7e2ef4ef36ea tempest-RoutersAdminTest-1983081484 tempest-RoutersAdminTest-1983081484-project-admin] Attempting to reserve 1 items for resource router. Total usage: 0; quota limit: 100; headroom:100 {{(pid=89035) make_reservation /opt/stack/neutron/neutron/db/quota/driver.py:246}}
Jul 06 07:53:48.595365 dv-neutron-846032-5-hyperv neutron-server[89036]: DEBUG neutron.plugins.ml2.rpc [None req-0b07188f-a0f3-43d3-8807-f574e7b98676 None None] Network 6a6eae1f-56b8-4f88-9a74-012000b6fb30 details requested by agent ovs-agent-dv-neutron-846032-5-hyperv with host dv-neutron-846032-5-hyperv {{(pid=89036) get_network_details /opt/stack/neutron/neutron/plugins/ml2/rpc.py:232}}
Jul 06 07:53:48.604454 dv-neutron-846032-5-hyperv neutron-server[89035]: DEBUG neutron.db.quota.driver [None req-d9042d89-9ee8-4cb8-a2c8-0deff035d6ea tempest-BulkNetworkOpsIpV6Test-2073305962 tempest-BulkNetworkOpsIpV6Test-2073305962-project] Attempting to reserve 1 items for resource network. Total usage: 1; quota limit: 100; headroom:99 {{(pid=89035) make_reservation /opt/stack/neutron/neutron/db/quota/driver.py:246}}
Jul 06 07:53:48.673357 dv-neutron-846032-5-hyperv neutron-server[89035]: DEBUG neutron_lib.callbacks.manager [None req-4cfa94b3-bba3-46db-b5cc-7e2ef4ef36ea tempest-RoutersAdminTest-1983081484 tempest-RoutersAdminTest-1983081484-project-admin] Notify callbacks ['neutron.services.l3_router.l3_router_plugin.L3_HA_NAT_db_mixin._before_router_create-573517', 'neutron.services.l3_router.service_providers.driver_controller.DriverController._check_router_request-4488'] for router, before_create {{(pid=89035) _notify_loop /usr/local/lib/python3.8/dist-packages/neutron_lib/callbacks/manager.py:192}}
Jul 06 07:53:48.674550 dv-neutron-846032-5-hyperv neutron-server[89035]: DEBUG neutron_lib.callbacks.manager [None req-4cfa94b3-bba3-46db-b5cc-7e2ef4ef36ea tempest-RoutersAdminTest-1983081484 tempest-RoutersAdminTest-1983081484-project-admin] Notify callbacks ['neutron.services.l3_router.l3_router_plugin.L3_HA_NAT_db_mixin._precommit_router_create-588662', 'neutron.services.l3_router.l3_router_plugin.DVRResourceOperationHandler._set_distributed_flag-575862', 'neutron.services.l3_router.l3_router_plugin.RouterAvailabilityZoneMixin._process_az_request-957046', 'neutron.services.l3_router.service_providers.driver_controller.DriverController._set_router_provider-4499'] for router, precommit_create {{(pid=89035) _notify_loop /usr/local/lib/python3.8/dist-packages/neutron_lib/callbacks/manager.py:192}}
Jul 06 07:53:48.704931 dv-neutron-846032-5-hyperv neutron-server[89034]: DEBUG neutron.db.provisioning_blocks [None req-14c8bb0b-3774-48ee-916f-e40125caa7d9 admin admin] Transition to ACTIVE for port object 4195f408-888a-4215-ad16-c7ff9d940d53 will not be triggered until provisioned by entity DHCP. {{(pid=89034) add_provisioning_component /opt/stack/neutron/neutron/db/provisioning_blocks.py:73}}
Jul 06 07:53:48.724501 dv-neutron-846032-5-hyperv neutron-server[89035]: DEBUG neutron_lib.callbacks.manager [None req-4cfa94b3-bba3-46db-b5cc-7e2ef4ef36ea tempest-RoutersAdminTest-1983081484 tempest-RoutersAdminTest-1983081484-project-admin] Notify callbacks [] for router_controller, precommit_add_association {{(pid=89035) _notify_loop /usr/local/lib/python3.8/dist-packages/neutron_lib/callbacks/manager.py:192}}
Jul 06 07:53:48.724791 dv-neutron-846032-5-hyperv neutron-server[89034]: DEBUG neutron_lib.callbacks.manager [None req-6ca213d6-44a4-455f-b4d3-cc71eb6f8256 admin admin] Notify callbacks [] for security_group, precommit_create {{(pid=89034) _notify_loop /usr/local/lib/python3.8/dist-packages/neutron_lib/callbacks/manager.py:192}}
Jul 06 07:53:48.735132 dv-neutron-846032-5-hyperv neutron-server[89034]: DEBUG neutron_lib.callbacks.manager [None req-7e210b5e-8bbc-4745-948f-b59ec4f88e5d admin admin] Notify callbacks [] for security_group, before_delete {{(pid=89034) _notify_loop /usr/local/lib/python3.8/dist-packages/neutron_lib/callbacks/manager.py:192}}
Jul 06 07:53:48.741611 dv-neutron-846032-5-hyperv neutron-server[89034]: DEBUG neutron_lib.callbacks.manager [None req-6ca213d6-44a4-455f-b4d3-cc71eb6f8256 admin admin] Notify callbacks ['neutron.plugins.ml2.ovo_rpc._ObjectChangeHandler.handle_event-1037731'] for security_group, after_create {{(pid=89034) _notify_loop /usr/local/lib/python3.8/dist-packages/neutron_lib/callbacks/manager.py:192}}
Jul 06 07:53:48.788676 dv-neutron-846032-5-hyperv neutron-server[89036]: DEBUG neutron_lib.callbacks.manager [None req-0e343024-1e1d-42ab-a49c-4d5af493428f None None] Notify callbacks [] for port, precommit_update {{(pid=89036) _notify_loop /usr/local/lib/python3.8/dist-packages/neutron_lib/callbacks/manager.py:192}}
Jul 06 07:53:48.798541 dv-neutron-846032-5-hyperv neutron-server[89035]: DEBUG neutron.pecan_wsgi.hooks.quota_enforcement [None req-d9042d89-9ee8-4cb8-a2c8-0deff035d6ea tempest-BulkNetworkOpsIpV6Test-2073305962 tempest-BulkNetworkOpsIpV6Test-2073305962-project] Made reservation on behalf of 910dac4c98564db99810029ca31f6722 for: {'network': 1} {{(pid=89035) before /opt/stack/neutron/neutron/pecan_wsgi/hooks/quota_enforcement.py:53}}
Jul 06 07:53:48.801996 dv-neutron-846032-5-hyperv neutron-server[89035]: DEBUG neutron_lib.callbacks.manager [None req-d9042d89-9ee8-4cb8-a2c8-0deff035d6ea tempest-BulkNetworkOpsIpV6Test-2073305962 tempest-BulkNetworkOpsIpV6Test-2073305962-project] Notify callbacks ['neutron.plugins.ml2.plugin.SecurityGroupDbMixin._ensure_default_security_group_handler-2017416'] for network, before_create {{(pid=89035) _notify_loop /usr/local/lib/python3.8/dist-packages/neutron_lib/callbacks/manager.py:192}}
Jul 06 07:53:48.842129 dv-neutron-846032-5-hyperv neutron-server[89036]: DEBUG neutron.db.provisioning_blocks [None req-0e343024-1e1d-42ab-a49c-4d5af493428f None None] Transition to ACTIVE for port object 71d03caa-cd6d-44af-afb6-07ed33bbaeea will not be triggered until provisioned by entity L2. {{(pid=89036) add_provisioning_component /opt/stack/neutron/neutron/db/provisioning_blocks.py:73}}
Jul 06 07:53:48.856148 dv-neutron-846032-5-hyperv neutron-server[89036]: DEBUG neutron_lib.callbacks.manager [None req-0e343024-1e1d-42ab-a49c-4d5af493428f None None] Notify callbacks ['neutron.plugins.ml2.plugin.SecurityGroupServerNotifierRpcMixin.notify_sg_on_port_change-2017359', 'neutron.plugins.ml2.ovo_rpc._ObjectChangeHandler.handle_event-139000', 'neutron.api.rpc.agentnotifiers.dhcp_rpc_agent_api.DhcpAgentNotifyAPI._native_event_send_dhcp_notification-627980', 'neutron.db.l3_db.L3RpcNotifierMixin._notify_gateway_port_ip_changed-8746741549689', 'neutron.db.l3_dvrscheduler_db._notify_l3_agent_port_update-8746741026241', 'neutron.db.l3_hascheduler_db._notify_l3_agent_ha_port_update-8746741026286'] for port, after_update {{(pid=89036) _notify_loop /usr/local/lib/python3.8/dist-packages/neutron_lib/callbacks/manager.py:192}}
Jul 06 07:53:48.858008 dv-neutron-846032-5-hyperv neutron-server[89034]: INFO neutron.wsgi [None req-6ca213d6-44a4-455f-b4d3-cc71eb6f8256 admin admin] 10.222.0.18 "GET /v2.0/security-groups?tenant_id=c1713e8acfa84946b3422ad773cf3c71&name=default HTTP/1.1" status: 200 len: 2979 time: 1.4323554
Jul 06 07:53:48.860202 dv-neutron-846032-5-hyperv neutron-server[89036]: DEBUG neutron.plugins.ml2.plugin [None req-0b07188f-a0f3-43d3-8807-f574e7b98676 None None] Current status of the port c22e320a-07bf-4b19-af9f-0c4c81db1adc is: ACTIVE; New status is: ACTIVE {{(pid=89036) _update_individual_port_db_status /opt/stack/neutron/neutron/plugins/ml2/plugin.py:2189}}
Jul 06 07:53:48.871790 dv-neutron-846032-5-hyperv neutron-server[89034]: DEBUG neutron.wsgi [-] (89034) accepted ('10.222.0.18', 33958) {{(pid=89034) server /usr/local/lib/python3.8/dist-packages/eventlet/wsgi.py:992}}
Jul 06 07:53:48.873342 dv-neutron-846032-5-hyperv neutron-server[89034]: DEBUG neutron.api.rpc.handlers.resources_rpc [None req-6ca213d6-44a4-455f-b4d3-cc71eb6f8256 admin admin] Pushing event updated for resources: {'SecurityGroup': ['ID=93442c12-7bd7-4caa-a7fe-4abce711ed55,revision_number=1']} {{(pid=89034) push /opt/stack/neutron/neutron/api/rpc/handlers/resources_rpc.py:237}}
Jul 06 07:53:48.881949 dv-neutron-846032-5-hyperv neutron-server[89034]: DEBUG neutron_lib.callbacks.manager [None req-7e210b5e-8bbc-4745-948f-b59ec4f88e5d admin admin] Notify callbacks [] for security_group, precommit_delete {{(pid=89034) _notify_loop /usr/local/lib/python3.8/dist-packages/neutron_lib/callbacks/manager.py:192}}
Jul 06 07:53:48.947168 dv-neutron-846032-5-hyperv neutron-server[89036]: DEBUG neutron.plugins.ml2.managers [None req-0e343024-1e1d-42ab-a49c-4d5af493428f None None] Attempting to bind port 71d03caa-cd6d-44af-afb6-07ed33bbaeea on host dv-neutron-846032-5-hyperv for vnic_type normal with profile {{(pid=89036) bind_port /opt/stack/neutron/neutron/plugins/ml2/managers.py:806}}
Jul 06 07:53:48.947919 dv-neutron-846032-5-hyperv neutron-server[89036]: DEBUG neutron.plugins.ml2.managers [None req-0e343024-1e1d-42ab-a49c-4d5af493428f None None] Attempting to bind port 71d03caa-cd6d-44af-afb6-07ed33bbaeea by drivers openvswitch,hyperv on host dv-neutron-846032-5-hyperv at level 0 using segments [{'id': 'c93ad87c-0fff-4020-9125-118f65ee91cf', 'network_type': 'flat', 'physical_network': 'physnet1', 'segmentation_id': None, 'network_id': '0d29934b-0e4e-433c-9b1e-80b723b7536c'}] {{(pid=89036) _bind_port_level /opt/stack/neutron/neutron/plugins/ml2/managers.py:831}}
Jul 06 07:53:48.947919 dv-neutron-846032-5-hyperv neutron-server[89036]: DEBUG neutron.plugins.ml2.drivers.mech_agent [None req-0e343024-1e1d-42ab-a49c-4d5af493428f None None] Attempting to bind port 71d03caa-cd6d-44af-afb6-07ed33bbaeea on network 0d29934b-0e4e-433c-9b1e-80b723b7536c {{(pid=89036) bind_port /opt/stack/neutron/neutron/plugins/ml2/drivers/mech_agent.py:86}}
Jul 06 07:53:48.951278 dv-neutron-846032-5-hyperv neutron-server[89036]: DEBUG neutron.api.rpc.handlers.resources_rpc [None req-dfacc963-e671-4738-bec9-311249e32ab7 None None] Pushing event updated for resources: {'Port': ['ID=71d03caa-cd6d-44af-afb6-07ed33bbaeea,revision_number=2']} {{(pid=89036) push /opt/stack/neutron/neutron/api/rpc/handlers/resources_rpc.py:237}}
Jul 06 07:53:48.956445 dv-neutron-846032-5-hyperv neutron-server[89036]: DEBUG neutron.plugins.ml2.drivers.mech_agent [None req-0e343024-1e1d-42ab-a49c-4d5af493428f None None] Checking agent: {'id': '322ec235-8504-40b7-ae38-5fdc4d4de045', 'agent_type': 'Open vSwitch agent', 'binary': 'neutron-openvswitch-agent', 'topic': 'N/A', 'host': 'dv-neutron-846032-5-hyperv', 'admin_state_up': True, 'created_at': datetime.datetime(2022, 7, 6, 7, 45, 26), 'started_at': datetime.datetime(2022, 7, 6, 7, 45, 56), 'heartbeat_timestamp': datetime.datetime(2022, 7, 6, 7, 53, 26), 'description': None, 'resources_synced': None, 'availability_zone': None, 'alive': True, 'configurations': {'arp_responder_enabled': False, 'baremetal_smartnic': False, 'bridge_mappings': {'physnet1': 'br-data'}, 'datapath_type': 'system', 'devices': 0, 'enable_distributed_routing': False, 'extensions': [], 'in_distributed_mode': False, 'integration_bridge': 'br-int', 'l2_population': False, 'log_agent_heartbeats': False, 'ovs_capabilities': {'datapath_types': ['netdev', 'system'], 'iface_types': ['erspan', 'geneve', 'gre', 'internal', 'ip6erspan', 'ip6gre', 'lisp', 'patch', 'stt', 'system', 'tap', 'vxlan']}, 'ovs_hybrid_plug': False, 'resource_provider_bandwidths': {}, 'resource_provider_hypervisors': {'br-data': 'dv-neutron-846032-5-hyperv'}, 'resource_provider_inventory_defaults': {'allocation_ratio': 1.0, 'min_unit': 1, 'step_size': 1, 'reserved': 0}, 'tunnel_types': [], 'tunneling_ip': None, 'vhostuser_socket_dir': '/var/run/openvswitch'}, 'resource_versions': {'AddressGroup': '1.2', 'ConntrackHelper': '1.0', 'Log': '1.0', 'Network': '1.1', 'Port': '1.7', 'PortForwarding': '1.2', 'QosPolicy': '1.8', 'SecurityGroup': '1.4', 'SecurityGroupRule': '1.2', 'SubPort': '1.0', 'Subnet': '1.1', 'Trunk': '1.1'}} {{(pid=89036) bind_port /opt/stack/neutron/neutron/plugins/ml2/drivers/mech_agent.py:105}}
Jul 06 07:53:48.958388 dv-neutron-846032-5-hyperv neutron-server[89036]: DEBUG neutron.plugins.ml2.drivers.mech_agent [None req-0e343024-1e1d-42ab-a49c-4d5af493428f None None] Checking segment: {'id': 'c93ad87c-0fff-4020-9125-118f65ee91cf', 'network_type': 'flat', 'physical_network': 'physnet1', 'segmentation_id': None, 'network_id': '0d29934b-0e4e-433c-9b1e-80b723b7536c'} for mappings: {'physnet1': 'br-data'} with network types: ['local', 'flat', 'vlan'] {{(pid=89036) check_segment_for_agent /opt/stack/neutron/neutron/plugins/ml2/drivers/mech_agent.py:343}}
Jul 06 07:53:48.958388 dv-neutron-846032-5-hyperv neutron-server[89036]: DEBUG neutron_lib.callbacks.manager [None req-0e343024-1e1d-42ab-a49c-4d5af493428f None None] Notify callbacks [] for ovs_bridge_name, before_read {{(pid=89036) _notify_loop /usr/local/lib/python3.8/dist-packages/neutron_lib/callbacks/manager.py:192}}
Jul 06 07:53:48.958388 dv-neutron-846032-5-hyperv neutron-server[89036]: DEBUG neutron.plugins.ml2.drivers.mech_agent [None req-0e343024-1e1d-42ab-a49c-4d5af493428f None None] Bound using segment: {'id': 'c93ad87c-0fff-4020-9125-118f65ee91cf', 'network_type': 'flat', 'physical_network': 'physnet1', 'segmentation_id': None, 'network_id': '0d29934b-0e4e-433c-9b1e-80b723b7536c'} {{(pid=89036) bind_port /opt/stack/neutron/neutron/plugins/ml2/drivers/mech_agent.py:115}}
Jul 06 07:53:48.958388 dv-neutron-846032-5-hyperv neutron-server[89036]: DEBUG neutron.plugins.ml2.managers [None req-0e343024-1e1d-42ab-a49c-4d5af493428f None None] Bound port: 71d03caa-cd6d-44af-afb6-07ed33bbaeea, host: dv-neutron-846032-5-hyperv, vif_type: ovs, vif_details: {"connectivity": "l2", "port_filter": true, "ovs_hybrid_plug": false, "datapath_type": "system", "bridge_name": "br-int"}, binding_levels: [{'bound_driver': 'openvswitch', 'bound_segment': {'id': 'c93ad87c-0fff-4020-9125-118f65ee91cf', 'network_type': 'flat', 'physical_network': 'physnet1', 'segmentation_id': None, 'network_id': '0d29934b-0e4e-433c-9b1e-80b723b7536c'}}] {{(pid=89036) _bind_port_level /opt/stack/neutron/neutron/plugins/ml2/managers.py:944}}
Jul 06 07:53:48.958870 dv-neutron-846032-5-hyperv neutron-server[89036]: DEBUG neutron_lib.callbacks.manager [None req-0e343024-1e1d-42ab-a49c-4d5af493428f None None] Notify callbacks ['neutron.plugins.ml2.plugin.SecurityGroupDbMixin._ensure_default_security_group_handler-2017416'] for port, before_update {{(pid=89036) _notify_loop /usr/local/lib/python3.8/dist-packages/neutron_lib/callbacks/manager.py:192}}
Jul 06 07:53:48.968809 dv-neutron-846032-5-hyperv neutron-server[89035]: DEBUG neutron.plugins.ml2.drivers.helpers [None req-d9042d89-9ee8-4cb8-a2c8-0deff035d6ea tempest-BulkNetworkOpsIpV6Test-2073305962 tempest-BulkNetworkOpsIpV6Test-2073305962-project] vlan segment allocate from pool success with {'physical_network': 'physnet1', 'vlan_id': 108} {{(pid=89035) allocate_partially_specified_segment /opt/stack/neutron/neutron/plugins/ml2/drivers/helpers.py:153}}
Jul 06 07:53:48.971508 dv-neutron-846032-5-hyperv neutron-server[89035]: DEBUG neutron_lib.callbacks.manager [None req-62a88d30-516f-491d-a909-262d05ad731f tempest-ExternalNetworksTestJSON-1897112057 tempest-ExternalNetworksTestJSON-1897112057-project-admin] Notify callbacks [] for port, precommit_update {{(pid=89035) _notify_loop /usr/local/lib/python3.8/dist-packages/neutron_lib/callbacks/manager.py:192}}
Jul 06 07:53:48.986319 dv-neutron-846032-5-hyperv neutron-server[89035]: DEBUG neutron_lib.callbacks.manager [None req-62a88d30-516f-491d-a909-262d05ad731f tempest-ExternalNetworksTestJSON-1897112057 tempest-ExternalNetworksTestJSON-1897112057-project-admin] Notify callbacks ['neutron.plugins.ml2.plugin.SecurityGroupServerNotifierRpcMixin.notify_sg_on_port_change-2017359', 'neutron.plugins.ml2.ovo_rpc._ObjectChangeHandler.handle_event-139000', 'neutron.api.rpc.agentnotifiers.dhcp_rpc_agent_api.DhcpAgentNotifyAPI._native_event_send_dhcp_notification-627980', 'neutron.db.l3_db.L3RpcNotifierMixin._notify_gateway_port_ip_changed-8746741549689', 'neutron.db.l3_dvrscheduler_db._notify_l3_agent_port_update-8746741026241', 'neutron.db.l3_hascheduler_db._notify_l3_agent_ha_port_update-8746741026286', 'neutron.services.segments.plugin.NovaSegmentNotifier._notify_port_updated-2124874'] for port, after_update {{(pid=89035) _notify_loop /usr/local/lib/python3.8/dist-packages/neutron_lib/callbacks/manager.py:192}}
Jul 06 07:53:48.997499 dv-neutron-846032-5-hyperv neutron-server[89034]: DEBUG neutron_lib.callbacks.manager [None req-f8994ae7-ddca-4463-8b31-932d242a6393 tempest-ExtraDHCPOptionsIpV6TestJSON-140070416 tempest-ExtraDHCPOptionsIpV6TestJSON-140070416-project] Notify callbacks [] for port, precommit_update {{(pid=89034) _notify_loop /usr/local/lib/python3.8/dist-packages/neutron_lib/callbacks/manager.py:192}}
Jul 06 07:53:49.010125 dv-neutron-846032-5-hyperv neutron-server[89034]: DEBUG neutron_lib.callbacks.manager [None req-14c8bb0b-3774-48ee-916f-e40125caa7d9 admin admin] Notify callbacks ['neutron.plugins.ml2.plugin.SecurityGroupServerNotifierRpcMixin.notify_sg_on_port_change-2017359', 'neutron.plugins.ml2.ovo_rpc._ObjectChangeHandler.handle_event-139000', 'neutron.api.rpc.agentnotifiers.dhcp_rpc_agent_api.DhcpAgentNotifyAPI._native_event_send_dhcp_notification-627980', 'neutron.db.l3_dvrscheduler_db._notify_l3_agent_new_port-8746741026223', 'neutron.services.segments.plugin.NovaSegmentNotifier._notify_port_created_or_deleted-3491820'] for port, after_create {{(pid=89034) _notify_loop /usr/local/lib/python3.8/dist-packages/neutron_lib/callbacks/manager.py:192}}
Jul 06 07:53:49.033461 dv-neutron-846032-5-hyperv neutron-server[89035]: DEBUG neutron_lib.callbacks.manager [None req-d9042d89-9ee8-4cb8-a2c8-0deff035d6ea tempest-BulkNetworkOpsIpV6Test-2073305962 tempest-BulkNetworkOpsIpV6Test-2073305962-project] Notify callbacks ['neutron.plugins.ml2.plugin.Ml2Plugin._handle_segment_change-1968264'] for segment, precommit_create {{(pid=89035) _notify_loop /usr/local/lib/python3.8/dist-packages/neutron_lib/callbacks/manager.py:192}}
Jul 06 07:53:49.033801 dv-neutron-846032-5-hyperv neutron-server[89035]: INFO neutron.db.segments_db [None req-d9042d89-9ee8-4cb8-a2c8-0deff035d6ea tempest-BulkNetworkOpsIpV6Test-2073305962 tempest-BulkNetworkOpsIpV6Test-2073305962-project] Added segment 7d362f6f-11ba-43f2-9f96-97ed1621e772 of type vlan for network b9dca3c0-3937-4b8d-b4d4-e667f9dba7b1
Jul 06 07:53:49.041575 dv-neutron-846032-5-hyperv neutron-server[89036]: DEBUG neutron.plugins.ml2.db [None req-0e343024-1e1d-42ab-a49c-4d5af493428f None None] For port 71d03caa-cd6d-44af-afb6-07ed33bbaeea, host dv-neutron-846032-5-hyperv, cleared binding levels {{(pid=89036) clear_binding_levels /opt/stack/neutron/neutron/plugins/ml2/db.py:88}}
Jul 06 07:53:49.044985 dv-neutron-846032-5-hyperv neutron-server[89036]: DEBUG neutron.plugins.ml2.db [None req-0e343024-1e1d-42ab-a49c-4d5af493428f None None] For port 71d03caa-cd6d-44af-afb6-07ed33bbaeea, host dv-neutron-846032-5-hyperv, set binding levels [PortBindingLevel(driver='openvswitch',host='dv-neutron-846032-5-hyperv',level=0,port_id=71d03caa-cd6d-44af-afb6-07ed33bbaeea,segment=NetworkSegment(c93ad87c-0fff-4020-9125-118f65ee91cf),segment_id=c93ad87c-0fff-4020-9125-118f65ee91cf)] {{(pid=89036) set_binding_levels /opt/stack/neutron/neutron/plugins/ml2/db.py:60}}
Jul 06 07:53:49.050397 dv-neutron-846032-5-hyperv neutron-server[89036]: DEBUG neutron_lib.callbacks.manager [None req-0e343024-1e1d-42ab-a49c-4d5af493428f None None] Notify callbacks ['neutron.plugins.ml2.plugin.SecurityGroupServerNotifierRpcMixin.notify_sg_on_port_change-2017359', 'neutron.plugins.ml2.ovo_rpc._ObjectChangeHandler.handle_event-139000', 'neutron.api.rpc.agentnotifiers.dhcp_rpc_agent_api.DhcpAgentNotifyAPI._native_event_send_dhcp_notification-627980', 'neutron.db.l3_db.L3RpcNotifierMixin._notify_gateway_port_ip_changed-8746741549689', 'neutron.db.l3_dvrscheduler_db._notify_l3_agent_port_update-8746741026241', 'neutron.db.l3_hascheduler_db._notify_l3_agent_ha_port_update-8746741026286'] for port, after_update {{(pid=89036) _notify_loop /usr/local/lib/python3.8/dist-packages/neutron_lib/callbacks/manager.py:192}}
Jul 06 07:53:49.060190 dv-neutron-846032-5-hyperv neutron-server[89034]: DEBUG neutron_lib.callbacks.manager [None req-f8994ae7-ddca-4463-8b31-932d242a6393 tempest-ExtraDHCPOptionsIpV6TestJSON-140070416 tempest-ExtraDHCPOptionsIpV6TestJSON-140070416-project] Notify callbacks ['neutron.plugins.ml2.plugin.SecurityGroupServerNotifierRpcMixin.notify_sg_on_port_change-2017359', 'neutron.plugins.ml2.ovo_rpc._ObjectChangeHandler.handle_event-139000', 'neutron.api.rpc.agentnotifiers.dhcp_rpc_agent_api.DhcpAgentNotifyAPI._native_event_send_dhcp_notification-627980', 'neutron.db.l3_db.L3RpcNotifierMixin._notify_gateway_port_ip_changed-8746741549689', 'neutron.db.l3_dvrscheduler_db._notify_l3_agent_port_update-8746741026241', 'neutron.db.l3_hascheduler_db._notify_l3_agent_ha_port_update-8746741026286', 'neutron.services.segments.plugin.NovaSegmentNotifier._notify_port_updated-3491835'] for port, after_update {{(pid=89034) _notify_loop /usr/local/lib/python3.8/dist-packages/neutron_lib/callbacks/manager.py:192}}
Jul 06 07:53:49.144057 dv-neutron-846032-5-hyperv neutron-server[89034]: DEBUG neutron.plugins.ml2.plugin [None req-f8994ae7-ddca-4463-8b31-932d242a6393 tempest-ExtraDHCPOptionsIpV6TestJSON-140070416 tempest-ExtraDHCPOptionsIpV6TestJSON-140070416-project] In _notify_port_updated(), no bound segment for port 787709a0-bcd3-468f-a0b9-d71ad30b28ce on network ad1b81de-9262-4227-b9e3-5ae79f613c5e {{(pid=89034) _notify_port_updated /opt/stack/neutron/neutron/plugins/ml2/plugin.py:872}}
Jul 06 07:53:49.150217 dv-neutron-846032-5-hyperv neutron-server[89034]: DEBUG neutron.pecan_wsgi.hooks.policy_enforcement [None req-f8994ae7-ddca-4463-8b31-932d242a6393 tempest-ExtraDHCPOptionsIpV6TestJSON-140070416 tempest-ExtraDHCPOptionsIpV6TestJSON-140070416-project] Attributes excluded by policy engine: ['standard_attr_id', 'binding:profile', 'binding:host_id', 'binding:vif_type', 'binding:vif_details'] {{(pid=89034) _exclude_attributes_by_policy /opt/stack/neutron/neutron/pecan_wsgi/hooks/policy_enforcement.py:259}}
Jul 06 07:53:49.151257 dv-neutron-846032-5-hyperv neutron-server[89034]: DEBUG neutron_lib.callbacks.manager [None req-f8994ae7-ddca-4463-8b31-932d242a6393 tempest-ExtraDHCPOptionsIpV6TestJSON-140070416 tempest-ExtraDHCPOptionsIpV6TestJSON-140070416-project] Notify callbacks ['neutron.notifiers.nova.Notifier._send_nova_notification-252399', 'neutron.api.rpc.agentnotifiers.dhcp_rpc_agent_api.DhcpAgentNotifyAPI._send_dhcp_notification-627998'] for port, before_response {{(pid=89034) _notify_loop /usr/local/lib/python3.8/dist-packages/neutron_lib/callbacks/manager.py:192}}
Jul 06 07:53:49.152725 dv-neutron-846032-5-hyperv neutron-server[89034]: INFO neutron.wsgi [None req-f8994ae7-ddca-4463-8b31-932d242a6393 tempest-ExtraDHCPOptionsIpV6TestJSON-140070416 tempest-ExtraDHCPOptionsIpV6TestJSON-140070416-project] 10.222.0.18 "PUT /v2.0/ports/787709a0-bcd3-468f-a0b9-d71ad30b28ce HTTP/1.1" status: 200 len: 1129 time: 1.9057705
Jul 06 07:53:49.159231 dv-neutron-846032-5-hyperv neutron-server[89036]: DEBUG neutron.db.l3_dvrscheduler_db [None req-0e343024-1e1d-42ab-a49c-4d5af493428f None None] Routers {'4b13fea6-b8be-413d-a02d-07266a367d7e'} bound to L3 agent in host dv-neutron-846032-5-hyperv {{(pid=89036) _get_router_ids_for_agent /opt/stack/neutron/neutron/db/l3_dvrscheduler_db.py:423}}
Jul 06 07:53:49.159958 dv-neutron-846032-5-hyperv neutron-server[89036]: DEBUG neutron.db.l3_hamode_db [None req-0e343024-1e1d-42ab-a49c-4d5af493428f None None] neutron.services.l3_router.l3_router_plugin.L3RouterPlugin method get_ha_sync_data_for_host called with arguments (, 'dv-neutron-846032-5-hyperv', Agent(admin_state_up=True,agent_type='L3 agent',availability_zone='nova',binary='neutron-l3-agent',configurations={"agent_mode": "legacy", "ex_gw_ports": 1, "extensions": [], "floating_ips": 0, "handle_internal_only_routers": true, "interface_driver": "openvswitch", "interfaces": 1, "log_agent_heartbeats": false, "routers": 1},created_at=2022-07-06T07:45:25Z,description=,heartbeat_timestamp=2022-07-06T07:53:25Z,host='dv-neutron-846032-5-hyperv',id=c0f25db0-05d0-409c-8dc2-843abab79164,load=0,resource_versions=,resources_synced=,started_at=2022-07-06T07:45:25Z,topic='l3_agent')) {'router_ids': ['4b13fea6-b8be-413d-a02d-07266a367d7e'], 'active': True} {{(pid=89036) wrapper /usr/local/lib/python3.8/dist-packages/oslo_log/helpers.py:65}}
Jul 06 07:53:49.161282 dv-neutron-846032-5-hyperv neutron-server[89034]: DEBUG neutron.scheduler.dhcp_agent_scheduler [None req-14c8bb0b-3774-48ee-916f-e40125caa7d9 admin admin] Network 89e64479-8c56-4248-82cb-38cdc90a6417 is already hosted by enough agents. {{(pid=89034) _get_dhcp_agents_hosting_network /opt/stack/neutron/neutron/scheduler/dhcp_agent_scheduler.py:275}}
Jul 06 07:53:49.164636 dv-neutron-846032-5-hyperv neutron-server[89034]: DEBUG neutron.wsgi [-] (89034) accepted ('10.222.0.18', 33962) {{(pid=89034) server /usr/local/lib/python3.8/dist-packages/eventlet/wsgi.py:992}}
Jul 06 07:53:49.213272 dv-neutron-846032-5-hyperv neutron-server[89034]: DEBUG neutron.scheduler.base_scheduler [None req-14c8bb0b-3774-48ee-916f-e40125caa7d9 admin admin] Resources bound (agent type, host, resource id): {{(pid=89034) schedule /opt/stack/neutron/neutron/scheduler/base_scheduler.py:57}}
Jul 06 07:53:49.225400 dv-neutron-846032-5-hyperv neutron-server[89034]: DEBUG neutron.db.l3_dvrscheduler_db [None req-14c8bb0b-3774-48ee-916f-e40125caa7d9 admin admin] Received port after_create {{(pid=89034) _notify_l3_agent_new_port /opt/stack/neutron/neutron/db/l3_dvrscheduler_db.py:538}}
Jul 06 07:53:49.246409 dv-neutron-846032-5-hyperv neutron-server[89035]: DEBUG neutron_lib.callbacks.manager [None req-4cfa94b3-bba3-46db-b5cc-7e2ef4ef36ea tempest-RoutersAdminTest-1983081484 tempest-RoutersAdminTest-1983081484-project-admin] Notify callbacks ['neutron.services.l3_router.l3_router_plugin.DVRResourceOperationHandler._handle_distributed_migration-575812', 'neutron.services.l3_router.l3_router_plugin.L3_HA_NAT_db_mixin._validate_migration-573508', 'neutron.services.l3_router.service_providers.driver_controller.DriverController._update_router_provider-4525'] for router, precommit_update {{(pid=89035) _notify_loop /usr/local/lib/python3.8/dist-packages/neutron_lib/callbacks/manager.py:192}}
Jul 06 07:53:49.254147 dv-neutron-846032-5-hyperv neutron-server[89035]: DEBUG neutron.api.rpc.handlers.resources_rpc [None req-62a88d30-516f-491d-a909-262d05ad731f tempest-ExternalNetworksTestJSON-1897112057 tempest-ExternalNetworksTestJSON-1897112057-project-admin] Pushing event updated for resources: {'Port': ['ID=be352312-7de2-4d1d-bfb1-9082ebd0cc61,revision_number=2']} {{(pid=89035) push /opt/stack/neutron/neutron/api/rpc/handlers/resources_rpc.py:237}}
Jul 06 07:53:49.265497 dv-neutron-846032-5-hyperv neutron-server[89035]: DEBUG neutron_lib.callbacks.manager [None req-d9042d89-9ee8-4cb8-a2c8-0deff035d6ea tempest-BulkNetworkOpsIpV6Test-2073305962 tempest-BulkNetworkOpsIpV6Test-2073305962-project] Notify callbacks ['neutron.services.auto_allocate.db._ensure_external_network_default_value_callback-8746741013041'] for network, precommit_create {{(pid=89035) _notify_loop /usr/local/lib/python3.8/dist-packages/neutron_lib/callbacks/manager.py:192}}
Jul 06 07:53:49.269226 dv-neutron-846032-5-hyperv neutron-server[89035]: DEBUG neutron_lib.callbacks.manager [None req-62a88d30-516f-491d-a909-262d05ad731f tempest-ExternalNetworksTestJSON-1897112057 tempest-ExternalNetworksTestJSON-1897112057-project-admin] Notify callbacks ['neutron.services.l3_router.l3_router_plugin.DVRResourceOperationHandler._create_dvr_floating_gw_port-573684'] for floatingip, after_update {{(pid=89035) _notify_loop /usr/local/lib/python3.8/dist-packages/neutron_lib/callbacks/manager.py:192}}
Jul 06 07:53:49.311005 dv-neutron-846032-5-hyperv neutron-server[89034]: DEBUG neutron_lib.callbacks.manager [None req-81ad004f-b306-4bae-a06c-cd0352369deb admin admin] Notify callbacks [] for security_group, before_delete {{(pid=89034) _notify_loop /usr/local/lib/python3.8/dist-packages/neutron_lib/callbacks/manager.py:192}}
Jul 06 07:53:49.364920 dv-neutron-846032-5-hyperv neutron-server[89034]: DEBUG neutron_lib.callbacks.manager [None req-7e210b5e-8bbc-4745-948f-b59ec4f88e5d admin admin] Notify callbacks ['neutron.plugins.ml2.ovo_rpc._ObjectChangeHandler.handle_event-1037731'] for security_group, after_delete {{(pid=89034) _notify_loop /usr/local/lib/python3.8/dist-packages/neutron_lib/callbacks/manager.py:192}}
Jul 06 07:53:49.391182 dv-neutron-846032-5-hyperv neutron-server[89036]: DEBUG neutron.db.l3_dvr_db [None req-0e343024-1e1d-42ab-a49c-4d5af493428f None None] Set router 4b13fea6-b8be-413d-a02d-07266a367d7e gateway port host: dv-neutron-846032-5-hyperv {{(pid=89036) _build_routers_list /opt/stack/neutron/neutron/db/l3_dvr_db.py:875}}
Jul 06 07:53:49.393924 dv-neutron-846032-5-hyperv neutron-server[89034]: DEBUG neutron.api.rpc.handlers.resources_rpc [None req-14c8bb0b-3774-48ee-916f-e40125caa7d9 admin admin] Pushing event updated for resources: {'Port': ['ID=4195f408-888a-4215-ad16-c7ff9d940d53,revision_number=1']} {{(pid=89034) push /opt/stack/neutron/neutron/api/rpc/handlers/resources_rpc.py:237}}
Jul 06 07:53:49.416515 dv-neutron-846032-5-hyperv neutron-server[89034]: DEBUG neutron.api.rpc.handlers.resources_rpc [None req-7e210b5e-8bbc-4745-948f-b59ec4f88e5d admin admin] Pushing event deleted for resources: {'SecurityGroup': ['ID=14023420-ba8b-4372-8fd7-c8cfeb9e95bd,revision_number=None']} {{(pid=89034) push /opt/stack/neutron/neutron/api/rpc/handlers/resources_rpc.py:237}}
Jul 06 07:53:49.462343 dv-neutron-846032-5-hyperv neutron-server[89034]: DEBUG neutron.pecan_wsgi.hooks.policy_enforcement [None req-70a97d26-8860-4bc0-9f1b-51cf731dd7ee tempest-ExtraDHCPOptionsIpV6TestJSON-140070416 tempest-ExtraDHCPOptionsIpV6TestJSON-140070416-project] Attributes excluded by policy engine: ['standard_attr_id', 'binding:profile', 'binding:host_id', 'binding:vif_type', 'binding:vif_details'] {{(pid=89034) _exclude_attributes_by_policy /opt/stack/neutron/neutron/pecan_wsgi/hooks/policy_enforcement.py:259}}
Jul 06 07:53:49.463784 dv-neutron-846032-5-hyperv neutron-server[89034]: INFO neutron.wsgi [None req-70a97d26-8860-4bc0-9f1b-51cf731dd7ee tempest-ExtraDHCPOptionsIpV6TestJSON-140070416 tempest-ExtraDHCPOptionsIpV6TestJSON-140070416-project] 10.222.0.18 "GET /v2.0/ports/787709a0-bcd3-468f-a0b9-d71ad30b28ce HTTP/1.1" status: 200 len: 1129 time: 0.2991698
Jul 06 07:53:49.490251 dv-neutron-846032-5-hyperv neutron-server[89036]: DEBUG neutron.api.rpc.handlers.resources_rpc [None req-dfacc963-e671-4738-bec9-311249e32ab7 None None] Pushing event updated for resources: {'Port': ['ID=71d03caa-cd6d-44af-afb6-07ed33bbaeea,revision_number=3']} {{(pid=89036) push /opt/stack/neutron/neutron/api/rpc/handlers/resources_rpc.py:237}}
Jul 06 07:53:49.492401 dv-neutron-846032-5-hyperv neutron-server[89034]: DEBUG neutron.wsgi [-] (89034) accepted ('10.222.0.18', 33966) {{(pid=89034) server /usr/local/lib/python3.8/dist-packages/eventlet/wsgi.py:992}}
Jul 06 07:53:49.495983 dv-neutron-846032-5-hyperv neutron-server[89035]: DEBUG neutron_lib.db.resource_extend [None req-d9042d89-9ee8-4cb8-a2c8-0deff035d6ea tempest-BulkNetworkOpsIpV6Test-2073305962 tempest-BulkNetworkOpsIpV6Test-2073305962-project] It took 0.20 seconds to run function 'neutron_lib.db.resource_extend.apply_funcs' {{(pid=89035) wrapper /usr/local/lib/python3.8/dist-packages/oslo_utils/timeutils.py:386}}
Jul 06 07:53:49.527156 dv-neutron-846032-5-hyperv neutron-server[89035]: DEBUG neutron_lib.callbacks.manager [None req-62a88d30-516f-491d-a909-262d05ad731f tempest-ExternalNetworksTestJSON-1897112057 tempest-ExternalNetworksTestJSON-1897112057-project-admin] Notify callbacks ['neutron.notifiers.nova.Notifier._send_nova_notification-252399'] for floatingip, before_response {{(pid=89035) _notify_loop /usr/local/lib/python3.8/dist-packages/neutron_lib/callbacks/manager.py:192}}
Jul 06 07:53:49.532076 dv-neutron-846032-5-hyperv neutron-server[89034]: DEBUG neutron_lib.callbacks.manager [None req-7e210b5e-8bbc-4745-948f-b59ec4f88e5d admin admin] Notify callbacks [] for security_group, before_response {{(pid=89034) _notify_loop /usr/local/lib/python3.8/dist-packages/neutron_lib/callbacks/manager.py:192}}
Jul 06 07:53:49.535448 dv-neutron-846032-5-hyperv neutron-server[89034]: INFO neutron.wsgi [None req-7e210b5e-8bbc-4745-948f-b59ec4f88e5d admin admin] 10.222.0.18 "DELETE /v2.0/security-groups/14023420-ba8b-4372-8fd7-c8cfeb9e95bd HTTP/1.1" status: 204 len: 168 time: 1.2482784
Jul 06 07:53:49.535448 dv-neutron-846032-5-hyperv neutron-server[89034]: DEBUG neutron_lib.callbacks.manager [None req-14c8bb0b-3774-48ee-916f-e40125caa7d9 admin admin] Notify callbacks ['neutron.services.l3_router.l3_router_plugin.DVRResourceOperationHandler._add_csnat_on_interface_create-573545'] for router_interface, before_create {{(pid=89034) _notify_loop /usr/local/lib/python3.8/dist-packages/neutron_lib/callbacks/manager.py:192}}
Jul 06 07:53:49.537924 dv-neutron-846032-5-hyperv neutron-server[89035]: INFO neutron.wsgi [None req-62a88d30-516f-491d-a909-262d05ad731f tempest-ExternalNetworksTestJSON-1897112057 tempest-ExternalNetworksTestJSON-1897112057-project-admin] 10.222.0.18 "POST /v2.0/floatingips HTTP/1.1" status: 201 len: 691 time: 4.4382696
Jul 06 07:53:49.538867 dv-neutron-846032-5-hyperv neutron-server[89035]: DEBUG neutron.wsgi [-] (89035) accepted ('10.222.0.18', 33970) {{(pid=89035) server /usr/local/lib/python3.8/dist-packages/eventlet/wsgi.py:992}}
Jul 06 07:53:49.635946 dv-neutron-846032-5-hyperv neutron-server[89035]: DEBUG neutron.quota.resource [None req-2e8faf9f-376b-4fb3-be79-d21a01b7041f tempest-ExternalNetworksTestJSON-1897112057 tempest-ExternalNetworksTestJSON-1897112057-project-admin] Synchronizing usage tracker for tenant:e054b45b02ee4cc5b152c7416d65af31 on resource:floatingip {{(pid=89035) resync /opt/stack/neutron/neutron/quota/resource.py:241}}
Jul 06 07:53:49.658054 dv-neutron-846032-5-hyperv neutron-server[89035]: DEBUG neutron_lib.callbacks.manager [None req-d9042d89-9ee8-4cb8-a2c8-0deff035d6ea tempest-BulkNetworkOpsIpV6Test-2073305962 tempest-BulkNetworkOpsIpV6Test-2073305962-project] Notify callbacks ['neutron.plugins.ml2.ovo_rpc._ObjectChangeHandler.handle_event-1037682', 'neutron.api.rpc.agentnotifiers.dhcp_rpc_agent_api.DhcpAgentNotifyAPI._native_event_send_dhcp_notification-627980'] for network, after_create {{(pid=89035) _notify_loop /usr/local/lib/python3.8/dist-packages/neutron_lib/callbacks/manager.py:192}}
Jul 06 07:53:49.665837 dv-neutron-846032-5-hyperv neutron-server[89035]: DEBUG neutron.pecan_wsgi.hooks.policy_enforcement [None req-d9042d89-9ee8-4cb8-a2c8-0deff035d6ea tempest-BulkNetworkOpsIpV6Test-2073305962 tempest-BulkNetworkOpsIpV6Test-2073305962-project] Attributes excluded by policy engine: ['standard_attr_id', 'provider:network_type', 'provider:physical_network', 'provider:segmentation_id', 'vlan_transparent'] {{(pid=89035) _exclude_attributes_by_policy /opt/stack/neutron/neutron/pecan_wsgi/hooks/policy_enforcement.py:259}}
Jul 06 07:53:49.667061 dv-neutron-846032-5-hyperv neutron-server[89035]: DEBUG neutron_lib.callbacks.manager [None req-d9042d89-9ee8-4cb8-a2c8-0deff035d6ea tempest-BulkNetworkOpsIpV6Test-2073305962 tempest-BulkNetworkOpsIpV6Test-2073305962-project] Notify callbacks ['neutron.api.rpc.agentnotifiers.dhcp_rpc_agent_api.DhcpAgentNotifyAPI._send_dhcp_notification-627998'] for network, before_response {{(pid=89035) _notify_loop /usr/local/lib/python3.8/dist-packages/neutron_lib/callbacks/manager.py:192}}
Jul 06 07:53:49.732473 dv-neutron-846032-5-hyperv neutron-server[89036]: DEBUG neutron.db.provisioning_blocks [None req-61ddec0f-324e-495e-8d6c-b61cb6cf2df5 None None] Provisioning complete for port 787709a0-bcd3-468f-a0b9-d71ad30b28ce triggered by entity DHCP. {{(pid=89036) provisioning_complete /opt/stack/neutron/neutron/db/provisioning_blocks.py:139}}
Jul 06 07:53:49.733010 dv-neutron-846032-5-hyperv neutron-server[89036]: DEBUG neutron_lib.callbacks.manager [None req-61ddec0f-324e-495e-8d6c-b61cb6cf2df5 None None] Notify callbacks ['neutron.plugins.ml2.plugin.Ml2Plugin._port_provisioned-2037384'] for port, provisioning_complete {{(pid=89036) _notify_loop /usr/local/lib/python3.8/dist-packages/neutron_lib/callbacks/manager.py:192}}
Jul 06 07:53:49.758810 dv-neutron-846032-5-hyperv neutron-server[89034]: DEBUG neutron_lib.callbacks.manager [None req-81ad004f-b306-4bae-a06c-cd0352369deb admin admin] Notify callbacks [] for security_group, precommit_delete {{(pid=89034) _notify_loop /usr/local/lib/python3.8/dist-packages/neutron_lib/callbacks/manager.py:192}}
Jul 06 07:53:49.768312 dv-neutron-846032-5-hyperv neutron-server[89035]: DEBUG neutron.quota.resource [None req-2e8faf9f-376b-4fb3-be79-d21a01b7041f tempest-ExternalNetworksTestJSON-1897112057 tempest-ExternalNetworksTestJSON-1897112057-project-admin] Unset dirty status for tenant:e054b45b02ee4cc5b152c7416d65af31 on resource:floatingip {{(pid=89035) _resync /opt/stack/neutron/neutron/quota/resource.py:233}}
Jul 06 07:53:49.772293 dv-neutron-846032-5-hyperv neutron-server[89035]: INFO neutron.wsgi [None req-2e8faf9f-376b-4fb3-be79-d21a01b7041f tempest-ExternalNetworksTestJSON-1897112057 tempest-ExternalNetworksTestJSON-1897112057-project-admin] 10.222.0.18 "GET /v2.0/floatingips?floating_network_id=289a802b-8617-475a-9695-2b8e9c671536 HTTP/1.1" status: 200 len: 689 time: 0.2278578
Jul 06 07:53:49.777517 dv-neutron-846032-5-hyperv neutron-server[89035]: DEBUG neutron.wsgi [-] (89035) accepted ('10.222.0.18', 33976) {{(pid=89035) server /usr/local/lib/python3.8/dist-packages/eventlet/wsgi.py:992}}
Jul 06 07:53:49.778359 dv-neutron-846032-5-hyperv neutron-server[89035]: DEBUG neutron.api.rpc.handlers.resources_rpc [None req-d9042d89-9ee8-4cb8-a2c8-0deff035d6ea tempest-BulkNetworkOpsIpV6Test-2073305962 tempest-BulkNetworkOpsIpV6Test-2073305962-project] Pushing event updated for resources: {'Network': ['ID=b9dca3c0-3937-4b8d-b4d4-e667f9dba7b1,revision_number=1']} {{(pid=89035) push /opt/stack/neutron/neutron/api/rpc/handlers/resources_rpc.py:237}}
Jul 06 07:53:49.798517 dv-neutron-846032-5-hyperv neutron-server[89036]: DEBUG neutron.plugins.ml2.plugin [None req-61ddec0f-324e-495e-8d6c-b61cb6cf2df5 None None] Port 787709a0-bcd3-468f-a0b9-d71ad30b28ce cannot update to ACTIVE because it is not bound. {{(pid=89036) _port_provisioned /opt/stack/neutron/neutron/plugins/ml2/plugin.py:339}}
Jul 06 07:53:49.804346 dv-neutron-846032-5-hyperv neutron-server[89036]: DEBUG neutron.plugins.ml2.rpc [None req-0b07188f-a0f3-43d3-8807-f574e7b98676 None None] Network b9dca3c0-3937-4b8d-b4d4-e667f9dba7b1 details requested by agent ovs-agent-dv-neutron-846032-5-hyperv with host dv-neutron-846032-5-hyperv {{(pid=89036) get_network_details /opt/stack/neutron/neutron/plugins/ml2/rpc.py:232}}
Jul 06 07:53:49.889811 dv-neutron-846032-5-hyperv neutron-server[89034]: DEBUG neutron.api.rpc.handlers.resources_rpc [None req-f8994ae7-ddca-4463-8b31-932d242a6393 tempest-ExtraDHCPOptionsIpV6TestJSON-140070416 tempest-ExtraDHCPOptionsIpV6TestJSON-140070416-project] Pushing event updated for resources: {'Port': ['ID=787709a0-bcd3-468f-a0b9-d71ad30b28ce,revision_number=2']} {{(pid=89034) push /opt/stack/neutron/neutron/api/rpc/handlers/resources_rpc.py:237}}
Jul 06 07:53:49.890267 dv-neutron-846032-5-hyperv neutron-server[89035]: INFO neutron.wsgi [None req-d9042d89-9ee8-4cb8-a2c8-0deff035d6ea tempest-BulkNetworkOpsIpV6Test-2073305962 tempest-BulkNetworkOpsIpV6Test-2073305962-project] 10.222.0.18 "POST /v2.0/networks HTTP/1.1" status: 201 len: 790 time: 1.3567414
Jul 06 07:53:49.890934 dv-neutron-846032-5-hyperv neutron-server[89035]: DEBUG neutron.wsgi [-] (89035) accepted ('10.222.0.18', 33982) {{(pid=89035) server /usr/local/lib/python3.8/dist-packages/eventlet/wsgi.py:992}}
