Jun 29 16:10:38.275033 dv-neutron-846032-4-hyperv devstack@placement-api.service[89301]: INFO placement.requestlog [req-06257b5d-7c5d-4df3-b750-bbe9e44f9d85 req-1e7e876a-7a66-43e0-a817-e2afc736cf63 service placement] 10.222.0.20 "GET /placement/allocation_candidates?limit=1000&resources=DISK_GB%3A1%2CMEMORY_MB%3A512%2CVCPU%3A1&root_required=%21COMPUTE_STATUS_DISABLED" status: 200 len: 766 microversion: 1.35
Jun 29 16:10:38.275250 dv-neutron-846032-4-hyperv devstack@placement-api.service[89301]: [pid: 89301|app: 0|req: 225/453] 10.222.0.20 () {60 vars in 1504 bytes} [Wed Jun 29 16:10:38 2022] GET /placement/allocation_candidates?limit=1000&resources=DISK_GB%3A1%2CMEMORY_MB%3A512%2CVCPU%3A1&root_required=%21COMPUTE_STATUS_DISABLED => generated 766 bytes in 61 msecs (HTTP/1.1 200) 8 headers in 296 bytes (2 switches on core 0)
Jun 29 16:10:38.311291 dv-neutron-846032-4-hyperv devstack@placement-api.service[89300]: DEBUG placement.requestlog [req-06257b5d-7c5d-4df3-b750-bbe9e44f9d85 req-49be50b8-6b95-450d-81e4-970aad07ef27 None None] Starting request: 10.222.0.20 "GET /placement/allocations/1c6a53b9-bc05-4e08-adfd-798a32571f6d" {{(pid=89300) __call__ /opt/stack/placement/placement/requestlog.py:55}}
Jun 29 16:10:38.322197 dv-neutron-846032-4-hyperv devstack@placement-api.service[89300]: INFO placement.requestlog [req-06257b5d-7c5d-4df3-b750-bbe9e44f9d85 req-49be50b8-6b95-450d-81e4-970aad07ef27 service placement] 10.222.0.20 "GET /placement/allocations/1c6a53b9-bc05-4e08-adfd-798a32571f6d" status: 200 len: 19 microversion: 1.28
Jun 29 16:10:38.322416 dv-neutron-846032-4-hyperv devstack@placement-api.service[89300]: [pid: 89300|app: 0|req: 229/454] 10.222.0.20 () {60 vars in 1380 bytes} [Wed Jun 29 16:10:38 2022] GET /placement/allocations/1c6a53b9-bc05-4e08-adfd-798a32571f6d => generated 19 bytes in 11 msecs (HTTP/1.1 200) 8 headers in 295 bytes (1 switches on core 0)
Jun 29 16:10:38.327571 dv-neutron-846032-4-hyperv devstack@placement-api.service[89301]: DEBUG placement.requestlog [req-06257b5d-7c5d-4df3-b750-bbe9e44f9d85 req-adf52e7c-9e91-4084-b838-fd688b351877 None None] Starting request: 10.222.0.20 "PUT /placement/allocations/1c6a53b9-bc05-4e08-adfd-798a32571f6d" {{(pid=89301) __call__ /opt/stack/placement/placement/requestlog.py:55}}
Jun 29 16:10:38.382234 dv-neutron-846032-4-hyperv devstack@placement-api.service[89301]: DEBUG placement.handlers.allocation [req-06257b5d-7c5d-4df3-b750-bbe9e44f9d85 req-adf52e7c-9e91-4084-b838-fd688b351877 service placement] Successfully wrote allocations [, , ] {{(pid=89301) _create_allocations /opt/stack/placement/placement/handlers/allocation.py:435}}
Jun 29 16:10:38.382702 dv-neutron-846032-4-hyperv devstack@placement-api.service[89301]: INFO placement.requestlog [req-06257b5d-7c5d-4df3-b750-bbe9e44f9d85 req-adf52e7c-9e91-4084-b838-fd688b351877 service placement] 10.222.0.20 "PUT /placement/allocations/1c6a53b9-bc05-4e08-adfd-798a32571f6d" status: 204 len: 0 microversion: 1.35
Jun 29 16:10:38.382934 dv-neutron-846032-4-hyperv devstack@placement-api.service[89301]: [pid: 89301|app: 0|req: 226/455] 10.222.0.20 () {64 vars in 1433 bytes} [Wed Jun 29 16:10:38 2022] PUT /placement/allocations/1c6a53b9-bc05-4e08-adfd-798a32571f6d => generated 0 bytes in 56 msecs (HTTP/1.1 204) 5 headers in 199 bytes (2 switches on core 0)
Jun 29 16:10:38.541863 dv-neutron-846032-4-hyperv devstack@placement-api.service[89300]: DEBUG placement.requestlog [req-06257b5d-7c5d-4df3-b750-bbe9e44f9d85 req-53349c86-578a-4e0c-b893-5b23cb1d95f1 None None] Starting request: 10.222.0.43 "GET /placement/allocations/1c6a53b9-bc05-4e08-adfd-798a32571f6d" {{(pid=89300) __call__ /opt/stack/placement/placement/requestlog.py:55}}
Jun 29 16:10:38.557470 dv-neutron-846032-4-hyperv devstack@placement-api.service[89300]: INFO placement.requestlog [req-06257b5d-7c5d-4df3-b750-bbe9e44f9d85 req-53349c86-578a-4e0c-b893-5b23cb1d95f1 service placement] 10.222.0.43 "GET /placement/allocations/1c6a53b9-bc05-4e08-adfd-798a32571f6d" status: 200 len: 258 microversion: 1.28
Jun 29 16:10:38.557775 dv-neutron-846032-4-hyperv devstack@placement-api.service[89300]: [pid: 89300|app: 0|req: 230/456] 10.222.0.43 () {60 vars in 1377 bytes} [Wed Jun 29 16:10:38 2022] GET /placement/allocations/1c6a53b9-bc05-4e08-adfd-798a32571f6d => generated 258 bytes in 16 msecs (HTTP/1.1 200) 8 headers in 296 bytes (2 switches on core 0)
Jun 29 16:11:12.909477 dv-neutron-846032-4-hyperv devstack@placement-api.service[89301]: DEBUG placement.requestlog [req-06257b5d-7c5d-4df3-b750-bbe9e44f9d85 req-f707152b-5b17-4dba-a9fa-20e2a902a35b None None] Starting request: 10.222.0.43 "GET /placement/allocations/1c6a53b9-bc05-4e08-adfd-798a32571f6d" {{(pid=89301) __call__ /opt/stack/placement/placement/requestlog.py:55}}
Jun 29 16:11:12.925205 dv-neutron-846032-4-hyperv devstack@placement-api.service[89301]: INFO placement.requestlog [req-06257b5d-7c5d-4df3-b750-bbe9e44f9d85 req-f707152b-5b17-4dba-a9fa-20e2a902a35b service placement] 10.222.0.43 "GET /placement/allocations/1c6a53b9-bc05-4e08-adfd-798a32571f6d" status: 200 len: 258 microversion: 1.28
Jun 29 16:11:12.925385 dv-neutron-846032-4-hyperv devstack@placement-api.service[89301]: [pid: 89301|app: 0|req: 227/457] 10.222.0.43 () {60 vars in 1377 bytes} [Wed Jun 29 16:11:12 2022] GET /placement/allocations/1c6a53b9-bc05-4e08-adfd-798a32571f6d => generated 258 bytes in 16 msecs (HTTP/1.1 200) 8 headers in 296 bytes (1 switches on core 0)
Jun 29 16:11:17.512808 dv-neutron-846032-4-hyperv devstack@placement-api.service[89300]: DEBUG placement.requestlog [req-30ae9cdb-000e-4a8e-93ad-ad215be21143 req-1905cb09-9faf-4d90-98f8-6bfc3f8c60a5 None None] Starting request: 10.222.0.43 "GET /placement/allocations/032c579f-1001-4785-9207-20fdc7a6fc3d" {{(pid=89300) __call__ /opt/stack/placement/placement/requestlog.py:55}}
Jun 29 16:11:17.527406 dv-neutron-846032-4-hyperv devstack@placement-api.service[89300]: INFO placement.requestlog [req-30ae9cdb-000e-4a8e-93ad-ad215be21143 req-1905cb09-9faf-4d90-98f8-6bfc3f8c60a5 service placement] 10.222.0.43 "GET /placement/allocations/032c579f-1001-4785-9207-20fdc7a6fc3d" status: 200 len: 259 microversion: 1.28
Jun 29 16:11:17.527714 dv-neutron-846032-4-hyperv devstack@placement-api.service[89300]: [pid: 89300|app: 0|req: 231/458] 10.222.0.43 () {60 vars in 1377 bytes} [Wed Jun 29 16:11:17 2022] GET /placement/allocations/032c579f-1001-4785-9207-20fdc7a6fc3d => generated 259 bytes in 16 msecs (HTTP/1.1 200) 8 headers in 296 bytes (1 switches on core 0)
Jun 29 16:11:17.534326 dv-neutron-846032-4-hyperv devstack@placement-api.service[89301]: DEBUG placement.requestlog [req-30ae9cdb-000e-4a8e-93ad-ad215be21143 req-82694daf-4eea-4a95-85fa-3dcc0fcd908d None None] Starting request: 10.222.0.43 "PUT /placement/allocations/032c579f-1001-4785-9207-20fdc7a6fc3d" {{(pid=89301) __call__ /opt/stack/placement/placement/requestlog.py:55}}
Jun 29 16:11:17.581629 dv-neutron-846032-4-hyperv devstack@placement-api.service[89301]: DEBUG placement.handlers.allocation [req-30ae9cdb-000e-4a8e-93ad-ad215be21143 req-82694daf-4eea-4a95-85fa-3dcc0fcd908d service placement] Successfully wrote allocations [, , ] {{(pid=89301) _create_allocations /opt/stack/placement/placement/handlers/allocation.py:435}}
Jun 29 16:11:17.582103 dv-neutron-846032-4-hyperv devstack@placement-api.service[89301]: INFO placement.requestlog [req-30ae9cdb-000e-4a8e-93ad-ad215be21143 req-82694daf-4eea-4a95-85fa-3dcc0fcd908d service placement] 10.222.0.43 "PUT /placement/allocations/032c579f-1001-4785-9207-20fdc7a6fc3d" status: 204 len: 0 microversion: 1.28
Jun 29 16:11:17.582352 dv-neutron-846032-4-hyperv devstack@placement-api.service[89301]: [pid: 89301|app: 0|req: 228/459] 10.222.0.43 () {64 vars in 1430 bytes} [Wed Jun 29 16:11:17 2022] PUT /placement/allocations/032c579f-1001-4785-9207-20fdc7a6fc3d => generated 0 bytes in 48 msecs (HTTP/1.1 204) 5 headers in 199 bytes (1 switches on core 0)
Jun 29 16:11:20.833500 dv-neutron-846032-4-hyperv devstack@placement-api.service[89300]: DEBUG placement.requestlog [req-30ae9cdb-000e-4a8e-93ad-ad215be21143 req-b3da515e-f4fe-436a-a209-6234a86cd2dd None None] Starting request: 10.222.0.43 "GET /placement/allocations/1c6a53b9-bc05-4e08-adfd-798a32571f6d" {{(pid=89300) __call__ /opt/stack/placement/placement/requestlog.py:55}}
Jun 29 16:11:20.849571 dv-neutron-846032-4-hyperv devstack@placement-api.service[89300]: INFO placement.requestlog [req-30ae9cdb-000e-4a8e-93ad-ad215be21143 req-b3da515e-f4fe-436a-a209-6234a86cd2dd service placement] 10.222.0.43 "GET /placement/allocations/1c6a53b9-bc05-4e08-adfd-798a32571f6d" status: 200 len: 258 microversion: 1.28
Jun 29 16:11:20.850092 dv-neutron-846032-4-hyperv devstack@placement-api.service[89300]: [pid: 89300|app: 0|req: 232/460] 10.222.0.43 () {60 vars in 1377 bytes} [Wed Jun 29 16:11:20 2022] GET /placement/allocations/1c6a53b9-bc05-4e08-adfd-798a32571f6d => generated 258 bytes in 17 msecs (HTTP/1.1 200) 8 headers in 296 bytes (1 switches on core 0)
Jun 29 16:11:20.856489 dv-neutron-846032-4-hyperv devstack@placement-api.service[89301]: DEBUG placement.requestlog [req-30ae9cdb-000e-4a8e-93ad-ad215be21143 req-1f9140c8-c3fa-4831-8ea3-223ed2b8ccf6 None None] Starting request: 10.222.0.43 "PUT /placement/allocations/1c6a53b9-bc05-4e08-adfd-798a32571f6d" {{(pid=89301) __call__ /opt/stack/placement/placement/requestlog.py:55}}
Jun 29 16:11:20.902561 dv-neutron-846032-4-hyperv devstack@placement-api.service[89301]: DEBUG placement.handlers.allocation [req-30ae9cdb-000e-4a8e-93ad-ad215be21143 req-1f9140c8-c3fa-4831-8ea3-223ed2b8ccf6 service placement] Successfully wrote allocations [, , ] {{(pid=89301) _create_allocations /opt/stack/placement/placement/handlers/allocation.py:435}}
Jun 29 16:11:20.903367 dv-neutron-846032-4-hyperv devstack@placement-api.service[89301]: INFO placement.requestlog [req-30ae9cdb-000e-4a8e-93ad-ad215be21143 req-1f9140c8-c3fa-4831-8ea3-223ed2b8ccf6 service placement] 10.222.0.43 "PUT /placement/allocations/1c6a53b9-bc05-4e08-adfd-798a32571f6d" status: 204 len: 0 microversion: 1.28
Jun 29 16:11:20.903900 dv-neutron-846032-4-hyperv devstack@placement-api.service[89301]: [pid: 89301|app: 0|req: 229/461] 10.222.0.43 () {64 vars in 1430 bytes} [Wed Jun 29 16:11:20 2022] PUT /placement/allocations/1c6a53b9-bc05-4e08-adfd-798a32571f6d => generated 0 bytes in 48 msecs (HTTP/1.1 204) 5 headers in 199 bytes (2 switches on core 0)
Jun 29 16:11:26.685017 dv-neutron-846032-4-hyperv devstack@placement-api.service[89300]: DEBUG placement.requestlog [None req-04fa0a35-31c7-4df6-805b-2b8bf2b1aefb None None] Starting request: 10.222.0.20 "GET /placement/resource_providers/d3505484-e3ab-4aa8-aa88-19f12a45242f/aggregates" {{(pid=89300) __call__ /opt/stack/placement/placement/requestlog.py:55}}
Jun 29 16:11:26.695522 dv-neutron-846032-4-hyperv devstack@placement-api.service[89300]: INFO placement.requestlog [None req-04fa0a35-31c7-4df6-805b-2b8bf2b1aefb service placement] 10.222.0.20 "GET /placement/resource_providers/d3505484-e3ab-4aa8-aa88-19f12a45242f/aggregates" status: 404 len: 235 microversion: 1.1
Jun 29 16:11:26.695818 dv-neutron-846032-4-hyperv devstack@placement-api.service[89300]: [pid: 89300|app: 0|req: 233/462] 10.222.0.20 () {58 vars in 1362 bytes} [Wed Jun 29 16:11:26 2022] GET /placement/resource_providers/d3505484-e3ab-4aa8-aa88-19f12a45242f/aggregates => generated 235 bytes in 12 msecs (HTTP/1.1 404) 5 headers in 202 bytes (1 switches on core 0)
Jun 29 16:11:26.734001 dv-neutron-846032-4-hyperv devstack@placement-api.service[89301]: DEBUG placement.requestlog [None req-50f1a92f-4c54-41ff-b959-b33d63fbb0e7 None None] Starting request: 10.222.0.20 "DELETE /placement/resource_providers/d3505484-e3ab-4aa8-aa88-19f12a45242f" {{(pid=89301) __call__ /opt/stack/placement/placement/requestlog.py:55}}
Jun 29 16:11:26.744153 dv-neutron-846032-4-hyperv devstack@placement-api.service[89301]: DEBUG placement.wsgi_wrapper [None req-50f1a92f-4c54-41ff-b959-b33d63fbb0e7 service placement] Placement API returning an error response: No resource provider with uuid d3505484-e3ab-4aa8-aa88-19f12a45242f found for delete {{(pid=89301) call_func /opt/stack/placement/placement/wsgi_wrapper.py:31}}
Jun 29 16:11:26.745041 dv-neutron-846032-4-hyperv devstack@placement-api.service[89301]: INFO placement.requestlog [None req-50f1a92f-4c54-41ff-b959-b33d63fbb0e7 service placement] 10.222.0.20 "DELETE /placement/resource_providers/d3505484-e3ab-4aa8-aa88-19f12a45242f" status: 404 len: 246 microversion: 1.1
Jun 29 16:11:26.745379 dv-neutron-846032-4-hyperv devstack@placement-api.service[89301]: [pid: 89301|app: 0|req: 230/463] 10.222.0.20 () {60 vars in 1351 bytes} [Wed Jun 29 16:11:26 2022] DELETE /placement/resource_providers/d3505484-e3ab-4aa8-aa88-19f12a45242f => generated 246 bytes in 12 msecs (HTTP/1.1 404) 6 headers in 231 bytes (1 switches on core 0)
Jun 29 16:11:29.909341 dv-neutron-846032-4-hyperv devstack@placement-api.service[89300]: DEBUG placement.requestlog [req-e9bdc532-3127-4fd6-a4bf-7384b688962e req-662f29db-74f2-4f65-bfde-e5378638f28f None None] Starting request: 10.222.0.43 "GET /placement/resource_providers/a514d468-61d7-4b53-ba6d-3e0f376e6af9/allocations" {{(pid=89300) __call__ /opt/stack/placement/placement/requestlog.py:55}}
Jun 29 16:11:29.930037 dv-neutron-846032-4-hyperv devstack@placement-api.service[89300]: INFO placement.requestlog [req-e9bdc532-3127-4fd6-a4bf-7384b688962e req-662f29db-74f2-4f65-bfde-e5378638f28f service placement] 10.222.0.43 "GET /placement/resource_providers/a514d468-61d7-4b53-ba6d-3e0f376e6af9/allocations" status: 200 len: 55 microversion: 1.0
Jun 29 16:11:29.930567 dv-neutron-846032-4-hyperv devstack@placement-api.service[89300]: [pid: 89300|app: 0|req: 234/464] 10.222.0.43 () {58 vars in 1390 bytes} [Wed Jun 29 16:11:29 2022] GET /placement/resource_providers/a514d468-61d7-4b53-ba6d-3e0f376e6af9/allocations => generated 55 bytes in 22 msecs (HTTP/1.1 200) 6 headers in 223 bytes (1 switches on core 0)
Jun 29 16:11:35.151031 dv-neutron-846032-4-hyperv devstack@placement-api.service[89301]: DEBUG placement.requestlog [req-6bb12300-d342-4006-bd9f-23aee263b282 req-1e2076d8-e967-4427-98e1-eab12d39285d None None] Starting request: 10.222.0.20 "GET /placement/allocation_candidates?limit=1000&resources=DISK_GB%3A1%2CMEMORY_MB%3A1024%2CVCPU%3A1&root_required=%21COMPUTE_STATUS_DISABLED" {{(pid=89301) __call__ /opt/stack/placement/placement/requestlog.py:55}}
Jun 29 16:11:35.195000 dv-neutron-846032-4-hyperv devstack@placement-api.service[89301]: DEBUG placement.objects.research_context [req-6bb12300-d342-4006-bd9f-23aee263b282 req-1e2076d8-e967-4427-98e1-eab12d39285d service placement] getting providers with 1 DISK_GB {{(pid=89301) __init__ /opt/stack/placement/placement/objects/research_context.py:126}}
Jun 29 16:11:35.201773 dv-neutron-846032-4-hyperv devstack@placement-api.service[89301]: DEBUG placement.objects.research_context [req-6bb12300-d342-4006-bd9f-23aee263b282 req-1e2076d8-e967-4427-98e1-eab12d39285d service placement] getting providers with 1024 MEMORY_MB {{(pid=89301) __init__ /opt/stack/placement/placement/objects/research_context.py:126}}
Jun 29 16:11:35.208958 dv-neutron-846032-4-hyperv devstack@placement-api.service[89301]: DEBUG placement.objects.research_context [req-6bb12300-d342-4006-bd9f-23aee263b282 req-1e2076d8-e967-4427-98e1-eab12d39285d service placement] getting providers with 1 VCPU {{(pid=89301) __init__ /opt/stack/placement/placement/objects/research_context.py:126}}
Jun 29 16:11:35.215662 dv-neutron-846032-4-hyperv devstack@placement-api.service[89301]: DEBUG placement.objects.research_context [req-6bb12300-d342-4006-bd9f-23aee263b282 req-1e2076d8-e967-4427-98e1-eab12d39285d service placement] found 1 providers with available 1 DISK_GB {{(pid=89301) get_provider_ids_matching /opt/stack/placement/placement/objects/research_context.py:549}}
Jun 29 16:11:35.215934 dv-neutron-846032-4-hyperv devstack@placement-api.service[89301]: DEBUG placement.objects.research_context [req-6bb12300-d342-4006-bd9f-23aee263b282 req-1e2076d8-e967-4427-98e1-eab12d39285d service placement] found 1 providers with available 1024 MEMORY_MB {{(pid=89301) get_provider_ids_matching /opt/stack/placement/placement/objects/research_context.py:549}}
Jun 29 16:11:35.216468 dv-neutron-846032-4-hyperv devstack@placement-api.service[89301]: DEBUG placement.objects.research_context [req-6bb12300-d342-4006-bd9f-23aee263b282 req-1e2076d8-e967-4427-98e1-eab12d39285d service placement] found 1 providers after filtering by previous result {{(pid=89301) get_provider_ids_matching /opt/stack/placement/placement/objects/research_context.py:580}}
Jun 29 16:11:35.216702 dv-neutron-846032-4-hyperv devstack@placement-api.service[89301]: DEBUG placement.objects.research_context [req-6bb12300-d342-4006-bd9f-23aee263b282 req-1e2076d8-e967-4427-98e1-eab12d39285d service placement] found 1 providers with available 1 VCPU {{(pid=89301) get_provider_ids_matching /opt/stack/placement/placement/objects/research_context.py:549}}
Jun 29 16:11:35.216992 dv-neutron-846032-4-hyperv devstack@placement-api.service[89301]: DEBUG placement.objects.research_context [req-6bb12300-d342-4006-bd9f-23aee263b282 req-1e2076d8-e967-4427-98e1-eab12d39285d service placement] found 1 providers after filtering by previous result {{(pid=89301) get_provider_ids_matching /opt/stack/placement/placement/objects/research_context.py:580}}
Jun 29 16:11:35.229936 dv-neutron-846032-4-hyperv devstack@placement-api.service[89301]: DEBUG placement.objects.allocation_candidate [req-6bb12300-d342-4006-bd9f-23aee263b282 req-1e2076d8-e967-4427-98e1-eab12d39285d service placement] RequestGroup(use_same_provider=False, resources={DISK_GB:1, MEMORY_MB:1024, VCPU:1}, traits=[], aggregates=[]) (suffix '') returned 1 matches {{(pid=89301) _get_by_requests /opt/stack/placement/placement/objects/allocation_candidate.py:145}}
Jun 29 16:11:35.230582 dv-neutron-846032-4-hyperv devstack@placement-api.service[89301]: DEBUG placement.objects.allocation_candidate [req-6bb12300-d342-4006-bd9f-23aee263b282 req-1e2076d8-e967-4427-98e1-eab12d39285d service placement] Merging candidates yields 1 allocation requests and 1 provider summaries {{(pid=89301) _merge_candidates /opt/stack/placement/placement/objects/allocation_candidate.py:783}}
Jun 29 16:11:35.231922 dv-neutron-846032-4-hyperv devstack@placement-api.service[89301]: INFO placement.requestlog [req-6bb12300-d342-4006-bd9f-23aee263b282 req-1e2076d8-e967-4427-98e1-eab12d39285d service placement] 10.222.0.20 "GET /placement/allocation_candidates?limit=1000&resources=DISK_GB%3A1%2CMEMORY_MB%3A1024%2CVCPU%3A1&root_required=%21COMPUTE_STATUS_DISABLED" status: 200 len: 764 microversion: 1.35
Jun 29 16:11:35.232492 dv-neutron-846032-4-hyperv devstack@placement-api.service[89301]: [pid: 89301|app: 0|req: 231/465] 10.222.0.20 () {60 vars in 1506 bytes} [Wed Jun 29 16:11:35 2022] GET /placement/allocation_candidates?limit=1000&resources=DISK_GB%3A1%2CMEMORY_MB%3A1024%2CVCPU%3A1&root_required=%21COMPUTE_STATUS_DISABLED => generated 764 bytes in 82 msecs (HTTP/1.1 200) 8 headers in 296 bytes (1 switches on core 0)
Jun 29 16:11:35.267166 dv-neutron-846032-4-hyperv devstack@placement-api.service[89300]: DEBUG placement.requestlog [req-6bb12300-d342-4006-bd9f-23aee263b282 req-a1bee8df-1057-4a32-8de9-eae368a24e22 None None] Starting request: 10.222.0.20 "GET /placement/allocations/801fcefa-7b16-4715-8834-8b4a939b5b21" {{(pid=89300) __call__ /opt/stack/placement/placement/requestlog.py:55}}
Jun 29 16:11:35.279535 dv-neutron-846032-4-hyperv devstack@placement-api.service[89300]: INFO placement.requestlog [req-6bb12300-d342-4006-bd9f-23aee263b282 req-a1bee8df-1057-4a32-8de9-eae368a24e22 service placement] 10.222.0.20 "GET /placement/allocations/801fcefa-7b16-4715-8834-8b4a939b5b21" status: 200 len: 19 microversion: 1.28
Jun 29 16:11:35.279907 dv-neutron-846032-4-hyperv devstack@placement-api.service[89300]: [pid: 89300|app: 0|req: 235/466] 10.222.0.20 () {60 vars in 1380 bytes} [Wed Jun 29 16:11:35 2022] GET /placement/allocations/801fcefa-7b16-4715-8834-8b4a939b5b21 => generated 19 bytes in 13 msecs (HTTP/1.1 200) 8 headers in 295 bytes (1 switches on core 0)
Jun 29 16:11:35.285412 dv-neutron-846032-4-hyperv devstack@placement-api.service[89301]: DEBUG placement.requestlog [req-6bb12300-d342-4006-bd9f-23aee263b282 req-86566d60-de1e-469c-bc8c-a9cb3d49d838 None None] Starting request: 10.222.0.20 "PUT /placement/allocations/801fcefa-7b16-4715-8834-8b4a939b5b21" {{(pid=89301) __call__ /opt/stack/placement/placement/requestlog.py:55}}
Jun 29 16:11:35.360055 dv-neutron-846032-4-hyperv devstack@placement-api.service[89301]: DEBUG placement.handlers.allocation [req-6bb12300-d342-4006-bd9f-23aee263b282 req-86566d60-de1e-469c-bc8c-a9cb3d49d838 service placement] Successfully wrote allocations [, , ] {{(pid=89301) _create_allocations /opt/stack/placement/placement/handlers/allocation.py:435}}
Jun 29 16:11:35.360609 dv-neutron-846032-4-hyperv devstack@placement-api.service[89301]: INFO placement.requestlog [req-6bb12300-d342-4006-bd9f-23aee263b282 req-86566d60-de1e-469c-bc8c-a9cb3d49d838 service placement] 10.222.0.20 "PUT /placement/allocations/801fcefa-7b16-4715-8834-8b4a939b5b21" status: 204 len: 0 microversion: 1.35
Jun 29 16:11:35.360882 dv-neutron-846032-4-hyperv devstack@placement-api.service[89301]: [pid: 89301|app: 0|req: 232/467] 10.222.0.20 () {64 vars in 1433 bytes} [Wed Jun 29 16:11:35 2022] PUT /placement/allocations/801fcefa-7b16-4715-8834-8b4a939b5b21 => generated 0 bytes in 76 msecs (HTTP/1.1 204) 5 headers in 199 bytes (2 switches on core 0)
Jun 29 16:11:35.661212 dv-neutron-846032-4-hyperv devstack@placement-api.service[89300]: DEBUG placement.requestlog [req-6bb12300-d342-4006-bd9f-23aee263b282 req-4e24cc1e-324e-444e-b249-9eda53dba35b None None] Starting request: 10.222.0.43 "GET /placement/allocations/801fcefa-7b16-4715-8834-8b4a939b5b21" {{(pid=89300) __call__ /opt/stack/placement/placement/requestlog.py:55}}
Jun 29 16:11:35.676364 dv-neutron-846032-4-hyperv devstack@placement-api.service[89300]: INFO placement.requestlog [req-6bb12300-d342-4006-bd9f-23aee263b282 req-4e24cc1e-324e-444e-b249-9eda53dba35b service placement] 10.222.0.43 "GET /placement/allocations/801fcefa-7b16-4715-8834-8b4a939b5b21" status: 200 len: 259 microversion: 1.28
Jun 29 16:11:35.676710 dv-neutron-846032-4-hyperv devstack@placement-api.service[89300]: [pid: 89300|app: 0|req: 236/468] 10.222.0.43 () {60 vars in 1377 bytes} [Wed Jun 29 16:11:35 2022] GET /placement/allocations/801fcefa-7b16-4715-8834-8b4a939b5b21 => generated 259 bytes in 16 msecs (HTTP/1.1 200) 8 headers in 296 bytes (1 switches on core 0)
Jun 29 16:11:47.217052 dv-neutron-846032-4-hyperv devstack@placement-api.service[89301]: DEBUG placement.requestlog [None req-63133e82-5e18-4c84-a005-38ac5df5b7fd None None] Starting request: 10.222.0.20 "GET /placement/" {{(pid=89301) __call__ /opt/stack/placement/placement/requestlog.py:55}}
Jun 29 16:11:47.218046 dv-neutron-846032-4-hyperv devstack@placement-api.service[89301]: INFO placement.requestlog [None req-63133e82-5e18-4c84-a005-38ac5df5b7fd None None] 10.222.0.20 "GET /placement/" status: 200 len: 136 microversion: 1.0
Jun 29 16:11:47.218188 dv-neutron-846032-4-hyperv devstack@placement-api.service[89301]: [pid: 89301|app: 0|req: 233/469] 10.222.0.20 () {54 vars in 916 bytes} [Wed Jun 29 16:11:47 2022] GET /placement => generated 136 bytes in 1 msecs (HTTP/1.1 200) 6 headers in 224 bytes (1 switches on core 0)
Jun 29 16:11:47.223339 dv-neutron-846032-4-hyperv devstack@placement-api.service[89300]: DEBUG placement.requestlog [req-144ce6f5-1372-460f-89d4-76a18e255d6c req-2278656b-6654-4fe0-8a0c-a82ed56ef061 None None] Starting request: 10.222.0.20 "GET /placement/allocations/801fcefa-7b16-4715-8834-8b4a939b5b21" {{(pid=89300) __call__ /opt/stack/placement/placement/requestlog.py:55}}
Jun 29 16:11:47.291908 dv-neutron-846032-4-hyperv devstack@placement-api.service[89300]: INFO placement.requestlog [req-144ce6f5-1372-460f-89d4-76a18e255d6c req-2278656b-6654-4fe0-8a0c-a82ed56ef061 service placement] 10.222.0.20 "GET /placement/allocations/801fcefa-7b16-4715-8834-8b4a939b5b21" status: 200 len: 259 microversion: 1.28
Jun 29 16:11:47.292112 dv-neutron-846032-4-hyperv devstack@placement-api.service[89300]: [pid: 89300|app: 0|req: 237/470] 10.222.0.20 () {60 vars in 1380 bytes} [Wed Jun 29 16:11:47 2022] GET /placement/allocations/801fcefa-7b16-4715-8834-8b4a939b5b21 => generated 259 bytes in 69 msecs (HTTP/1.1 200) 8 headers in 296 bytes (1 switches on core 0)
Jun 29 16:11:47.298110 dv-neutron-846032-4-hyperv devstack@placement-api.service[89301]: DEBUG placement.requestlog [req-144ce6f5-1372-460f-89d4-76a18e255d6c req-1817da23-0e67-44e4-978c-638ff76533e1 None None] Starting request: 10.222.0.20 "GET /placement/allocations/801fcefa-7b16-4715-8834-8b4a939b5b21" {{(pid=89301) __call__ /opt/stack/placement/placement/requestlog.py:55}}
Jun 29 16:11:47.312326 dv-neutron-846032-4-hyperv devstack@placement-api.service[89301]: INFO placement.requestlog [req-144ce6f5-1372-460f-89d4-76a18e255d6c req-1817da23-0e67-44e4-978c-638ff76533e1 service placement] 10.222.0.20 "GET /placement/allocations/801fcefa-7b16-4715-8834-8b4a939b5b21" status: 200 len: 259 microversion: 1.28
Jun 29 16:11:47.312534 dv-neutron-846032-4-hyperv devstack@placement-api.service[89301]: [pid: 89301|app: 0|req: 234/471] 10.222.0.20 () {60 vars in 1380 bytes} [Wed Jun 29 16:11:47 2022] GET /placement/allocations/801fcefa-7b16-4715-8834-8b4a939b5b21 => generated 259 bytes in 15 msecs (HTTP/1.1 200) 8 headers in 296 bytes (2 switches on core 0)
Jun 29 16:11:47.318336 dv-neutron-846032-4-hyperv devstack@placement-api.service[89300]: DEBUG placement.requestlog [req-144ce6f5-1372-460f-89d4-76a18e255d6c req-3ef168ac-636f-419e-adc7-fe9e21755eda None None] Starting request: 10.222.0.20 "GET /placement/allocations/d5d97cea-dcb9-4b99-a94a-53b1e0dde24e" {{(pid=89300) __call__ /opt/stack/placement/placement/requestlog.py:55}}
Jun 29 16:11:47.334471 dv-neutron-846032-4-hyperv devstack@placement-api.service[89300]: INFO placement.requestlog [req-144ce6f5-1372-460f-89d4-76a18e255d6c req-3ef168ac-636f-419e-adc7-fe9e21755eda service placement] 10.222.0.20 "GET /placement/allocations/d5d97cea-dcb9-4b99-a94a-53b1e0dde24e" status: 200 len: 19 microversion: 1.28
Jun 29 16:11:47.334669 dv-neutron-846032-4-hyperv devstack@placement-api.service[89300]: [pid: 89300|app: 0|req: 238/472] 10.222.0.20 () {60 vars in 1380 bytes} [Wed Jun 29 16:11:47 2022] GET /placement/allocations/d5d97cea-dcb9-4b99-a94a-53b1e0dde24e => generated 19 bytes in 17 msecs (HTTP/1.1 200) 8 headers in 295 bytes (1 switches on core 0)
Jun 29 16:11:47.339694 dv-neutron-846032-4-hyperv devstack@placement-api.service[89301]: DEBUG placement.requestlog [req-144ce6f5-1372-460f-89d4-76a18e255d6c req-cf75811a-a1ca-4abd-b077-41ef2786262e None None] Starting request: 10.222.0.20 "POST /placement/allocations" {{(pid=89301) __call__ /opt/stack/placement/placement/requestlog.py:55}}
Jun 29 16:11:47.415415 dv-neutron-846032-4-hyperv devstack@placement-api.service[89301]: DEBUG placement.handlers.allocation [req-144ce6f5-1372-460f-89d4-76a18e255d6c req-cf75811a-a1ca-4abd-b077-41ef2786262e service placement] Successfully wrote allocations [, , , , , ] {{(pid=89301) _create_allocations /opt/stack/placement/placement/handlers/allocation.py:524}}
Jun 29 16:11:47.415791 dv-neutron-846032-4-hyperv devstack@placement-api.service[89301]: INFO placement.requestlog [req-144ce6f5-1372-460f-89d4-76a18e255d6c req-cf75811a-a1ca-4abd-b077-41ef2786262e service placement] 10.222.0.20 "POST /placement/allocations" status: 204 len: 0 microversion: 1.28
Jun 29 16:11:47.416314 dv-neutron-846032-4-hyperv devstack@placement-api.service[89301]: [pid: 89301|app: 0|req: 235/473] 10.222.0.20 () {64 vars in 1323 bytes} [Wed Jun 29 16:11:47 2022] POST /placement/allocations => generated 0 bytes in 77 msecs (HTTP/1.1 204) 5 headers in 199 bytes (1 switches on core 0)
Jun 29 16:11:47.437435 dv-neutron-846032-4-hyperv devstack@placement-api.service[89300]: DEBUG placement.requestlog [req-144ce6f5-1372-460f-89d4-76a18e255d6c req-693aa6e1-2b99-47e6-809a-f0418f3e451e None None] Starting request: 10.222.0.20 "GET /placement/allocation_candidates?limit=1000&resources=DISK_GB%3A1%2CMEMORY_MB%3A512%2CVCPU%3A1&root_required=%21COMPUTE_STATUS_DISABLED" {{(pid=89300) __call__ /opt/stack/placement/placement/requestlog.py:55}}
Jun 29 16:11:47.466731 dv-neutron-846032-4-hyperv devstack@placement-api.service[89300]: DEBUG placement.objects.research_context [req-144ce6f5-1372-460f-89d4-76a18e255d6c req-693aa6e1-2b99-47e6-809a-f0418f3e451e service placement] getting providers with 1 DISK_GB {{(pid=89300) __init__ /opt/stack/placement/placement/objects/research_context.py:126}}
Jun 29 16:11:47.472785 dv-neutron-846032-4-hyperv devstack@placement-api.service[89300]: DEBUG placement.objects.research_context [req-144ce6f5-1372-460f-89d4-76a18e255d6c req-693aa6e1-2b99-47e6-809a-f0418f3e451e service placement] getting providers with 512 MEMORY_MB {{(pid=89300) __init__ /opt/stack/placement/placement/objects/research_context.py:126}}
Jun 29 16:11:47.478498 dv-neutron-846032-4-hyperv devstack@placement-api.service[89300]: DEBUG placement.objects.research_context [req-144ce6f5-1372-460f-89d4-76a18e255d6c req-693aa6e1-2b99-47e6-809a-f0418f3e451e service placement] getting providers with 1 VCPU {{(pid=89300) __init__ /opt/stack/placement/placement/objects/research_context.py:126}}
Jun 29 16:11:47.485066 dv-neutron-846032-4-hyperv devstack@placement-api.service[89300]: DEBUG placement.objects.research_context [req-144ce6f5-1372-460f-89d4-76a18e255d6c req-693aa6e1-2b99-47e6-809a-f0418f3e451e service placement] found 1 providers with available 1 DISK_GB {{(pid=89300) get_provider_ids_matching /opt/stack/placement/placement/objects/research_context.py:549}}
Jun 29 16:11:47.485665 dv-neutron-846032-4-hyperv devstack@placement-api.service[89300]: DEBUG placement.objects.research_context [req-144ce6f5-1372-460f-89d4-76a18e255d6c req-693aa6e1-2b99-47e6-809a-f0418f3e451e service placement] found 1 providers with available 512 MEMORY_MB {{(pid=89300) get_provider_ids_matching /opt/stack/placement/placement/objects/research_context.py:549}}
Jun 29 16:11:47.485990 dv-neutron-846032-4-hyperv devstack@placement-api.service[89300]: DEBUG placement.objects.research_context [req-144ce6f5-1372-460f-89d4-76a18e255d6c req-693aa6e1-2b99-47e6-809a-f0418f3e451e service placement] found 1 providers after filtering by previous result {{(pid=89300) get_provider_ids_matching /opt/stack/placement/placement/objects/research_context.py:580}}
Jun 29 16:11:47.486321 dv-neutron-846032-4-hyperv devstack@placement-api.service[89300]: DEBUG placement.objects.research_context [req-144ce6f5-1372-460f-89d4-76a18e255d6c req-693aa6e1-2b99-47e6-809a-f0418f3e451e service placement] found 1 providers with available 1 VCPU {{(pid=89300) get_provider_ids_matching /opt/stack/placement/placement/objects/research_context.py:549}}
Jun 29 16:11:47.486564 dv-neutron-846032-4-hyperv devstack@placement-api.service[89300]: DEBUG placement.objects.research_context [req-144ce6f5-1372-460f-89d4-76a18e255d6c req-693aa6e1-2b99-47e6-809a-f0418f3e451e service placement] found 1 providers after filtering by previous result {{(pid=89300) get_provider_ids_matching /opt/stack/placement/placement/objects/research_context.py:580}}
Jun 29 16:11:47.504752 dv-neutron-846032-4-hyperv devstack@placement-api.service[89300]: DEBUG placement.objects.allocation_candidate [req-144ce6f5-1372-460f-89d4-76a18e255d6c req-693aa6e1-2b99-47e6-809a-f0418f3e451e service placement] RequestGroup(use_same_provider=False, resources={DISK_GB:1, MEMORY_MB:512, VCPU:1}, traits=[], aggregates=[]) (suffix '') returned 1 matches {{(pid=89300) _get_by_requests /opt/stack/placement/placement/objects/allocation_candidate.py:145}}
Jun 29 16:11:47.505284 dv-neutron-846032-4-hyperv devstack@placement-api.service[89300]: DEBUG placement.objects.allocation_candidate [req-144ce6f5-1372-460f-89d4-76a18e255d6c req-693aa6e1-2b99-47e6-809a-f0418f3e451e service placement] Merging candidates yields 1 allocation requests and 1 provider summaries {{(pid=89300) _merge_candidates /opt/stack/placement/placement/objects/allocation_candidate.py:783}}
Jun 29 16:11:47.507609 dv-neutron-846032-4-hyperv devstack@placement-api.service[89300]: INFO placement.requestlog [req-144ce6f5-1372-460f-89d4-76a18e255d6c req-693aa6e1-2b99-47e6-809a-f0418f3e451e service placement] 10.222.0.20 "GET /placement/allocation_candidates?limit=1000&resources=DISK_GB%3A1%2CMEMORY_MB%3A512%2CVCPU%3A1&root_required=%21COMPUTE_STATUS_DISABLED" status: 200 len: 766 microversion: 1.35
Jun 29 16:11:47.507958 dv-neutron-846032-4-hyperv devstack@placement-api.service[89300]: [pid: 89300|app: 0|req: 239/474] 10.222.0.20 () {60 vars in 1504 bytes} [Wed Jun 29 16:11:47 2022] GET /placement/allocation_candidates?limit=1000&resources=DISK_GB%3A1%2CMEMORY_MB%3A512%2CVCPU%3A1&root_required=%21COMPUTE_STATUS_DISABLED => generated 766 bytes in 71 msecs (HTTP/1.1 200) 8 headers in 296 bytes (1 switches on core 0)
Jun 29 16:11:47.546665 dv-neutron-846032-4-hyperv devstack@placement-api.service[89301]: DEBUG placement.requestlog [req-144ce6f5-1372-460f-89d4-76a18e255d6c req-a00f2514-e473-4e5c-97d1-1c764148dac1 None None] Starting request: 10.222.0.20 "GET /placement/allocations/801fcefa-7b16-4715-8834-8b4a939b5b21" {{(pid=89301) __call__ /opt/stack/placement/placement/requestlog.py:55}}
Jun 29 16:11:47.558699 dv-neutron-846032-4-hyperv devstack@placement-api.service[89301]: INFO placement.requestlog [req-144ce6f5-1372-460f-89d4-76a18e255d6c req-a00f2514-e473-4e5c-97d1-1c764148dac1 service placement] 10.222.0.20 "GET /placement/allocations/801fcefa-7b16-4715-8834-8b4a939b5b21" status: 200 len: 19 microversion: 1.28
Jun 29 16:11:47.559234 dv-neutron-846032-4-hyperv devstack@placement-api.service[89301]: [pid: 89301|app: 0|req: 236/475] 10.222.0.20 () {60 vars in 1380 bytes} [Wed Jun 29 16:11:47 2022] GET /placement/allocations/801fcefa-7b16-4715-8834-8b4a939b5b21 => generated 19 bytes in 13 msecs (HTTP/1.1 200) 8 headers in 295 bytes (1 switches on core 0)
Jun 29 16:11:47.566369 dv-neutron-846032-4-hyperv devstack@placement-api.service[89300]: DEBUG placement.requestlog [req-144ce6f5-1372-460f-89d4-76a18e255d6c req-063b741a-a163-4842-bafe-33f97a4ecffc None None] Starting request: 10.222.0.20 "PUT /placement/allocations/801fcefa-7b16-4715-8834-8b4a939b5b21" {{(pid=89300) __call__ /opt/stack/placement/placement/requestlog.py:55}}
Jun 29 16:11:47.619403 dv-neutron-846032-4-hyperv devstack@placement-api.service[89300]: DEBUG placement.handlers.allocation [req-144ce6f5-1372-460f-89d4-76a18e255d6c req-063b741a-a163-4842-bafe-33f97a4ecffc service placement] Successfully wrote allocations [, , ] {{(pid=89300) _create_allocations /opt/stack/placement/placement/handlers/allocation.py:435}}
Jun 29 16:11:47.620019 dv-neutron-846032-4-hyperv devstack@placement-api.service[89300]: INFO placement.requestlog [req-144ce6f5-1372-460f-89d4-76a18e255d6c req-063b741a-a163-4842-bafe-33f97a4ecffc service placement] 10.222.0.20 "PUT /placement/allocations/801fcefa-7b16-4715-8834-8b4a939b5b21" status: 204 len: 0 microversion: 1.35
Jun 29 16:11:47.620352 dv-neutron-846032-4-hyperv devstack@placement-api.service[89300]: [pid: 89300|app: 0|req: 240/476] 10.222.0.20 () {64 vars in 1433 bytes} [Wed Jun 29 16:11:47 2022] PUT /placement/allocations/801fcefa-7b16-4715-8834-8b4a939b5b21 => generated 0 bytes in 54 msecs (HTTP/1.1 204) 5 headers in 199 bytes (1 switches on core 0)
Jun 29 16:11:47.780680 dv-neutron-846032-4-hyperv devstack@placement-api.service[89301]: DEBUG placement.requestlog [req-144ce6f5-1372-460f-89d4-76a18e255d6c req-538db60e-58f8-420e-95ad-900ddcadf142 None None] Starting request: 10.222.0.43 "GET /placement/allocations/801fcefa-7b16-4715-8834-8b4a939b5b21" {{(pid=89301) __call__ /opt/stack/placement/placement/requestlog.py:55}}
Jun 29 16:11:47.795966 dv-neutron-846032-4-hyperv devstack@placement-api.service[89301]: INFO placement.requestlog [req-144ce6f5-1372-460f-89d4-76a18e255d6c req-538db60e-58f8-420e-95ad-900ddcadf142 service placement] 10.222.0.43 "GET /placement/allocations/801fcefa-7b16-4715-8834-8b4a939b5b21" status: 200 len: 258 microversion: 1.28
Jun 29 16:11:47.796316 dv-neutron-846032-4-hyperv devstack@placement-api.service[89301]: [pid: 89301|app: 0|req: 237/477] 10.222.0.43 () {60 vars in 1377 bytes} [Wed Jun 29 16:11:47 2022] GET /placement/allocations/801fcefa-7b16-4715-8834-8b4a939b5b21 => generated 258 bytes in 16 msecs (HTTP/1.1 200) 8 headers in 296 bytes (1 switches on core 0)
Jun 29 16:12:22.031140 dv-neutron-846032-4-hyperv devstack@placement-api.service[89300]: DEBUG placement.requestlog [req-144ce6f5-1372-460f-89d4-76a18e255d6c req-b356f896-ddf9-4f74-aaea-c75fb12bfdca None None] Starting request: 10.222.0.43 "GET /placement/allocations/801fcefa-7b16-4715-8834-8b4a939b5b21" {{(pid=89300) __call__ /opt/stack/placement/placement/requestlog.py:55}}
Jun 29 16:12:22.045664 dv-neutron-846032-4-hyperv devstack@placement-api.service[89300]: INFO placement.requestlog [req-144ce6f5-1372-460f-89d4-76a18e255d6c req-b356f896-ddf9-4f74-aaea-c75fb12bfdca service placement] 10.222.0.43 "GET /placement/allocations/801fcefa-7b16-4715-8834-8b4a939b5b21" status: 200 len: 258 microversion: 1.28
Jun 29 16:12:22.045861 dv-neutron-846032-4-hyperv devstack@placement-api.service[89300]: [pid: 89300|app: 0|req: 241/478] 10.222.0.43 () {60 vars in 1377 bytes} [Wed Jun 29 16:12:22 2022] GET /placement/allocations/801fcefa-7b16-4715-8834-8b4a939b5b21 => generated 258 bytes in 15 msecs (HTTP/1.1 200) 8 headers in 296 bytes (1 switches on core 0)
Jun 29 16:12:26.143633 dv-neutron-846032-4-hyperv devstack@placement-api.service[89301]: DEBUG placement.requestlog [req-7b90aeb9-db97-4242-a0d6-3f0d221be747 req-3bc9c920-9c7f-47e2-a019-b5c499189279 None None] Starting request: 10.222.0.43 "GET /placement/allocations/d5d97cea-dcb9-4b99-a94a-53b1e0dde24e" {{(pid=89301) __call__ /opt/stack/placement/placement/requestlog.py:55}}
Jun 29 16:12:26.158375 dv-neutron-846032-4-hyperv devstack@placement-api.service[89301]: INFO placement.requestlog [req-7b90aeb9-db97-4242-a0d6-3f0d221be747 req-3bc9c920-9c7f-47e2-a019-b5c499189279 service placement] 10.222.0.43 "GET /placement/allocations/d5d97cea-dcb9-4b99-a94a-53b1e0dde24e" status: 200 len: 259 microversion: 1.28
Jun 29 16:12:26.158742 dv-neutron-846032-4-hyperv devstack@placement-api.service[89301]: [pid: 89301|app: 0|req: 238/479] 10.222.0.43 () {60 vars in 1377 bytes} [Wed Jun 29 16:12:26 2022] GET /placement/allocations/d5d97cea-dcb9-4b99-a94a-53b1e0dde24e => generated 259 bytes in 15 msecs (HTTP/1.1 200) 8 headers in 296 bytes (1 switches on core 0)
Jun 29 16:12:26.165523 dv-neutron-846032-4-hyperv devstack@placement-api.service[89300]: DEBUG placement.requestlog [req-7b90aeb9-db97-4242-a0d6-3f0d221be747 req-ad1ef87f-4fc6-418c-bf36-06fef1238e74 None None] Starting request: 10.222.0.43 "PUT /placement/allocations/d5d97cea-dcb9-4b99-a94a-53b1e0dde24e" {{(pid=89300) __call__ /opt/stack/placement/placement/requestlog.py:55}}
Jun 29 16:12:26.213566 dv-neutron-846032-4-hyperv devstack@placement-api.service[89300]: DEBUG placement.handlers.allocation [req-7b90aeb9-db97-4242-a0d6-3f0d221be747 req-ad1ef87f-4fc6-418c-bf36-06fef1238e74 service placement] Successfully wrote allocations [, , ] {{(pid=89300) _create_allocations /opt/stack/placement/placement/handlers/allocation.py:435}}
Jun 29 16:12:26.224608 dv-neutron-846032-4-hyperv devstack@placement-api.service[89300]: INFO placement.requestlog [req-7b90aeb9-db97-4242-a0d6-3f0d221be747 req-ad1ef87f-4fc6-418c-bf36-06fef1238e74 service placement] 10.222.0.43 "PUT /placement/allocations/d5d97cea-dcb9-4b99-a94a-53b1e0dde24e" status: 204 len: 0 microversion: 1.28
Jun 29 16:12:26.224608 dv-neutron-846032-4-hyperv devstack@placement-api.service[89300]: [pid: 89300|app: 0|req: 242/480] 10.222.0.43 () {64 vars in 1430 bytes} [Wed Jun 29 16:12:26 2022] PUT /placement/allocations/d5d97cea-dcb9-4b99-a94a-53b1e0dde24e => generated 0 bytes in 49 msecs (HTTP/1.1 204) 5 headers in 199 bytes (2 switches on core 0)
Jun 29 16:12:30.850168 dv-neutron-846032-4-hyperv devstack@placement-api.service[89301]: DEBUG placement.requestlog [req-3f24e354-7a9d-4908-a611-1b831a386809 req-b7610a38-b7b0-470e-952b-6c6624be4d25 None None] Starting request: 10.222.0.20 "GET /placement/allocation_candidates?limit=1000&resources=DISK_GB%3A1%2CMEMORY_MB%3A1024%2CVCPU%3A1&root_required=%21COMPUTE_STATUS_DISABLED" {{(pid=89301) __call__ /opt/stack/placement/placement/requestlog.py:55}}
Jun 29 16:12:30.940076 dv-neutron-846032-4-hyperv devstack@placement-api.service[89301]: DEBUG placement.objects.research_context [req-3f24e354-7a9d-4908-a611-1b831a386809 req-b7610a38-b7b0-470e-952b-6c6624be4d25 service placement] getting providers with 1 DISK_GB {{(pid=89301) __init__ /opt/stack/placement/placement/objects/research_context.py:126}}
Jun 29 16:12:30.944471 dv-neutron-846032-4-hyperv devstack@placement-api.service[89300]: DEBUG placement.requestlog [req-24aab6be-45d0-4078-bc05-5de3d8af6d2d req-90087d17-381c-4b46-9713-9bbcc5444d73 None None] Starting request: 10.222.0.43 "GET /placement/resource_providers/a514d468-61d7-4b53-ba6d-3e0f376e6af9/allocations" {{(pid=89300) __call__ /opt/stack/placement/placement/requestlog.py:55}}
Jun 29 16:12:30.946003 dv-neutron-846032-4-hyperv devstack@placement-api.service[89301]: DEBUG placement.objects.research_context [req-3f24e354-7a9d-4908-a611-1b831a386809 req-b7610a38-b7b0-470e-952b-6c6624be4d25 service placement] getting providers with 1024 MEMORY_MB {{(pid=89301) __init__ /opt/stack/placement/placement/objects/research_context.py:126}}
Jun 29 16:12:30.951572 dv-neutron-846032-4-hyperv devstack@placement-api.service[89301]: DEBUG placement.objects.research_context [req-3f24e354-7a9d-4908-a611-1b831a386809 req-b7610a38-b7b0-470e-952b-6c6624be4d25 service placement] getting providers with 1 VCPU {{(pid=89301) __init__ /opt/stack/placement/placement/objects/research_context.py:126}}
Jun 29 16:12:30.958108 dv-neutron-846032-4-hyperv devstack@placement-api.service[89301]: DEBUG placement.objects.research_context [req-3f24e354-7a9d-4908-a611-1b831a386809 req-b7610a38-b7b0-470e-952b-6c6624be4d25 service placement] found 1 providers with available 1 DISK_GB {{(pid=89301) get_provider_ids_matching /opt/stack/placement/placement/objects/research_context.py:549}}
Jun 29 16:12:30.958420 dv-neutron-846032-4-hyperv devstack@placement-api.service[89301]: DEBUG placement.objects.research_context [req-3f24e354-7a9d-4908-a611-1b831a386809 req-b7610a38-b7b0-470e-952b-6c6624be4d25 service placement] found 1 providers with available 1024 MEMORY_MB {{(pid=89301) get_provider_ids_matching /opt/stack/placement/placement/objects/research_context.py:549}}
Jun 29 16:12:30.958716 dv-neutron-846032-4-hyperv devstack@placement-api.service[89301]: DEBUG placement.objects.research_context [req-3f24e354-7a9d-4908-a611-1b831a386809 req-b7610a38-b7b0-470e-952b-6c6624be4d25 service placement] found 1 providers after filtering by previous result {{(pid=89301) get_provider_ids_matching /opt/stack/placement/placement/objects/research_context.py:580}}
Jun 29 16:12:30.959072 dv-neutron-846032-4-hyperv devstack@placement-api.service[89301]: DEBUG placement.objects.research_context [req-3f24e354-7a9d-4908-a611-1b831a386809 req-b7610a38-b7b0-470e-952b-6c6624be4d25 service placement] found 1 providers with available 1 VCPU {{(pid=89301) get_provider_ids_matching /opt/stack/placement/placement/objects/research_context.py:549}}
Jun 29 16:12:30.959336 dv-neutron-846032-4-hyperv devstack@placement-api.service[89301]: DEBUG placement.objects.research_context [req-3f24e354-7a9d-4908-a611-1b831a386809 req-b7610a38-b7b0-470e-952b-6c6624be4d25 service placement] found 1 providers after filtering by previous result {{(pid=89301) get_provider_ids_matching /opt/stack/placement/placement/objects/research_context.py:580}}
Jun 29 16:12:30.963719 dv-neutron-846032-4-hyperv devstack@placement-api.service[89300]: INFO placement.requestlog [req-24aab6be-45d0-4078-bc05-5de3d8af6d2d req-90087d17-381c-4b46-9713-9bbcc5444d73 service placement] 10.222.0.43 "GET /placement/resource_providers/a514d468-61d7-4b53-ba6d-3e0f376e6af9/allocations" status: 200 len: 153 microversion: 1.0
Jun 29 16:12:30.964075 dv-neutron-846032-4-hyperv devstack@placement-api.service[89300]: [pid: 89300|app: 0|req: 243/481] 10.222.0.43 () {58 vars in 1390 bytes} [Wed Jun 29 16:12:30 2022] GET /placement/resource_providers/a514d468-61d7-4b53-ba6d-3e0f376e6af9/allocations => generated 153 bytes in 20 msecs (HTTP/1.1 200) 6 headers in 224 bytes (2 switches on core 0)
Jun 29 16:12:30.969401 dv-neutron-846032-4-hyperv devstack@placement-api.service[89301]: DEBUG placement.objects.allocation_candidate [req-3f24e354-7a9d-4908-a611-1b831a386809 req-b7610a38-b7b0-470e-952b-6c6624be4d25 service placement] RequestGroup(use_same_provider=False, resources={DISK_GB:1, MEMORY_MB:1024, VCPU:1}, traits=[], aggregates=[]) (suffix '') returned 1 matches {{(pid=89301) _get_by_requests /opt/stack/placement/placement/objects/allocation_candidate.py:145}}
Jun 29 16:12:30.969730 dv-neutron-846032-4-hyperv devstack@placement-api.service[89301]: DEBUG placement.objects.allocation_candidate [req-3f24e354-7a9d-4908-a611-1b831a386809 req-b7610a38-b7b0-470e-952b-6c6624be4d25 service placement] Merging candidates yields 1 allocation requests and 1 provider summaries {{(pid=89301) _merge_candidates /opt/stack/placement/placement/objects/allocation_candidate.py:783}}
Jun 29 16:12:30.970941 dv-neutron-846032-4-hyperv devstack@placement-api.service[89301]: INFO placement.requestlog [req-3f24e354-7a9d-4908-a611-1b831a386809 req-b7610a38-b7b0-470e-952b-6c6624be4d25 service placement] 10.222.0.20 "GET /placement/allocation_candidates?limit=1000&resources=DISK_GB%3A1%2CMEMORY_MB%3A1024%2CVCPU%3A1&root_required=%21COMPUTE_STATUS_DISABLED" status: 200 len: 766 microversion: 1.35
Jun 29 16:12:30.971146 dv-neutron-846032-4-hyperv devstack@placement-api.service[89301]: [pid: 89301|app: 0|req: 239/482] 10.222.0.20 () {60 vars in 1506 bytes} [Wed Jun 29 16:12:30 2022] GET /placement/allocation_candidates?limit=1000&resources=DISK_GB%3A1%2CMEMORY_MB%3A1024%2CVCPU%3A1&root_required=%21COMPUTE_STATUS_DISABLED => generated 766 bytes in 121 msecs (HTTP/1.1 200) 8 headers in 296 bytes (1 switches on core 0)
Jun 29 16:12:31.007333 dv-neutron-846032-4-hyperv devstack@placement-api.service[89300]: DEBUG placement.requestlog [req-3f24e354-7a9d-4908-a611-1b831a386809 req-d4e31bbb-8bf6-49aa-994f-25a531963b62 None None] Starting request: 10.222.0.20 "GET /placement/allocations/d0293396-c16e-4fa0-926f-bdca761fe9de" {{(pid=89300) __call__ /opt/stack/placement/placement/requestlog.py:55}}
Jun 29 16:12:31.066356 dv-neutron-846032-4-hyperv devstack@placement-api.service[89300]: INFO placement.requestlog [req-3f24e354-7a9d-4908-a611-1b831a386809 req-d4e31bbb-8bf6-49aa-994f-25a531963b62 service placement] 10.222.0.20 "GET /placement/allocations/d0293396-c16e-4fa0-926f-bdca761fe9de" status: 200 len: 19 microversion: 1.28
Jun 29 16:12:31.066662 dv-neutron-846032-4-hyperv devstack@placement-api.service[89300]: [pid: 89300|app: 0|req: 244/483] 10.222.0.20 () {60 vars in 1380 bytes} [Wed Jun 29 16:12:31 2022] GET /placement/allocations/d0293396-c16e-4fa0-926f-bdca761fe9de => generated 19 bytes in 60 msecs (HTTP/1.1 200) 8 headers in 295 bytes (1 switches on core 0)
Jun 29 16:12:31.072769 dv-neutron-846032-4-hyperv devstack@placement-api.service[89301]: DEBUG placement.requestlog [req-3f24e354-7a9d-4908-a611-1b831a386809 req-f1eb586d-ee75-435e-bae1-5622d2e8d893 None None] Starting request: 10.222.0.20 "PUT /placement/allocations/d0293396-c16e-4fa0-926f-bdca761fe9de" {{(pid=89301) __call__ /opt/stack/placement/placement/requestlog.py:55}}
Jun 29 16:12:31.124756 dv-neutron-846032-4-hyperv devstack@placement-api.service[89301]: DEBUG placement.handlers.allocation [req-3f24e354-7a9d-4908-a611-1b831a386809 req-f1eb586d-ee75-435e-bae1-5622d2e8d893 service placement] Successfully wrote allocations [, , ] {{(pid=89301) _create_allocations /opt/stack/placement/placement/handlers/allocation.py:435}}
Jun 29 16:12:31.125184 dv-neutron-846032-4-hyperv devstack@placement-api.service[89301]: INFO placement.requestlog [req-3f24e354-7a9d-4908-a611-1b831a386809 req-f1eb586d-ee75-435e-bae1-5622d2e8d893 service placement] 10.222.0.20 "PUT /placement/allocations/d0293396-c16e-4fa0-926f-bdca761fe9de" status: 204 len: 0 microversion: 1.35
Jun 29 16:12:31.125526 dv-neutron-846032-4-hyperv devstack@placement-api.service[89301]: [pid: 89301|app: 0|req: 240/484] 10.222.0.20 () {64 vars in 1433 bytes} [Wed Jun 29 16:12:31 2022] PUT /placement/allocations/d0293396-c16e-4fa0-926f-bdca761fe9de => generated 0 bytes in 53 msecs (HTTP/1.1 204) 5 headers in 199 bytes (1 switches on core 0)
Jun 29 16:12:31.427668 dv-neutron-846032-4-hyperv devstack@placement-api.service[89300]: DEBUG placement.requestlog [req-3f24e354-7a9d-4908-a611-1b831a386809 req-74c67a6a-772d-4dc3-b508-af0e7d64131f None None] Starting request: 10.222.0.43 "GET /placement/allocations/d0293396-c16e-4fa0-926f-bdca761fe9de" {{(pid=89300) __call__ /opt/stack/placement/placement/requestlog.py:55}}
Jun 29 16:12:31.447887 dv-neutron-846032-4-hyperv devstack@placement-api.service[89300]: INFO placement.requestlog [req-3f24e354-7a9d-4908-a611-1b831a386809 req-74c67a6a-772d-4dc3-b508-af0e7d64131f service placement] 10.222.0.43 "GET /placement/allocations/d0293396-c16e-4fa0-926f-bdca761fe9de" status: 200 len: 259 microversion: 1.28
