Jun 20 16:27:34.158565 dv-neutron-846001-3-hyperv devstack@n-api.service[119126]: DEBUG oslo_concurrency.lockutils [None req-641346c7-7d11-419d-bdcd-e78ab3ab1cba tempest-ServersTestManualDisk-853540547 tempest-ServersTestManualDisk-853540547-project] Lock "7ad978e5-978f-4001-9355-e301d51d52af" acquired by "nova.context.set_target_cell..get_or_set_cached_cell_and_set_connections" :: waited 0.000s {{(pid=119126) inner /usr/local/lib/python3.8/dist-packages/oslo_concurrency/lockutils.py:386}}
Jun 20 16:27:34.159290 dv-neutron-846001-3-hyperv devstack@n-api.service[119126]: DEBUG oslo_concurrency.lockutils [None req-641346c7-7d11-419d-bdcd-e78ab3ab1cba tempest-ServersTestManualDisk-853540547 tempest-ServersTestManualDisk-853540547-project] Lock "7ad978e5-978f-4001-9355-e301d51d52af" "released" by "nova.context.set_target_cell..get_or_set_cached_cell_and_set_connections" :: held 0.001s {{(pid=119126) inner /usr/local/lib/python3.8/dist-packages/oslo_concurrency/lockutils.py:400}}
Jun 20 16:27:34.160358 dv-neutron-846001-3-hyperv devstack@n-api.service[119126]: DEBUG oslo_concurrency.lockutils [None req-641346c7-7d11-419d-bdcd-e78ab3ab1cba tempest-ServersTestManualDisk-853540547 tempest-ServersTestManualDisk-853540547-project] Lock "7ad978e5-978f-4001-9355-e301d51d52af" acquired by "nova.context.set_target_cell..get_or_set_cached_cell_and_set_connections" :: waited 0.000s {{(pid=119126) inner /usr/local/lib/python3.8/dist-packages/oslo_concurrency/lockutils.py:386}}
Jun 20 16:27:34.161392 dv-neutron-846001-3-hyperv devstack@n-api.service[119126]: DEBUG oslo_concurrency.lockutils [None req-641346c7-7d11-419d-bdcd-e78ab3ab1cba tempest-ServersTestManualDisk-853540547 tempest-ServersTestManualDisk-853540547-project] Lock "7ad978e5-978f-4001-9355-e301d51d52af" "released" by "nova.context.set_target_cell..get_or_set_cached_cell_and_set_connections" :: held 0.001s {{(pid=119126) inner /usr/local/lib/python3.8/dist-packages/oslo_concurrency/lockutils.py:400}}
Jun 20 16:27:34.208804 dv-neutron-846001-3-hyperv devstack@n-api.service[119125]: DEBUG nova.policy [None req-ba20af73-1a61-4330-b78e-215289cb2e44 tempest-ServerActionsTestJSON-597922272 tempest-ServerActionsTestJSON-597922272-project] Policy check for os_compute_api:os-extended-server-attributes failed with credentials {'is_admin': False, 'user_id': '805ab58351814fd389f214dceb9b1c62', 'user_domain_id': 'default', 'system_scope': None, 'domain_id': None, 'project_id': 'e4d199e9b0f4418baf20f77c17b51760', 'project_domain_id': 'default', 'roles': ['reader', 'member'], 'is_admin_project': True, 'service_user_id': None, 'service_user_domain_id': None, 'service_project_id': None, 'service_project_domain_id': None, 'service_roles': []} {{(pid=119125) authorize /opt/stack/nova/nova/policy.py:199}}
Jun 20 16:27:34.224190 dv-neutron-846001-3-hyperv devstack@n-api.service[119125]: INFO nova.api.openstack.requestlog [None req-ba20af73-1a61-4330-b78e-215289cb2e44 tempest-ServerActionsTestJSON-597922272 tempest-ServerActionsTestJSON-597922272-project] 10.222.0.42 "GET /compute/v2.1/servers/70bde978-32b3-4409-aa35-964d74a546a5" status: 200 len: 1680 microversion: 2.1 time: 0.596157
Jun 20 16:27:34.236384 dv-neutron-846001-3-hyperv devstack@n-api.service[119125]: [pid: 119125|app: 0|req: 52/103] 10.222.0.42 () {58 vars in 1235 bytes} [Mon Jun 20 16:27:33 2022] GET /compute/v2.1/servers/70bde978-32b3-4409-aa35-964d74a546a5 => generated 1680 bytes in 610 msecs (HTTP/1.1 200) 9 headers in 358 bytes (1 switches on core 0)
Jun 20 16:27:34.516905 dv-neutron-846001-3-hyperv devstack@n-api.service[119126]: DEBUG nova.policy [None req-641346c7-7d11-419d-bdcd-e78ab3ab1cba tempest-ServersTestManualDisk-853540547 tempest-ServersTestManualDisk-853540547-project] Policy check for os_compute_api:os-extended-server-attributes failed with credentials {'is_admin': False, 'user_id': '35dbf037fdc74a4a99b23717e915695b', 'user_domain_id': 'default', 'system_scope': None, 'domain_id': None, 'project_id': 'cb46f079a8d7478f88ddf13cb8604c75', 'project_domain_id': 'default', 'roles': ['reader', 'member'], 'is_admin_project': True, 'service_user_id': None, 'service_user_domain_id': None, 'service_project_id': None, 'service_project_domain_id': None, 'service_roles': []} {{(pid=119126) authorize /opt/stack/nova/nova/policy.py:199}}
Jun 20 16:27:34.526774 dv-neutron-846001-3-hyperv devstack@n-api.service[119126]: INFO nova.api.openstack.requestlog [None req-641346c7-7d11-419d-bdcd-e78ab3ab1cba tempest-ServersTestManualDisk-853540547 tempest-ServersTestManualDisk-853540547-project] 10.222.0.42 "GET /compute/v2.1/servers/cd56ce28-1c90-4c8e-9f2b-3d7c96bbd6e9" status: 200 len: 1714 microversion: 2.1 time: 0.380186
Jun 20 16:27:34.540882 dv-neutron-846001-3-hyperv devstack@n-api.service[119126]: [pid: 119126|app: 0|req: 52/104] 10.222.0.42 () {58 vars in 1235 bytes} [Mon Jun 20 16:27:34 2022] GET /compute/v2.1/servers/cd56ce28-1c90-4c8e-9f2b-3d7c96bbd6e9 => generated 1714 bytes in 387 msecs (HTTP/1.1 200) 9 headers in 358 bytes (1 switches on core 0)
Jun 20 16:27:35.249362 dv-neutron-846001-3-hyperv devstack@n-api.service[119125]: DEBUG nova.api.openstack.wsgi [None req-756c7671-ac6a-43ab-837a-50b65d62295a tempest-ServerActionsTestJSON-597922272 tempest-ServerActionsTestJSON-597922272-project] Calling method '>' {{(pid=119125) _process_stack /opt/stack/nova/nova/api/openstack/wsgi.py:513}}
Jun 20 16:27:35.250000 dv-neutron-846001-3-hyperv devstack@n-api.service[119125]: DEBUG nova.compute.api [None req-756c7671-ac6a-43ab-837a-50b65d62295a tempest-ServerActionsTestJSON-597922272 tempest-ServerActionsTestJSON-597922272-project] [instance: 70bde978-32b3-4409-aa35-964d74a546a5] Fetching instance by UUID {{(pid=119125) get /opt/stack/nova/nova/compute/api.py:2920}}
Jun 20 16:27:35.256363 dv-neutron-846001-3-hyperv devstack@n-api.service[119125]: DEBUG oslo_concurrency.lockutils [None req-756c7671-ac6a-43ab-837a-50b65d62295a tempest-ServerActionsTestJSON-597922272 tempest-ServerActionsTestJSON-597922272-project] Lock "7ad978e5-978f-4001-9355-e301d51d52af" acquired by "nova.context.set_target_cell..get_or_set_cached_cell_and_set_connections" :: waited 0.000s {{(pid=119125) inner /usr/local/lib/python3.8/dist-packages/oslo_concurrency/lockutils.py:386}}
Jun 20 16:27:35.257122 dv-neutron-846001-3-hyperv devstack@n-api.service[119125]: DEBUG oslo_concurrency.lockutils [None req-756c7671-ac6a-43ab-837a-50b65d62295a tempest-ServerActionsTestJSON-597922272 tempest-ServerActionsTestJSON-597922272-project] Lock "7ad978e5-978f-4001-9355-e301d51d52af" "released" by "nova.context.set_target_cell..get_or_set_cached_cell_and_set_connections" :: held 0.001s {{(pid=119125) inner /usr/local/lib/python3.8/dist-packages/oslo_concurrency/lockutils.py:400}}
Jun 20 16:27:35.259501 dv-neutron-846001-3-hyperv devstack@n-api.service[119125]: DEBUG oslo_concurrency.lockutils [None req-756c7671-ac6a-43ab-837a-50b65d62295a tempest-ServerActionsTestJSON-597922272 tempest-ServerActionsTestJSON-597922272-project] Lock "7ad978e5-978f-4001-9355-e301d51d52af" acquired by "nova.context.set_target_cell..get_or_set_cached_cell_and_set_connections" :: waited 0.000s {{(pid=119125) inner /usr/local/lib/python3.8/dist-packages/oslo_concurrency/lockutils.py:386}}
Jun 20 16:27:35.260576 dv-neutron-846001-3-hyperv devstack@n-api.service[119125]: DEBUG oslo_concurrency.lockutils [None req-756c7671-ac6a-43ab-837a-50b65d62295a tempest-ServerActionsTestJSON-597922272 tempest-ServerActionsTestJSON-597922272-project] Lock "7ad978e5-978f-4001-9355-e301d51d52af" "released" by "nova.context.set_target_cell..get_or_set_cached_cell_and_set_connections" :: held 0.002s {{(pid=119125) inner /usr/local/lib/python3.8/dist-packages/oslo_concurrency/lockutils.py:400}}
Jun 20 16:27:35.548823 dv-neutron-846001-3-hyperv devstack@n-api.service[119126]: DEBUG nova.api.openstack.wsgi [None req-c37bbf35-5a62-402e-84c7-1460a70c0f1d tempest-ServersTestManualDisk-853540547 tempest-ServersTestManualDisk-853540547-project] Calling method '>' {{(pid=119126) _process_stack /opt/stack/nova/nova/api/openstack/wsgi.py:513}}
Jun 20 16:27:35.549468 dv-neutron-846001-3-hyperv devstack@n-api.service[119126]: DEBUG nova.compute.api [None req-c37bbf35-5a62-402e-84c7-1460a70c0f1d tempest-ServersTestManualDisk-853540547 tempest-ServersTestManualDisk-853540547-project] [instance: cd56ce28-1c90-4c8e-9f2b-3d7c96bbd6e9] Fetching instance by UUID {{(pid=119126) get /opt/stack/nova/nova/compute/api.py:2920}}
Jun 20 16:27:35.557429 dv-neutron-846001-3-hyperv devstack@n-api.service[119126]: DEBUG oslo_concurrency.lockutils [None req-c37bbf35-5a62-402e-84c7-1460a70c0f1d tempest-ServersTestManualDisk-853540547 tempest-ServersTestManualDisk-853540547-project] Lock "7ad978e5-978f-4001-9355-e301d51d52af" acquired by "nova.context.set_target_cell..get_or_set_cached_cell_and_set_connections" :: waited 0.000s {{(pid=119126) inner /usr/local/lib/python3.8/dist-packages/oslo_concurrency/lockutils.py:386}}
Jun 20 16:27:35.557877 dv-neutron-846001-3-hyperv devstack@n-api.service[119126]: DEBUG oslo_concurrency.lockutils [None req-c37bbf35-5a62-402e-84c7-1460a70c0f1d tempest-ServersTestManualDisk-853540547 tempest-ServersTestManualDisk-853540547-project] Lock "7ad978e5-978f-4001-9355-e301d51d52af" "released" by "nova.context.set_target_cell..get_or_set_cached_cell_and_set_connections" :: held 0.001s {{(pid=119126) inner /usr/local/lib/python3.8/dist-packages/oslo_concurrency/lockutils.py:400}}
Jun 20 16:27:35.558669 dv-neutron-846001-3-hyperv devstack@n-api.service[119126]: DEBUG oslo_concurrency.lockutils [None req-c37bbf35-5a62-402e-84c7-1460a70c0f1d tempest-ServersTestManualDisk-853540547 tempest-ServersTestManualDisk-853540547-project] Lock "7ad978e5-978f-4001-9355-e301d51d52af" acquired by "nova.context.set_target_cell..get_or_set_cached_cell_and_set_connections" :: waited 0.000s {{(pid=119126) inner /usr/local/lib/python3.8/dist-packages/oslo_concurrency/lockutils.py:386}}
Jun 20 16:27:35.559103 dv-neutron-846001-3-hyperv devstack@n-api.service[119126]: DEBUG oslo_concurrency.lockutils [None req-c37bbf35-5a62-402e-84c7-1460a70c0f1d tempest-ServersTestManualDisk-853540547 tempest-ServersTestManualDisk-853540547-project] Lock "7ad978e5-978f-4001-9355-e301d51d52af" "released" by "nova.context.set_target_cell..get_or_set_cached_cell_and_set_connections" :: held 0.000s {{(pid=119126) inner /usr/local/lib/python3.8/dist-packages/oslo_concurrency/lockutils.py:400}}
Jun 20 16:27:35.661604 dv-neutron-846001-3-hyperv devstack@n-api.service[119125]: DEBUG nova.policy [None req-756c7671-ac6a-43ab-837a-50b65d62295a tempest-ServerActionsTestJSON-597922272 tempest-ServerActionsTestJSON-597922272-project] Policy check for os_compute_api:os-extended-server-attributes failed with credentials {'is_admin': False, 'user_id': '805ab58351814fd389f214dceb9b1c62', 'user_domain_id': 'default', 'system_scope': None, 'domain_id': None, 'project_id': 'e4d199e9b0f4418baf20f77c17b51760', 'project_domain_id': 'default', 'roles': ['reader', 'member'], 'is_admin_project': True, 'service_user_id': None, 'service_user_domain_id': None, 'service_project_id': None, 'service_project_domain_id': None, 'service_roles': []} {{(pid=119125) authorize /opt/stack/nova/nova/policy.py:199}}
Jun 20 16:27:35.677816 dv-neutron-846001-3-hyperv devstack@n-api.service[119125]: INFO nova.api.openstack.requestlog [None req-756c7671-ac6a-43ab-837a-50b65d62295a tempest-ServerActionsTestJSON-597922272 tempest-ServerActionsTestJSON-597922272-project] 10.222.0.42 "GET /compute/v2.1/servers/70bde978-32b3-4409-aa35-964d74a546a5" status: 200 len: 1680 microversion: 2.1 time: 0.438652
Jun 20 16:27:35.679104 dv-neutron-846001-3-hyperv devstack@n-api.service[119125]: [pid: 119125|app: 0|req: 53/105] 10.222.0.42 () {58 vars in 1235 bytes} [Mon Jun 20 16:27:35 2022] GET /compute/v2.1/servers/70bde978-32b3-4409-aa35-964d74a546a5 => generated 1680 bytes in 441 msecs (HTTP/1.1 200) 9 headers in 358 bytes (1 switches on core 0)
Jun 20 16:27:36.133453 dv-neutron-846001-3-hyperv devstack@n-api.service[119126]: DEBUG nova.policy [None req-c37bbf35-5a62-402e-84c7-1460a70c0f1d tempest-ServersTestManualDisk-853540547 tempest-ServersTestManualDisk-853540547-project] Policy check for os_compute_api:os-extended-server-attributes failed with credentials {'is_admin': False, 'user_id': '35dbf037fdc74a4a99b23717e915695b', 'user_domain_id': 'default', 'system_scope': None, 'domain_id': None, 'project_id': 'cb46f079a8d7478f88ddf13cb8604c75', 'project_domain_id': 'default', 'roles': ['reader', 'member'], 'is_admin_project': True, 'service_user_id': None, 'service_user_domain_id': None, 'service_project_id': None, 'service_project_domain_id': None, 'service_roles': []} {{(pid=119126) authorize /opt/stack/nova/nova/policy.py:199}}
Jun 20 16:27:36.147508 dv-neutron-846001-3-hyperv devstack@n-api.service[119126]: INFO nova.api.openstack.requestlog [None req-c37bbf35-5a62-402e-84c7-1460a70c0f1d tempest-ServersTestManualDisk-853540547 tempest-ServersTestManualDisk-853540547-project] 10.222.0.42 "GET /compute/v2.1/servers/cd56ce28-1c90-4c8e-9f2b-3d7c96bbd6e9" status: 200 len: 1714 microversion: 2.1 time: 0.602690
Jun 20 16:27:36.157687 dv-neutron-846001-3-hyperv devstack@n-api.service[119126]: [pid: 119126|app: 0|req: 53/106] 10.222.0.42 () {58 vars in 1235 bytes} [Mon Jun 20 16:27:35 2022] GET /compute/v2.1/servers/cd56ce28-1c90-4c8e-9f2b-3d7c96bbd6e9 => generated 1714 bytes in 605 msecs (HTTP/1.1 200) 9 headers in 358 bytes (2 switches on core 0)
Jun 20 16:27:36.698235 dv-neutron-846001-3-hyperv devstack@n-api.service[119125]: DEBUG nova.api.openstack.wsgi [None req-affb6d90-c53d-4d19-9f91-25e68436e322 tempest-ServerActionsTestJSON-597922272 tempest-ServerActionsTestJSON-597922272-project] Calling method '>' {{(pid=119125) _process_stack /opt/stack/nova/nova/api/openstack/wsgi.py:513}}
Jun 20 16:27:36.698871 dv-neutron-846001-3-hyperv devstack@n-api.service[119125]: DEBUG nova.compute.api [None req-affb6d90-c53d-4d19-9f91-25e68436e322 tempest-ServerActionsTestJSON-597922272 tempest-ServerActionsTestJSON-597922272-project] [instance: 70bde978-32b3-4409-aa35-964d74a546a5] Fetching instance by UUID {{(pid=119125) get /opt/stack/nova/nova/compute/api.py:2920}}
Jun 20 16:27:36.706478 dv-neutron-846001-3-hyperv devstack@n-api.service[119125]: DEBUG oslo_concurrency.lockutils [None req-affb6d90-c53d-4d19-9f91-25e68436e322 tempest-ServerActionsTestJSON-597922272 tempest-ServerActionsTestJSON-597922272-project] Lock "7ad978e5-978f-4001-9355-e301d51d52af" acquired by "nova.context.set_target_cell..get_or_set_cached_cell_and_set_connections" :: waited 0.000s {{(pid=119125) inner /usr/local/lib/python3.8/dist-packages/oslo_concurrency/lockutils.py:386}}
Jun 20 16:27:36.706956 dv-neutron-846001-3-hyperv devstack@n-api.service[119125]: DEBUG oslo_concurrency.lockutils [None req-affb6d90-c53d-4d19-9f91-25e68436e322 tempest-ServerActionsTestJSON-597922272 tempest-ServerActionsTestJSON-597922272-project] Lock "7ad978e5-978f-4001-9355-e301d51d52af" "released" by "nova.context.set_target_cell..get_or_set_cached_cell_and_set_connections" :: held 0.001s {{(pid=119125) inner /usr/local/lib/python3.8/dist-packages/oslo_concurrency/lockutils.py:400}}
Jun 20 16:27:36.708261 dv-neutron-846001-3-hyperv devstack@n-api.service[119125]: DEBUG oslo_concurrency.lockutils [None req-affb6d90-c53d-4d19-9f91-25e68436e322 tempest-ServerActionsTestJSON-597922272 tempest-ServerActionsTestJSON-597922272-project] Lock "7ad978e5-978f-4001-9355-e301d51d52af" acquired by "nova.context.set_target_cell..get_or_set_cached_cell_and_set_connections" :: waited 0.000s {{(pid=119125) inner /usr/local/lib/python3.8/dist-packages/oslo_concurrency/lockutils.py:386}}
Jun 20 16:27:36.708747 dv-neutron-846001-3-hyperv devstack@n-api.service[119125]: DEBUG oslo_concurrency.lockutils [None req-affb6d90-c53d-4d19-9f91-25e68436e322 tempest-ServerActionsTestJSON-597922272 tempest-ServerActionsTestJSON-597922272-project] Lock "7ad978e5-978f-4001-9355-e301d51d52af" "released" by "nova.context.set_target_cell..get_or_set_cached_cell_and_set_connections" :: held 0.000s {{(pid=119125) inner /usr/local/lib/python3.8/dist-packages/oslo_concurrency/lockutils.py:400}}
Jun 20 16:27:37.165017 dv-neutron-846001-3-hyperv devstack@n-api.service[119125]: DEBUG nova.policy [None req-affb6d90-c53d-4d19-9f91-25e68436e322 tempest-ServerActionsTestJSON-597922272 tempest-ServerActionsTestJSON-597922272-project] Policy check for os_compute_api:os-extended-server-attributes failed with credentials {'is_admin': False, 'user_id': '805ab58351814fd389f214dceb9b1c62', 'user_domain_id': 'default', 'system_scope': None, 'domain_id': None, 'project_id': 'e4d199e9b0f4418baf20f77c17b51760', 'project_domain_id': 'default', 'roles': ['reader', 'member'], 'is_admin_project': True, 'service_user_id': None, 'service_user_domain_id': None, 'service_project_id': None, 'service_project_domain_id': None, 'service_roles': []} {{(pid=119125) authorize /opt/stack/nova/nova/policy.py:199}}
Jun 20 16:27:37.165234 dv-neutron-846001-3-hyperv devstack@n-api.service[119126]: DEBUG nova.api.openstack.wsgi [None req-c6006a3f-e77d-4e68-a43a-10be27a55e65 tempest-ServersTestManualDisk-853540547 tempest-ServersTestManualDisk-853540547-project] Calling method '>' {{(pid=119126) _process_stack /opt/stack/nova/nova/api/openstack/wsgi.py:513}}
Jun 20 16:27:37.165802 dv-neutron-846001-3-hyperv devstack@n-api.service[119126]: DEBUG nova.compute.api [None req-c6006a3f-e77d-4e68-a43a-10be27a55e65 tempest-ServersTestManualDisk-853540547 tempest-ServersTestManualDisk-853540547-project] [instance: cd56ce28-1c90-4c8e-9f2b-3d7c96bbd6e9] Fetching instance by UUID {{(pid=119126) get /opt/stack/nova/nova/compute/api.py:2920}}
Jun 20 16:27:37.175808 dv-neutron-846001-3-hyperv devstack@n-api.service[119126]: DEBUG oslo_concurrency.lockutils [None req-c6006a3f-e77d-4e68-a43a-10be27a55e65 tempest-ServersTestManualDisk-853540547 tempest-ServersTestManualDisk-853540547-project] Lock "7ad978e5-978f-4001-9355-e301d51d52af" acquired by "nova.context.set_target_cell..get_or_set_cached_cell_and_set_connections" :: waited 0.000s {{(pid=119126) inner /usr/local/lib/python3.8/dist-packages/oslo_concurrency/lockutils.py:386}}
Jun 20 16:27:37.181922 dv-neutron-846001-3-hyperv devstack@n-api.service[119125]: INFO nova.api.openstack.requestlog [None req-affb6d90-c53d-4d19-9f91-25e68436e322 tempest-ServerActionsTestJSON-597922272 tempest-ServerActionsTestJSON-597922272-project] 10.222.0.42 "GET /compute/v2.1/servers/70bde978-32b3-4409-aa35-964d74a546a5" status: 200 len: 1680 microversion: 2.1 time: 0.483452
Jun 20 16:27:37.183893 dv-neutron-846001-3-hyperv devstack@n-api.service[119126]: DEBUG oslo_concurrency.lockutils [None req-c6006a3f-e77d-4e68-a43a-10be27a55e65 tempest-ServersTestManualDisk-853540547 tempest-ServersTestManualDisk-853540547-project] Lock "7ad978e5-978f-4001-9355-e301d51d52af" "released" by "nova.context.set_target_cell..get_or_set_cached_cell_and_set_connections" :: held 0.008s {{(pid=119126) inner /usr/local/lib/python3.8/dist-packages/oslo_concurrency/lockutils.py:400}}
Jun 20 16:27:37.184742 dv-neutron-846001-3-hyperv devstack@n-api.service[119126]: DEBUG oslo_concurrency.lockutils [None req-c6006a3f-e77d-4e68-a43a-10be27a55e65 tempest-ServersTestManualDisk-853540547 tempest-ServersTestManualDisk-853540547-project] Lock "7ad978e5-978f-4001-9355-e301d51d52af" acquired by "nova.context.set_target_cell..get_or_set_cached_cell_and_set_connections" :: waited 0.000s {{(pid=119126) inner /usr/local/lib/python3.8/dist-packages/oslo_concurrency/lockutils.py:386}}
Jun 20 16:27:37.185230 dv-neutron-846001-3-hyperv devstack@n-api.service[119126]: DEBUG oslo_concurrency.lockutils [None req-c6006a3f-e77d-4e68-a43a-10be27a55e65 tempest-ServersTestManualDisk-853540547 tempest-ServersTestManualDisk-853540547-project] Lock "7ad978e5-978f-4001-9355-e301d51d52af" "released" by "nova.context.set_target_cell..get_or_set_cached_cell_and_set_connections" :: held 0.000s {{(pid=119126) inner /usr/local/lib/python3.8/dist-packages/oslo_concurrency/lockutils.py:400}}
Jun 20 16:27:37.195421 dv-neutron-846001-3-hyperv devstack@n-api.service[119125]: [pid: 119125|app: 0|req: 54/107] 10.222.0.42 () {58 vars in 1235 bytes} [Mon Jun 20 16:27:36 2022] GET /compute/v2.1/servers/70bde978-32b3-4409-aa35-964d74a546a5 => generated 1680 bytes in 503 msecs (HTTP/1.1 200) 9 headers in 358 bytes (1 switches on core 0)
Jun 20 16:27:37.624103 dv-neutron-846001-3-hyperv devstack@n-api.service[119126]: DEBUG nova.policy [None req-c6006a3f-e77d-4e68-a43a-10be27a55e65 tempest-ServersTestManualDisk-853540547 tempest-ServersTestManualDisk-853540547-project] Policy check for os_compute_api:os-extended-server-attributes failed with credentials {'is_admin': False, 'user_id': '35dbf037fdc74a4a99b23717e915695b', 'user_domain_id': 'default', 'system_scope': None, 'domain_id': None, 'project_id': 'cb46f079a8d7478f88ddf13cb8604c75', 'project_domain_id': 'default', 'roles': ['reader', 'member'], 'is_admin_project': True, 'service_user_id': None, 'service_user_domain_id': None, 'service_project_id': None, 'service_project_domain_id': None, 'service_roles': []} {{(pid=119126) authorize /opt/stack/nova/nova/policy.py:199}}
Jun 20 16:27:37.628930 dv-neutron-846001-3-hyperv devstack@n-api.service[119126]: INFO nova.api.openstack.requestlog [None req-c6006a3f-e77d-4e68-a43a-10be27a55e65 tempest-ServersTestManualDisk-853540547 tempest-ServersTestManualDisk-853540547-project] 10.222.0.42 "GET /compute/v2.1/servers/cd56ce28-1c90-4c8e-9f2b-3d7c96bbd6e9" status: 200 len: 1714 microversion: 2.1 time: 0.468060
Jun 20 16:27:37.643529 dv-neutron-846001-3-hyperv devstack@n-api.service[119126]: [pid: 119126|app: 0|req: 54/108] 10.222.0.42 () {58 vars in 1235 bytes} [Mon Jun 20 16:27:37 2022] GET /compute/v2.1/servers/cd56ce28-1c90-4c8e-9f2b-3d7c96bbd6e9 => generated 1714 bytes in 483 msecs (HTTP/1.1 200) 9 headers in 358 bytes (2 switches on core 0)
Jun 20 16:27:38.213281 dv-neutron-846001-3-hyperv devstack@n-api.service[119125]: DEBUG nova.api.openstack.wsgi [None req-61e4d908-9c82-4ec9-a00c-d3936d19a2a3 tempest-ServerActionsTestJSON-597922272 tempest-ServerActionsTestJSON-597922272-project] Calling method '>' {{(pid=119125) _process_stack /opt/stack/nova/nova/api/openstack/wsgi.py:513}}
Jun 20 16:27:38.218289 dv-neutron-846001-3-hyperv devstack@n-api.service[119125]: DEBUG nova.compute.api [None req-61e4d908-9c82-4ec9-a00c-d3936d19a2a3 tempest-ServerActionsTestJSON-597922272 tempest-ServerActionsTestJSON-597922272-project] [instance: 70bde978-32b3-4409-aa35-964d74a546a5] Fetching instance by UUID {{(pid=119125) get /opt/stack/nova/nova/compute/api.py:2920}}
Jun 20 16:27:38.221232 dv-neutron-846001-3-hyperv devstack@n-api.service[119125]: DEBUG oslo_concurrency.lockutils [None req-61e4d908-9c82-4ec9-a00c-d3936d19a2a3 tempest-ServerActionsTestJSON-597922272 tempest-ServerActionsTestJSON-597922272-project] Lock "7ad978e5-978f-4001-9355-e301d51d52af" acquired by "nova.context.set_target_cell..get_or_set_cached_cell_and_set_connections" :: waited 0.000s {{(pid=119125) inner /usr/local/lib/python3.8/dist-packages/oslo_concurrency/lockutils.py:386}}
Jun 20 16:27:38.221930 dv-neutron-846001-3-hyperv devstack@n-api.service[119125]: DEBUG oslo_concurrency.lockutils [None req-61e4d908-9c82-4ec9-a00c-d3936d19a2a3 tempest-ServerActionsTestJSON-597922272 tempest-ServerActionsTestJSON-597922272-project] Lock "7ad978e5-978f-4001-9355-e301d51d52af" "released" by "nova.context.set_target_cell..get_or_set_cached_cell_and_set_connections" :: held 0.001s {{(pid=119125) inner /usr/local/lib/python3.8/dist-packages/oslo_concurrency/lockutils.py:400}}
Jun 20 16:27:38.223173 dv-neutron-846001-3-hyperv devstack@n-api.service[119125]: DEBUG oslo_concurrency.lockutils [None req-61e4d908-9c82-4ec9-a00c-d3936d19a2a3 tempest-ServerActionsTestJSON-597922272 tempest-ServerActionsTestJSON-597922272-project] Lock "7ad978e5-978f-4001-9355-e301d51d52af" acquired by "nova.context.set_target_cell..get_or_set_cached_cell_and_set_connections" :: waited 0.000s {{(pid=119125) inner /usr/local/lib/python3.8/dist-packages/oslo_concurrency/lockutils.py:386}}
Jun 20 16:27:38.223771 dv-neutron-846001-3-hyperv devstack@n-api.service[119125]: DEBUG oslo_concurrency.lockutils [None req-61e4d908-9c82-4ec9-a00c-d3936d19a2a3 tempest-ServerActionsTestJSON-597922272 tempest-ServerActionsTestJSON-597922272-project] Lock "7ad978e5-978f-4001-9355-e301d51d52af" "released" by "nova.context.set_target_cell..get_or_set_cached_cell_and_set_connections" :: held 0.001s {{(pid=119125) inner /usr/local/lib/python3.8/dist-packages/oslo_concurrency/lockutils.py:400}}
Jun 20 16:27:38.649636 dv-neutron-846001-3-hyperv devstack@n-api.service[119126]: DEBUG nova.api.openstack.wsgi [None req-0bbf329f-d232-4a1d-92c0-5ec9dae60de4 tempest-ServersTestManualDisk-853540547 tempest-ServersTestManualDisk-853540547-project] Calling method '>' {{(pid=119126) _process_stack /opt/stack/nova/nova/api/openstack/wsgi.py:513}}
Jun 20 16:27:38.651020 dv-neutron-846001-3-hyperv devstack@n-api.service[119126]: DEBUG nova.compute.api [None req-0bbf329f-d232-4a1d-92c0-5ec9dae60de4 tempest-ServersTestManualDisk-853540547 tempest-ServersTestManualDisk-853540547-project] [instance: cd56ce28-1c90-4c8e-9f2b-3d7c96bbd6e9] Fetching instance by UUID {{(pid=119126) get /opt/stack/nova/nova/compute/api.py:2920}}
Jun 20 16:27:38.659598 dv-neutron-846001-3-hyperv devstack@n-api.service[119126]: DEBUG oslo_concurrency.lockutils [None req-0bbf329f-d232-4a1d-92c0-5ec9dae60de4 tempest-ServersTestManualDisk-853540547 tempest-ServersTestManualDisk-853540547-project] Lock "7ad978e5-978f-4001-9355-e301d51d52af" acquired by "nova.context.set_target_cell..get_or_set_cached_cell_and_set_connections" :: waited 0.000s {{(pid=119126) inner /usr/local/lib/python3.8/dist-packages/oslo_concurrency/lockutils.py:386}}
Jun 20 16:27:38.660264 dv-neutron-846001-3-hyperv devstack@n-api.service[119126]: DEBUG oslo_concurrency.lockutils [None req-0bbf329f-d232-4a1d-92c0-5ec9dae60de4 tempest-ServersTestManualDisk-853540547 tempest-ServersTestManualDisk-853540547-project] Lock "7ad978e5-978f-4001-9355-e301d51d52af" "released" by "nova.context.set_target_cell..get_or_set_cached_cell_and_set_connections" :: held 0.001s {{(pid=119126) inner /usr/local/lib/python3.8/dist-packages/oslo_concurrency/lockutils.py:400}}
Jun 20 16:27:38.661109 dv-neutron-846001-3-hyperv devstack@n-api.service[119126]: DEBUG oslo_concurrency.lockutils [None req-0bbf329f-d232-4a1d-92c0-5ec9dae60de4 tempest-ServersTestManualDisk-853540547 tempest-ServersTestManualDisk-853540547-project] Lock "7ad978e5-978f-4001-9355-e301d51d52af" acquired by "nova.context.set_target_cell..get_or_set_cached_cell_and_set_connections" :: waited 0.000s {{(pid=119126) inner /usr/local/lib/python3.8/dist-packages/oslo_concurrency/lockutils.py:386}}
Jun 20 16:27:38.661629 dv-neutron-846001-3-hyperv devstack@n-api.service[119126]: DEBUG oslo_concurrency.lockutils [None req-0bbf329f-d232-4a1d-92c0-5ec9dae60de4 tempest-ServersTestManualDisk-853540547 tempest-ServersTestManualDisk-853540547-project] Lock "7ad978e5-978f-4001-9355-e301d51d52af" "released" by "nova.context.set_target_cell..get_or_set_cached_cell_and_set_connections" :: held 0.000s {{(pid=119126) inner /usr/local/lib/python3.8/dist-packages/oslo_concurrency/lockutils.py:400}}
Jun 20 16:27:38.678743 dv-neutron-846001-3-hyperv devstack@n-api.service[119126]: DEBUG dbcounter [-] [119126] Writing DB stats nova_cell1:SELECT=90,nova_cell1:UPDATE=6,nova_cell1:INSERT=4 {{(pid=119126) stat_writer /usr/local/lib/python3.8/dist-packages/dbcounter.py:114}}
Jun 20 16:27:38.880787 dv-neutron-846001-3-hyperv devstack@n-api.service[119126]: DEBUG nova.policy [None req-0bbf329f-d232-4a1d-92c0-5ec9dae60de4 tempest-ServersTestManualDisk-853540547 tempest-ServersTestManualDisk-853540547-project] Policy check for os_compute_api:os-extended-server-attributes failed with credentials {'is_admin': False, 'user_id': '35dbf037fdc74a4a99b23717e915695b', 'user_domain_id': 'default', 'system_scope': None, 'domain_id': None, 'project_id': 'cb46f079a8d7478f88ddf13cb8604c75', 'project_domain_id': 'default', 'roles': ['reader', 'member'], 'is_admin_project': True, 'service_user_id': None, 'service_user_domain_id': None, 'service_project_id': None, 'service_project_domain_id': None, 'service_roles': []} {{(pid=119126) authorize /opt/stack/nova/nova/policy.py:199}}
Jun 20 16:27:38.890197 dv-neutron-846001-3-hyperv devstack@n-api.service[119126]: INFO nova.api.openstack.requestlog [None req-0bbf329f-d232-4a1d-92c0-5ec9dae60de4 tempest-ServersTestManualDisk-853540547 tempest-ServersTestManualDisk-853540547-project] 10.222.0.42 "GET /compute/v2.1/servers/cd56ce28-1c90-4c8e-9f2b-3d7c96bbd6e9" status: 200 len: 1646 microversion: 2.1 time: 0.244325
Jun 20 16:27:38.891263 dv-neutron-846001-3-hyperv devstack@n-api.service[119126]: [pid: 119126|app: 0|req: 55/109] 10.222.0.42 () {58 vars in 1235 bytes} [Mon Jun 20 16:27:38 2022] GET /compute/v2.1/servers/cd56ce28-1c90-4c8e-9f2b-3d7c96bbd6e9 => generated 1646 bytes in 246 msecs (HTTP/1.1 200) 9 headers in 358 bytes (1 switches on core 0)
Jun 20 16:27:39.026151 dv-neutron-846001-3-hyperv devstack@n-api.service[119125]: DEBUG nova.policy [None req-61e4d908-9c82-4ec9-a00c-d3936d19a2a3 tempest-ServerActionsTestJSON-597922272 tempest-ServerActionsTestJSON-597922272-project] Policy check for os_compute_api:os-extended-server-attributes failed with credentials {'is_admin': False, 'user_id': '805ab58351814fd389f214dceb9b1c62', 'user_domain_id': 'default', 'system_scope': None, 'domain_id': None, 'project_id': 'e4d199e9b0f4418baf20f77c17b51760', 'project_domain_id': 'default', 'roles': ['reader', 'member'], 'is_admin_project': True, 'service_user_id': None, 'service_user_domain_id': None, 'service_project_id': None, 'service_project_domain_id': None, 'service_roles': []} {{(pid=119125) authorize /opt/stack/nova/nova/policy.py:199}}
Jun 20 16:27:39.035178 dv-neutron-846001-3-hyperv devstack@n-api.service[119125]: INFO nova.api.openstack.requestlog [None req-61e4d908-9c82-4ec9-a00c-d3936d19a2a3 tempest-ServerActionsTestJSON-597922272 tempest-ServerActionsTestJSON-597922272-project] 10.222.0.42 "GET /compute/v2.1/servers/70bde978-32b3-4409-aa35-964d74a546a5" status: 200 len: 1680 microversion: 2.1 time: 0.826155
Jun 20 16:27:39.037132 dv-neutron-846001-3-hyperv devstack@n-api.service[119125]: [pid: 119125|app: 0|req: 55/110] 10.222.0.42 () {58 vars in 1235 bytes} [Mon Jun 20 16:27:38 2022] GET /compute/v2.1/servers/70bde978-32b3-4409-aa35-964d74a546a5 => generated 1680 bytes in 828 msecs (HTTP/1.1 200) 9 headers in 358 bytes (1 switches on core 0)
Jun 20 16:27:39.129078 dv-neutron-846001-3-hyperv devstack@n-api.service[119126]: DEBUG nova.api.openstack.wsgi [req-e4ed6bdc-e779-421a-89ed-3436f84bf706 req-3ad8c660-72f4-47e6-b2b8-70c557418997 service nova] Action: 'create', calling method: >, body: {"events": [{"server_uuid": "cd56ce28-1c90-4c8e-9f2b-3d7c96bbd6e9", "name": "network-vif-deleted", "tag": "14ff5714-49b1-4f76-9221-9b7fb50b4e89"}]} {{(pid=119126) _process_stack /opt/stack/nova/nova/api/openstack/wsgi.py:511}}
Jun 20 16:27:39.161429 dv-neutron-846001-3-hyperv devstack@n-api.service[119126]: DEBUG oslo_concurrency.lockutils [req-e4ed6bdc-e779-421a-89ed-3436f84bf706 req-3ad8c660-72f4-47e6-b2b8-70c557418997 service nova] Lock "7ad978e5-978f-4001-9355-e301d51d52af" acquired by "nova.context.set_target_cell..get_or_set_cached_cell_and_set_connections" :: waited 0.000s {{(pid=119126) inner /usr/local/lib/python3.8/dist-packages/oslo_concurrency/lockutils.py:386}}
Jun 20 16:27:39.162477 dv-neutron-846001-3-hyperv devstack@n-api.service[119126]: DEBUG oslo_concurrency.lockutils [req-e4ed6bdc-e779-421a-89ed-3436f84bf706 req-3ad8c660-72f4-47e6-b2b8-70c557418997 service nova] Lock "7ad978e5-978f-4001-9355-e301d51d52af" "released" by "nova.context.set_target_cell..get_or_set_cached_cell_and_set_connections" :: held 0.001s {{(pid=119126) inner /usr/local/lib/python3.8/dist-packages/oslo_concurrency/lockutils.py:400}}
Jun 20 16:27:39.181088 dv-neutron-846001-3-hyperv devstack@n-api.service[119126]: INFO nova.api.openstack.compute.server_external_events [req-e4ed6bdc-e779-421a-89ed-3436f84bf706 req-3ad8c660-72f4-47e6-b2b8-70c557418997 service nova] Creating event network-vif-deleted:14ff5714-49b1-4f76-9221-9b7fb50b4e89 for instance cd56ce28-1c90-4c8e-9f2b-3d7c96bbd6e9 on hv-neutron-8460
Jun 20 16:27:39.188495 dv-neutron-846001-3-hyperv devstack@n-api.service[119126]: INFO nova.api.openstack.requestlog [req-e4ed6bdc-e779-421a-89ed-3436f84bf706 req-3ad8c660-72f4-47e6-b2b8-70c557418997 service nova] 10.222.0.42 "POST /compute/v2.1/os-server-external-events" status: 200 len: 183 microversion: 2.1 time: 0.065362
Jun 20 16:27:39.190621 dv-neutron-846001-3-hyperv devstack@n-api.service[119126]: [pid: 119126|app: 0|req: 56/111] 10.222.0.42 () {64 vars in 1317 bytes} [Mon Jun 20 16:27:39 2022] POST /compute/v2.1/os-server-external-events => generated 183 bytes in 74 msecs (HTTP/1.1 200) 9 headers in 357 bytes (1 switches on core 0)
Jun 20 16:27:39.908430 dv-neutron-846001-3-hyperv devstack@n-api.service[119125]: DEBUG nova.api.openstack.wsgi [None req-0658ab79-f27b-42da-b11d-763cdc0676ea tempest-ServersTestManualDisk-853540547 tempest-ServersTestManualDisk-853540547-project] Calling method '>' {{(pid=119125) _process_stack /opt/stack/nova/nova/api/openstack/wsgi.py:513}}
Jun 20 16:27:39.909051 dv-neutron-846001-3-hyperv devstack@n-api.service[119125]: DEBUG nova.compute.api [None req-0658ab79-f27b-42da-b11d-763cdc0676ea tempest-ServersTestManualDisk-853540547 tempest-ServersTestManualDisk-853540547-project] [instance: cd56ce28-1c90-4c8e-9f2b-3d7c96bbd6e9] Fetching instance by UUID {{(pid=119125) get /opt/stack/nova/nova/compute/api.py:2920}}
Jun 20 16:27:39.919263 dv-neutron-846001-3-hyperv devstack@n-api.service[119125]: DEBUG oslo_concurrency.lockutils [None req-0658ab79-f27b-42da-b11d-763cdc0676ea tempest-ServersTestManualDisk-853540547 tempest-ServersTestManualDisk-853540547-project] Lock "7ad978e5-978f-4001-9355-e301d51d52af" acquired by "nova.context.set_target_cell..get_or_set_cached_cell_and_set_connections" :: waited 0.000s {{(pid=119125) inner /usr/local/lib/python3.8/dist-packages/oslo_concurrency/lockutils.py:386}}
Jun 20 16:27:39.921454 dv-neutron-846001-3-hyperv devstack@n-api.service[119125]: DEBUG oslo_concurrency.lockutils [None req-0658ab79-f27b-42da-b11d-763cdc0676ea tempest-ServersTestManualDisk-853540547 tempest-ServersTestManualDisk-853540547-project] Lock "7ad978e5-978f-4001-9355-e301d51d52af" "released" by "nova.context.set_target_cell..get_or_set_cached_cell_and_set_connections" :: held 0.001s {{(pid=119125) inner /usr/local/lib/python3.8/dist-packages/oslo_concurrency/lockutils.py:400}}
Jun 20 16:27:39.922538 dv-neutron-846001-3-hyperv devstack@n-api.service[119125]: DEBUG oslo_concurrency.lockutils [None req-0658ab79-f27b-42da-b11d-763cdc0676ea tempest-ServersTestManualDisk-853540547 tempest-ServersTestManualDisk-853540547-project] Lock "7ad978e5-978f-4001-9355-e301d51d52af" acquired by "nova.context.set_target_cell..get_or_set_cached_cell_and_set_connections" :: waited 0.000s {{(pid=119125) inner /usr/local/lib/python3.8/dist-packages/oslo_concurrency/lockutils.py:386}}
Jun 20 16:27:39.924068 dv-neutron-846001-3-hyperv devstack@n-api.service[119125]: DEBUG oslo_concurrency.lockutils [None req-0658ab79-f27b-42da-b11d-763cdc0676ea tempest-ServersTestManualDisk-853540547 tempest-ServersTestManualDisk-853540547-project] Lock "7ad978e5-978f-4001-9355-e301d51d52af" "released" by "nova.context.set_target_cell..get_or_set_cached_cell_and_set_connections" :: held 0.001s {{(pid=119125) inner /usr/local/lib/python3.8/dist-packages/oslo_concurrency/lockutils.py:400}}
Jun 20 16:27:39.999597 dv-neutron-846001-3-hyperv devstack@n-api.service[119125]: DEBUG oslo_concurrency.lockutils [None req-0658ab79-f27b-42da-b11d-763cdc0676ea tempest-ServersTestManualDisk-853540547 tempest-ServersTestManualDisk-853540547-project] Lock "7ad978e5-978f-4001-9355-e301d51d52af" acquired by "nova.context.set_target_cell..get_or_set_cached_cell_and_set_connections" :: waited 0.000s {{(pid=119125) inner /usr/local/lib/python3.8/dist-packages/oslo_concurrency/lockutils.py:386}}
Jun 20 16:27:40.002296 dv-neutron-846001-3-hyperv devstack@n-api.service[119125]: DEBUG oslo_concurrency.lockutils [None req-0658ab79-f27b-42da-b11d-763cdc0676ea tempest-ServersTestManualDisk-853540547 tempest-ServersTestManualDisk-853540547-project] Lock "7ad978e5-978f-4001-9355-e301d51d52af" "released" by "nova.context.set_target_cell..get_or_set_cached_cell_and_set_connections" :: held 0.003s {{(pid=119125) inner /usr/local/lib/python3.8/dist-packages/oslo_concurrency/lockutils.py:400}}
Jun 20 16:27:40.005114 dv-neutron-846001-3-hyperv devstack@n-api.service[119125]: DEBUG nova.objects.instance [None req-0658ab79-f27b-42da-b11d-763cdc0676ea tempest-ServersTestManualDisk-853540547 tempest-ServersTestManualDisk-853540547-project] Lazy-loading 'fault' on Instance uuid cd56ce28-1c90-4c8e-9f2b-3d7c96bbd6e9 {{(pid=119125) obj_load_attr /opt/stack/nova/nova/objects/instance.py:1099}}
Jun 20 16:27:40.054165 dv-neutron-846001-3-hyperv devstack@n-api.service[119126]: DEBUG nova.api.openstack.wsgi [None req-99f773b2-a2fb-4b1e-b93e-a341df09d09d tempest-ServerActionsTestJSON-597922272 tempest-ServerActionsTestJSON-597922272-project] Calling method '>' {{(pid=119126) _process_stack /opt/stack/nova/nova/api/openstack/wsgi.py:513}}
Jun 20 16:27:40.054870 dv-neutron-846001-3-hyperv devstack@n-api.service[119126]: DEBUG nova.compute.api [None req-99f773b2-a2fb-4b1e-b93e-a341df09d09d tempest-ServerActionsTestJSON-597922272 tempest-ServerActionsTestJSON-597922272-project] [instance: 70bde978-32b3-4409-aa35-964d74a546a5] Fetching instance by UUID {{(pid=119126) get /opt/stack/nova/nova/compute/api.py:2920}}
Jun 20 16:27:40.067069 dv-neutron-846001-3-hyperv devstack@n-api.service[119126]: DEBUG oslo_concurrency.lockutils [None req-99f773b2-a2fb-4b1e-b93e-a341df09d09d tempest-ServerActionsTestJSON-597922272 tempest-ServerActionsTestJSON-597922272-project] Lock "7ad978e5-978f-4001-9355-e301d51d52af" acquired by "nova.context.set_target_cell..get_or_set_cached_cell_and_set_connections" :: waited 0.000s {{(pid=119126) inner /usr/local/lib/python3.8/dist-packages/oslo_concurrency/lockutils.py:386}}
Jun 20 16:27:40.067525 dv-neutron-846001-3-hyperv devstack@n-api.service[119126]: DEBUG oslo_concurrency.lockutils [None req-99f773b2-a2fb-4b1e-b93e-a341df09d09d tempest-ServerActionsTestJSON-597922272 tempest-ServerActionsTestJSON-597922272-project] Lock "7ad978e5-978f-4001-9355-e301d51d52af" "released" by "nova.context.set_target_cell..get_or_set_cached_cell_and_set_connections" :: held 0.001s {{(pid=119126) inner /usr/local/lib/python3.8/dist-packages/oslo_concurrency/lockutils.py:400}}
Jun 20 16:27:40.077482 dv-neutron-846001-3-hyperv devstack@n-api.service[119126]: DEBUG oslo_concurrency.lockutils [None req-99f773b2-a2fb-4b1e-b93e-a341df09d09d tempest-ServerActionsTestJSON-597922272 tempest-ServerActionsTestJSON-597922272-project] Lock "7ad978e5-978f-4001-9355-e301d51d52af" acquired by "nova.context.set_target_cell..get_or_set_cached_cell_and_set_connections" :: waited 0.000s {{(pid=119126) inner /usr/local/lib/python3.8/dist-packages/oslo_concurrency/lockutils.py:386}}
Jun 20 16:27:40.077482 dv-neutron-846001-3-hyperv devstack@n-api.service[119126]: DEBUG oslo_concurrency.lockutils [None req-99f773b2-a2fb-4b1e-b93e-a341df09d09d tempest-ServerActionsTestJSON-597922272 tempest-ServerActionsTestJSON-597922272-project] Lock "7ad978e5-978f-4001-9355-e301d51d52af" "released" by "nova.context.set_target_cell..get_or_set_cached_cell_and_set_connections" :: held 0.007s {{(pid=119126) inner /usr/local/lib/python3.8/dist-packages/oslo_concurrency/lockutils.py:400}}
Jun 20 16:27:40.126932 dv-neutron-846001-3-hyperv devstack@n-api.service[119125]: DEBUG nova.policy [None req-0658ab79-f27b-42da-b11d-763cdc0676ea tempest-ServersTestManualDisk-853540547 tempest-ServersTestManualDisk-853540547-project] Policy check for os_compute_api:os-extended-server-attributes failed with credentials {'is_admin': False, 'user_id': '35dbf037fdc74a4a99b23717e915695b', 'user_domain_id': 'default', 'system_scope': None, 'domain_id': None, 'project_id': 'cb46f079a8d7478f88ddf13cb8604c75', 'project_domain_id': 'default', 'roles': ['reader', 'member'], 'is_admin_project': True, 'service_user_id': None, 'service_user_domain_id': None, 'service_project_id': None, 'service_project_domain_id': None, 'service_roles': []} {{(pid=119125) authorize /opt/stack/nova/nova/policy.py:199}}
Jun 20 16:27:40.135594 dv-neutron-846001-3-hyperv devstack@n-api.service[119125]: INFO nova.api.openstack.requestlog [None req-0658ab79-f27b-42da-b11d-763cdc0676ea tempest-ServersTestManualDisk-853540547 tempest-ServersTestManualDisk-853540547-project] 10.222.0.42 "GET /compute/v2.1/servers/cd56ce28-1c90-4c8e-9f2b-3d7c96bbd6e9" status: 200 len: 1367 microversion: 2.1 time: 0.230594
Jun 20 16:27:40.144402 dv-neutron-846001-3-hyperv devstack@n-api.service[119125]: [pid: 119125|app: 0|req: 56/112] 10.222.0.42 () {58 vars in 1235 bytes} [Mon Jun 20 16:27:39 2022] GET /compute/v2.1/servers/cd56ce28-1c90-4c8e-9f2b-3d7c96bbd6e9 => generated 1367 bytes in 232 msecs (HTTP/1.1 200) 9 headers in 358 bytes (2 switches on core 0)
Jun 20 16:27:40.650469 dv-neutron-846001-3-hyperv devstack@n-api.service[119126]: DEBUG nova.policy [None req-99f773b2-a2fb-4b1e-b93e-a341df09d09d tempest-ServerActionsTestJSON-597922272 tempest-ServerActionsTestJSON-597922272-project] Policy check for os_compute_api:os-extended-server-attributes failed with credentials {'is_admin': False, 'user_id': '805ab58351814fd389f214dceb9b1c62', 'user_domain_id': 'default', 'system_scope': None, 'domain_id': None, 'project_id': 'e4d199e9b0f4418baf20f77c17b51760', 'project_domain_id': 'default', 'roles': ['reader', 'member'], 'is_admin_project': True, 'service_user_id': None, 'service_user_domain_id': None, 'service_project_id': None, 'service_project_domain_id': None, 'service_roles': []} {{(pid=119126) authorize /opt/stack/nova/nova/policy.py:199}}
Jun 20 16:27:40.668225 dv-neutron-846001-3-hyperv devstack@n-api.service[119126]: INFO nova.api.openstack.requestlog [None req-99f773b2-a2fb-4b1e-b93e-a341df09d09d tempest-ServerActionsTestJSON-597922272 tempest-ServerActionsTestJSON-597922272-project] 10.222.0.42 "GET /compute/v2.1/servers/70bde978-32b3-4409-aa35-964d74a546a5" status: 200 len: 1680 microversion: 2.1 time: 0.618028
Jun 20 16:27:40.669630 dv-neutron-846001-3-hyperv devstack@n-api.service[119126]: [pid: 119126|app: 0|req: 57/113] 10.222.0.42 () {58 vars in 1235 bytes} [Mon Jun 20 16:27:40 2022] GET /compute/v2.1/servers/70bde978-32b3-4409-aa35-964d74a546a5 => generated 1680 bytes in 620 msecs (HTTP/1.1 200) 9 headers in 358 bytes (2 switches on core 0)
Jun 20 16:27:41.160177 dv-neutron-846001-3-hyperv devstack@n-api.service[119125]: DEBUG nova.api.openstack.wsgi [None req-979bfdd8-adbb-4b58-9129-7c08f0cb2c50 tempest-ServersTestManualDisk-853540547 tempest-ServersTestManualDisk-853540547-project] Calling method '>' {{(pid=119125) _process_stack /opt/stack/nova/nova/api/openstack/wsgi.py:513}}
Jun 20 16:27:41.163989 dv-neutron-846001-3-hyperv devstack@n-api.service[119125]: DEBUG nova.compute.api [None req-979bfdd8-adbb-4b58-9129-7c08f0cb2c50 tempest-ServersTestManualDisk-853540547 tempest-ServersTestManualDisk-853540547-project] [instance: cd56ce28-1c90-4c8e-9f2b-3d7c96bbd6e9] Fetching instance by UUID {{(pid=119125) get /opt/stack/nova/nova/compute/api.py:2920}}
Jun 20 16:27:41.182714 dv-neutron-846001-3-hyperv devstack@n-api.service[119125]: DEBUG oslo_concurrency.lockutils [None req-979bfdd8-adbb-4b58-9129-7c08f0cb2c50 tempest-ServersTestManualDisk-853540547 tempest-ServersTestManualDisk-853540547-project] Lock "7ad978e5-978f-4001-9355-e301d51d52af" acquired by "nova.context.set_target_cell..get_or_set_cached_cell_and_set_connections" :: waited 0.000s {{(pid=119125) inner /usr/local/lib/python3.8/dist-packages/oslo_concurrency/lockutils.py:386}}
Jun 20 16:27:41.183164 dv-neutron-846001-3-hyperv devstack@n-api.service[119125]: DEBUG oslo_concurrency.lockutils [None req-979bfdd8-adbb-4b58-9129-7c08f0cb2c50 tempest-ServersTestManualDisk-853540547 tempest-ServersTestManualDisk-853540547-project] Lock "7ad978e5-978f-4001-9355-e301d51d52af" "released" by "nova.context.set_target_cell..get_or_set_cached_cell_and_set_connections" :: held 0.001s {{(pid=119125) inner /usr/local/lib/python3.8/dist-packages/oslo_concurrency/lockutils.py:400}}
Jun 20 16:27:41.184135 dv-neutron-846001-3-hyperv devstack@n-api.service[119125]: DEBUG oslo_concurrency.lockutils [None req-979bfdd8-adbb-4b58-9129-7c08f0cb2c50 tempest-ServersTestManualDisk-853540547 tempest-ServersTestManualDisk-853540547-project] Lock "7ad978e5-978f-4001-9355-e301d51d52af" acquired by "nova.context.set_target_cell..get_or_set_cached_cell_and_set_connections" :: waited 0.000s {{(pid=119125) inner /usr/local/lib/python3.8/dist-packages/oslo_concurrency/lockutils.py:386}}
Jun 20 16:27:41.184588 dv-neutron-846001-3-hyperv devstack@n-api.service[119125]: DEBUG oslo_concurrency.lockutils [None req-979bfdd8-adbb-4b58-9129-7c08f0cb2c50 tempest-ServersTestManualDisk-853540547 tempest-ServersTestManualDisk-853540547-project] Lock "7ad978e5-978f-4001-9355-e301d51d52af" "released" by "nova.context.set_target_cell..get_or_set_cached_cell_and_set_connections" :: held 0.000s {{(pid=119125) inner /usr/local/lib/python3.8/dist-packages/oslo_concurrency/lockutils.py:400}}
Jun 20 16:27:41.218416 dv-neutron-846001-3-hyperv devstack@n-api.service[119125]: INFO nova.api.openstack.wsgi [None req-979bfdd8-adbb-4b58-9129-7c08f0cb2c50 tempest-ServersTestManualDisk-853540547 tempest-ServersTestManualDisk-853540547-project] HTTP exception thrown: Instance cd56ce28-1c90-4c8e-9f2b-3d7c96bbd6e9 could not be found.
Jun 20 16:27:41.220956 dv-neutron-846001-3-hyperv devstack@n-api.service[119125]: DEBUG nova.api.openstack.wsgi [None req-979bfdd8-adbb-4b58-9129-7c08f0cb2c50 tempest-ServersTestManualDisk-853540547 tempest-ServersTestManualDisk-853540547-project] Request method failure captured:
Jun 20 16:27:41.220956 dv-neutron-846001-3-hyperv devstack@n-api.service[119125]: request: GET /compute/v2.1/servers/cd56ce28-1c90-4c8e-9f2b-3d7c96bbd6e9 HTTP/1.1
Jun 20 16:27:41.220956 dv-neutron-846001-3-hyperv devstack@n-api.service[119125]: Accept: application/json
Jun 20 16:27:41.220956 dv-neutron-846001-3-hyperv devstack@n-api.service[119125]: Accept-Encoding: identity
Jun 20 16:27:41.220956 dv-neutron-846001-3-hyperv devstack@n-api.service[119125]: Connection: close
Jun 20 16:27:41.220956 dv-neutron-846001-3-hyperv devstack@n-api.service[119125]: Content-Length: 0
Jun 20 16:27:41.220956 dv-neutron-846001-3-hyperv devstack@n-api.service[119125]: Content-Type: application/json
Jun 20 16:27:41.220956 dv-neutron-846001-3-hyperv devstack@n-api.service[119125]: Host: 10.222.0.42
Jun 20 16:27:41.220956 dv-neutron-846001-3-hyperv devstack@n-api.service[119125]: Openstack-System-Scope: None
Jun 20 16:27:41.220956 dv-neutron-846001-3-hyperv devstack@n-api.service[119125]: User-Agent: python-urllib3/1.26.9
Jun 20 16:27:41.220956 dv-neutron-846001-3-hyperv devstack@n-api.service[119125]: X-Auth-Token: gAAAAABisJ-fU4tKi8S73QMzirpbSkngKu29kzdnBuNx_dIPveYw86REailWLVXL2rHndETaJy9ZuB0bu-IO1k2wun07Y8xcUEEE7JGGK_ieafTBr-9SOmPTLr21t_bdhCcDTaBmz27Gt_AkJO-v0OdetCmAihT34bAK-AVmNpmlmz3P0KVsU-w
Jun 20 16:27:41.220956 dv-neutron-846001-3-hyperv devstack@n-api.service[119125]: X-Domain-Id: None
Jun 20 16:27:41.220956 dv-neutron-846001-3-hyperv devstack@n-api.service[119125]: X-Domain-Name: None
Jun 20 16:27:41.220956 dv-neutron-846001-3-hyperv devstack@n-api.service[119125]: X-Identity-Status: Confirmed
Jun 20 16:27:41.220956 dv-neutron-846001-3-hyperv devstack@n-api.service[119125]: X-Is-Admin-Project: True
Jun 20 16:27:41.220956 dv-neutron-846001-3-hyperv devstack@n-api.service[119125]: X-Project-Domain-Id: default
Jun 20 16:27:41.220956 dv-neutron-846001-3-hyperv devstack@n-api.service[119125]: X-Project-Domain-Name: Default
Jun 20 16:27:41.220956 dv-neutron-846001-3-hyperv devstack@n-api.service[119125]: X-Project-Id: cb46f079a8d7478f88ddf13cb8604c75
Jun 20 16:27:41.220956 dv-neutron-846001-3-hyperv devstack@n-api.service[119125]: X-Project-Name: tempest-ServersTestManualDisk-853540547
Jun 20 16:27:41.220956 dv-neutron-846001-3-hyperv devstack@n-api.service[119125]: X-Role: reader,member
Jun 20 16:27:41.220956 dv-neutron-846001-3-hyperv devstack@n-api.service[119125]: X-Roles: reader,member
