Jun 20 16:07:11.853250 dv-neutron-846001-3-hyperv devstack@keystone.service[80547]: DEBUG dbcounter [-] [80547] Writing DB stats keystone:SELECT=99,keystone:INSERT=1 {{(pid=80547) stat_writer /usr/local/lib/python3.8/dist-packages/dbcounter.py:114}}
Jun 20 16:07:11.869433 dv-neutron-846001-3-hyperv devstack@keystone.service[80547]: DEBUG keystone.server.flask.request_processing.middleware.auth_context [None req-385a23f3-a0e0-4285-8290-e68221200695 None admin] RBAC: auth_context: {'token': , 'domain_id': None, 'trust_id': None, 'trustor_id': None, 'trustee_id': None, 'domain_name': None, 'group_ids': [], 'user_id': 'afff38bfc17a4be0a496f311430e155d', 'user_domain_id': 'default', 'system_scope': 'all', 'project_id': None, 'project_domain_id': None, 'roles': ['admin', 'member', 'reader'], 'is_admin_project': True, 'service_user_id': None, 'service_user_domain_id': None, 'service_project_id': None, 'service_project_domain_id': None, 'service_roles': []} {{(pid=80547) fill_context /opt/stack/keystone/keystone/server/flask/request_processing/middleware/auth_context.py:478}}
Jun 20 16:07:11.871241 dv-neutron-846001-3-hyperv devstack@keystone.service[80547]: DEBUG keystone.server.flask.request_processing.req_logging [None req-385a23f3-a0e0-4285-8290-e68221200695 None admin] REQUEST_METHOD: `GET` {{(pid=80547) log_request_info /opt/stack/keystone/keystone/server/flask/request_processing/req_logging.py:27}}
Jun 20 16:07:11.871241 dv-neutron-846001-3-hyperv devstack@keystone.service[80547]: DEBUG keystone.server.flask.request_processing.req_logging [None req-385a23f3-a0e0-4285-8290-e68221200695 None admin] SCRIPT_NAME: `/identity` {{(pid=80547) log_request_info /opt/stack/keystone/keystone/server/flask/request_processing/req_logging.py:28}}
Jun 20 16:07:11.871241 dv-neutron-846001-3-hyperv devstack@keystone.service[80547]: DEBUG keystone.server.flask.request_processing.req_logging [None req-385a23f3-a0e0-4285-8290-e68221200695 None admin] PATH_INFO: `/v3/domains/default` {{(pid=80547) log_request_info /opt/stack/keystone/keystone/server/flask/request_processing/req_logging.py:29}}
Jun 20 16:07:11.875461 dv-neutron-846001-3-hyperv devstack@keystone.service[80547]: DEBUG keystone.common.rbac_enforcer.enforcer [None req-385a23f3-a0e0-4285-8290-e68221200695 None admin] RBAC: Authorizing `identity:get_domain(domain_id=default)` {{(pid=80547) enforce_call /opt/stack/keystone/keystone/common/rbac_enforcer/enforcer.py:449}}
Jun 20 16:07:11.877003 dv-neutron-846001-3-hyperv devstack@keystone.service[80547]: DEBUG keystone.common.rbac_enforcer.enforcer [None req-385a23f3-a0e0-4285-8290-e68221200695 None admin] RBAC: Authorization granted {{(pid=80547) enforce_call /opt/stack/keystone/keystone/common/rbac_enforcer/enforcer.py:457}}
Jun 20 16:07:11.882126 dv-neutron-846001-3-hyperv devstack@keystone.service[80547]: [pid: 80547|app: 0|req: 19/40] 10.222.0.42 () {56 vars in 1108 bytes} [Mon Jun 20 16:07:11 2022] GET /identity/v3/domains/default => generated 199 bytes in 198 msecs (HTTP/1.1 200) 5 headers in 177 bytes (1 switches on core 0)
Jun 20 16:07:11.882126 dv-neutron-846001-3-hyperv devstack@keystone.service[80547]: DEBUG keystone.server.flask.request_processing.req_logging [None req-589061bc-2f83-43f6-abda-4bc270ae670f None None] REQUEST_METHOD: `POST` {{(pid=80547) log_request_info /opt/stack/keystone/keystone/server/flask/request_processing/req_logging.py:27}}
Jun 20 16:07:11.882126 dv-neutron-846001-3-hyperv devstack@keystone.service[80547]: DEBUG keystone.server.flask.request_processing.req_logging [None req-589061bc-2f83-43f6-abda-4bc270ae670f None None] SCRIPT_NAME: `/identity` {{(pid=80547) log_request_info /opt/stack/keystone/keystone/server/flask/request_processing/req_logging.py:28}}
Jun 20 16:07:11.882126 dv-neutron-846001-3-hyperv devstack@keystone.service[80547]: DEBUG keystone.server.flask.request_processing.req_logging [None req-589061bc-2f83-43f6-abda-4bc270ae670f None None] PATH_INFO: `/v3/auth/tokens` {{(pid=80547) log_request_info /opt/stack/keystone/keystone/server/flask/request_processing/req_logging.py:29}}
Jun 20 16:07:11.906525 dv-neutron-846001-3-hyperv devstack@keystone.service[80547]: DEBUG keystone.auth.core [None req-589061bc-2f83-43f6-abda-4bc270ae670f None None] MFA Rules not processed for user `afff38bfc17a4be0a496f311430e155d`. Rule list: `[]` (Enabled: `True`). {{(pid=80547) check_auth_methods_against_rules /opt/stack/keystone/keystone/auth/core.py:438}}
Jun 20 16:07:11.907629 dv-neutron-846001-3-hyperv devstack@keystone.service[80546]: [pid: 80546|app: 0|req: 22/41] 10.222.0.42 () {58 vars in 1023 bytes} [Mon Jun 20 16:07:11 2022] POST /identity/v3/auth/tokens => generated 799 bytes in 133 msecs (HTTP/1.1 201) 6 headers in 363 bytes (1 switches on core 0)
Jun 20 16:07:11.909141 dv-neutron-846001-3-hyperv devstack@keystone.service[80547]: DEBUG keystone.common.fernet_utils [None req-589061bc-2f83-43f6-abda-4bc270ae670f None None] Loaded 2 Fernet keys from /etc/keystone/fernet-keys/, but `[fernet_tokens] max_active_keys = 3`; perhaps there have not been enough key rotations to reach `max_active_keys` yet? {{(pid=80547) load_keys /opt/stack/keystone/keystone/common/fernet_utils.py:286}}
Jun 20 16:07:11.909276 dv-neutron-846001-3-hyperv devstack@keystone.service[80546]: DEBUG keystone.server.flask.request_processing.middleware.auth_context [None req-ef1f93b0-76a1-4d5c-a8af-d04e2d381cfb None None] Authenticating user token {{(pid=80546) process_request /usr/local/lib/python3.8/dist-packages/keystonemiddleware/auth_token/__init__.py:407}}
Jun 20 16:07:11.995346 dv-neutron-846001-3-hyperv devstack@keystone.service[80547]: [pid: 80547|app: 0|req: 20/42] 10.222.0.42 () {58 vars in 1023 bytes} [Mon Jun 20 16:07:11 2022] POST /identity/v3/auth/tokens => generated 799 bytes in 115 msecs (HTTP/1.1 201) 6 headers in 363 bytes (1 switches on core 0)
Jun 20 16:07:11.996156 dv-neutron-846001-3-hyperv devstack@keystone.service[80546]: DEBUG dbcounter [-] [80546] Writing DB stats keystone:SELECT=99,keystone:INSERT=1 {{(pid=80546) stat_writer /usr/local/lib/python3.8/dist-packages/dbcounter.py:114}}
Jun 20 16:07:11.996300 dv-neutron-846001-3-hyperv devstack@keystone.service[80547]: DEBUG keystone.server.flask.request_processing.middleware.auth_context [None req-589061bc-2f83-43f6-abda-4bc270ae670f None None] Authenticating user token {{(pid=80547) process_request /usr/local/lib/python3.8/dist-packages/keystonemiddleware/auth_token/__init__.py:407}}
Jun 20 16:07:12.037547 dv-neutron-846001-3-hyperv devstack@keystone.service[80546]: DEBUG keystone.server.flask.request_processing.middleware.auth_context [None req-ef1f93b0-76a1-4d5c-a8af-d04e2d381cfb None None] Validating token access rules against request {{(pid=80546) validate_allowed_request /usr/local/lib/python3.8/dist-packages/keystonemiddleware/auth_token/__init__.py:545}}
Jun 20 16:07:12.072505 dv-neutron-846001-3-hyperv devstack@keystone.service[80546]: DEBUG keystone.server.flask.request_processing.middleware.auth_context [None req-0bbe974b-351b-4035-9cb2-d95e9d935973 None admin] RBAC: auth_context: {'token': , 'domain_id': None, 'trust_id': None, 'trustor_id': None, 'trustee_id': None, 'domain_name': None, 'group_ids': [], 'user_id': 'afff38bfc17a4be0a496f311430e155d', 'user_domain_id': 'default', 'system_scope': 'all', 'project_id': None, 'project_domain_id': None, 'roles': ['admin', 'member', 'reader'], 'is_admin_project': True, 'service_user_id': None, 'service_user_domain_id': None, 'service_project_id': None, 'service_project_domain_id': None, 'service_roles': []} {{(pid=80546) fill_context /opt/stack/keystone/keystone/server/flask/request_processing/middleware/auth_context.py:478}}
Jun 20 16:07:12.073306 dv-neutron-846001-3-hyperv devstack@keystone.service[80546]: DEBUG keystone.server.flask.request_processing.req_logging [None req-0bbe974b-351b-4035-9cb2-d95e9d935973 None admin] REQUEST_METHOD: `PUT` {{(pid=80546) log_request_info /opt/stack/keystone/keystone/server/flask/request_processing/req_logging.py:27}}
Jun 20 16:07:12.073592 dv-neutron-846001-3-hyperv devstack@keystone.service[80546]: DEBUG keystone.server.flask.request_processing.req_logging [None req-0bbe974b-351b-4035-9cb2-d95e9d935973 None admin] SCRIPT_NAME: `/identity` {{(pid=80546) log_request_info /opt/stack/keystone/keystone/server/flask/request_processing/req_logging.py:28}}
Jun 20 16:07:12.073873 dv-neutron-846001-3-hyperv devstack@keystone.service[80546]: DEBUG keystone.server.flask.request_processing.req_logging [None req-0bbe974b-351b-4035-9cb2-d95e9d935973 None admin] PATH_INFO: `/v3/domains/default/users/afff38bfc17a4be0a496f311430e155d/roles/0726be65757c49d4908921edbb827e91` {{(pid=80546) log_request_info /opt/stack/keystone/keystone/server/flask/request_processing/req_logging.py:29}}
Jun 20 16:07:12.076185 dv-neutron-846001-3-hyperv devstack@keystone.service[80546]: DEBUG keystone.common.rbac_enforcer.enforcer [None req-0bbe974b-351b-4035-9cb2-d95e9d935973 None admin] RBAC: Authorizing `identity:create_grant(domain_id=default, user_id=afff38bfc17a4be0a496f311430e155d, role_id=0726be65757c49d4908921edbb827e91)` {{(pid=80546) enforce_call /opt/stack/keystone/keystone/common/rbac_enforcer/enforcer.py:449}}
Jun 20 16:07:12.077784 dv-neutron-846001-3-hyperv devstack@keystone.service[80546]: DEBUG keystone.common.rbac_enforcer.enforcer [None req-0bbe974b-351b-4035-9cb2-d95e9d935973 None admin] RBAC: Authorization granted {{(pid=80546) enforce_call /opt/stack/keystone/keystone/common/rbac_enforcer/enforcer.py:457}}
Jun 20 16:07:12.105152 dv-neutron-846001-3-hyperv devstack@keystone.service[80547]: DEBUG keystone.server.flask.request_processing.middleware.auth_context [None req-589061bc-2f83-43f6-abda-4bc270ae670f None None] Validating token access rules against request {{(pid=80547) validate_allowed_request /usr/local/lib/python3.8/dist-packages/keystonemiddleware/auth_token/__init__.py:545}}
Jun 20 16:07:12.125536 dv-neutron-846001-3-hyperv devstack@keystone.service[80547]: DEBUG dbcounter [-] [80547] Writing DB stats keystone:SELECT=100 {{(pid=80547) stat_writer /usr/local/lib/python3.8/dist-packages/dbcounter.py:114}}
Jun 20 16:07:12.139775 dv-neutron-846001-3-hyperv devstack@keystone.service[80547]: DEBUG keystone.server.flask.request_processing.middleware.auth_context [None req-6c265dc5-a441-429a-90dc-26627060a50a None admin] RBAC: auth_context: {'token': , 'domain_id': None, 'trust_id': None, 'trustor_id': None, 'trustee_id': None, 'domain_name': None, 'group_ids': [], 'user_id': 'afff38bfc17a4be0a496f311430e155d', 'user_domain_id': 'default', 'system_scope': 'all', 'project_id': None, 'project_domain_id': None, 'roles': ['admin', 'member', 'reader'], 'is_admin_project': True, 'service_user_id': None, 'service_user_domain_id': None, 'service_project_id': None, 'service_project_domain_id': None, 'service_roles': []} {{(pid=80547) fill_context /opt/stack/keystone/keystone/server/flask/request_processing/middleware/auth_context.py:478}}
Jun 20 16:07:12.140441 dv-neutron-846001-3-hyperv devstack@keystone.service[80547]: DEBUG keystone.server.flask.request_processing.req_logging [None req-6c265dc5-a441-429a-90dc-26627060a50a None admin] REQUEST_METHOD: `POST` {{(pid=80547) log_request_info /opt/stack/keystone/keystone/server/flask/request_processing/req_logging.py:27}}
Jun 20 16:07:12.140734 dv-neutron-846001-3-hyperv devstack@keystone.service[80547]: DEBUG keystone.server.flask.request_processing.req_logging [None req-6c265dc5-a441-429a-90dc-26627060a50a None admin] SCRIPT_NAME: `/identity` {{(pid=80547) log_request_info /opt/stack/keystone/keystone/server/flask/request_processing/req_logging.py:28}}
Jun 20 16:07:12.141015 dv-neutron-846001-3-hyperv devstack@keystone.service[80547]: DEBUG keystone.server.flask.request_processing.req_logging [None req-6c265dc5-a441-429a-90dc-26627060a50a None admin] PATH_INFO: `/v3/roles` {{(pid=80547) log_request_info /opt/stack/keystone/keystone/server/flask/request_processing/req_logging.py:29}}
Jun 20 16:07:12.141787 dv-neutron-846001-3-hyperv devstack@keystone.service[80547]: DEBUG keystone.common.rbac_enforcer.enforcer [None req-6c265dc5-a441-429a-90dc-26627060a50a None admin] RBAC: Authorizing `identity:create_role()` {{(pid=80547) enforce_call /opt/stack/keystone/keystone/common/rbac_enforcer/enforcer.py:449}}
Jun 20 16:07:12.143217 dv-neutron-846001-3-hyperv devstack@keystone.service[80547]: DEBUG keystone.common.rbac_enforcer.enforcer [None req-6c265dc5-a441-429a-90dc-26627060a50a None admin] RBAC: Authorization granted {{(pid=80547) enforce_call /opt/stack/keystone/keystone/common/rbac_enforcer/enforcer.py:457}}
Jun 20 16:07:12.160346 dv-neutron-846001-3-hyperv devstack@keystone.service[80546]: [pid: 80546|app: 0|req: 23/43] 10.222.0.42 () {58 vars in 1361 bytes} [Mon Jun 20 16:07:11 2022] PUT /identity/v3/domains/default/users/afff38bfc17a4be0a496f311430e155d/roles/0726be65757c49d4908921edbb827e91 => generated 0 bytes in 252 msecs (HTTP/1.1 204) 3 headers in 132 bytes (0 switches on core 0)
Jun 20 16:07:12.161174 dv-neutron-846001-3-hyperv devstack@keystone.service[80546]: DEBUG keystone.server.flask.request_processing.middleware.auth_context [None req-0bbe974b-351b-4035-9cb2-d95e9d935973 None admin] Authenticating user token {{(pid=80546) process_request /usr/local/lib/python3.8/dist-packages/keystonemiddleware/auth_token/__init__.py:407}}
Jun 20 16:07:12.241951 dv-neutron-846001-3-hyperv devstack@keystone.service[80547]: [pid: 80547|app: 0|req: 21/44] 10.222.0.42 () {60 vars in 1131 bytes} [Mon Jun 20 16:07:11 2022] POST /identity/v3/roles => generated 223 bytes in 246 msecs (HTTP/1.1 201) 5 headers in 182 bytes (1 switches on core 0)
Jun 20 16:07:12.273458 dv-neutron-846001-3-hyperv devstack@keystone.service[80546]: DEBUG keystone.server.flask.request_processing.middleware.auth_context [None req-0bbe974b-351b-4035-9cb2-d95e9d935973 None admin] Validating token access rules against request {{(pid=80546) validate_allowed_request /usr/local/lib/python3.8/dist-packages/keystonemiddleware/auth_token/__init__.py:545}}
Jun 20 16:07:12.301960 dv-neutron-846001-3-hyperv devstack@keystone.service[80546]: DEBUG dbcounter [-] [80546] Writing DB stats keystone:SELECT=99,keystone:INSERT=1 {{(pid=80546) stat_writer /usr/local/lib/python3.8/dist-packages/dbcounter.py:114}}
Jun 20 16:07:12.315254 dv-neutron-846001-3-hyperv devstack@keystone.service[80546]: DEBUG keystone.server.flask.request_processing.middleware.auth_context [None req-72eadcad-813a-4729-b090-3e3c51edf6ea None admin] RBAC: auth_context: {'token': , 'domain_id': None, 'trust_id': None, 'trustor_id': None, 'trustee_id': None, 'domain_name': None, 'group_ids': [], 'user_id': 'afff38bfc17a4be0a496f311430e155d', 'user_domain_id': 'default', 'system_scope': 'all', 'project_id': None, 'project_domain_id': None, 'roles': ['admin', 'member', 'reader'], 'is_admin_project': True, 'service_user_id': None, 'service_user_domain_id': None, 'service_project_id': None, 'service_project_domain_id': None, 'service_roles': []} {{(pid=80546) fill_context /opt/stack/keystone/keystone/server/flask/request_processing/middleware/auth_context.py:478}}
Jun 20 16:07:12.316702 dv-neutron-846001-3-hyperv devstack@keystone.service[80546]: DEBUG keystone.server.flask.request_processing.req_logging [None req-72eadcad-813a-4729-b090-3e3c51edf6ea None admin] REQUEST_METHOD: `GET` {{(pid=80546) log_request_info /opt/stack/keystone/keystone/server/flask/request_processing/req_logging.py:27}}
Jun 20 16:07:12.316702 dv-neutron-846001-3-hyperv devstack@keystone.service[80546]: DEBUG keystone.server.flask.request_processing.req_logging [None req-72eadcad-813a-4729-b090-3e3c51edf6ea None admin] SCRIPT_NAME: `/identity` {{(pid=80546) log_request_info /opt/stack/keystone/keystone/server/flask/request_processing/req_logging.py:28}}
Jun 20 16:07:12.316702 dv-neutron-846001-3-hyperv devstack@keystone.service[80546]: DEBUG keystone.server.flask.request_processing.req_logging [None req-72eadcad-813a-4729-b090-3e3c51edf6ea None admin] PATH_INFO: `/v3/domains/default` {{(pid=80546) log_request_info /opt/stack/keystone/keystone/server/flask/request_processing/req_logging.py:29}}
Jun 20 16:07:12.318132 dv-neutron-846001-3-hyperv devstack@keystone.service[80546]: DEBUG keystone.common.rbac_enforcer.enforcer [None req-72eadcad-813a-4729-b090-3e3c51edf6ea None admin] RBAC: Authorizing `identity:get_domain(domain_id=default)` {{(pid=80546) enforce_call /opt/stack/keystone/keystone/common/rbac_enforcer/enforcer.py:449}}
Jun 20 16:07:12.319458 dv-neutron-846001-3-hyperv devstack@keystone.service[80546]: DEBUG keystone.common.rbac_enforcer.enforcer [None req-72eadcad-813a-4729-b090-3e3c51edf6ea None admin] RBAC: Authorization granted {{(pid=80546) enforce_call /opt/stack/keystone/keystone/common/rbac_enforcer/enforcer.py:457}}
Jun 20 16:07:12.321869 dv-neutron-846001-3-hyperv devstack@keystone.service[80546]: [pid: 80546|app: 0|req: 24/45] 10.222.0.42 () {56 vars in 1108 bytes} [Mon Jun 20 16:07:12 2022] GET /identity/v3/domains/default => generated 199 bytes in 160 msecs (HTTP/1.1 200) 5 headers in 177 bytes (1 switches on core 0)
Jun 20 16:07:12.326997 dv-neutron-846001-3-hyperv devstack@keystone.service[80547]: DEBUG keystone.server.flask.request_processing.middleware.auth_context [None req-6c265dc5-a441-429a-90dc-26627060a50a None admin] Authenticating user token {{(pid=80547) process_request /usr/local/lib/python3.8/dist-packages/keystonemiddleware/auth_token/__init__.py:407}}
Jun 20 16:07:12.546375 dv-neutron-846001-3-hyperv devstack@keystone.service[80547]: DEBUG keystone.server.flask.request_processing.middleware.auth_context [None req-6c265dc5-a441-429a-90dc-26627060a50a None admin] Validating token access rules against request {{(pid=80547) validate_allowed_request /usr/local/lib/python3.8/dist-packages/keystonemiddleware/auth_token/__init__.py:545}}
Jun 20 16:07:12.580319 dv-neutron-846001-3-hyperv devstack@keystone.service[80547]: DEBUG keystone.server.flask.request_processing.middleware.auth_context [None req-9146c93b-f9d4-4177-9fba-392fefc0a976 None admin] RBAC: auth_context: {'token': , 'domain_id': None, 'trust_id': None, 'trustor_id': None, 'trustee_id': None, 'domain_name': None, 'group_ids': [], 'user_id': 'afff38bfc17a4be0a496f311430e155d', 'user_domain_id': 'default', 'system_scope': 'all', 'project_id': None, 'project_domain_id': None, 'roles': ['admin', 'member', 'reader'], 'is_admin_project': True, 'service_user_id': None, 'service_user_domain_id': None, 'service_project_id': None, 'service_project_domain_id': None, 'service_roles': []} {{(pid=80547) fill_context /opt/stack/keystone/keystone/server/flask/request_processing/middleware/auth_context.py:478}}
Jun 20 16:07:12.580913 dv-neutron-846001-3-hyperv devstack@keystone.service[80547]: DEBUG keystone.server.flask.request_processing.req_logging [None req-9146c93b-f9d4-4177-9fba-392fefc0a976 None admin] REQUEST_METHOD: `POST` {{(pid=80547) log_request_info /opt/stack/keystone/keystone/server/flask/request_processing/req_logging.py:27}}
Jun 20 16:07:12.581226 dv-neutron-846001-3-hyperv devstack@keystone.service[80547]: DEBUG keystone.server.flask.request_processing.req_logging [None req-9146c93b-f9d4-4177-9fba-392fefc0a976 None admin] SCRIPT_NAME: `/identity` {{(pid=80547) log_request_info /opt/stack/keystone/keystone/server/flask/request_processing/req_logging.py:28}}
Jun 20 16:07:12.581510 dv-neutron-846001-3-hyperv devstack@keystone.service[80547]: DEBUG keystone.server.flask.request_processing.req_logging [None req-9146c93b-f9d4-4177-9fba-392fefc0a976 None admin] PATH_INFO: `/v3/projects` {{(pid=80547) log_request_info /opt/stack/keystone/keystone/server/flask/request_processing/req_logging.py:29}}
Jun 20 16:07:12.582297 dv-neutron-846001-3-hyperv devstack@keystone.service[80547]: DEBUG keystone.common.rbac_enforcer.enforcer [None req-9146c93b-f9d4-4177-9fba-392fefc0a976 None admin] RBAC: Authorizing `identity:create_project()` {{(pid=80547) enforce_call /opt/stack/keystone/keystone/common/rbac_enforcer/enforcer.py:449}}
Jun 20 16:07:12.583782 dv-neutron-846001-3-hyperv devstack@keystone.service[80547]: DEBUG keystone.common.rbac_enforcer.enforcer [None req-9146c93b-f9d4-4177-9fba-392fefc0a976 None admin] RBAC: Authorization granted {{(pid=80547) enforce_call /opt/stack/keystone/keystone/common/rbac_enforcer/enforcer.py:457}}
Jun 20 16:07:12.699636 dv-neutron-846001-3-hyperv devstack@keystone.service[80547]: [pid: 80547|app: 0|req: 22/46] 10.222.0.42 () {60 vars in 1141 bytes} [Mon Jun 20 16:07:12 2022] POST /identity/v3/projects => generated 312 bytes in 373 msecs (HTTP/1.1 201) 5 headers in 182 bytes (2 switches on core 0)
Jun 20 16:07:14.207507 dv-neutron-846001-3-hyperv devstack@keystone.service[80546]: DEBUG keystone.server.flask.request_processing.req_logging [None req-1c7a44e9-103c-4c2e-b931-567b693bda5d None None] REQUEST_METHOD: `GET` {{(pid=80546) log_request_info /opt/stack/keystone/keystone/server/flask/request_processing/req_logging.py:27}}
Jun 20 16:07:14.207990 dv-neutron-846001-3-hyperv devstack@keystone.service[80546]: DEBUG keystone.server.flask.request_processing.req_logging [None req-1c7a44e9-103c-4c2e-b931-567b693bda5d None None] SCRIPT_NAME: `/identity` {{(pid=80546) log_request_info /opt/stack/keystone/keystone/server/flask/request_processing/req_logging.py:28}}
Jun 20 16:07:14.207990 dv-neutron-846001-3-hyperv devstack@keystone.service[80546]: DEBUG keystone.server.flask.request_processing.req_logging [None req-1c7a44e9-103c-4c2e-b931-567b693bda5d None None] PATH_INFO: `/` {{(pid=80546) log_request_info /opt/stack/keystone/keystone/server/flask/request_processing/req_logging.py:29}}
Jun 20 16:07:14.209344 dv-neutron-846001-3-hyperv devstack@keystone.service[80546]: [pid: 80546|app: 0|req: 25/47] 10.222.0.42 () {54 vars in 926 bytes} [Mon Jun 20 16:07:14 2022] GET /identity => generated 270 bytes in 3 msecs (HTTP/1.1 300) 6 headers in 234 bytes (1 switches on core 0)
Jun 20 16:07:14.214685 dv-neutron-846001-3-hyperv devstack@keystone.service[80547]: DEBUG keystone.server.flask.request_processing.req_logging [None req-1cf656ba-89b2-4b90-b493-b5cbcbfb1580 None None] REQUEST_METHOD: `POST` {{(pid=80547) log_request_info /opt/stack/keystone/keystone/server/flask/request_processing/req_logging.py:27}}
Jun 20 16:07:14.215099 dv-neutron-846001-3-hyperv devstack@keystone.service[80547]: DEBUG keystone.server.flask.request_processing.req_logging [None req-1cf656ba-89b2-4b90-b493-b5cbcbfb1580 None None] SCRIPT_NAME: `/identity` {{(pid=80547) log_request_info /opt/stack/keystone/keystone/server/flask/request_processing/req_logging.py:28}}
Jun 20 16:07:14.215245 dv-neutron-846001-3-hyperv devstack@keystone.service[80547]: DEBUG keystone.server.flask.request_processing.req_logging [None req-1cf656ba-89b2-4b90-b493-b5cbcbfb1580 None None] PATH_INFO: `/v3/auth/tokens` {{(pid=80547) log_request_info /opt/stack/keystone/keystone/server/flask/request_processing/req_logging.py:29}}
Jun 20 16:07:14.231741 dv-neutron-846001-3-hyperv devstack@keystone.service[80547]: DEBUG keystone.auth.core [None req-1cf656ba-89b2-4b90-b493-b5cbcbfb1580 None None] MFA Rules not processed for user `afff38bfc17a4be0a496f311430e155d`. Rule list: `[]` (Enabled: `True`). {{(pid=80547) check_auth_methods_against_rules /opt/stack/keystone/keystone/auth/core.py:438}}
Jun 20 16:07:14.232912 dv-neutron-846001-3-hyperv devstack@keystone.service[80547]: DEBUG keystone.common.fernet_utils [None req-1cf656ba-89b2-4b90-b493-b5cbcbfb1580 None None] Loaded 2 Fernet keys from /etc/keystone/fernet-keys/, but `[fernet_tokens] max_active_keys = 3`; perhaps there have not been enough key rotations to reach `max_active_keys` yet? {{(pid=80547) load_keys /opt/stack/keystone/keystone/common/fernet_utils.py:286}}
Jun 20 16:07:14.259175 dv-neutron-846001-3-hyperv devstack@keystone.service[80547]: DEBUG dbcounter [-] [80547] Writing DB stats keystone:SELECT=98,keystone:INSERT=2 {{(pid=80547) stat_writer /usr/local/lib/python3.8/dist-packages/dbcounter.py:114}}
Jun 20 16:07:14.298763 dv-neutron-846001-3-hyperv devstack@keystone.service[80547]: [pid: 80547|app: 0|req: 23/48] 10.222.0.42 () {58 vars in 1023 bytes} [Mon Jun 20 16:07:14 2022] POST /identity/v3/auth/tokens => generated 799 bytes in 85 msecs (HTTP/1.1 201) 6 headers in 363 bytes (1 switches on core 0)
Jun 20 16:07:14.323100 dv-neutron-846001-3-hyperv devstack@keystone.service[80546]: DEBUG keystone.server.flask.request_processing.middleware.auth_context [None req-1c7a44e9-103c-4c2e-b931-567b693bda5d None None] Authenticating user token {{(pid=80546) process_request /usr/local/lib/python3.8/dist-packages/keystonemiddleware/auth_token/__init__.py:407}}
Jun 20 16:07:14.422159 dv-neutron-846001-3-hyperv devstack@keystone.service[80546]: DEBUG keystone.server.flask.request_processing.middleware.auth_context [None req-1c7a44e9-103c-4c2e-b931-567b693bda5d None None] Validating token access rules against request {{(pid=80546) validate_allowed_request /usr/local/lib/python3.8/dist-packages/keystonemiddleware/auth_token/__init__.py:545}}
Jun 20 16:07:14.455558 dv-neutron-846001-3-hyperv devstack@keystone.service[80546]: DEBUG keystone.server.flask.request_processing.middleware.auth_context [None req-252ceef3-7592-44bc-aac8-18f564b94c01 None admin] RBAC: auth_context: {'token': , 'domain_id': None, 'trust_id': None, 'trustor_id': None, 'trustee_id': None, 'domain_name': None, 'group_ids': [], 'user_id': 'afff38bfc17a4be0a496f311430e155d', 'user_domain_id': 'default', 'system_scope': 'all', 'project_id': None, 'project_domain_id': None, 'roles': ['admin', 'member', 'reader'], 'is_admin_project': True, 'service_user_id': None, 'service_user_domain_id': None, 'service_project_id': None, 'service_project_domain_id': None, 'service_roles': []} {{(pid=80546) fill_context /opt/stack/keystone/keystone/server/flask/request_processing/middleware/auth_context.py:478}}
Jun 20 16:07:14.456369 dv-neutron-846001-3-hyperv devstack@keystone.service[80546]: DEBUG keystone.server.flask.request_processing.req_logging [None req-252ceef3-7592-44bc-aac8-18f564b94c01 None admin] REQUEST_METHOD: `GET` {{(pid=80546) log_request_info /opt/stack/keystone/keystone/server/flask/request_processing/req_logging.py:27}}
Jun 20 16:07:14.456657 dv-neutron-846001-3-hyperv devstack@keystone.service[80546]: DEBUG keystone.server.flask.request_processing.req_logging [None req-252ceef3-7592-44bc-aac8-18f564b94c01 None admin] SCRIPT_NAME: `/identity` {{(pid=80546) log_request_info /opt/stack/keystone/keystone/server/flask/request_processing/req_logging.py:28}}
Jun 20 16:07:14.456938 dv-neutron-846001-3-hyperv devstack@keystone.service[80546]: DEBUG keystone.server.flask.request_processing.req_logging [None req-252ceef3-7592-44bc-aac8-18f564b94c01 None admin] PATH_INFO: `/v3/roles/admin` {{(pid=80546) log_request_info /opt/stack/keystone/keystone/server/flask/request_processing/req_logging.py:29}}
Jun 20 16:07:14.467850 dv-neutron-846001-3-hyperv devstack@keystone.service[80546]: DEBUG keystone.common.rbac_enforcer.enforcer [None req-252ceef3-7592-44bc-aac8-18f564b94c01 None admin] Extracting inferred target data resulted in "NOT FOUND (404)". {{(pid=80546) enforce_call /opt/stack/keystone/keystone/common/rbac_enforcer/enforcer.py:409}}
Jun 20 16:07:14.477119 dv-neutron-846001-3-hyperv devstack@keystone.service[80546]: ERROR keystone.server.flask.application [None req-252ceef3-7592-44bc-aac8-18f564b94c01 None admin] Could not find role: admin.: keystone.exception.RoleNotFound: Could not find role: admin.
Jun 20 16:07:14.477119 dv-neutron-846001-3-hyperv devstack@keystone.service[80546]: ERROR keystone.server.flask.application
Traceback (most recent call last):
Jun 20 16:07:14.477119 dv-neutron-846001-3-hyperv devstack@keystone.service[80546]: ERROR keystone.server.flask.application
File "/usr/local/lib/python3.8/dist-packages/flask/app.py", line 1523, in full_dispatch_request
Jun 20 16:07:14.477119 dv-neutron-846001-3-hyperv devstack@keystone.service[80546]: ERROR keystone.server.flask.application rv = self.dispatch_request()
Jun 20 16:07:14.477119 dv-neutron-846001-3-hyperv devstack@keystone.service[80546]: ERROR keystone.server.flask.application
File "/usr/local/lib/python3.8/dist-packages/flask/app.py", line 1509, in dispatch_request
Jun 20 16:07:14.477119 dv-neutron-846001-3-hyperv devstack@keystone.service[80546]: ERROR keystone.server.flask.application return self.ensure_sync(self.view_functions[rule.endpoint])(**req.view_args)
Jun 20 16:07:14.477119 dv-neutron-846001-3-hyperv devstack@keystone.service[80546]: ERROR keystone.server.flask.application
File "/usr/local/lib/python3.8/dist-packages/flask_restful/__init__.py", line 467, in wrapper
Jun 20 16:07:14.477119 dv-neutron-846001-3-hyperv devstack@keystone.service[80546]: ERROR keystone.server.flask.application resp = resource(*args, **kwargs)
Jun 20 16:07:14.477119 dv-neutron-846001-3-hyperv devstack@keystone.service[80546]: ERROR keystone.server.flask.application
File "/usr/local/lib/python3.8/dist-packages/flask/views.py", line 84, in view
Jun 20 16:07:14.477119 dv-neutron-846001-3-hyperv devstack@keystone.service[80546]: ERROR keystone.server.flask.application return current_app.ensure_sync(self.dispatch_request)(*args, **kwargs)
Jun 20 16:07:14.477119 dv-neutron-846001-3-hyperv devstack@keystone.service[80546]: ERROR keystone.server.flask.application
File "/usr/local/lib/python3.8/dist-packages/flask_restful/__init__.py", line 582, in dispatch_request
Jun 20 16:07:14.477119 dv-neutron-846001-3-hyperv devstack@keystone.service[80546]: ERROR keystone.server.flask.application resp = meth(*args, **kwargs)
Jun 20 16:07:14.477119 dv-neutron-846001-3-hyperv devstack@keystone.service[80546]: ERROR keystone.server.flask.application
File "/opt/stack/keystone/keystone/api/roles.py", line 50, in get
Jun 20 16:07:14.477119 dv-neutron-846001-3-hyperv devstack@keystone.service[80546]: ERROR keystone.server.flask.application return self._get_role(role_id)
Jun 20 16:07:14.477119 dv-neutron-846001-3-hyperv devstack@keystone.service[80546]: ERROR keystone.server.flask.application
File "/opt/stack/keystone/keystone/api/roles.py", line 70, in _get_role
Jun 20 16:07:14.477119 dv-neutron-846001-3-hyperv devstack@keystone.service[80546]: ERROR keystone.server.flask.application ENFORCER.enforce_call(action='identity:get_role')
Jun 20 16:07:14.477929 dv-neutron-846001-3-hyperv devstack@keystone.service[80546]: ERROR keystone.server.flask.application
File "/opt/stack/keystone/keystone/common/rbac_enforcer/enforcer.py", line 402, in enforce_call
Jun 20 16:07:14.477929 dv-neutron-846001-3-hyperv devstack@keystone.service[80546]: ERROR keystone.server.flask.application policy_dict.update(cls._extract_member_target_data(
Jun 20 16:07:14.477929 dv-neutron-846001-3-hyperv devstack@keystone.service[80546]: ERROR keystone.server.flask.application
File "/opt/stack/keystone/keystone/common/rbac_enforcer/enforcer.py", line 234, in _extract_member_target_data
Jun 20 16:07:14.477929 dv-neutron-846001-3-hyperv devstack@keystone.service[80546]: ERROR keystone.server.flask.application member_name: func(flask.request.view_args[key])
Jun 20 16:07:14.477929 dv-neutron-846001-3-hyperv devstack@keystone.service[80546]: ERROR keystone.server.flask.application
File "/opt/stack/keystone/keystone/common/manager.py", line 115, in wrapped
Jun 20 16:07:14.477929 dv-neutron-846001-3-hyperv devstack@keystone.service[80546]: ERROR keystone.server.flask.application __ret_val = __f(*args, **kwargs)
Jun 20 16:07:14.477929 dv-neutron-846001-3-hyperv devstack@keystone.service[80546]: ERROR keystone.server.flask.application
File "/usr/local/lib/python3.8/dist-packages/decorator.py", line 232, in fun
Jun 20 16:07:14.477929 dv-neutron-846001-3-hyperv devstack@keystone.service[80546]: ERROR keystone.server.flask.application return caller(func, *(extras + args), **kw)
Jun 20 16:07:14.477929 dv-neutron-846001-3-hyperv devstack@keystone.service[80546]: ERROR keystone.server.flask.application
File "/usr/local/lib/python3.8/dist-packages/dogpile/cache/region.py", line 1577, in get_or_create_for_user_func
Jun 20 16:07:14.477929 dv-neutron-846001-3-hyperv devstack@keystone.service[80546]: ERROR keystone.server.flask.application return self.get_or_create(
Jun 20 16:07:14.477929 dv-neutron-846001-3-hyperv devstack@keystone.service[80546]: ERROR keystone.server.flask.application
File "/usr/local/lib/python3.8/dist-packages/dogpile/cache/region.py", line 1042, in get_or_create
Jun 20 16:07:14.477929 dv-neutron-846001-3-hyperv devstack@keystone.service[80546]: ERROR keystone.server.flask.application with Lock(
Jun 20 16:07:14.477929 dv-neutron-846001-3-hyperv devstack@keystone.service[80546]: ERROR keystone.server.flask.application
File "/usr/local/lib/python3.8/dist-packages/dogpile/lock.py", line 185, in __enter__
Jun 20 16:07:14.477929 dv-neutron-846001-3-hyperv devstack@keystone.service[80546]: ERROR keystone.server.flask.application return self._enter()
Jun 20 16:07:14.477929 dv-neutron-846001-3-hyperv devstack@keystone.service[80546]: ERROR keystone.server.flask.application
File "/usr/local/lib/python3.8/dist-packages/dogpile/lock.py", line 94, in _enter
Jun 20 16:07:14.477929 dv-neutron-846001-3-hyperv devstack@keystone.service[80546]: ERROR keystone.server.flask.application generated = self._enter_create(value, createdtime)
Jun 20 16:07:14.478706 dv-neutron-846001-3-hyperv devstack@keystone.service[80546]: ERROR keystone.server.flask.application
File "/usr/local/lib/python3.8/dist-packages/dogpile/lock.py", line 178, in _enter_create
Jun 20 16:07:14.478706 dv-neutron-846001-3-hyperv devstack@keystone.service[80546]: ERROR keystone.server.flask.application return self.creator()
Jun 20 16:07:14.478706 dv-neutron-846001-3-hyperv devstack@keystone.service[80546]: ERROR keystone.server.flask.application
File "/usr/local/lib/python3.8/dist-packages/dogpile/cache/region.py", line 995, in gen_value
Jun 20 16:07:14.478706 dv-neutron-846001-3-hyperv devstack@keystone.service[80546]: ERROR keystone.server.flask.application created_value = creator(
Jun 20 16:07:14.478706 dv-neutron-846001-3-hyperv devstack@keystone.service[80546]: ERROR keystone.server.flask.application
File "/opt/stack/keystone/keystone/assignment/core.py", line 1276, in get_role
Jun 20 16:07:14.478706 dv-neutron-846001-3-hyperv devstack@keystone.service[80546]: ERROR keystone.server.flask.application return self.driver.get_role(role_id)
Jun 20 16:07:14.478706 dv-neutron-846001-3-hyperv devstack@keystone.service[80546]: ERROR keystone.server.flask.application
File "/opt/stack/keystone/keystone/assignment/role_backends/sql.py", line 70, in get_role
Jun 20 16:07:14.478706 dv-neutron-846001-3-hyperv devstack@keystone.service[80546]: ERROR keystone.server.flask.application return self._get_role(session, role_id).to_dict()
Jun 20 16:07:14.478706 dv-neutron-846001-3-hyperv devstack@keystone.service[80546]: ERROR keystone.server.flask.application
File "/opt/stack/keystone/keystone/assignment/role_backends/sql.py", line 65, in _get_role
Jun 20 16:07:14.478706 dv-neutron-846001-3-hyperv devstack@keystone.service[80546]: ERROR keystone.server.flask.application raise exception.RoleNotFound(role_id=role_id)
Jun 20 16:07:14.478706 dv-neutron-846001-3-hyperv devstack@keystone.service[80546]: ERROR keystone.server.flask.application keystone.exception.RoleNotFound: Could not find role: admin.
Jun 20 16:07:14.478706 dv-neutron-846001-3-hyperv devstack@keystone.service[80546]: ERROR keystone.server.flask.application
Jun 20 16:07:14.478706 dv-neutron-846001-3-hyperv devstack@keystone.service[80546]: [pid: 80546|app: 0|req: 26/49] 10.222.0.42 () {56 vars in 1096 bytes} [Mon Jun 20 16:07:14 2022] GET /identity/v3/roles/admin => generated 83 bytes in 156 msecs (HTTP/1.1 404) 5 headers in 183 bytes (2 switches on core 0)
Jun 20 16:07:14.485322 dv-neutron-846001-3-hyperv devstack@keystone.service[80547]: DEBUG keystone.server.flask.request_processing.middleware.auth_context [None req-1cf656ba-89b2-4b90-b493-b5cbcbfb1580 None None] Authenticating user token {{(pid=80547) process_request /usr/local/lib/python3.8/dist-packages/keystonemiddleware/auth_token/__init__.py:407}}
Jun 20 16:07:14.582621 dv-neutron-846001-3-hyperv devstack@keystone.service[80547]: DEBUG keystone.server.flask.request_processing.middleware.auth_context [None req-1cf656ba-89b2-4b90-b493-b5cbcbfb1580 None None] Validating token access rules against request {{(pid=80547) validate_allowed_request /usr/local/lib/python3.8/dist-packages/keystonemiddleware/auth_token/__init__.py:545}}
Jun 20 16:07:14.616564 dv-neutron-846001-3-hyperv devstack@keystone.service[80547]: DEBUG keystone.server.flask.request_processing.middleware.auth_context [None req-1f44aaf5-ff46-4fb2-aa4c-660cbebe65f6 None admin] RBAC: auth_context: {'token': , 'domain_id': None, 'trust_id': None, 'trustor_id': None, 'trustee_id': None, 'domain_name': None, 'group_ids': [], 'user_id': 'afff38bfc17a4be0a496f311430e155d', 'user_domain_id': 'default', 'system_scope': 'all', 'project_id': None, 'project_domain_id': None, 'roles': ['admin', 'member', 'reader'], 'is_admin_project': True, 'service_user_id': None, 'service_user_domain_id': None, 'service_project_id': None, 'service_project_domain_id': None, 'service_roles': []} {{(pid=80547) fill_context /opt/stack/keystone/keystone/server/flask/request_processing/middleware/auth_context.py:478}}
Jun 20 16:07:14.617237 dv-neutron-846001-3-hyperv devstack@keystone.service[80547]: DEBUG keystone.server.flask.request_processing.req_logging [None req-1f44aaf5-ff46-4fb2-aa4c-660cbebe65f6 None admin] REQUEST_METHOD: `GET` {{(pid=80547) log_request_info /opt/stack/keystone/keystone/server/flask/request_processing/req_logging.py:27}}
Jun 20 16:07:14.617530 dv-neutron-846001-3-hyperv devstack@keystone.service[80547]: DEBUG keystone.server.flask.request_processing.req_logging [None req-1f44aaf5-ff46-4fb2-aa4c-660cbebe65f6 None admin] SCRIPT_NAME: `/identity` {{(pid=80547) log_request_info /opt/stack/keystone/keystone/server/flask/request_processing/req_logging.py:28}}
Jun 20 16:07:14.617816 dv-neutron-846001-3-hyperv devstack@keystone.service[80547]: DEBUG keystone.server.flask.request_processing.req_logging [None req-1f44aaf5-ff46-4fb2-aa4c-660cbebe65f6 None admin] PATH_INFO: `/v3/roles` {{(pid=80547) log_request_info /opt/stack/keystone/keystone/server/flask/request_processing/req_logging.py:29}}
Jun 20 16:07:14.618615 dv-neutron-846001-3-hyperv devstack@keystone.service[80547]: DEBUG keystone.common.rbac_enforcer.enforcer [None req-1f44aaf5-ff46-4fb2-aa4c-660cbebe65f6 None admin] RBAC: Adding query filter params (name=admin) {{(pid=80547) _extract_filter_values /opt/stack/keystone/keystone/common/rbac_enforcer/enforcer.py:167}}
Jun 20 16:07:14.618932 dv-neutron-846001-3-hyperv devstack@keystone.service[80547]: DEBUG keystone.common.rbac_enforcer.enforcer [None req-1f44aaf5-ff46-4fb2-aa4c-660cbebe65f6 None admin] RBAC: Authorizing `identity:list_roles()` {{(pid=80547) enforce_call /opt/stack/keystone/keystone/common/rbac_enforcer/enforcer.py:449}}
Jun 20 16:07:14.620319 dv-neutron-846001-3-hyperv devstack@keystone.service[80547]: DEBUG keystone.common.rbac_enforcer.enforcer [None req-1f44aaf5-ff46-4fb2-aa4c-660cbebe65f6 None admin] RBAC: Authorization granted {{(pid=80547) enforce_call /opt/stack/keystone/keystone/common/rbac_enforcer/enforcer.py:457}}
Jun 20 16:07:14.628663 dv-neutron-846001-3-hyperv devstack@keystone.service[80547]: [pid: 80547|app: 0|req: 24/50] 10.222.0.42 () {56 vars in 1099 bytes} [Mon Jun 20 16:07:14 2022] GET /identity/v3/roles?name=admin => generated 339 bytes in 144 msecs (HTTP/1.1 200) 5 headers in 177 bytes (1 switches on core 0)
Jun 20 16:07:14.634140 dv-neutron-846001-3-hyperv devstack@keystone.service[80546]: DEBUG keystone.server.flask.request_processing.middleware.auth_context [None req-252ceef3-7592-44bc-aac8-18f564b94c01 None admin] Authenticating user token {{(pid=80546) process_request /usr/local/lib/python3.8/dist-packages/keystonemiddleware/auth_token/__init__.py:407}}
Jun 20 16:07:14.684551 dv-neutron-846001-3-hyperv devstack@keystone.service[80546]: DEBUG dbcounter [-] [80546] Writing DB stats keystone:SELECT=100 {{(pid=80546) stat_writer /usr/local/lib/python3.8/dist-packages/dbcounter.py:114}}
Jun 20 16:07:14.735154 dv-neutron-846001-3-hyperv devstack@keystone.service[80546]: DEBUG keystone.server.flask.request_processing.middleware.auth_context [None req-252ceef3-7592-44bc-aac8-18f564b94c01 None admin] Validating token access rules against request {{(pid=80546) validate_allowed_request /usr/local/lib/python3.8/dist-packages/keystonemiddleware/auth_token/__init__.py:545}}
Jun 20 16:07:14.745493 dv-neutron-846001-3-hyperv devstack@keystone.service[80547]: DEBUG keystone.server.flask.request_processing.req_logging [None req-42b8982c-23bc-404b-9f3f-dde3f6662929 None None] REQUEST_METHOD: `GET` {{(pid=80547) log_request_info /opt/stack/keystone/keystone/server/flask/request_processing/req_logging.py:27}}
Jun 20 16:07:14.745795 dv-neutron-846001-3-hyperv devstack@keystone.service[80547]: DEBUG keystone.server.flask.request_processing.req_logging [None req-42b8982c-23bc-404b-9f3f-dde3f6662929 None None] SCRIPT_NAME: `/identity` {{(pid=80547) log_request_info /opt/stack/keystone/keystone/server/flask/request_processing/req_logging.py:28}}
Jun 20 16:07:14.746103 dv-neutron-846001-3-hyperv devstack@keystone.service[80547]: DEBUG keystone.server.flask.request_processing.req_logging [None req-42b8982c-23bc-404b-9f3f-dde3f6662929 None None] PATH_INFO: `/` {{(pid=80547) log_request_info /opt/stack/keystone/keystone/server/flask/request_processing/req_logging.py:29}}
Jun 20 16:07:14.747487 dv-neutron-846001-3-hyperv devstack@keystone.service[80547]: [pid: 80547|app: 0|req: 25/51] 10.222.0.42 () {54 vars in 926 bytes} [Mon Jun 20 16:07:14 2022] GET /identity => generated 270 bytes in 3 msecs (HTTP/1.1 300) 6 headers in 234 bytes (2 switches on core 0)
Jun 20 16:07:14.752222 dv-neutron-846001-3-hyperv devstack@keystone.service[80547]: DEBUG keystone.server.flask.request_processing.req_logging [None req-1a9354fd-50b4-475c-bf06-a7c6dead039a None None] REQUEST_METHOD: `POST` {{(pid=80547) log_request_info /opt/stack/keystone/keystone/server/flask/request_processing/req_logging.py:27}}
Jun 20 16:07:14.752514 dv-neutron-846001-3-hyperv devstack@keystone.service[80547]: DEBUG keystone.server.flask.request_processing.req_logging [None req-1a9354fd-50b4-475c-bf06-a7c6dead039a None None] SCRIPT_NAME: `/identity` {{(pid=80547) log_request_info /opt/stack/keystone/keystone/server/flask/request_processing/req_logging.py:28}}
Jun 20 16:07:14.752816 dv-neutron-846001-3-hyperv devstack@keystone.service[80547]: DEBUG keystone.server.flask.request_processing.req_logging [None req-1a9354fd-50b4-475c-bf06-a7c6dead039a None None] PATH_INFO: `/v3/auth/tokens` {{(pid=80547) log_request_info /opt/stack/keystone/keystone/server/flask/request_processing/req_logging.py:29}}
Jun 20 16:07:14.768391 dv-neutron-846001-3-hyperv devstack@keystone.service[80546]: DEBUG keystone.server.flask.request_processing.middleware.auth_context [None req-6f37c6cd-be63-4a90-b5ca-1b8a16125644 None admin] RBAC: auth_context: {'token': , 'domain_id': None, 'trust_id': None, 'trustor_id': None, 'trustee_id': None, 'domain_name': None, 'group_ids': [], 'user_id': 'afff38bfc17a4be0a496f311430e155d', 'user_domain_id': 'default', 'system_scope': 'all', 'project_id': None, 'project_domain_id': None, 'roles': ['admin', 'member', 'reader'], 'is_admin_project': True, 'service_user_id': None, 'service_user_domain_id': None, 'service_project_id': None, 'service_project_domain_id': None, 'service_roles': []} {{(pid=80546) fill_context /opt/stack/keystone/keystone/server/flask/request_processing/middleware/auth_context.py:478}}
Jun 20 16:07:14.770100 dv-neutron-846001-3-hyperv devstack@keystone.service[80546]: DEBUG keystone.server.flask.request_processing.req_logging [None req-6f37c6cd-be63-4a90-b5ca-1b8a16125644 None admin] REQUEST_METHOD: `GET` {{(pid=80546) log_request_info /opt/stack/keystone/keystone/server/flask/request_processing/req_logging.py:27}}
Jun 20 16:07:14.770391 dv-neutron-846001-3-hyperv devstack@keystone.service[80546]: DEBUG keystone.server.flask.request_processing.req_logging [None req-6f37c6cd-be63-4a90-b5ca-1b8a16125644 None admin] SCRIPT_NAME: `/identity` {{(pid=80546) log_request_info /opt/stack/keystone/keystone/server/flask/request_processing/req_logging.py:28}}
Jun 20 16:07:14.770670 dv-neutron-846001-3-hyperv devstack@keystone.service[80546]: DEBUG keystone.server.flask.request_processing.req_logging [None req-6f37c6cd-be63-4a90-b5ca-1b8a16125644 None admin] PATH_INFO: `/v3/users/afff38bfc17a4be0a496f311430e155d` {{(pid=80546) log_request_info /opt/stack/keystone/keystone/server/flask/request_processing/req_logging.py:29}}
Jun 20 16:07:14.770752 dv-neutron-846001-3-hyperv devstack@keystone.service[80547]: DEBUG keystone.auth.core [None req-1a9354fd-50b4-475c-bf06-a7c6dead039a None None] MFA Rules not processed for user `afff38bfc17a4be0a496f311430e155d`. Rule list: `[]` (Enabled: `True`). {{(pid=80547) check_auth_methods_against_rules /opt/stack/keystone/keystone/auth/core.py:438}}
Jun 20 16:07:14.771876 dv-neutron-846001-3-hyperv devstack@keystone.service[80546]: DEBUG keystone.common.rbac_enforcer.enforcer [None req-6f37c6cd-be63-4a90-b5ca-1b8a16125644 None admin] RBAC: Authorizing `identity:get_user(user_id=afff38bfc17a4be0a496f311430e155d)` {{(pid=80546) enforce_call /opt/stack/keystone/keystone/common/rbac_enforcer/enforcer.py:449}}
Jun 20 16:07:14.771961 dv-neutron-846001-3-hyperv devstack@keystone.service[80547]: DEBUG keystone.common.fernet_utils [None req-1a9354fd-50b4-475c-bf06-a7c6dead039a None None] Loaded 2 Fernet keys from /etc/keystone/fernet-keys/, but `[fernet_tokens] max_active_keys = 3`; perhaps there have not been enough key rotations to reach `max_active_keys` yet? {{(pid=80547) load_keys /opt/stack/keystone/keystone/common/fernet_utils.py:286}}
Jun 20 16:07:14.773344 dv-neutron-846001-3-hyperv devstack@keystone.service[80546]: DEBUG keystone.common.rbac_enforcer.enforcer [None req-6f37c6cd-be63-4a90-b5ca-1b8a16125644 None admin] RBAC: Authorization granted {{(pid=80546) enforce_call /opt/stack/keystone/keystone/common/rbac_enforcer/enforcer.py:457}}
Jun 20 16:07:14.775205 dv-neutron-846001-3-hyperv devstack@keystone.service[80546]: [pid: 80546|app: 0|req: 27/52] 10.222.0.42 () {56 vars in 1177 bytes} [Mon Jun 20 16:07:14 2022] GET /identity/v3/users/afff38bfc17a4be0a496f311430e155d => generated 247 bytes in 141 msecs (HTTP/1.1 200) 5 headers in 177 bytes (2 switches on core 0)
Jun 20 16:07:14.780368 dv-neutron-846001-3-hyperv devstack@keystone.service[80546]: DEBUG keystone.server.flask.request_processing.middleware.auth_context [None req-6f37c6cd-be63-4a90-b5ca-1b8a16125644 None admin] Authenticating user token {{(pid=80546) process_request /usr/local/lib/python3.8/dist-packages/keystonemiddleware/auth_token/__init__.py:407}}
Jun 20 16:07:14.791198 dv-neutron-846001-3-hyperv devstack@keystone.service[80547]: DEBUG dbcounter [-] [80547] Writing DB stats keystone:SELECT=100 {{(pid=80547) stat_writer /usr/local/lib/python3.8/dist-packages/dbcounter.py:114}}
Jun 20 16:07:14.846026 dv-neutron-846001-3-hyperv devstack@keystone.service[80547]: [pid: 80547|app: 0|req: 26/53] 10.222.0.42 () {58 vars in 1023 bytes} [Mon Jun 20 16:07:14 2022] POST /identity/v3/auth/tokens => generated 799 bytes in 94 msecs (HTTP/1.1 201) 6 headers in 363 bytes (2 switches on core 0)
Jun 20 16:07:14.869917 dv-neutron-846001-3-hyperv devstack@keystone.service[80547]: DEBUG keystone.server.flask.request_processing.middleware.auth_context [None req-1a9354fd-50b4-475c-bf06-a7c6dead039a None None] Authenticating user token {{(pid=80547) process_request /usr/local/lib/python3.8/dist-packages/keystonemiddleware/auth_token/__init__.py:407}}
Jun 20 16:07:14.968730 dv-neutron-846001-3-hyperv devstack@keystone.service[80547]: DEBUG keystone.server.flask.request_processing.middleware.auth_context [None req-1a9354fd-50b4-475c-bf06-a7c6dead039a None None] Validating token access rules against request {{(pid=80547) validate_allowed_request /usr/local/lib/python3.8/dist-packages/keystonemiddleware/auth_token/__init__.py:545}}
Jun 20 16:07:14.986422 dv-neutron-846001-3-hyperv devstack@keystone.service[80546]: DEBUG keystone.server.flask.request_processing.middleware.auth_context [None req-6f37c6cd-be63-4a90-b5ca-1b8a16125644 None admin] Validating token access rules against request {{(pid=80546) validate_allowed_request /usr/local/lib/python3.8/dist-packages/keystonemiddleware/auth_token/__init__.py:545}}
Jun 20 16:07:15.003369 dv-neutron-846001-3-hyperv devstack@keystone.service[80546]: DEBUG dbcounter [-] [80546] Writing DB stats keystone:SELECT=100 {{(pid=80546) stat_writer /usr/local/lib/python3.8/dist-packages/dbcounter.py:114}}
Jun 20 16:07:15.004937 dv-neutron-846001-3-hyperv devstack@keystone.service[80547]: DEBUG keystone.server.flask.request_processing.middleware.auth_context [None req-dc001c11-37d7-45f3-8792-267ddc53720b None admin] RBAC: auth_context: {'token': , 'domain_id': None, 'trust_id': None, 'trustor_id': None, 'trustee_id': None, 'domain_name': None, 'group_ids': [], 'user_id': 'afff38bfc17a4be0a496f311430e155d', 'user_domain_id': 'default', 'system_scope': 'all', 'project_id': None, 'project_domain_id': None, 'roles': ['admin', 'member', 'reader'], 'is_admin_project': True, 'service_user_id': None, 'service_user_domain_id': None, 'service_project_id': None, 'service_project_domain_id': None, 'service_roles': []} {{(pid=80547) fill_context /opt/stack/keystone/keystone/server/flask/request_processing/middleware/auth_context.py:478}}
