Jun 15 15:06:29.287331 dv-neutron-845909-2-hyperv neutron-server[103735]: DEBUG neutron_lib.callbacks.manager [None req-a65fa2e3-899d-4b99-b28c-b1c9283c1db8 None None] Notify callbacks ['neutron.plugins.ml2.plugin.Ml2Plugin._port_provisioned-2093508'] for port, provisioning_complete {{(pid=103735) _notify_loop /usr/local/lib/python3.8/dist-packages/neutron_lib/callbacks/manager.py:192}}
Jun 15 15:06:29.331126 dv-neutron-845909-2-hyperv neutron-server[103735]: DEBUG neutron_lib.callbacks.manager [None req-eeacbde9-fb48-4b5c-9f72-def882599d02 None None] Notify callbacks ['neutron.plugins.ml2.plugin.SecurityGroupServerNotifierRpcMixin._notify_sg_on_port_change-2051917', 'neutron.plugins.ml2.ovo_rpc._ObjectChangeHandler.handle_event-312657', 'neutron.api.rpc.agentnotifiers.dhcp_rpc_agent_api.DhcpAgentNotifyAPI._native_event_send_dhcp_notification-1006103', 'neutron.db.l3_db.L3RpcNotifierMixin._notify_gateway_port_ip_changed-8732851957809', 'neutron.db.l3_dvrscheduler_db._notify_l3_agent_port_update-8732851563569', 'neutron.db.l3_hascheduler_db._notify_l3_agent_ha_port_update-8732851572179'] for port, after_update {{(pid=103735) _notify_loop /usr/local/lib/python3.8/dist-packages/neutron_lib/callbacks/manager.py:192}}
Jun 15 15:06:29.369726 dv-neutron-845909-2-hyperv neutron-server[103734]: DEBUG neutron_lib.callbacks.manager [None req-dde83356-84ac-476b-8c52-f297aa86c3fb admin admin] Notify callbacks [] for port, precommit_create {{(pid=103734) _notify_loop /usr/local/lib/python3.8/dist-packages/neutron_lib/callbacks/manager.py:192}}
Jun 15 15:06:29.423877 dv-neutron-845909-2-hyperv neutron-server[103734]: DEBUG neutron_lib.callbacks.manager [None req-789db19a-959e-4476-bbe5-c2d2b8e87e0d tempest-RoutersAdminNegativeTest-456819332 tempest-RoutersAdminNegativeTest-456819332-project-admin] Notify callbacks ['neutron.services.l3_router.l3_router_plugin.L3_HA_NAT_db_mixin._cleanup_ha_network_handler-671238'] for router, after_delete {{(pid=103734) _notify_loop /usr/local/lib/python3.8/dist-packages/neutron_lib/callbacks/manager.py:192}}
Jun 15 15:06:29.424777 dv-neutron-845909-2-hyperv neutron-server[103734]: DEBUG neutron.api.rpc.agentnotifiers.l3_rpc_agent_api [None req-789db19a-959e-4476-bbe5-c2d2b8e87e0d tempest-RoutersAdminNegativeTest-456819332 tempest-RoutersAdminNegativeTest-456819332-project-admin] Fanout notify agent at l3_agent the message router_deleted on router 0b2b5d4c-fcf0-421a-8834-5f44e8c9f01a {{(pid=103734) _notification_fanout /opt/stack/neutron/neutron/api/rpc/agentnotifiers/l3_rpc_agent_api.py:114}}
Jun 15 15:06:29.442074 dv-neutron-845909-2-hyperv neutron-server[103734]: DEBUG neutron.services.segments.db [None req-08c75b02-ab71-4fe9-a092-bfd1c3158a74 tempest-ExternalNetworksTestJSON-1918551886 tempest-ExternalNetworksTestJSON-1918551886-project-admin] neutron.services.segments.plugin.Plugin method delete_segment called with arguments (, '9d5c246f-8d2e-45b6-98e1-0bab6754ada6') {'for_net_delete': True} {{(pid=103734) wrapper /usr/local/lib/python3.8/dist-packages/oslo_log/helpers.py:65}}
Jun 15 15:06:29.442365 dv-neutron-845909-2-hyperv neutron-server[103734]: DEBUG neutron.services.segments.db [None req-08c75b02-ab71-4fe9-a092-bfd1c3158a74 tempest-ExternalNetworksTestJSON-1918551886 tempest-ExternalNetworksTestJSON-1918551886-project-admin] neutron.services.segments.plugin.Plugin method get_segment called with arguments (, '9d5c246f-8d2e-45b6-98e1-0bab6754ada6') {} {{(pid=103734) wrapper /usr/local/lib/python3.8/dist-packages/oslo_log/helpers.py:65}}
Jun 15 15:06:29.477646 dv-neutron-845909-2-hyperv neutron-server[103734]: DEBUG neutron_lib.callbacks.manager [None req-08c75b02-ab71-4fe9-a092-bfd1c3158a74 tempest-ExternalNetworksTestJSON-1918551886 tempest-ExternalNetworksTestJSON-1918551886-project-admin] Notify callbacks ['neutron.plugins.ml2.db._prevent_segment_delete_with_port_bound-8732851882716', 'neutron.services.segments.plugin.Plugin._prevent_segment_delete_with_subnet_associated-14664169'] for segment, before_delete {{(pid=103734) _notify_loop /usr/local/lib/python3.8/dist-packages/neutron_lib/callbacks/manager.py:192}}
Jun 15 15:06:29.493265 dv-neutron-845909-2-hyperv neutron-server[103734]: DEBUG neutron_lib.callbacks.manager [None req-dde83356-84ac-476b-8c52-f297aa86c3fb admin admin] Notify callbacks ['neutron.plugins.ml2.plugin.SecurityGroupServerNotifierRpcMixin._notify_sg_on_port_change-2051917', 'neutron.plugins.ml2.ovo_rpc._ObjectChangeHandler.handle_event-312657', 'neutron.api.rpc.agentnotifiers.dhcp_rpc_agent_api.DhcpAgentNotifyAPI._native_event_send_dhcp_notification-1006103', 'neutron.db.l3_dvrscheduler_db._notify_l3_agent_new_port-8732851563596', 'neutron.services.segments.plugin.NovaSegmentNotifier._notify_port_created_or_deleted-15231452'] for port, after_create {{(pid=103734) _notify_loop /usr/local/lib/python3.8/dist-packages/neutron_lib/callbacks/manager.py:192}}
Jun 15 15:06:29.521528 dv-neutron-845909-2-hyperv neutron-server[103734]: DEBUG neutron.scheduler.dhcp_agent_scheduler [None req-dde83356-84ac-476b-8c52-f297aa86c3fb admin admin] Network 7bb98a4d-724a-466e-aba8-f3413e6203fe is already hosted by enough agents. {{(pid=103734) _get_dhcp_agents_hosting_network /opt/stack/neutron/neutron/scheduler/dhcp_agent_scheduler.py:275}}
Jun 15 15:06:29.527966 dv-neutron-845909-2-hyperv neutron-server[103734]: DEBUG neutron.scheduler.base_scheduler [None req-dde83356-84ac-476b-8c52-f297aa86c3fb admin admin] Resources bound (agent type, host, resource id): {{(pid=103734) schedule /opt/stack/neutron/neutron/scheduler/base_scheduler.py:57}}
Jun 15 15:06:29.539024 dv-neutron-845909-2-hyperv neutron-server[103736]: DEBUG neutron.db.l3_dvr_db [None req-dbf247f0-23d4-47c8-9558-221dab6d587d None None] Set router ebe6b633-a6cd-4259-aa51-c251a51fde16 gateway port host: dv-neutron-845909-2-hyperv {{(pid=103736) _build_routers_list /opt/stack/neutron/neutron/db/l3_dvr_db.py:906}}
Jun 15 15:06:29.557175 dv-neutron-845909-2-hyperv neutron-server[103733]: INFO neutron.wsgi [None req-91abec6a-1985-4504-aa7f-e5337b6640f7 tempest-QuotasNegativeTest-413915895 tempest-QuotasNegativeTest-413915895-project-admin] 10.222.0.65 "GET /v2.0/security-groups?tenant_id=15dc2a3e3dbf452e83361e9ed56166ac&name=default HTTP/1.1" status: 200 len: 2975 time: 0.4589241
Jun 15 15:06:29.557390 dv-neutron-845909-2-hyperv neutron-server[103734]: DEBUG neutron.db.l3_dvrscheduler_db [None req-dde83356-84ac-476b-8c52-f297aa86c3fb admin admin] Received port after_create {{(pid=103734) _notify_l3_agent_new_port /opt/stack/neutron/neutron/db/l3_dvrscheduler_db.py:536}}
Jun 15 15:06:29.558156 dv-neutron-845909-2-hyperv neutron-server[103734]: DEBUG neutron_lib.callbacks.manager [None req-08c75b02-ab71-4fe9-a092-bfd1c3158a74 tempest-ExternalNetworksTestJSON-1918551886 tempest-ExternalNetworksTestJSON-1918551886-project-admin] Notify callbacks ['neutron.plugins.ml2.plugin.Ml2Plugin._handle_segment_change-2090223'] for segment, precommit_delete {{(pid=103734) _notify_loop /usr/local/lib/python3.8/dist-packages/neutron_lib/callbacks/manager.py:192}}
Jun 15 15:06:29.564198 dv-neutron-845909-2-hyperv neutron-server[103734]: DEBUG neutron.wsgi [-] (103734) accepted ('10.222.0.65', 59598) {{(pid=103734) server /usr/local/lib/python3.8/dist-packages/eventlet/wsgi.py:982}}
Jun 15 15:06:29.599466 dv-neutron-845909-2-hyperv neutron-server[103733]: DEBUG neutron_lib.callbacks.manager [None req-de2bfc13-fd1a-4d39-b1c7-0638183e01de admin admin] Notify callbacks ['neutron.services.l3_router.l3_router_plugin.L3_HA_NAT_db_mixin._after_router_create-671344', 'neutron.services.l3_router.l3_router_plugin.DVRResourceOperationHandler._create_snat_interfaces_after_change-661104'] for router, after_create {{(pid=103733) _notify_loop /usr/local/lib/python3.8/dist-packages/neutron_lib/callbacks/manager.py:192}}
Jun 15 15:06:29.599585 dv-neutron-845909-2-hyperv neutron-server[103735]: DEBUG neutron.api.rpc.handlers.resources_rpc [None req-eeacbde9-fb48-4b5c-9f72-def882599d02 None None] Pushing event updated for resources: {'Port': ['ID=374120d0-16a4-4fd6-ab0f-6e0b2957c37a,revision_number=3']} {{(pid=103735) push /opt/stack/neutron/neutron/api/rpc/handlers/resources_rpc.py:237}}
Jun 15 15:06:29.608197 dv-neutron-845909-2-hyperv neutron-server[103734]: DEBUG neutron.plugins.ml2.drivers.type_vlan [None req-08c75b02-ab71-4fe9-a092-bfd1c3158a74 tempest-ExternalNetworksTestJSON-1918551886 tempest-ExternalNetworksTestJSON-1918551886-project-admin] Releasing vlan 984 on physical network physnet1 to pool {{(pid=103734) release_segment /opt/stack/neutron/neutron/plugins/ml2/drivers/type_vlan.py:304}}
Jun 15 15:06:30.008914 dv-neutron-845909-2-hyperv neutron-server[103734]: DEBUG neutron_lib.callbacks.manager [None req-08c75b02-ab71-4fe9-a092-bfd1c3158a74 tempest-ExternalNetworksTestJSON-1918551886 tempest-ExternalNetworksTestJSON-1918551886-project-admin] Notify callbacks ['neutron.plugins.ml2.plugin.Ml2Plugin._handle_segment_change-2090223', 'neutron.services.segments.plugin.NovaSegmentNotifier._notify_segment_deleted-15231473'] for segment, after_delete {{(pid=103734) _notify_loop /usr/local/lib/python3.8/dist-packages/neutron_lib/callbacks/manager.py:192}}
Jun 15 15:06:30.008914 dv-neutron-845909-2-hyperv neutron-server[103734]: INFO neutron.api.v2.resource [None req-789db19a-959e-4476-bbe5-c2d2b8e87e0d tempest-RoutersAdminNegativeTest-456819332 tempest-RoutersAdminNegativeTest-456819332-project-admin] create failed (client error): There was a conflict when trying to complete your request.
Jun 15 15:06:30.008914 dv-neutron-845909-2-hyperv neutron-server[103734]: INFO neutron.wsgi [None req-789db19a-959e-4476-bbe5-c2d2b8e87e0d tempest-RoutersAdminNegativeTest-456819332 tempest-RoutersAdminNegativeTest-456819332-project-admin] 10.222.0.65 "POST /v2.0/routers HTTP/1.1" status: 409 len: 370 time: 5.6364744
Jun 15 15:06:30.013966 dv-neutron-845909-2-hyperv neutron-server[103735]: DEBUG neutron.plugins.ml2.plugin [None req-a65fa2e3-899d-4b99-b28c-b1c9283c1db8 None None] Current status of the port 374120d0-16a4-4fd6-ab0f-6e0b2957c37a is: ACTIVE; New status is: ACTIVE {{(pid=103735) _update_individual_port_db_status /opt/stack/neutron/neutron/plugins/ml2/plugin.py:2240}}
Jun 15 15:06:30.013966 dv-neutron-845909-2-hyperv neutron-server[103735]: DEBUG neutron.api.rpc.handlers.dhcp_rpc [None req-2e54766b-b482-4e97-8af9-d8ebdbd5d5ab None None] Network 072436a2-6f91-43b2-856e-4d8d34fbc7ab requested from dv-neutron-845909-2-hyperv {{(pid=103735) get_network_info /opt/stack/neutron/neutron/api/rpc/handlers/dhcp_rpc.py:218}}
Jun 15 15:06:30.017085 dv-neutron-845909-2-hyperv neutron-server[103733]: DEBUG neutron.wsgi [-] (103733) accepted ('10.222.0.65', 59604) {{(pid=103733) server /usr/local/lib/python3.8/dist-packages/eventlet/wsgi.py:982}}
Jun 15 15:06:30.018483 dv-neutron-845909-2-hyperv neutron-server[103734]: DEBUG neutron.api.rpc.handlers.resources_rpc [None req-dde83356-84ac-476b-8c52-f297aa86c3fb admin admin] Pushing event updated for resources: {'Port': ['ID=e2e2ae2f-931e-4fe0-bfa6-a2b5aefb8c7f,revision_number=1']} {{(pid=103734) push /opt/stack/neutron/neutron/api/rpc/handlers/resources_rpc.py:237}}
Jun 15 15:06:30.020207 dv-neutron-845909-2-hyperv neutron-server[103733]: DEBUG neutron.objects.ports [None req-bd78b96c-533b-49b1-8a33-08d5839810c2 tempest-RoutersAdminTest-1193752366 tempest-RoutersAdminTest-1193752366-project-admin] Time-cost: Fetching 0 ports in 0 security groups {{(pid=103733) get_objects /opt/stack/neutron/neutron/objects/ports.py:462}}
Jun 15 15:06:30.020207 dv-neutron-845909-2-hyperv neutron-server[103733]: DEBUG neutron_lib.callbacks.manager [None req-bd78b96c-533b-49b1-8a33-08d5839810c2 tempest-RoutersAdminTest-1193752366 tempest-RoutersAdminTest-1193752366-project-admin] Notify callbacks ['neutron.plugins.ml2.ovo_rpc._ObjectChangeHandler.handle_event-841955', 'neutron.api.rpc.agentnotifiers.dhcp_rpc_agent_api.DhcpAgentNotifyAPI._native_event_send_dhcp_notification-1006103'] for subnet, after_create {{(pid=103733) _notify_loop /usr/local/lib/python3.8/dist-packages/neutron_lib/callbacks/manager.py:192}}
Jun 15 15:06:30.021749 dv-neutron-845909-2-hyperv neutron-server[103734]: DEBUG neutron_lib.callbacks.manager [None req-6f74543c-6eca-4002-acce-f105566a90e1 admin admin] Notify callbacks [] for router, before_response {{(pid=103734) _notify_loop /usr/local/lib/python3.8/dist-packages/neutron_lib/callbacks/manager.py:192}}
Jun 15 15:06:30.021749 dv-neutron-845909-2-hyperv neutron-server[103734]: INFO neutron.wsgi [None req-6f74543c-6eca-4002-acce-f105566a90e1 admin admin] 10.222.0.65 "POST /v2.0/routers HTTP/1.1" status: 201 len: 922 time: 8.1325488
Jun 15 15:06:30.021749 dv-neutron-845909-2-hyperv neutron-server[103734]: DEBUG neutron.wsgi [-] (103734) accepted ('10.222.0.65', 59608) {{(pid=103734) server /usr/local/lib/python3.8/dist-packages/eventlet/wsgi.py:982}}
Jun 15 15:06:30.022576 dv-neutron-845909-2-hyperv neutron-server[103735]: DEBUG neutron.db.provisioning_blocks [None req-662e4f48-1c6b-4251-ae20-8f007a90b2b8 None None] Provisioning complete for port 7f769993-3c78-4638-8235-425eb78f89c2 triggered by entity DHCP. {{(pid=103735) provisioning_complete /opt/stack/neutron/neutron/db/provisioning_blocks.py:139}}
Jun 15 15:06:30.022576 dv-neutron-845909-2-hyperv neutron-server[103735]: DEBUG neutron_lib.callbacks.manager [None req-662e4f48-1c6b-4251-ae20-8f007a90b2b8 None None] Notify callbacks ['neutron.plugins.ml2.plugin.Ml2Plugin._port_provisioned-2093508'] for port, provisioning_complete {{(pid=103735) _notify_loop /usr/local/lib/python3.8/dist-packages/neutron_lib/callbacks/manager.py:192}}
Jun 15 15:06:30.040039 dv-neutron-845909-2-hyperv neutron-server[103733]: DEBUG neutron.plugins.ml2.drivers.mech_agent [None req-bd78b96c-533b-49b1-8a33-08d5839810c2 tempest-RoutersAdminTest-1193752366 tempest-RoutersAdminTest-1193752366-project-admin] Checking segment: {'id': '3f076fb8-8b2b-4d4b-ae6e-30ed41aa481b', 'network_type': 'vlan', 'physical_network': 'physnet1', 'segmentation_id': 964, 'network_id': 'bfbe5358-e5c0-409c-bf46-dca49a3d5124'} for mappings: {'physnet1': 'br-data'} with network types: ['local', 'flat', 'vlan'] {{(pid=103733) check_segment_for_agent /opt/stack/neutron/neutron/plugins/ml2/drivers/mech_agent.py:360}}
Jun 15 15:06:30.040039 dv-neutron-845909-2-hyperv neutron-server[103733]: DEBUG neutron.scheduler.dhcp_agent_scheduler [None req-bd78b96c-533b-49b1-8a33-08d5839810c2 tempest-RoutersAdminTest-1193752366 tempest-RoutersAdminTest-1193752366-project-admin] Network hostable DHCP agents. Network: bfbe5358-e5c0-409c-bf46-dca49a3d5124, hostable agents: ['350b4b9a-0f16-4ce7-998e-dde9f652dd25'], hosted agents: [] {{(pid=103733) _get_network_hostable_dhcp_agents /opt/stack/neutron/neutron/scheduler/dhcp_agent_scheduler.py:329}}
Jun 15 15:06:30.065527 dv-neutron-845909-2-hyperv neutron-server[103736]: DEBUG neutron.db.l3_hamode_db [None req-dbf247f0-23d4-47c8-9558-221dab6d587d None None] neutron.services.l3_router.l3_router_plugin.L3RouterPlugin method _process_sync_ha_data called with arguments (, [{'id': 'ebe6b633-a6cd-4259-aa51-c251a51fde16', 'name': 'tempest-ServersTestManualDisk-146673569-router', 'tenant_id': '4575b050bf7149f2ba7843e1925cf4ba', 'admin_state_up': True, 'status': 'ACTIVE', 'external_gateway_info': {'network_id': '7bb98a4d-724a-466e-aba8-f3413e6203fe', 'external_fixed_ips': [{'subnet_id': '2a8754a5-7499-4e9e-b622-61c02fa27034', 'ip_address': '172.26.0.86'}], 'enable_snat': True}, 'gw_port_id': '0105cf9e-5a74-409f-bb94-71e0b7a0c0da', 'description': '', 'availability_zones': ['nova'], 'distributed': False, 'ha': False, 'ha_vr_id': 0, 'availability_zone_hints': [], 'routes': [], 'flavor_id': None, 'tags': [], 'created_at': '2022-06-15T15:06:21Z', 'updated_at': '2022-06-15T15:06:25Z', 'revision_number': 3, 'project_id': '4575b050bf7149f2ba7843e1925cf4ba', 'gw_port': {'id': '0105cf9e-5a74-409f-bb94-71e0b7a0c0da', 'name': '', 'network_id': '7bb98a4d-724a-466e-aba8-f3413e6203fe', 'tenant_id': '', 'mac_address': 'fa:16:3e:6b:b0:5b', 'admin_state_up': True, 'status': 'DOWN', 'device_id': 'ebe6b633-a6cd-4259-aa51-c251a51fde16', 'device_owner': 'network:router_gateway', 'standard_attr_id': 62, 'fixed_ips': [{'subnet_id': '2a8754a5-7499-4e9e-b622-61c02fa27034', 'ip_address': '172.26.0.86', 'prefixlen': 24}], 'allowed_address_pairs': [], 'extra_dhcp_opts': [], 'security_groups': [], 'description': '', 'binding:vnic_type': 'normal', 'binding:profile': {}, 'binding:host_id': '', 'binding:vif_type': 'unbound', 'binding:vif_details': {}, 'port_security_enabled': False, 'tags': [], 'created_at': '2022-06-15T15:06:23Z', 'updated_at': '2022-06-15T15:06:23Z', 'revision_number': 1, 'project_id': '', 'subnets': [{'id': '2a8754a5-7499-4e9e-b622-61c02fa27034', 'cidr': '172.26.0.0/24', 'gateway_ip': '172.26.0.1', 'dns_nameservers': [], 'ipv6_ra_mode': None, 'subnetpool_id': None}], 'extra_subnets': [], 'address_scopes': {4: None, 6: None}, 'mtu': 1500}, 'enable_snat': True, 'gw_port_host': 'dv-neutron-845909-2-hyperv'}], 'dv-neutron-845909-2-hyperv', False) {} {{(pid=103736) wrapper /usr/local/lib/python3.8/dist-packages/oslo_log/helpers.py:65}}
Jun 15 15:06:30.100775 dv-neutron-845909-2-hyperv neutron-server[103734]: DEBUG neutron_lib.callbacks.manager [None req-764c8c83-052a-422c-b1f9-7c95f0a5976d tempest-QuotasNegativeTest-413915895 tempest-QuotasNegativeTest-413915895-project-admin] Notify callbacks [] for security_group, before_delete {{(pid=103734) _notify_loop /usr/local/lib/python3.8/dist-packages/neutron_lib/callbacks/manager.py:192}}
Jun 15 15:06:30.123881 dv-neutron-845909-2-hyperv neutron-server[103735]: DEBUG neutron.plugins.ml2.plugin [None req-662e4f48-1c6b-4251-ae20-8f007a90b2b8 None None] Current status of the port 7f769993-3c78-4638-8235-425eb78f89c2 is: ACTIVE; New status is: ACTIVE {{(pid=103735) _update_individual_port_db_status /opt/stack/neutron/neutron/plugins/ml2/plugin.py:2240}}
Jun 15 15:06:30.145461 dv-neutron-845909-2-hyperv neutron-server[103736]: DEBUG neutron.api.rpc.handlers.l3_rpc [None req-dbf247f0-23d4-47c8-9558-221dab6d587d None None] Checking router: ebe6b633-a6cd-4259-aa51-c251a51fde16 for host: dv-neutron-845909-2-hyperv {{(pid=103736) _ensure_host_set_on_ports /opt/stack/neutron/neutron/api/rpc/handlers/l3_rpc.py:155}}
Jun 15 15:06:30.146178 dv-neutron-845909-2-hyperv neutron-server[103736]: DEBUG neutron.api.rpc.handlers.l3_rpc [None req-dbf247f0-23d4-47c8-9558-221dab6d587d None None] Updating router ebe6b633-a6cd-4259-aa51-c251a51fde16 port 0105cf9e-5a74-409f-bb94-71e0b7a0c0da binding host dv-neutron-845909-2-hyperv {{(pid=103736) _ensure_host_set_on_port /opt/stack/neutron/neutron/api/rpc/handlers/l3_rpc.py:205}}
Jun 15 15:06:30.162688 dv-neutron-845909-2-hyperv neutron-server[103734]: DEBUG neutron_lib.callbacks.manager [None req-08c75b02-ab71-4fe9-a092-bfd1c3158a74 tempest-ExternalNetworksTestJSON-1918551886 tempest-ExternalNetworksTestJSON-1918551886-project-admin] Notify callbacks ['neutron.plugins.ml2.plugin.Ml2Plugin._network_delete_after_delete_handler-2092159', 'neutron.plugins.ml2.ovo_rpc._ObjectChangeHandler.handle_event-841864', 'neutron.api.rpc.agentnotifiers.dhcp_rpc_agent_api.DhcpAgentNotifyAPI._native_event_send_dhcp_notification-1006103', 'neutron.services.l3_router.l3_router_plugin.DVRResourceOperationHandler.delete_fip_namespaces_for_ext_net-661032'] for network, after_delete {{(pid=103734) _notify_loop /usr/local/lib/python3.8/dist-packages/neutron_lib/callbacks/manager.py:192}}
Jun 15 15:06:30.171566 dv-neutron-845909-2-hyperv neutron-server[103733]: DEBUG neutron.api.rpc.handlers.resources_rpc [None req-bd78b96c-533b-49b1-8a33-08d5839810c2 tempest-RoutersAdminTest-1193752366 tempest-RoutersAdminTest-1193752366-project-admin] Pushing event updated for resources: {'Subnet': ['ID=b3a60500-4cbb-425f-ad05-d91eabf2e98b,revision_number=0']} {{(pid=103733) push /opt/stack/neutron/neutron/api/rpc/handlers/resources_rpc.py:237}}
Jun 15 15:06:30.231853 dv-neutron-845909-2-hyperv neutron-server[103734]: DEBUG neutron_lib.callbacks.manager [None req-764c8c83-052a-422c-b1f9-7c95f0a5976d tempest-QuotasNegativeTest-413915895 tempest-QuotasNegativeTest-413915895-project-admin] Notify callbacks [] for security_group, precommit_delete {{(pid=103734) _notify_loop /usr/local/lib/python3.8/dist-packages/neutron_lib/callbacks/manager.py:192}}
Jun 15 15:06:30.262730 dv-neutron-845909-2-hyperv neutron-server[103736]: DEBUG neutron_lib.callbacks.manager [None req-dbf247f0-23d4-47c8-9558-221dab6d587d None None] Notify callbacks ['neutron.plugins.ml2.plugin.SecurityGroupDbMixin._ensure_default_security_group_handler-2051852'] for port, before_update {{(pid=103736) _notify_loop /usr/local/lib/python3.8/dist-packages/neutron_lib/callbacks/manager.py:192}}
Jun 15 15:06:30.274534 dv-neutron-845909-2-hyperv neutron-server[103735]: DEBUG neutron.plugins.ml2.rpc [None req-eeacbde9-fb48-4b5c-9f72-def882599d02 None None] Device 7f769993-3c78-4638-8235-425eb78f89c2 up at agent ovs-agent-dv-neutron-845909-2-hyperv {{(pid=103735) update_device_up /opt/stack/neutron/neutron/plugins/ml2/rpc.py:296}}
Jun 15 15:06:30.285655 dv-neutron-845909-2-hyperv neutron-server[103733]: DEBUG neutron.scheduler.dhcp_agent_scheduler [None req-bd78b96c-533b-49b1-8a33-08d5839810c2 tempest-RoutersAdminTest-1193752366 tempest-RoutersAdminTest-1193752366-project-admin] Network bfbe5358-e5c0-409c-bf46-dca49a3d5124 is scheduled to be hosted by DHCP agent 350b4b9a-0f16-4ce7-998e-dde9f652dd25 with binding_index 1 {{(pid=103733) bind /opt/stack/neutron/neutron/scheduler/dhcp_agent_scheduler.py:227}}
Jun 15 15:06:30.292389 dv-neutron-845909-2-hyperv neutron-server[103733]: DEBUG neutron.plugins.ml2.plugin [None req-91c4ffd7-d76f-4f26-94d2-80d751cd36ea tempest-ExternalNetworksAdminNegativeTestJSON-1239737688 tempest-ExternalNetworksAdminNegativeTestJSON-1239737688-project-admin] Deleting port 2c9d5e8d-b8e9-4b7f-bdb4-6c763be22bd9 {{(pid=103733) _pre_delete_port /opt/stack/neutron/neutron/plugins/ml2/plugin.py:1986}}
Jun 15 15:06:30.293002 dv-neutron-845909-2-hyperv neutron-server[103733]: DEBUG neutron_lib.callbacks.manager [None req-91c4ffd7-d76f-4f26-94d2-80d751cd36ea tempest-ExternalNetworksAdminNegativeTestJSON-1239737688 tempest-ExternalNetworksAdminNegativeTestJSON-1239737688-project-admin] Notify callbacks ['neutron.db.l3_db.L3_NAT_dbonly_mixin._prevent_l3_port_delete_callback-8732851950785'] for port, before_delete {{(pid=103733) _notify_loop /usr/local/lib/python3.8/dist-packages/neutron_lib/callbacks/manager.py:192}}
Jun 15 15:06:30.301801 dv-neutron-845909-2-hyperv neutron-server[103734]: DEBUG neutron.api.rpc.handlers.resources_rpc [None req-08c75b02-ab71-4fe9-a092-bfd1c3158a74 tempest-ExternalNetworksTestJSON-1918551886 tempest-ExternalNetworksTestJSON-1918551886-project-admin] Pushing event deleted for resources: {'Network': ['ID=a702bdc0-58ae-484a-a7c5-91c498bef9ba,revision_number=None']} {{(pid=103734) push /opt/stack/neutron/neutron/api/rpc/handlers/resources_rpc.py:237}}
Jun 15 15:06:30.310031 dv-neutron-845909-2-hyperv neutron-server[103734]: INFO neutron.services.segments.plugin [-] Segment 9d5c246f-8d2e-45b6-98e1-0bab6754ada6 resource provider aggregate not found
Jun 15 15:06:30.325454 dv-neutron-845909-2-hyperv neutron-server[103734]: DEBUG neutron.api.rpc.agentnotifiers.l3_rpc_agent_api [None req-08c75b02-ab71-4fe9-a092-bfd1c3158a74 tempest-ExternalNetworksTestJSON-1918551886 tempest-ExternalNetworksTestJSON-1918551886-project-admin] Fanout notify agent at l3_agent the message fipnamespace_delete_on_ext_net for external_network a702bdc0-58ae-484a-a7c5-91c498bef9ba {{(pid=103734) _notification_fanout /opt/stack/neutron/neutron/api/rpc/agentnotifiers/l3_rpc_agent_api.py:120}}
Jun 15 15:06:30.341094 dv-neutron-845909-2-hyperv neutron-server[103734]: DEBUG neutron_lib.callbacks.manager [None req-08c75b02-ab71-4fe9-a092-bfd1c3158a74 tempest-ExternalNetworksTestJSON-1918551886 tempest-ExternalNetworksTestJSON-1918551886-project-admin] Notify callbacks ['neutron.api.rpc.agentnotifiers.dhcp_rpc_agent_api.DhcpAgentNotifyAPI._send_dhcp_notification-1006137'] for network, before_response {{(pid=103734) _notify_loop /usr/local/lib/python3.8/dist-packages/neutron_lib/callbacks/manager.py:192}}
Jun 15 15:06:30.348593 dv-neutron-845909-2-hyperv neutron-server[103734]: INFO neutron.wsgi [None req-08c75b02-ab71-4fe9-a092-bfd1c3158a74 tempest-ExternalNetworksTestJSON-1918551886 tempest-ExternalNetworksTestJSON-1918551886-project-admin] 10.222.0.65 "DELETE /v2.0/networks/a702bdc0-58ae-484a-a7c5-91c498bef9ba HTTP/1.1" status: 204 len: 168 time: 2.5881417
Jun 15 15:06:30.360563 dv-neutron-845909-2-hyperv neutron-server[103733]: DEBUG neutron.wsgi [-] (103733) accepted ('10.222.0.65', 59622) {{(pid=103733) server /usr/local/lib/python3.8/dist-packages/eventlet/wsgi.py:982}}
Jun 15 15:06:30.367340 dv-neutron-845909-2-hyperv neutron-server[103735]: DEBUG neutron.db.provisioning_blocks [None req-34f4d9b5-1065-43f1-8586-95f81306866c None None] Provisioning complete for port 374120d0-16a4-4fd6-ab0f-6e0b2957c37a triggered by entity DHCP. {{(pid=103735) provisioning_complete /opt/stack/neutron/neutron/db/provisioning_blocks.py:139}}
Jun 15 15:06:30.369427 dv-neutron-845909-2-hyperv neutron-server[103735]: DEBUG neutron_lib.callbacks.manager [None req-34f4d9b5-1065-43f1-8586-95f81306866c None None] Notify callbacks ['neutron.plugins.ml2.plugin.Ml2Plugin._port_provisioned-2093508'] for port, provisioning_complete {{(pid=103735) _notify_loop /usr/local/lib/python3.8/dist-packages/neutron_lib/callbacks/manager.py:192}}
Jun 15 15:06:30.382612 dv-neutron-845909-2-hyperv neutron-server[103733]: DEBUG neutron.api.v2.base [None req-6043b3e1-c68e-4894-9bdb-208318c011db tempest-ExternalNetworksTestJSON-1918551886 tempest-ExternalNetworksTestJSON-1918551886-project-admin] Request body: {'network': {'router:external': True}} {{(pid=103733) prepare_request_body /opt/stack/neutron/neutron/api/v2/base.py:729}}
Jun 15 15:06:30.393363 dv-neutron-845909-2-hyperv neutron-server[103734]: INFO neutron.services.segments.plugin [-] Segment 9d5c246f-8d2e-45b6-98e1-0bab6754ada6 resource provider not found; error: Placement Client Error (4xx): {"errors": [{"status": 404, "title": "Not Found", "detail": "The resource could not be found.\n\n No resource provider with uuid 9d5c246f-8d2e-45b6-98e1-0bab6754ada6 found for delete ", "request_id": "req-b8d2c333-2def-4624-a31b-9ce498be79cf"}]}
Jun 15 15:06:30.407264 dv-neutron-845909-2-hyperv neutron-server[103733]: DEBUG neutron.plugins.ml2.plugin [None req-47fb8f35-bbbe-4c35-a2cd-e8d95cb26db3 tempest-RoutersAdminNegativeTest-456819332 tempest-RoutersAdminNegativeTest-456819332-project-admin] Deleting port 3ce45f42-bb4f-4570-92ff-40ec17ae6e67 {{(pid=103733) _pre_delete_port /opt/stack/neutron/neutron/plugins/ml2/plugin.py:1986}}
Jun 15 15:06:30.420428 dv-neutron-845909-2-hyperv neutron-server[103733]: DEBUG neutron_lib.callbacks.manager [None req-47fb8f35-bbbe-4c35-a2cd-e8d95cb26db3 tempest-RoutersAdminNegativeTest-456819332 tempest-RoutersAdminNegativeTest-456819332-project-admin] Notify callbacks ['neutron.db.l3_db.L3_NAT_dbonly_mixin._prevent_l3_port_delete_callback-8732851950785'] for port, before_delete {{(pid=103733) _notify_loop /usr/local/lib/python3.8/dist-packages/neutron_lib/callbacks/manager.py:192}}
Jun 15 15:06:30.481515 dv-neutron-845909-2-hyperv neutron-server[103733]: DEBUG neutron.scheduler.base_scheduler [None req-bd78b96c-533b-49b1-8a33-08d5839810c2 tempest-RoutersAdminTest-1193752366 tempest-RoutersAdminTest-1193752366-project-admin] Resources bound (agent type, host, resource id): (DHCP agent, dv-neutron-845909-2-hyperv, bfbe5358-e5c0-409c-bf46-dca49a3d5124) {{(pid=103733) schedule /opt/stack/neutron/neutron/scheduler/base_scheduler.py:57}}
Jun 15 15:06:30.513893 dv-neutron-845909-2-hyperv neutron-server[103735]: DEBUG neutron.api.rpc.handlers.dhcp_rpc [None req-07f5f593-9d70-4446-9759-ab1b5655521a None None] Network bfbe5358-e5c0-409c-bf46-dca49a3d5124 requested from dv-neutron-845909-2-hyperv {{(pid=103735) get_network_info /opt/stack/neutron/neutron/api/rpc/handlers/dhcp_rpc.py:218}}
Jun 15 15:06:30.518035 dv-neutron-845909-2-hyperv neutron-server[103734]: DEBUG neutron_lib.callbacks.manager [None req-764c8c83-052a-422c-b1f9-7c95f0a5976d tempest-QuotasNegativeTest-413915895 tempest-QuotasNegativeTest-413915895-project-admin] Notify callbacks ['neutron.plugins.ml2.ovo_rpc._ObjectChangeHandler.handle_event-841023'] for security_group, after_delete {{(pid=103734) _notify_loop /usr/local/lib/python3.8/dist-packages/neutron_lib/callbacks/manager.py:192}}
Jun 15 15:06:30.521475 dv-neutron-845909-2-hyperv neutron-server[103734]: DEBUG neutron_lib.callbacks.manager [None req-764c8c83-052a-422c-b1f9-7c95f0a5976d tempest-QuotasNegativeTest-413915895 tempest-QuotasNegativeTest-413915895-project-admin] Notify callbacks [] for security_group, before_response {{(pid=103734) _notify_loop /usr/local/lib/python3.8/dist-packages/neutron_lib/callbacks/manager.py:192}}
Jun 15 15:06:30.522451 dv-neutron-845909-2-hyperv neutron-server[103734]: INFO neutron.wsgi [None req-764c8c83-052a-422c-b1f9-7c95f0a5976d tempest-QuotasNegativeTest-413915895 tempest-QuotasNegativeTest-413915895-project-admin] 10.222.0.65 "DELETE /v2.0/security-groups/f281b8d3-a5d6-495a-8aa9-2820ef4defc9 HTTP/1.1" status: 204 len: 168 time: 0.9572117
Jun 15 15:06:30.527301 dv-neutron-845909-2-hyperv neutron-server[103734]: DEBUG neutron_lib.callbacks.manager [None req-dde83356-84ac-476b-8c52-f297aa86c3fb admin admin] Notify callbacks [] for router_gateway, after_create {{(pid=103734) _notify_loop /usr/local/lib/python3.8/dist-packages/neutron_lib/callbacks/manager.py:192}}
Jun 15 15:06:30.554153 dv-neutron-845909-2-hyperv neutron-server[103735]: DEBUG neutron.db.provisioning_blocks [None req-eeacbde9-fb48-4b5c-9f72-def882599d02 None None] Provisioning complete for port 7f769993-3c78-4638-8235-425eb78f89c2 triggered by entity L2. {{(pid=103735) provisioning_complete /opt/stack/neutron/neutron/db/provisioning_blocks.py:139}}
Jun 15 15:06:30.554527 dv-neutron-845909-2-hyperv neutron-server[103735]: DEBUG neutron_lib.callbacks.manager [None req-eeacbde9-fb48-4b5c-9f72-def882599d02 None None] Notify callbacks ['neutron.plugins.ml2.plugin.Ml2Plugin._port_provisioned-2093508'] for port, provisioning_complete {{(pid=103735) _notify_loop /usr/local/lib/python3.8/dist-packages/neutron_lib/callbacks/manager.py:192}}
Jun 15 15:06:30.600941 dv-neutron-845909-2-hyperv neutron-server[103733]: DEBUG neutron.wsgi [-] (103733) accepted ('10.222.0.65', 59624) {{(pid=103733) server /usr/local/lib/python3.8/dist-packages/eventlet/wsgi.py:982}}
Jun 15 15:06:30.607185 dv-neutron-845909-2-hyperv neutron-server[103733]: DEBUG neutron.pecan_wsgi.hooks.policy_enforcement [None req-bd78b96c-533b-49b1-8a33-08d5839810c2 tempest-RoutersAdminTest-1193752366 tempest-RoutersAdminTest-1193752366-project-admin] Attributes excluded by policy engine: ['standard_attr_id', 'shared', 'network'] {{(pid=103733) _exclude_attributes_by_policy /opt/stack/neutron/neutron/pecan_wsgi/hooks/policy_enforcement.py:259}}
Jun 15 15:06:30.607779 dv-neutron-845909-2-hyperv neutron-server[103733]: DEBUG neutron_lib.callbacks.manager [None req-bd78b96c-533b-49b1-8a33-08d5839810c2 tempest-RoutersAdminTest-1193752366 tempest-RoutersAdminTest-1193752366-project-admin] Notify callbacks ['neutron.api.rpc.agentnotifiers.dhcp_rpc_agent_api.DhcpAgentNotifyAPI._send_dhcp_notification-1006137'] for subnet, before_response {{(pid=103733) _notify_loop /usr/local/lib/python3.8/dist-packages/neutron_lib/callbacks/manager.py:192}}
Jun 15 15:06:30.700619 dv-neutron-845909-2-hyperv neutron-server[103734]: DEBUG neutron.api.rpc.handlers.resources_rpc [None req-764c8c83-052a-422c-b1f9-7c95f0a5976d tempest-QuotasNegativeTest-413915895 tempest-QuotasNegativeTest-413915895-project-admin] Pushing event deleted for resources: {'SecurityGroup': ['ID=f281b8d3-a5d6-495a-8aa9-2820ef4defc9,revision_number=None']} {{(pid=103734) push /opt/stack/neutron/neutron/api/rpc/handlers/resources_rpc.py:237}}
Jun 15 15:06:30.714817 dv-neutron-845909-2-hyperv neutron-server[103735]: DEBUG neutron.plugins.ml2.plugin [None req-34f4d9b5-1065-43f1-8586-95f81306866c None None] Current status of the port 374120d0-16a4-4fd6-ab0f-6e0b2957c37a is: ACTIVE; New status is: ACTIVE {{(pid=103735) _update_individual_port_db_status /opt/stack/neutron/neutron/plugins/ml2/plugin.py:2240}}
Jun 15 15:06:30.783118 dv-neutron-845909-2-hyperv neutron-server[103733]: DEBUG neutron_lib.callbacks.manager [None req-52bc9bfa-d031-4552-8807-63ef7db2d58f tempest-QuotasNegativeTest-413915895 tempest-QuotasNegativeTest-413915895-project-admin] Notify callbacks ['neutron.plugins.ml2.plugin.External_net_db_mixin._before_network_delete_handler-2000190'] for network, before_delete {{(pid=103733) _notify_loop /usr/local/lib/python3.8/dist-packages/neutron_lib/callbacks/manager.py:192}}
Jun 15 15:06:30.799695 dv-neutron-845909-2-hyperv neutron-server[103733]: DEBUG neutron.pecan_wsgi.hooks.quota_enforcement [None req-6043b3e1-c68e-4894-9bdb-208318c011db tempest-ExternalNetworksTestJSON-1918551886 tempest-ExternalNetworksTestJSON-1918551886-project-admin] Made reservation on behalf of c71c39b6315e411697b37101e3b5f691 for: {'network': 1} {{(pid=103733) before /opt/stack/neutron/neutron/pecan_wsgi/hooks/quota_enforcement.py:53}}
Jun 15 15:06:30.802726 dv-neutron-845909-2-hyperv neutron-server[103733]: DEBUG neutron_lib.callbacks.manager [None req-6043b3e1-c68e-4894-9bdb-208318c011db tempest-ExternalNetworksTestJSON-1918551886 tempest-ExternalNetworksTestJSON-1918551886-project-admin] Notify callbacks ['neutron.plugins.ml2.plugin.SecurityGroupDbMixin._ensure_default_security_group_handler-2051852'] for network, before_create {{(pid=103733) _notify_loop /usr/local/lib/python3.8/dist-packages/neutron_lib/callbacks/manager.py:192}}
Jun 15 15:06:30.806729 dv-neutron-845909-2-hyperv neutron-server[103736]: DEBUG neutron_lib.callbacks.manager [None req-dbf247f0-23d4-47c8-9558-221dab6d587d None None] Notify callbacks [] for port, precommit_update {{(pid=103736) _notify_loop /usr/local/lib/python3.8/dist-packages/neutron_lib/callbacks/manager.py:192}}
Jun 15 15:06:30.840068 dv-neutron-845909-2-hyperv neutron-server[103734]: DEBUG neutron_lib.callbacks.manager [None req-dde83356-84ac-476b-8c52-f297aa86c3fb admin admin] Notify callbacks ['neutron.services.l3_router.l3_router_plugin.L3_HA_NAT_db_mixin._after_router_create-671344', 'neutron.services.l3_router.l3_router_plugin.DVRResourceOperationHandler._create_snat_interfaces_after_change-661104'] for router, after_create {{(pid=103734) _notify_loop /usr/local/lib/python3.8/dist-packages/neutron_lib/callbacks/manager.py:192}}
Jun 15 15:06:30.893645 dv-neutron-845909-2-hyperv neutron-server[103736]: DEBUG neutron_lib.callbacks.manager [None req-dbf247f0-23d4-47c8-9558-221dab6d587d None None] Notify callbacks ['neutron.plugins.ml2.plugin.SecurityGroupServerNotifierRpcMixin._notify_sg_on_port_change-2051917', 'neutron.plugins.ml2.ovo_rpc._ObjectChangeHandler.handle_event-312657', 'neutron.api.rpc.agentnotifiers.dhcp_rpc_agent_api.DhcpAgentNotifyAPI._native_event_send_dhcp_notification-1006103', 'neutron.db.l3_db.L3RpcNotifierMixin._notify_gateway_port_ip_changed-8732851957809', 'neutron.db.l3_dvrscheduler_db._notify_l3_agent_port_update-8732851563569', 'neutron.db.l3_hascheduler_db._notify_l3_agent_ha_port_update-8732851572179'] for port, after_update {{(pid=103736) _notify_loop /usr/local/lib/python3.8/dist-packages/neutron_lib/callbacks/manager.py:192}}
Jun 15 15:06:30.989834 dv-neutron-845909-2-hyperv neutron-server[103733]: DEBUG neutron_lib.callbacks.manager [None req-52bc9bfa-d031-4552-8807-63ef7db2d58f tempest-QuotasNegativeTest-413915895 tempest-QuotasNegativeTest-413915895-project-admin] Notify callbacks ['neutron.plugins.ml2.plugin.Ml2Plugin._network_delete_precommit_handler-2092102', 'neutron.services.segments.db._delete_segments_for_network-8732851882451'] for network, precommit_delete {{(pid=103733) _notify_loop /usr/local/lib/python3.8/dist-packages/neutron_lib/callbacks/manager.py:192}}
Jun 15 15:06:31.008569 dv-neutron-845909-2-hyperv neutron-server[103736]: DEBUG neutron.api.rpc.handlers.resources_rpc [None req-cffb3614-6a63-439d-9c39-a146346fb9e7 None None] Pushing event updated for resources: {'Port': ['ID=0105cf9e-5a74-409f-bb94-71e0b7a0c0da,revision_number=2']} {{(pid=103736) push /opt/stack/neutron/neutron/api/rpc/handlers/resources_rpc.py:237}}
Jun 15 15:06:31.010830 dv-neutron-845909-2-hyperv neutron-server[103735]: DEBUG neutron.plugins.ml2.plugin [None req-eeacbde9-fb48-4b5c-9f72-def882599d02 None None] Current status of the port 7f769993-3c78-4638-8235-425eb78f89c2 is: ACTIVE; New status is: ACTIVE {{(pid=103735) _update_individual_port_db_status /opt/stack/neutron/neutron/plugins/ml2/plugin.py:2240}}
Jun 15 15:06:31.012455 dv-neutron-845909-2-hyperv neutron-server[103735]: DEBUG neutron.plugins.ml2.rpc [None req-eeacbde9-fb48-4b5c-9f72-def882599d02 None None] Device 374120d0-16a4-4fd6-ab0f-6e0b2957c37a up at agent ovs-agent-dv-neutron-845909-2-hyperv {{(pid=103735) update_device_up /opt/stack/neutron/neutron/plugins/ml2/rpc.py:296}}
Jun 15 15:06:31.023745 dv-neutron-845909-2-hyperv neutron-server[103736]: DEBUG neutron.api.rpc.callbacks.version_manager [None req-cffb3614-6a63-439d-9c39-a146346fb9e7 None None] Version for resource type AddressGroup changed None to 1.2 on consumer Open vSwitch agent@dv-neutron-845909-2-hyperv {{(pid=103736) _set_version /opt/stack/neutron/neutron/api/rpc/callbacks/version_manager.py:113}}
Jun 15 15:06:31.024121 dv-neutron-845909-2-hyperv neutron-server[103736]: DEBUG neutron.api.rpc.callbacks.version_manager [None req-cffb3614-6a63-439d-9c39-a146346fb9e7 None None] Version for resource type ConntrackHelper changed None to 1.0 on consumer Open vSwitch agent@dv-neutron-845909-2-hyperv {{(pid=103736) _set_version /opt/stack/neutron/neutron/api/rpc/callbacks/version_manager.py:113}}
Jun 15 15:06:31.024494 dv-neutron-845909-2-hyperv neutron-server[103736]: DEBUG neutron.api.rpc.callbacks.version_manager [None req-cffb3614-6a63-439d-9c39-a146346fb9e7 None None] Version for resource type Log changed None to 1.0 on consumer Open vSwitch agent@dv-neutron-845909-2-hyperv {{(pid=103736) _set_version /opt/stack/neutron/neutron/api/rpc/callbacks/version_manager.py:113}}
Jun 15 15:06:31.024823 dv-neutron-845909-2-hyperv neutron-server[103736]: DEBUG neutron.api.rpc.callbacks.version_manager [None req-cffb3614-6a63-439d-9c39-a146346fb9e7 None None] Version for resource type Network changed None to 1.1 on consumer Open vSwitch agent@dv-neutron-845909-2-hyperv {{(pid=103736) _set_version /opt/stack/neutron/neutron/api/rpc/callbacks/version_manager.py:113}}
Jun 15 15:06:31.025152 dv-neutron-845909-2-hyperv neutron-server[103736]: DEBUG neutron.api.rpc.callbacks.version_manager [None req-cffb3614-6a63-439d-9c39-a146346fb9e7 None None] Version for resource type Port changed None to 1.7 on consumer Open vSwitch agent@dv-neutron-845909-2-hyperv {{(pid=103736) _set_version /opt/stack/neutron/neutron/api/rpc/callbacks/version_manager.py:113}}
Jun 15 15:06:31.025680 dv-neutron-845909-2-hyperv neutron-server[103736]: DEBUG neutron.api.rpc.callbacks.version_manager [None req-cffb3614-6a63-439d-9c39-a146346fb9e7 None None] Version for resource type PortForwarding changed None to 1.2 on consumer Open vSwitch agent@dv-neutron-845909-2-hyperv {{(pid=103736) _set_version /opt/stack/neutron/neutron/api/rpc/callbacks/version_manager.py:113}}
Jun 15 15:06:31.026633 dv-neutron-845909-2-hyperv neutron-server[103736]: DEBUG neutron.api.rpc.callbacks.version_manager [None req-cffb3614-6a63-439d-9c39-a146346fb9e7 None None] Version for resource type QosPolicy changed None to 1.9 on consumer Open vSwitch agent@dv-neutron-845909-2-hyperv {{(pid=103736) _set_version /opt/stack/neutron/neutron/api/rpc/callbacks/version_manager.py:113}}
Jun 15 15:06:31.026633 dv-neutron-845909-2-hyperv neutron-server[103736]: DEBUG neutron.api.rpc.callbacks.version_manager [None req-cffb3614-6a63-439d-9c39-a146346fb9e7 None None] Version for resource type SecurityGroup changed None to 1.4 on consumer Open vSwitch agent@dv-neutron-845909-2-hyperv {{(pid=103736) _set_version /opt/stack/neutron/neutron/api/rpc/callbacks/version_manager.py:113}}
Jun 15 15:06:31.027105 dv-neutron-845909-2-hyperv neutron-server[103736]: DEBUG neutron.api.rpc.callbacks.version_manager [None req-cffb3614-6a63-439d-9c39-a146346fb9e7 None None] Version for resource type SecurityGroupRule changed None to 1.2 on consumer Open vSwitch agent@dv-neutron-845909-2-hyperv {{(pid=103736) _set_version /opt/stack/neutron/neutron/api/rpc/callbacks/version_manager.py:113}}
Jun 15 15:06:31.027568 dv-neutron-845909-2-hyperv neutron-server[103736]: DEBUG neutron.api.rpc.callbacks.version_manager [None req-cffb3614-6a63-439d-9c39-a146346fb9e7 None None] Version for resource type SubPort changed None to 1.0 on consumer Open vSwitch agent@dv-neutron-845909-2-hyperv {{(pid=103736) _set_version /opt/stack/neutron/neutron/api/rpc/callbacks/version_manager.py:113}}
Jun 15 15:06:31.027877 dv-neutron-845909-2-hyperv neutron-server[103736]: DEBUG neutron.api.rpc.callbacks.version_manager [None req-cffb3614-6a63-439d-9c39-a146346fb9e7 None None] Version for resource type Subnet changed None to 1.1 on consumer Open vSwitch agent@dv-neutron-845909-2-hyperv {{(pid=103736) _set_version /opt/stack/neutron/neutron/api/rpc/callbacks/version_manager.py:113}}
Jun 15 15:06:31.028393 dv-neutron-845909-2-hyperv neutron-server[103736]: DEBUG neutron.api.rpc.callbacks.version_manager [None req-cffb3614-6a63-439d-9c39-a146346fb9e7 None None] Version for resource type Trunk changed None to 1.1 on consumer Open vSwitch agent@dv-neutron-845909-2-hyperv {{(pid=103736) _set_version /opt/stack/neutron/neutron/api/rpc/callbacks/version_manager.py:113}}
Jun 15 15:06:31.029702 dv-neutron-845909-2-hyperv neutron-server[103736]: DEBUG neutron.api.rpc.callbacks.version_manager [None req-cffb3614-6a63-439d-9c39-a146346fb9e7 None None] Tracked resource versions report:
Jun 15 15:06:31.029702 dv-neutron-845909-2-hyperv neutron-server[103736]: pushed versions:
Jun 15 15:06:31.029702 dv-neutron-845909-2-hyperv neutron-server[103736]: { 'AddressGroup': {'1.2'},
Jun 15 15:06:31.029702 dv-neutron-845909-2-hyperv neutron-server[103736]: 'ConntrackHelper': {'1.0'},
Jun 15 15:06:31.029702 dv-neutron-845909-2-hyperv neutron-server[103736]: 'Log': {'1.0'},
Jun 15 15:06:31.029702 dv-neutron-845909-2-hyperv neutron-server[103736]: 'Network': {'1.1'},
Jun 15 15:06:31.029702 dv-neutron-845909-2-hyperv neutron-server[103736]: 'Port': {'1.7'},
Jun 15 15:06:31.029702 dv-neutron-845909-2-hyperv neutron-server[103736]: 'PortForwarding': {'1.2'},
Jun 15 15:06:31.029702 dv-neutron-845909-2-hyperv neutron-server[103736]: 'QosPolicy': {'1.9'},
Jun 15 15:06:31.029702 dv-neutron-845909-2-hyperv neutron-server[103736]: 'SecurityGroup': {'1.4'},
Jun 15 15:06:31.029702 dv-neutron-845909-2-hyperv neutron-server[103736]: 'SecurityGroupRule': {'1.2'},
Jun 15 15:06:31.029702 dv-neutron-845909-2-hyperv neutron-server[103736]: 'SubPort': {'1.0'},
Jun 15 15:06:31.029702 dv-neutron-845909-2-hyperv neutron-server[103736]: 'Subnet': {'1.1'},
Jun 15 15:06:31.029702 dv-neutron-845909-2-hyperv neutron-server[103736]: 'Trunk': {'1.1'}}
Jun 15 15:06:31.029702 dv-neutron-845909-2-hyperv neutron-server[103736]: consumer versions:
Jun 15 15:06:31.029702 dv-neutron-845909-2-hyperv neutron-server[103736]: { DHCP agent@dv-neutron-845909-2-hyperv: {},
Jun 15 15:06:31.029702 dv-neutron-845909-2-hyperv neutron-server[103736]: HyperV agent@hv-neutron-8459: {},
Jun 15 15:06:31.029702 dv-neutron-845909-2-hyperv neutron-server[103736]: L3 agent@dv-neutron-845909-2-hyperv: {},
Jun 15 15:06:31.029702 dv-neutron-845909-2-hyperv neutron-server[103736]: Metadata agent@dv-neutron-845909-2-hyperv: {},
Jun 15 15:06:31.029702 dv-neutron-845909-2-hyperv neutron-server[103736]: Metering agent@dv-neutron-845909-2-hyperv: {},
Jun 15 15:06:31.029702 dv-neutron-845909-2-hyperv neutron-server[103736]: Open vSwitch agent@dv-neutron-845909-2-hyperv: { 'AddressGroup': '1.2',
Jun 15 15:06:31.029702 dv-neutron-845909-2-hyperv neutron-server[103736]: 'ConntrackHelper': '1.0',
Jun 15 15:06:31.029702 dv-neutron-845909-2-hyperv neutron-server[103736]: 'Log': '1.0',
Jun 15 15:06:31.029702 dv-neutron-845909-2-hyperv neutron-server[103736]: 'Network': '1.1',
Jun 15 15:06:31.029702 dv-neutron-845909-2-hyperv neutron-server[103736]: 'Port': '1.7',
Jun 15 15:06:31.029702 dv-neutron-845909-2-hyperv neutron-server[103736]: 'PortForwarding': '1.2',
Jun 15 15:06:31.029702 dv-neutron-845909-2-hyperv neutron-server[103736]: 'QosPolicy': '1.9',
Jun 15 15:06:31.029702 dv-neutron-845909-2-hyperv neutron-server[103736]: 'SecurityGroup': '1.4',
Jun 15 15:06:31.029702 dv-neutron-845909-2-hyperv neutron-server[103736]: 'SecurityGroupRule': '1.2',
Jun 15 15:06:31.029702 dv-neutron-845909-2-hyperv neutron-server[103736]: 'SubPort': '1.0',
Jun 15 15:06:31.029702 dv-neutron-845909-2-hyperv neutron-server[103736]: 'Subnet': '1.1',
Jun 15 15:06:31.029702 dv-neutron-845909-2-hyperv neutron-server[103736]: 'Trunk': '1.1'}}
Jun 15 15:06:31.029702 dv-neutron-845909-2-hyperv neutron-server[103736]: {{(pid=103736) report /opt/stack/neutron/neutron/api/rpc/callbacks/version_manager.py:175}}
Jun 15 15:06:31.045192 dv-neutron-845909-2-hyperv neutron-server[103736]: DEBUG neutron.plugins.ml2.managers [None req-dbf247f0-23d4-47c8-9558-221dab6d587d None None] Attempting to bind port 0105cf9e-5a74-409f-bb94-71e0b7a0c0da on host dv-neutron-845909-2-hyperv for vnic_type normal with profile {{(pid=103736) bind_port /opt/stack/neutron/neutron/plugins/ml2/managers.py:806}}
Jun 15 15:06:31.046510 dv-neutron-845909-2-hyperv neutron-server[103736]: DEBUG neutron.plugins.ml2.managers [None req-dbf247f0-23d4-47c8-9558-221dab6d587d None None] Attempting to bind port 0105cf9e-5a74-409f-bb94-71e0b7a0c0da by drivers openvswitch,hyperv on host dv-neutron-845909-2-hyperv at level 0 using segments [{'id': '25223cb2-3846-4d5b-a543-0b35508dd1c0', 'network_type': 'flat', 'physical_network': 'physnet1', 'segmentation_id': None, 'network_id': '7bb98a4d-724a-466e-aba8-f3413e6203fe'}] {{(pid=103736) _bind_port_level /opt/stack/neutron/neutron/plugins/ml2/managers.py:831}}
Jun 15 15:06:31.047974 dv-neutron-845909-2-hyperv neutron-server[103736]: DEBUG neutron.plugins.ml2.drivers.mech_agent [None req-dbf247f0-23d4-47c8-9558-221dab6d587d None None] Attempting to bind port 0105cf9e-5a74-409f-bb94-71e0b7a0c0da on network 7bb98a4d-724a-466e-aba8-f3413e6203fe {{(pid=103736) bind_port /opt/stack/neutron/neutron/plugins/ml2/drivers/mech_agent.py:91}}
Jun 15 15:06:31.048570 dv-neutron-845909-2-hyperv neutron-server[103735]: DEBUG neutron.db.provisioning_blocks [None req-ba53f755-efe8-4f1d-aa2b-d1c9df667c9c None None] Provisioning complete for port 7f769993-3c78-4638-8235-425eb78f89c2 triggered by entity DHCP. {{(pid=103735) provisioning_complete /opt/stack/neutron/neutron/db/provisioning_blocks.py:139}}
Jun 15 15:06:31.049102 dv-neutron-845909-2-hyperv neutron-server[103735]: DEBUG neutron_lib.callbacks.manager [None req-ba53f755-efe8-4f1d-aa2b-d1c9df667c9c None None] Notify callbacks ['neutron.plugins.ml2.plugin.Ml2Plugin._port_provisioned-2093508'] for port, provisioning_complete {{(pid=103735) _notify_loop /usr/local/lib/python3.8/dist-packages/neutron_lib/callbacks/manager.py:192}}
Jun 15 15:06:31.059406 dv-neutron-845909-2-hyperv neutron-server[103736]: DEBUG neutron.plugins.ml2.drivers.mech_agent [None req-dbf247f0-23d4-47c8-9558-221dab6d587d None None] Checking agent: {'id': '5f8ec596-dd86-4935-b210-867d62311864', 'agent_type': 'Open vSwitch agent', 'binary': 'neutron-openvswitch-agent', 'topic': 'N/A', 'host': 'dv-neutron-845909-2-hyperv', 'admin_state_up': True, 'created_at': datetime.datetime(2022, 6, 15, 14, 58, 22), 'started_at': datetime.datetime(2022, 6, 15, 14, 58, 52), 'heartbeat_timestamp': datetime.datetime(2022, 6, 15, 15, 6, 22), 'description': None, 'resources_synced': None, 'availability_zone': None, 'alive': True, 'configurations': {'arp_responder_enabled': False, 'baremetal_smartnic': False, 'bridge_mappings': {'physnet1': 'br-data'}, 'datapath_type': 'system', 'devices': 0, 'enable_distributed_routing': False, 'extensions': [], 'in_distributed_mode': False, 'integration_bridge': 'br-int', 'l2_population': False, 'log_agent_heartbeats': False, 'ovs_capabilities': {'datapath_types': ['netdev', 'system'], 'iface_types': ['erspan', 'geneve', 'gre', 'internal', 'ip6erspan', 'ip6gre', 'lisp', 'patch', 'stt', 'system', 'tap', 'vxlan']}, 'ovs_hybrid_plug': False, 'resource_provider_bandwidths': {}, 'resource_provider_hypervisors': {'br-data': 'dv-neutron-845909-2-hyperv'}, 'resource_provider_inventory_defaults': {'allocation_ratio': 1.0, 'min_unit': 1, 'step_size': 1, 'reserved': 0}, 'tunnel_types': [], 'tunneling_ip': None, 'vhostuser_socket_dir': '/var/run/openvswitch'}, 'resource_versions': {'AddressGroup': '1.2', 'ConntrackHelper': '1.0', 'Log': '1.0', 'Network': '1.1', 'Port': '1.7', 'PortForwarding': '1.2', 'QosPolicy': '1.9', 'SecurityGroup': '1.4', 'SecurityGroupRule': '1.2', 'SubPort': '1.0', 'Subnet': '1.1', 'Trunk': '1.1'}} {{(pid=103736) bind_port /opt/stack/neutron/neutron/plugins/ml2/drivers/mech_agent.py:110}}
Jun 15 15:06:31.060338 dv-neutron-845909-2-hyperv neutron-server[103736]: DEBUG neutron.plugins.ml2.drivers.mech_agent [None req-dbf247f0-23d4-47c8-9558-221dab6d587d None None] Checking segment: {'id': '25223cb2-3846-4d5b-a543-0b35508dd1c0', 'network_type': 'flat', 'physical_network': 'physnet1', 'segmentation_id': None, 'network_id': '7bb98a4d-724a-466e-aba8-f3413e6203fe'} for mappings: {'physnet1': 'br-data'} with network types: ['local', 'flat', 'vlan'] {{(pid=103736) check_segment_for_agent /opt/stack/neutron/neutron/plugins/ml2/drivers/mech_agent.py:360}}
