Jun 20 10:38:30.424578 dv-neutron-845704-2-hyperv devstack@n-api.service[115283]: DEBUG nova.api.openstack.wsgi [None req-7133953c-4cd2-4995-99a1-d7150b4c426b admin admin] Calling method '>' {{(pid=115283) _process_stack /opt/stack/nova/nova/api/openstack/wsgi.py:513}}
Jun 20 10:38:30.425634 dv-neutron-845704-2-hyperv devstack@n-api.service[115283]: INFO nova.api.openstack.requestlog [None req-7133953c-4cd2-4995-99a1-d7150b4c426b admin admin] 10.222.0.16 "GET /compute/v2.1" status: 200 len: 388 microversion: 2.1 time: 0.001476
Jun 20 10:38:30.426408 dv-neutron-845704-2-hyperv devstack@n-api.service[115283]: [pid: 115283|app: 0|req: 10/21] 10.222.0.16 () {54 vars in 930 bytes} [Mon Jun 20 10:38:30 2022] GET /compute/v2.1 => generated 388 bytes in 3 msecs (HTTP/1.1 200) 9 headers in 357 bytes (1 switches on core 0)
Jun 20 10:38:30.488413 dv-neutron-845704-2-hyperv devstack@n-api.service[115282]: DEBUG nova.api.openstack.wsgi [None req-193c9a3e-69db-4037-8014-6b415d46270c admin admin] Action: 'create', calling method: >, body: {"flavor": {"id": "1", "ram": 512, "name": "m1.tiny", "vcpus": 1, "swap": 0, "disk": 1, "os-flavor-access:is_public": true, "OS-FLV-EXT-DATA:ephemeral": 0, "rxtx_factor": 1.0}} {{(pid=115282) _process_stack /opt/stack/nova/nova/api/openstack/wsgi.py:511}}
Jun 20 10:38:30.508338 dv-neutron-845704-2-hyperv devstack@n-api.service[115282]: INFO nova.api.openstack.requestlog [None req-193c9a3e-69db-4037-8014-6b415d46270c admin admin] 10.222.0.16 "POST /compute/v2.1/flavors" status: 200 len: 402 microversion: 2.61 time: 0.076509
Jun 20 10:38:30.509116 dv-neutron-845704-2-hyperv devstack@n-api.service[115282]: [pid: 115282|app: 0|req: 12/22] 10.222.0.16 () {64 vars in 1282 bytes} [Mon Jun 20 10:38:30 2022] POST /compute/v2.1/flavors => generated 402 bytes in 78 msecs (HTTP/1.1 200) 9 headers in 359 bytes (1 switches on core 0)
Jun 20 10:38:30.521294 dv-neutron-845704-2-hyperv devstack@n-api.service[115283]: DEBUG nova.api.openstack.wsgi [None req-63fd112e-573b-4a7f-870b-dc8e71c9cbbb admin admin] Action: 'create', calling method: >, body: {"extra_specs": {"hw_rng:allowed": "True"}} {{(pid=115283) _process_stack /opt/stack/nova/nova/api/openstack/wsgi.py:511}}
Jun 20 10:38:30.545736 dv-neutron-845704-2-hyperv devstack@n-api.service[115283]: INFO nova.api.openstack.requestlog [None req-63fd112e-573b-4a7f-870b-dc8e71c9cbbb admin admin] 10.222.0.16 "POST /compute/v2.1/flavors/1/os-extra_specs" status: 200 len: 43 microversion: 2.61 time: 0.027963
Jun 20 10:38:30.546319 dv-neutron-845704-2-hyperv devstack@n-api.service[115283]: [pid: 115283|app: 0|req: 11/23] 10.222.0.16 () {64 vars in 1332 bytes} [Mon Jun 20 10:38:30 2022] POST /compute/v2.1/flavors/1/os-extra_specs => generated 43 bytes in 29 msecs (HTTP/1.1 200) 9 headers in 358 bytes (1 switches on core 0)
Jun 20 10:38:32.999611 dv-neutron-845704-2-hyperv devstack@n-api.service[115282]: DEBUG nova.api.openstack.wsgi [None req-193c9a3e-69db-4037-8014-6b415d46270c admin admin] Calling method '>' {{(pid=115282) _process_stack /opt/stack/nova/nova/api/openstack/wsgi.py:513}}
Jun 20 10:38:33.001129 dv-neutron-845704-2-hyperv devstack@n-api.service[115282]: INFO nova.api.openstack.requestlog [None req-193c9a3e-69db-4037-8014-6b415d46270c admin admin] 10.222.0.16 "GET /compute/v2.1" status: 200 len: 388 microversion: 2.1 time: 0.002067
Jun 20 10:38:33.001772 dv-neutron-845704-2-hyperv devstack@n-api.service[115282]: [pid: 115282|app: 0|req: 13/24] 10.222.0.16 () {54 vars in 930 bytes} [Mon Jun 20 10:38:32 2022] GET /compute/v2.1 => generated 388 bytes in 4 msecs (HTTP/1.1 200) 9 headers in 357 bytes (1 switches on core 0)
Jun 20 10:38:33.063282 dv-neutron-845704-2-hyperv devstack@n-api.service[115283]: DEBUG nova.api.openstack.wsgi [None req-8fc51843-19a9-4583-b509-440e04f9e184 admin admin] Action: 'create', calling method: >, body: {"flavor": {"OS-FLV-EXT-DATA:ephemeral": 0, "swap": 0, "disk": 20, "name": "m1.small", "rxtx_factor": 1.0, "vcpus": 1, "os-flavor-access:is_public": true, "id": "2", "ram": 2048}} {{(pid=115283) _process_stack /opt/stack/nova/nova/api/openstack/wsgi.py:511}}
Jun 20 10:38:33.081661 dv-neutron-845704-2-hyperv devstack@n-api.service[115283]: INFO nova.api.openstack.requestlog [None req-8fc51843-19a9-4583-b509-440e04f9e184 admin admin] 10.222.0.16 "POST /compute/v2.1/flavors" status: 200 len: 405 microversion: 2.61 time: 0.073884
Jun 20 10:38:33.082443 dv-neutron-845704-2-hyperv devstack@n-api.service[115283]: [pid: 115283|app: 0|req: 12/25] 10.222.0.16 () {64 vars in 1282 bytes} [Mon Jun 20 10:38:33 2022] POST /compute/v2.1/flavors => generated 405 bytes in 75 msecs (HTTP/1.1 200) 9 headers in 359 bytes (1 switches on core 0)
Jun 20 10:38:33.094476 dv-neutron-845704-2-hyperv devstack@n-api.service[115282]: DEBUG nova.api.openstack.wsgi [None req-3d08a714-3180-4edb-abad-7f3da8710805 admin admin] Action: 'create', calling method: >, body: {"extra_specs": {"hw_rng:allowed": "True"}} {{(pid=115282) _process_stack /opt/stack/nova/nova/api/openstack/wsgi.py:511}}
Jun 20 10:38:33.120045 dv-neutron-845704-2-hyperv devstack@n-api.service[115282]: INFO nova.api.openstack.requestlog [None req-3d08a714-3180-4edb-abad-7f3da8710805 admin admin] 10.222.0.16 "POST /compute/v2.1/flavors/2/os-extra_specs" status: 200 len: 43 microversion: 2.61 time: 0.029599
Jun 20 10:38:33.120786 dv-neutron-845704-2-hyperv devstack@n-api.service[115282]: [pid: 115282|app: 0|req: 14/26] 10.222.0.16 () {64 vars in 1332 bytes} [Mon Jun 20 10:38:33 2022] POST /compute/v2.1/flavors/2/os-extra_specs => generated 43 bytes in 31 msecs (HTTP/1.1 200) 9 headers in 358 bytes (2 switches on core 0)
Jun 20 10:38:35.650601 dv-neutron-845704-2-hyperv devstack@n-api.service[115283]: DEBUG nova.api.openstack.wsgi [None req-8fc51843-19a9-4583-b509-440e04f9e184 admin admin] Calling method '>' {{(pid=115283) _process_stack /opt/stack/nova/nova/api/openstack/wsgi.py:513}}
Jun 20 10:38:35.651666 dv-neutron-845704-2-hyperv devstack@n-api.service[115283]: INFO nova.api.openstack.requestlog [None req-8fc51843-19a9-4583-b509-440e04f9e184 admin admin] 10.222.0.16 "GET /compute/v2.1" status: 200 len: 388 microversion: 2.1 time: 0.001513
Jun 20 10:38:35.652128 dv-neutron-845704-2-hyperv devstack@n-api.service[115283]: [pid: 115283|app: 0|req: 13/27] 10.222.0.16 () {54 vars in 930 bytes} [Mon Jun 20 10:38:35 2022] GET /compute/v2.1 => generated 388 bytes in 2 msecs (HTTP/1.1 200) 9 headers in 357 bytes (2 switches on core 0)
Jun 20 10:38:35.723889 dv-neutron-845704-2-hyperv devstack@n-api.service[115282]: DEBUG nova.api.openstack.wsgi [None req-c81903af-0baf-4582-90e3-c3e70572f5de admin admin] Action: 'create', calling method: >, body: {"flavor": {"vcpus": 2, "ram": 4096, "os-flavor-access:is_public": true, "name": "m1.medium", "disk": 40, "swap": 0, "id": "3", "rxtx_factor": 1.0, "OS-FLV-EXT-DATA:ephemeral": 0}} {{(pid=115282) _process_stack /opt/stack/nova/nova/api/openstack/wsgi.py:511}}
Jun 20 10:38:35.745732 dv-neutron-845704-2-hyperv devstack@n-api.service[115282]: INFO nova.api.openstack.requestlog [None req-c81903af-0baf-4582-90e3-c3e70572f5de admin admin] 10.222.0.16 "POST /compute/v2.1/flavors" status: 200 len: 406 microversion: 2.61 time: 0.085395
Jun 20 10:38:35.747286 dv-neutron-845704-2-hyperv devstack@n-api.service[115282]: [pid: 115282|app: 0|req: 15/28] 10.222.0.16 () {64 vars in 1282 bytes} [Mon Jun 20 10:38:35 2022] POST /compute/v2.1/flavors => generated 406 bytes in 88 msecs (HTTP/1.1 200) 9 headers in 359 bytes (1 switches on core 0)
Jun 20 10:38:35.760948 dv-neutron-845704-2-hyperv devstack@n-api.service[115283]: DEBUG nova.api.openstack.wsgi [None req-dfadd8c4-2143-4516-8690-42344438b6d2 admin admin] Action: 'create', calling method: >, body: {"extra_specs": {"hw_rng:allowed": "True"}} {{(pid=115283) _process_stack /opt/stack/nova/nova/api/openstack/wsgi.py:511}}
Jun 20 10:38:35.786476 dv-neutron-845704-2-hyperv devstack@n-api.service[115283]: INFO nova.api.openstack.requestlog [None req-dfadd8c4-2143-4516-8690-42344438b6d2 admin admin] 10.222.0.16 "POST /compute/v2.1/flavors/3/os-extra_specs" status: 200 len: 43 microversion: 2.61 time: 0.028958
Jun 20 10:38:35.787251 dv-neutron-845704-2-hyperv devstack@n-api.service[115283]: [pid: 115283|app: 0|req: 14/29] 10.222.0.16 () {64 vars in 1332 bytes} [Mon Jun 20 10:38:35 2022] POST /compute/v2.1/flavors/3/os-extra_specs => generated 43 bytes in 31 msecs (HTTP/1.1 200) 9 headers in 358 bytes (2 switches on core 0)
Jun 20 10:38:38.913495 dv-neutron-845704-2-hyperv devstack@n-api.service[115282]: DEBUG nova.api.openstack.wsgi [None req-c81903af-0baf-4582-90e3-c3e70572f5de admin admin] Calling method '>' {{(pid=115282) _process_stack /opt/stack/nova/nova/api/openstack/wsgi.py:513}}
Jun 20 10:38:38.914521 dv-neutron-845704-2-hyperv devstack@n-api.service[115282]: INFO nova.api.openstack.requestlog [None req-c81903af-0baf-4582-90e3-c3e70572f5de admin admin] 10.222.0.16 "GET /compute/v2.1" status: 200 len: 388 microversion: 2.1 time: 0.001455
Jun 20 10:38:38.914943 dv-neutron-845704-2-hyperv devstack@n-api.service[115282]: [pid: 115282|app: 0|req: 16/30] 10.222.0.16 () {54 vars in 930 bytes} [Mon Jun 20 10:38:38 2022] GET /compute/v2.1 => generated 388 bytes in 2 msecs (HTTP/1.1 200) 9 headers in 357 bytes (1 switches on core 0)
Jun 20 10:38:38.972454 dv-neutron-845704-2-hyperv devstack@n-api.service[115283]: DEBUG nova.api.openstack.wsgi [None req-eb390020-a57c-4fb6-accf-fa005f1fe168 admin admin] Action: 'create', calling method: >, body: {"flavor": {"os-flavor-access:is_public": true, "swap": 0, "disk": 80, "ram": 8192, "name": "m1.large", "OS-FLV-EXT-DATA:ephemeral": 0, "rxtx_factor": 1.0, "vcpus": 4, "id": "4"}} {{(pid=115283) _process_stack /opt/stack/nova/nova/api/openstack/wsgi.py:511}}
Jun 20 10:38:38.989879 dv-neutron-845704-2-hyperv devstack@n-api.service[115283]: INFO nova.api.openstack.requestlog [None req-eb390020-a57c-4fb6-accf-fa005f1fe168 admin admin] 10.222.0.16 "POST /compute/v2.1/flavors" status: 200 len: 405 microversion: 2.61 time: 0.068667
Jun 20 10:38:38.990591 dv-neutron-845704-2-hyperv devstack@n-api.service[115283]: [pid: 115283|app: 0|req: 15/31] 10.222.0.16 () {64 vars in 1282 bytes} [Mon Jun 20 10:38:38 2022] POST /compute/v2.1/flavors => generated 405 bytes in 70 msecs (HTTP/1.1 200) 9 headers in 359 bytes (2 switches on core 0)
Jun 20 10:38:39.002714 dv-neutron-845704-2-hyperv devstack@n-api.service[115282]: DEBUG nova.api.openstack.wsgi [None req-596c5fa7-ef13-47ba-af5c-e11989024213 admin admin] Action: 'create', calling method: >, body: {"extra_specs": {"hw_rng:allowed": "True"}} {{(pid=115282) _process_stack /opt/stack/nova/nova/api/openstack/wsgi.py:511}}
Jun 20 10:38:39.024174 dv-neutron-845704-2-hyperv devstack@n-api.service[115282]: INFO nova.api.openstack.requestlog [None req-596c5fa7-ef13-47ba-af5c-e11989024213 admin admin] 10.222.0.16 "POST /compute/v2.1/flavors/4/os-extra_specs" status: 200 len: 43 microversion: 2.61 time: 0.025137
Jun 20 10:38:39.024729 dv-neutron-845704-2-hyperv devstack@n-api.service[115282]: [pid: 115282|app: 0|req: 17/32] 10.222.0.16 () {64 vars in 1332 bytes} [Mon Jun 20 10:38:38 2022] POST /compute/v2.1/flavors/4/os-extra_specs => generated 43 bytes in 27 msecs (HTTP/1.1 200) 9 headers in 358 bytes (2 switches on core 0)
Jun 20 10:38:41.390269 dv-neutron-845704-2-hyperv devstack@n-api.service[115283]: DEBUG nova.api.openstack.wsgi [None req-eb390020-a57c-4fb6-accf-fa005f1fe168 admin admin] Calling method '>' {{(pid=115283) _process_stack /opt/stack/nova/nova/api/openstack/wsgi.py:513}}
Jun 20 10:38:41.391427 dv-neutron-845704-2-hyperv devstack@n-api.service[115283]: INFO nova.api.openstack.requestlog [None req-eb390020-a57c-4fb6-accf-fa005f1fe168 admin admin] 10.222.0.16 "GET /compute/v2.1" status: 200 len: 388 microversion: 2.1 time: 0.002176
Jun 20 10:38:41.392073 dv-neutron-845704-2-hyperv devstack@n-api.service[115283]: [pid: 115283|app: 0|req: 16/33] 10.222.0.16 () {54 vars in 930 bytes} [Mon Jun 20 10:38:41 2022] GET /compute/v2.1 => generated 388 bytes in 3 msecs (HTTP/1.1 200) 9 headers in 357 bytes (1 switches on core 0)
Jun 20 10:38:41.459633 dv-neutron-845704-2-hyperv devstack@n-api.service[115282]: DEBUG nova.api.openstack.wsgi [None req-b80d230b-fbf6-4d50-af6b-02ad9deee544 admin admin] Action: 'create', calling method: >, body: {"flavor": {"vcpus": 8, "id": "5", "name": "m1.xlarge", "OS-FLV-EXT-DATA:ephemeral": 0, "ram": 16384, "swap": 0, "disk": 160, "rxtx_factor": 1.0, "os-flavor-access:is_public": true}} {{(pid=115282) _process_stack /opt/stack/nova/nova/api/openstack/wsgi.py:511}}
Jun 20 10:38:41.477320 dv-neutron-845704-2-hyperv devstack@n-api.service[115282]: INFO nova.api.openstack.requestlog [None req-b80d230b-fbf6-4d50-af6b-02ad9deee544 admin admin] 10.222.0.16 "POST /compute/v2.1/flavors" status: 200 len: 408 microversion: 2.61 time: 0.079555
Jun 20 10:38:41.477796 dv-neutron-845704-2-hyperv devstack@n-api.service[115282]: [pid: 115282|app: 0|req: 18/34] 10.222.0.16 () {64 vars in 1282 bytes} [Mon Jun 20 10:38:41 2022] POST /compute/v2.1/flavors => generated 408 bytes in 81 msecs (HTTP/1.1 200) 9 headers in 359 bytes (1 switches on core 0)
Jun 20 10:38:41.489746 dv-neutron-845704-2-hyperv devstack@n-api.service[115283]: DEBUG nova.api.openstack.wsgi [None req-44c71b03-174e-4732-9c9d-6c2311934fe1 admin admin] Action: 'create', calling method: >, body: {"extra_specs": {"hw_rng:allowed": "True"}} {{(pid=115283) _process_stack /opt/stack/nova/nova/api/openstack/wsgi.py:511}}
Jun 20 10:38:41.511907 dv-neutron-845704-2-hyperv devstack@n-api.service[115283]: INFO nova.api.openstack.requestlog [None req-44c71b03-174e-4732-9c9d-6c2311934fe1 admin admin] 10.222.0.16 "POST /compute/v2.1/flavors/5/os-extra_specs" status: 200 len: 43 microversion: 2.61 time: 0.025806
Jun 20 10:38:41.512936 dv-neutron-845704-2-hyperv devstack@n-api.service[115283]: [pid: 115283|app: 0|req: 17/35] 10.222.0.16 () {64 vars in 1332 bytes} [Mon Jun 20 10:38:41 2022] POST /compute/v2.1/flavors/5/os-extra_specs => generated 43 bytes in 27 msecs (HTTP/1.1 200) 9 headers in 358 bytes (2 switches on core 0)
Jun 20 10:39:07.959442 dv-neutron-845704-2-hyperv devstack@n-api.service[115282]: DEBUG nova.api.openstack.wsgi [None req-b80d230b-fbf6-4d50-af6b-02ad9deee544 admin admin] Calling method '>' {{(pid=115282) _process_stack /opt/stack/nova/nova/api/openstack/wsgi.py:513}}
Jun 20 10:39:07.960457 dv-neutron-845704-2-hyperv devstack@n-api.service[115282]: INFO nova.api.openstack.requestlog [None req-b80d230b-fbf6-4d50-af6b-02ad9deee544 admin admin] 10.222.0.16 "GET /compute/v2.1" status: 200 len: 388 microversion: 2.1 time: 0.001609
Jun 20 10:39:07.960875 dv-neutron-845704-2-hyperv devstack@n-api.service[115282]: [pid: 115282|app: 0|req: 19/36] 10.222.0.16 () {54 vars in 930 bytes} [Mon Jun 20 10:39:07 2022] GET /compute/v2.1 => generated 388 bytes in 2 msecs (HTTP/1.1 200) 9 headers in 357 bytes (1 switches on core 0)
Jun 20 10:39:08.016178 dv-neutron-845704-2-hyperv devstack@n-api.service[115283]: DEBUG nova.api.openstack.wsgi [None req-f9a7c87d-0d55-4366-a6f4-7bf5854fa4e7 admin admin] Calling method '>' {{(pid=115283) _process_stack /opt/stack/nova/nova/api/openstack/wsgi.py:513}}
Jun 20 10:39:08.033045 dv-neutron-845704-2-hyperv devstack@n-api.service[115283]: INFO nova.api.openstack.requestlog [None req-f9a7c87d-0d55-4366-a6f4-7bf5854fa4e7 admin admin] 10.222.0.16 "GET /compute/v2.1/flavors/detail?is_public=True" status: 200 len: 4202 microversion: 2.61 time: 0.066413
Jun 20 10:39:08.034160 dv-neutron-845704-2-hyperv devstack@n-api.service[115283]: [pid: 115283|app: 0|req: 18/37] 10.222.0.16 () {60 vars in 1291 bytes} [Mon Jun 20 10:39:07 2022] GET /compute/v2.1/flavors/detail?is_public=True => generated 4202 bytes in 68 msecs (HTTP/1.1 200) 9 headers in 360 bytes (1 switches on core 0)
Jun 20 10:39:09.445634 dv-neutron-845704-2-hyperv devstack@n-api.service[115282]: DEBUG nova.api.openstack.wsgi [None req-b80d230b-fbf6-4d50-af6b-02ad9deee544 admin admin] Calling method '>' {{(pid=115282) _process_stack /opt/stack/nova/nova/api/openstack/wsgi.py:513}}
Jun 20 10:39:09.446716 dv-neutron-845704-2-hyperv devstack@n-api.service[115282]: INFO nova.api.openstack.requestlog [None req-b80d230b-fbf6-4d50-af6b-02ad9deee544 admin admin] 10.222.0.16 "GET /compute/v2.1" status: 200 len: 388 microversion: 2.1 time: 0.001451
Jun 20 10:39:09.447122 dv-neutron-845704-2-hyperv devstack@n-api.service[115282]: [pid: 115282|app: 0|req: 20/38] 10.222.0.16 () {56 vars in 1074 bytes} [Mon Jun 20 10:39:09 2022] GET /compute/v2.1 => generated 388 bytes in 2 msecs (HTTP/1.1 200) 9 headers in 357 bytes (1 switches on core 0)
Jun 20 10:39:09.644273 dv-neutron-845704-2-hyperv devstack@n-api.service[115283]: DEBUG nova.api.openstack.wsgi [None req-24126895-3244-4b90-be2d-29b66e11700e admin admin] Calling method '>' {{(pid=115283) _process_stack /opt/stack/nova/nova/api/openstack/wsgi.py:513}}
Jun 20 10:39:09.649677 dv-neutron-845704-2-hyperv devstack@n-api.service[115283]: INFO nova.api.openstack.wsgi [None req-24126895-3244-4b90-be2d-29b66e11700e admin admin] HTTP exception thrown: Flavor 42 could not be found.
Jun 20 10:39:09.650241 dv-neutron-845704-2-hyperv devstack@n-api.service[115283]: DEBUG nova.api.openstack.wsgi [None req-24126895-3244-4b90-be2d-29b66e11700e admin admin] Returning 404 to user: Flavor 42 could not be found. {{(pid=115283) __call__ /opt/stack/nova/nova/api/openstack/wsgi.py:936}}
Jun 20 10:39:09.651102 dv-neutron-845704-2-hyperv devstack@n-api.service[115283]: INFO nova.api.openstack.requestlog [None req-24126895-3244-4b90-be2d-29b66e11700e admin admin] 10.222.0.16 "GET /compute/v2.1/flavors/42" status: 404 len: 75 microversion: 2.90 time: 0.057746
Jun 20 10:39:09.651605 dv-neutron-845704-2-hyperv devstack@n-api.service[115283]: [pid: 115283|app: 0|req: 19/39] 10.222.0.16 () {60 vars in 1190 bytes} [Mon Jun 20 10:39:09 2022] GET /compute/v2.1/flavors/42 => generated 75 bytes in 59 msecs (HTTP/1.1 404) 9 headers in 380 bytes (1 switches on core 0)
Jun 20 10:39:09.662495 dv-neutron-845704-2-hyperv devstack@n-api.service[115282]: DEBUG nova.api.openstack.wsgi [None req-032afebf-abc9-42e8-b094-7b7373160ff3 admin admin] Calling method '>' {{(pid=115282) _process_stack /opt/stack/nova/nova/api/openstack/wsgi.py:513}}
Jun 20 10:39:09.682515 dv-neutron-845704-2-hyperv devstack@n-api.service[115282]: INFO nova.api.openstack.requestlog [None req-032afebf-abc9-42e8-b094-7b7373160ff3 admin admin] 10.222.0.16 "GET /compute/v2.1/flavors?is_public=None" status: 200 len: 2056 microversion: 2.90 time: 0.024180
Jun 20 10:39:09.683071 dv-neutron-845704-2-hyperv devstack@n-api.service[115282]: [pid: 115282|app: 0|req: 21/40] 10.222.0.16 () {60 vars in 1210 bytes} [Mon Jun 20 10:39:09 2022] GET /compute/v2.1/flavors?is_public=None => generated 2056 bytes in 25 msecs (HTTP/1.1 200) 9 headers in 360 bytes (1 switches on core 0)
Jun 20 10:39:09.697872 dv-neutron-845704-2-hyperv devstack@n-api.service[115283]: DEBUG nova.api.openstack.wsgi [None req-7df9b0bb-67ca-4c46-b31e-533b86f4a324 admin admin] Calling method '>' {{(pid=115283) _process_stack /opt/stack/nova/nova/api/openstack/wsgi.py:513}}
Jun 20 10:39:09.718897 dv-neutron-845704-2-hyperv devstack@n-api.service[115283]: INFO nova.api.openstack.requestlog [None req-7df9b0bb-67ca-4c46-b31e-533b86f4a324 admin admin] 10.222.0.16 "GET /compute/v2.1/flavors?is_public=None" status: 200 len: 2056 microversion: 2.90 time: 0.024544
Jun 20 10:39:09.719440 dv-neutron-845704-2-hyperv devstack@n-api.service[115283]: [pid: 115283|app: 0|req: 20/41] 10.222.0.16 () {60 vars in 1210 bytes} [Mon Jun 20 10:39:09 2022] GET /compute/v2.1/flavors?is_public=None => generated 2056 bytes in 26 msecs (HTTP/1.1 200) 9 headers in 360 bytes (2 switches on core 0)
Jun 20 10:39:09.729086 dv-neutron-845704-2-hyperv devstack@n-api.service[115282]: DEBUG nova.api.openstack.wsgi [None req-4c114fd4-3ba0-4ebb-9f6f-47bb322ad450 admin admin] Calling method '>' {{(pid=115282) _process_stack /opt/stack/nova/nova/api/openstack/wsgi.py:513}}
Jun 20 10:39:09.734502 dv-neutron-845704-2-hyperv devstack@n-api.service[115282]: INFO nova.api.openstack.wsgi [None req-4c114fd4-3ba0-4ebb-9f6f-47bb322ad450 admin admin] HTTP exception thrown: Flavor 42 could not be found.
Jun 20 10:39:09.735102 dv-neutron-845704-2-hyperv devstack@n-api.service[115282]: DEBUG nova.api.openstack.wsgi [None req-4c114fd4-3ba0-4ebb-9f6f-47bb322ad450 admin admin] Returning 404 to user: Flavor 42 could not be found. {{(pid=115282) __call__ /opt/stack/nova/nova/api/openstack/wsgi.py:936}}
Jun 20 10:39:09.735907 dv-neutron-845704-2-hyperv devstack@n-api.service[115282]: INFO nova.api.openstack.requestlog [None req-4c114fd4-3ba0-4ebb-9f6f-47bb322ad450 admin admin] 10.222.0.16 "GET /compute/v2.1/flavors/42" status: 404 len: 75 microversion: 2.90 time: 0.010400
Jun 20 10:39:09.736405 dv-neutron-845704-2-hyperv devstack@n-api.service[115282]: [pid: 115282|app: 0|req: 22/42] 10.222.0.16 () {60 vars in 1190 bytes} [Mon Jun 20 10:39:09 2022] GET /compute/v2.1/flavors/42 => generated 75 bytes in 11 msecs (HTTP/1.1 404) 9 headers in 380 bytes (1 switches on core 0)
Jun 20 10:39:11.035407 dv-neutron-845704-2-hyperv devstack@n-api.service[115283]: DEBUG nova.api.openstack.wsgi [None req-7df9b0bb-67ca-4c46-b31e-533b86f4a324 admin admin] Calling method '>' {{(pid=115283) _process_stack /opt/stack/nova/nova/api/openstack/wsgi.py:513}}
Jun 20 10:39:11.036406 dv-neutron-845704-2-hyperv devstack@n-api.service[115283]: INFO nova.api.openstack.requestlog [None req-7df9b0bb-67ca-4c46-b31e-533b86f4a324 admin admin] 10.222.0.16 "GET /compute/v2.1" status: 200 len: 388 microversion: 2.1 time: 0.001453
Jun 20 10:39:11.036794 dv-neutron-845704-2-hyperv devstack@n-api.service[115283]: [pid: 115283|app: 0|req: 21/43] 10.222.0.16 () {56 vars in 1074 bytes} [Mon Jun 20 10:39:11 2022] GET /compute/v2.1 => generated 388 bytes in 2 msecs (HTTP/1.1 200) 9 headers in 357 bytes (1 switches on core 0)
Jun 20 10:39:11.226059 dv-neutron-845704-2-hyperv devstack@n-api.service[115282]: DEBUG nova.api.openstack.wsgi [None req-0659641c-f19b-40a5-ba4c-11bb5f06e9f4 admin admin] Calling method '>' {{(pid=115282) _process_stack /opt/stack/nova/nova/api/openstack/wsgi.py:513}}
Jun 20 10:39:11.231623 dv-neutron-845704-2-hyperv devstack@n-api.service[115282]: INFO nova.api.openstack.wsgi [None req-0659641c-f19b-40a5-ba4c-11bb5f06e9f4 admin admin] HTTP exception thrown: Flavor 84 could not be found.
Jun 20 10:39:11.232181 dv-neutron-845704-2-hyperv devstack@n-api.service[115282]: DEBUG nova.api.openstack.wsgi [None req-0659641c-f19b-40a5-ba4c-11bb5f06e9f4 admin admin] Returning 404 to user: Flavor 84 could not be found. {{(pid=115282) __call__ /opt/stack/nova/nova/api/openstack/wsgi.py:936}}
Jun 20 10:39:11.232965 dv-neutron-845704-2-hyperv devstack@n-api.service[115282]: INFO nova.api.openstack.requestlog [None req-0659641c-f19b-40a5-ba4c-11bb5f06e9f4 admin admin] 10.222.0.16 "GET /compute/v2.1/flavors/84" status: 404 len: 75 microversion: 2.90 time: 0.058904
Jun 20 10:39:11.233471 dv-neutron-845704-2-hyperv devstack@n-api.service[115282]: [pid: 115282|app: 0|req: 23/44] 10.222.0.16 () {60 vars in 1190 bytes} [Mon Jun 20 10:39:11 2022] GET /compute/v2.1/flavors/84 => generated 75 bytes in 60 msecs (HTTP/1.1 404) 9 headers in 380 bytes (1 switches on core 0)
Jun 20 10:39:11.244606 dv-neutron-845704-2-hyperv devstack@n-api.service[115283]: DEBUG nova.api.openstack.wsgi [None req-cd4df95d-b5fd-4cfa-842a-8706dabdb30b admin admin] Calling method '>' {{(pid=115283) _process_stack /opt/stack/nova/nova/api/openstack/wsgi.py:513}}
Jun 20 10:39:11.259651 dv-neutron-845704-2-hyperv devstack@n-api.service[115283]: INFO nova.api.openstack.requestlog [None req-cd4df95d-b5fd-4cfa-842a-8706dabdb30b admin admin] 10.222.0.16 "GET /compute/v2.1/flavors?is_public=None" status: 200 len: 2056 microversion: 2.90 time: 0.018917
Jun 20 10:39:11.260169 dv-neutron-845704-2-hyperv devstack@n-api.service[115283]: [pid: 115283|app: 0|req: 22/45] 10.222.0.16 () {60 vars in 1210 bytes} [Mon Jun 20 10:39:11 2022] GET /compute/v2.1/flavors?is_public=None => generated 2056 bytes in 20 msecs (HTTP/1.1 200) 9 headers in 360 bytes (1 switches on core 0)
Jun 20 10:39:11.269587 dv-neutron-845704-2-hyperv devstack@n-api.service[115282]: DEBUG nova.api.openstack.wsgi [None req-e4670236-b9b6-4747-a8ae-7b0ce7d9eed2 admin admin] Calling method '>' {{(pid=115282) _process_stack /opt/stack/nova/nova/api/openstack/wsgi.py:513}}
Jun 20 10:39:11.283162 dv-neutron-845704-2-hyperv devstack@n-api.service[115282]: INFO nova.api.openstack.requestlog [None req-e4670236-b9b6-4747-a8ae-7b0ce7d9eed2 admin admin] 10.222.0.16 "GET /compute/v2.1/flavors?is_public=None" status: 200 len: 2056 microversion: 2.90 time: 0.017103
Jun 20 10:39:11.283677 dv-neutron-845704-2-hyperv devstack@n-api.service[115282]: [pid: 115282|app: 0|req: 24/46] 10.222.0.16 () {60 vars in 1210 bytes} [Mon Jun 20 10:39:11 2022] GET /compute/v2.1/flavors?is_public=None => generated 2056 bytes in 18 msecs (HTTP/1.1 200) 9 headers in 360 bytes (2 switches on core 0)
Jun 20 10:39:11.293173 dv-neutron-845704-2-hyperv devstack@n-api.service[115283]: DEBUG nova.api.openstack.wsgi [None req-5e96633d-f7c6-492a-99c5-4b8f0869cf2c admin admin] Calling method '>' {{(pid=115283) _process_stack /opt/stack/nova/nova/api/openstack/wsgi.py:513}}
Jun 20 10:39:11.298155 dv-neutron-845704-2-hyperv devstack@n-api.service[115283]: INFO nova.api.openstack.wsgi [None req-5e96633d-f7c6-492a-99c5-4b8f0869cf2c admin admin] HTTP exception thrown: Flavor 84 could not be found.
Jun 20 10:39:11.298755 dv-neutron-845704-2-hyperv devstack@n-api.service[115283]: DEBUG nova.api.openstack.wsgi [None req-5e96633d-f7c6-492a-99c5-4b8f0869cf2c admin admin] Returning 404 to user: Flavor 84 could not be found. {{(pid=115283) __call__ /opt/stack/nova/nova/api/openstack/wsgi.py:936}}
Jun 20 10:39:11.300141 dv-neutron-845704-2-hyperv devstack@n-api.service[115283]: INFO nova.api.openstack.requestlog [None req-5e96633d-f7c6-492a-99c5-4b8f0869cf2c admin admin] 10.222.0.16 "GET /compute/v2.1/flavors/84" status: 404 len: 75 microversion: 2.90 time: 0.009903
Jun 20 10:39:11.300619 dv-neutron-845704-2-hyperv devstack@n-api.service[115283]: [pid: 115283|app: 0|req: 23/47] 10.222.0.16 () {60 vars in 1190 bytes} [Mon Jun 20 10:39:11 2022] GET /compute/v2.1/flavors/84 => generated 75 bytes in 11 msecs (HTTP/1.1 404) 9 headers in 380 bytes (1 switches on core 0)
Jun 20 10:39:12.613717 dv-neutron-845704-2-hyperv devstack@n-api.service[115282]: DEBUG nova.api.openstack.wsgi [None req-e4670236-b9b6-4747-a8ae-7b0ce7d9eed2 admin admin] Calling method '>' {{(pid=115282) _process_stack /opt/stack/nova/nova/api/openstack/wsgi.py:513}}
Jun 20 10:39:12.614784 dv-neutron-845704-2-hyperv devstack@n-api.service[115282]: INFO nova.api.openstack.requestlog [None req-e4670236-b9b6-4747-a8ae-7b0ce7d9eed2 admin admin] 10.222.0.16 "GET /compute/v2.1" status: 200 len: 388 microversion: 2.1 time: 0.001434
Jun 20 10:39:12.615179 dv-neutron-845704-2-hyperv devstack@n-api.service[115282]: [pid: 115282|app: 0|req: 25/48] 10.222.0.16 () {56 vars in 1074 bytes} [Mon Jun 20 10:39:12 2022] GET /compute/v2.1 => generated 388 bytes in 3 msecs (HTTP/1.1 200) 9 headers in 357 bytes (1 switches on core 0)
Jun 20 10:39:12.803286 dv-neutron-845704-2-hyperv devstack@n-api.service[115283]: DEBUG nova.api.openstack.wsgi [None req-61f89550-df26-4365-a05a-ece2d03fbe36 admin admin] Calling method '>' {{(pid=115283) _process_stack /opt/stack/nova/nova/api/openstack/wsgi.py:513}}
Jun 20 10:39:12.808478 dv-neutron-845704-2-hyperv devstack@n-api.service[115283]: INFO nova.api.openstack.wsgi [None req-61f89550-df26-4365-a05a-ece2d03fbe36 admin admin] HTTP exception thrown: Flavor 451 could not be found.
Jun 20 10:39:12.809039 dv-neutron-845704-2-hyperv devstack@n-api.service[115283]: DEBUG nova.api.openstack.wsgi [None req-61f89550-df26-4365-a05a-ece2d03fbe36 admin admin] Returning 404 to user: Flavor 451 could not be found. {{(pid=115283) __call__ /opt/stack/nova/nova/api/openstack/wsgi.py:936}}
Jun 20 10:39:12.809828 dv-neutron-845704-2-hyperv devstack@n-api.service[115283]: INFO nova.api.openstack.requestlog [None req-61f89550-df26-4365-a05a-ece2d03fbe36 admin admin] 10.222.0.16 "GET /compute/v2.1/flavors/451" status: 404 len: 76 microversion: 2.90 time: 0.056954
Jun 20 10:39:12.810327 dv-neutron-845704-2-hyperv devstack@n-api.service[115283]: [pid: 115283|app: 0|req: 24/49] 10.222.0.16 () {60 vars in 1193 bytes} [Mon Jun 20 10:39:12 2022] GET /compute/v2.1/flavors/451 => generated 76 bytes in 58 msecs (HTTP/1.1 404) 9 headers in 380 bytes (1 switches on core 0)
Jun 20 10:39:12.820730 dv-neutron-845704-2-hyperv devstack@n-api.service[115282]: DEBUG nova.api.openstack.wsgi [None req-6428c433-6755-4d69-921d-75c20530d51a admin admin] Calling method '>' {{(pid=115282) _process_stack /opt/stack/nova/nova/api/openstack/wsgi.py:513}}
Jun 20 10:39:12.833917 dv-neutron-845704-2-hyperv devstack@n-api.service[115282]: INFO nova.api.openstack.requestlog [None req-6428c433-6755-4d69-921d-75c20530d51a admin admin] 10.222.0.16 "GET /compute/v2.1/flavors?is_public=None" status: 200 len: 2056 microversion: 2.90 time: 0.017013
Jun 20 10:39:12.834428 dv-neutron-845704-2-hyperv devstack@n-api.service[115282]: [pid: 115282|app: 0|req: 26/50] 10.222.0.16 () {60 vars in 1210 bytes} [Mon Jun 20 10:39:12 2022] GET /compute/v2.1/flavors?is_public=None => generated 2056 bytes in 18 msecs (HTTP/1.1 200) 9 headers in 360 bytes (1 switches on core 0)
Jun 20 10:39:12.844003 dv-neutron-845704-2-hyperv devstack@n-api.service[115283]: DEBUG nova.api.openstack.wsgi [None req-90b2a564-0418-4e0d-b11c-37728c728bcd admin admin] Calling method '>' {{(pid=115283) _process_stack /opt/stack/nova/nova/api/openstack/wsgi.py:513}}
Jun 20 10:39:12.857376 dv-neutron-845704-2-hyperv devstack@n-api.service[115283]: INFO nova.api.openstack.requestlog [None req-90b2a564-0418-4e0d-b11c-37728c728bcd admin admin] 10.222.0.16 "GET /compute/v2.1/flavors?is_public=None" status: 200 len: 2056 microversion: 2.90 time: 0.017300
Jun 20 10:39:12.857885 dv-neutron-845704-2-hyperv devstack@n-api.service[115283]: [pid: 115283|app: 0|req: 25/51] 10.222.0.16 () {60 vars in 1210 bytes} [Mon Jun 20 10:39:12 2022] GET /compute/v2.1/flavors?is_public=None => generated 2056 bytes in 18 msecs (HTTP/1.1 200) 9 headers in 360 bytes (1 switches on core 0)
Jun 20 10:39:12.867320 dv-neutron-845704-2-hyperv devstack@n-api.service[115282]: DEBUG nova.api.openstack.wsgi [None req-ed5dece5-bd26-4345-b009-35711ef2705c admin admin] Calling method '>' {{(pid=115282) _process_stack /opt/stack/nova/nova/api/openstack/wsgi.py:513}}
Jun 20 10:39:12.872505 dv-neutron-845704-2-hyperv devstack@n-api.service[115282]: INFO nova.api.openstack.wsgi [None req-ed5dece5-bd26-4345-b009-35711ef2705c admin admin] HTTP exception thrown: Flavor 451 could not be found.
Jun 20 10:39:12.873061 dv-neutron-845704-2-hyperv devstack@n-api.service[115282]: DEBUG nova.api.openstack.wsgi [None req-ed5dece5-bd26-4345-b009-35711ef2705c admin admin] Returning 404 to user: Flavor 451 could not be found. {{(pid=115282) __call__ /opt/stack/nova/nova/api/openstack/wsgi.py:936}}
Jun 20 10:39:12.873841 dv-neutron-845704-2-hyperv devstack@n-api.service[115282]: INFO nova.api.openstack.requestlog [None req-ed5dece5-bd26-4345-b009-35711ef2705c admin admin] 10.222.0.16 "GET /compute/v2.1/flavors/451" status: 404 len: 76 microversion: 2.90 time: 0.010071
Jun 20 10:39:12.874335 dv-neutron-845704-2-hyperv devstack@n-api.service[115282]: [pid: 115282|app: 0|req: 27/52] 10.222.0.16 () {60 vars in 1193 bytes} [Mon Jun 20 10:39:12 2022] GET /compute/v2.1/flavors/451 => generated 76 bytes in 11 msecs (HTTP/1.1 404) 9 headers in 380 bytes (1 switches on core 0)
Jun 20 10:39:14.192197 dv-neutron-845704-2-hyperv devstack@n-api.service[115283]: DEBUG nova.api.openstack.wsgi [None req-90b2a564-0418-4e0d-b11c-37728c728bcd admin admin] Calling method '>' {{(pid=115283) _process_stack /opt/stack/nova/nova/api/openstack/wsgi.py:513}}
Jun 20 10:39:14.193227 dv-neutron-845704-2-hyperv devstack@n-api.service[115283]: INFO nova.api.openstack.requestlog [None req-90b2a564-0418-4e0d-b11c-37728c728bcd admin admin] 10.222.0.16 "GET /compute/v2.1" status: 200 len: 388 microversion: 2.1 time: 0.001417
Jun 20 10:39:14.193615 dv-neutron-845704-2-hyperv devstack@n-api.service[115283]: [pid: 115283|app: 0|req: 26/53] 10.222.0.16 () {56 vars in 1074 bytes} [Mon Jun 20 10:39:14 2022] GET /compute/v2.1 => generated 388 bytes in 2 msecs (HTTP/1.1 200) 9 headers in 357 bytes (1 switches on core 0)
Jun 20 10:39:14.384737 dv-neutron-845704-2-hyperv devstack@n-api.service[115282]: DEBUG nova.api.openstack.wsgi [None req-c68fd307-a146-4375-ab7a-c14a314782dd admin admin] Action: 'create', calling method: >, body: {"flavor": {"name": "m1.nano", "ram": 256, "vcpus": 1, "disk": 1, "id": "42", "swap": 0, "OS-FLV-EXT-DATA:ephemeral": 0, "rxtx_factor": 1.0, "os-flavor-access:is_public": true}} {{(pid=115282) _process_stack /opt/stack/nova/nova/api/openstack/wsgi.py:511}}
Jun 20 10:39:14.402670 dv-neutron-845704-2-hyperv devstack@n-api.service[115282]: INFO nova.api.openstack.requestlog [None req-c68fd307-a146-4375-ab7a-c14a314782dd admin admin] 10.222.0.16 "POST /compute/v2.1/flavors" status: 200 len: 404 microversion: 2.90 time: 0.068205
Jun 20 10:39:14.403292 dv-neutron-845704-2-hyperv devstack@n-api.service[115282]: [pid: 115282|app: 0|req: 28/54] 10.222.0.16 () {64 vars in 1235 bytes} [Mon Jun 20 10:39:14 2022] POST /compute/v2.1/flavors => generated 404 bytes in 69 msecs (HTTP/1.1 200) 9 headers in 359 bytes (1 switches on core 0)
Jun 20 10:39:15.708720 dv-neutron-845704-2-hyperv devstack@n-api.service[115283]: DEBUG nova.api.openstack.wsgi [None req-90b2a564-0418-4e0d-b11c-37728c728bcd admin admin] Calling method '>' {{(pid=115283) _process_stack /opt/stack/nova/nova/api/openstack/wsgi.py:513}}
Jun 20 10:39:15.709713 dv-neutron-845704-2-hyperv devstack@n-api.service[115283]: INFO nova.api.openstack.requestlog [None req-90b2a564-0418-4e0d-b11c-37728c728bcd admin admin] 10.222.0.16 "GET /compute/v2.1" status: 200 len: 388 microversion: 2.1 time: 0.001403
Jun 20 10:39:15.710111 dv-neutron-845704-2-hyperv devstack@n-api.service[115283]: [pid: 115283|app: 0|req: 27/55] 10.222.0.16 () {56 vars in 1074 bytes} [Mon Jun 20 10:39:15 2022] GET /compute/v2.1 => generated 388 bytes in 2 msecs (HTTP/1.1 200) 9 headers in 357 bytes (1 switches on core 0)
Jun 20 10:39:15.903065 dv-neutron-845704-2-hyperv devstack@n-api.service[115282]: DEBUG nova.api.openstack.wsgi [None req-50679fbc-76c4-4724-a3a7-d80e2a28ed8e admin admin] Action: 'create', calling method: >, body: {"flavor": {"name": "m1.micro", "ram": 256, "vcpus": 1, "disk": 2, "id": "84", "swap": 0, "OS-FLV-EXT-DATA:ephemeral": 0, "rxtx_factor": 1.0, "os-flavor-access:is_public": true}} {{(pid=115282) _process_stack /opt/stack/nova/nova/api/openstack/wsgi.py:511}}
Jun 20 10:39:15.919915 dv-neutron-845704-2-hyperv devstack@n-api.service[115282]: INFO nova.api.openstack.requestlog [None req-50679fbc-76c4-4724-a3a7-d80e2a28ed8e admin admin] 10.222.0.16 "POST /compute/v2.1/flavors" status: 200 len: 405 microversion: 2.90 time: 0.068644
Jun 20 10:39:15.920461 dv-neutron-845704-2-hyperv devstack@n-api.service[115282]: [pid: 115282|app: 0|req: 29/56] 10.222.0.16 () {64 vars in 1235 bytes} [Mon Jun 20 10:39:15 2022] POST /compute/v2.1/flavors => generated 405 bytes in 70 msecs (HTTP/1.1 200) 9 headers in 359 bytes (1 switches on core 0)
Jun 20 10:39:17.224481 dv-neutron-845704-2-hyperv devstack@n-api.service[115283]: DEBUG nova.api.openstack.wsgi [None req-90b2a564-0418-4e0d-b11c-37728c728bcd admin admin] Calling method '>' {{(pid=115283) _process_stack /opt/stack/nova/nova/api/openstack/wsgi.py:513}}
Jun 20 10:39:17.225494 dv-neutron-845704-2-hyperv devstack@n-api.service[115283]: INFO nova.api.openstack.requestlog [None req-90b2a564-0418-4e0d-b11c-37728c728bcd admin admin] 10.222.0.16 "GET /compute/v2.1" status: 200 len: 388 microversion: 2.1 time: 0.001430
Jun 20 10:39:17.225900 dv-neutron-845704-2-hyperv devstack@n-api.service[115283]: [pid: 115283|app: 0|req: 28/57] 10.222.0.16 () {56 vars in 1074 bytes} [Mon Jun 20 10:39:17 2022] GET /compute/v2.1 => generated 388 bytes in 2 msecs (HTTP/1.1 200) 9 headers in 357 bytes (1 switches on core 0)
Jun 20 10:39:17.422063 dv-neutron-845704-2-hyperv devstack@n-api.service[115282]: DEBUG nova.api.openstack.wsgi [None req-b2e33c38-804f-4f7c-bd0b-39e59dafbbe3 admin admin] Action: 'create', calling method: >, body: {"flavor": {"name": "m1.heat", "ram": 512, "vcpus": 1, "disk": 1, "id": "451", "swap": 0, "OS-FLV-EXT-DATA:ephemeral": 0, "rxtx_factor": 1.0, "os-flavor-access:is_public": true}} {{(pid=115282) _process_stack /opt/stack/nova/nova/api/openstack/wsgi.py:511}}
Jun 20 10:39:17.438322 dv-neutron-845704-2-hyperv devstack@n-api.service[115282]: INFO nova.api.openstack.requestlog [None req-b2e33c38-804f-4f7c-bd0b-39e59dafbbe3 admin admin] 10.222.0.16 "POST /compute/v2.1/flavors" status: 200 len: 407 microversion: 2.90 time: 0.066560
Jun 20 10:39:17.438810 dv-neutron-845704-2-hyperv devstack@n-api.service[115282]: [pid: 115282|app: 0|req: 30/58] 10.222.0.16 () {64 vars in 1235 bytes} [Mon Jun 20 10:39:17 2022] POST /compute/v2.1/flavors => generated 407 bytes in 68 msecs (HTTP/1.1 200) 9 headers in 359 bytes (1 switches on core 0)
Jun 20 10:39:18.754088 dv-neutron-845704-2-hyperv devstack@n-api.service[115283]: DEBUG nova.api.openstack.wsgi [None req-90b2a564-0418-4e0d-b11c-37728c728bcd admin admin] Calling method '>' {{(pid=115283) _process_stack /opt/stack/nova/nova/api/openstack/wsgi.py:513}}
Jun 20 10:39:18.755140 dv-neutron-845704-2-hyperv devstack@n-api.service[115283]: INFO nova.api.openstack.requestlog [None req-90b2a564-0418-4e0d-b11c-37728c728bcd admin admin] 10.222.0.16 "GET /compute/v2.1" status: 200 len: 388 microversion: 2.1 time: 0.002127
Jun 20 10:39:18.755530 dv-neutron-845704-2-hyperv devstack@n-api.service[115283]: [pid: 115283|app: 0|req: 29/59] 10.222.0.16 () {56 vars in 1074 bytes} [Mon Jun 20 10:39:18 2022] GET /compute/v2.1 => generated 388 bytes in 3 msecs (HTTP/1.1 200) 9 headers in 357 bytes (1 switches on core 0)
Jun 20 10:39:18.949466 dv-neutron-845704-2-hyperv devstack@n-api.service[115282]: DEBUG nova.api.openstack.wsgi [None req-b64821e0-6fb5-4531-8453-adb8424b56e6 admin admin] Action: 'create', calling method: >, body: {"flavor": {"name": "m1.heat2", "ram": 1024, "vcpus": 1, "disk": 1, "id": "452", "swap": 0, "OS-FLV-EXT-DATA:ephemeral": 0, "rxtx_factor": 1.0, "os-flavor-access:is_public": true}} {{(pid=115282) _process_stack /opt/stack/nova/nova/api/openstack/wsgi.py:511}}
Jun 20 10:39:18.966876 dv-neutron-845704-2-hyperv devstack@n-api.service[115282]: INFO nova.api.openstack.requestlog [None req-b64821e0-6fb5-4531-8453-adb8424b56e6 admin admin] 10.222.0.16 "POST /compute/v2.1/flavors" status: 200 len: 409 microversion: 2.90 time: 0.068224
Jun 20 10:39:18.967343 dv-neutron-845704-2-hyperv devstack@n-api.service[115282]: [pid: 115282|app: 0|req: 31/60] 10.222.0.16 () {64 vars in 1235 bytes} [Mon Jun 20 10:39:18 2022] POST /compute/v2.1/flavors => generated 409 bytes in 69 msecs (HTTP/1.1 200) 9 headers in 359 bytes (1 switches on core 0)
Jun 20 10:39:20.269547 dv-neutron-845704-2-hyperv devstack@n-api.service[115283]: DEBUG nova.api.openstack.wsgi [None req-90b2a564-0418-4e0d-b11c-37728c728bcd admin admin] Calling method '>' {{(pid=115283) _process_stack /opt/stack/nova/nova/api/openstack/wsgi.py:513}}
Jun 20 10:39:20.270588 dv-neutron-845704-2-hyperv devstack@n-api.service[115283]: INFO nova.api.openstack.requestlog [None req-90b2a564-0418-4e0d-b11c-37728c728bcd admin admin] 10.222.0.16 "GET /compute/v2.1" status: 200 len: 388 microversion: 2.1 time: 0.001474
Jun 20 10:39:20.271011 dv-neutron-845704-2-hyperv devstack@n-api.service[115283]: [pid: 115283|app: 0|req: 30/61] 10.222.0.16 () {56 vars in 1074 bytes} [Mon Jun 20 10:39:20 2022] GET /compute/v2.1 => generated 388 bytes in 2 msecs (HTTP/1.1 200) 9 headers in 357 bytes (1 switches on core 0)
Jun 20 10:39:20.460269 dv-neutron-845704-2-hyperv devstack@n-api.service[115282]: DEBUG nova.api.openstack.wsgi [None req-02001222-dfa2-4f6d-9428-1e348fd1ee8a admin admin] Calling method '>' {{(pid=115282) _process_stack /opt/stack/nova/nova/api/openstack/wsgi.py:513}}
Jun 20 10:39:20.479257 dv-neutron-845704-2-hyperv devstack@n-api.service[115282]: INFO nova.api.openstack.requestlog [None req-02001222-dfa2-4f6d-9428-1e348fd1ee8a admin admin] 10.222.0.16 "GET /compute/v2.1/flavors/detail" status: 200 len: 5777 microversion: 2.90 time: 0.069241
Jun 20 10:39:20.479712 dv-neutron-845704-2-hyperv devstack@n-api.service[115282]: [pid: 115282|app: 0|req: 32/62] 10.222.0.16 () {60 vars in 1202 bytes} [Mon Jun 20 10:39:20 2022] GET /compute/v2.1/flavors/detail => generated 5777 bytes in 70 msecs (HTTP/1.1 200) 9 headers in 360 bytes (1 switches on core 0)
Jun 20 10:40:09.837696 dv-neutron-845704-2-hyperv devstack@n-api.service[115283]: DEBUG nova.api.openstack.wsgi [None req-90b2a564-0418-4e0d-b11c-37728c728bcd admin admin] Calling method '>' {{(pid=115283) _process_stack /opt/stack/nova/nova/api/openstack/wsgi.py:513}}
Jun 20 10:40:09.838738 dv-neutron-845704-2-hyperv devstack@n-api.service[115283]: INFO nova.api.openstack.requestlog [None req-90b2a564-0418-4e0d-b11c-37728c728bcd admin admin] 10.222.0.16 "GET /compute/v2.1" status: 200 len: 388 microversion: 2.1 time: 0.001438
Jun 20 10:40:09.839135 dv-neutron-845704-2-hyperv devstack@n-api.service[115283]: [pid: 115283|app: 0|req: 31/63] 10.222.0.16 () {54 vars in 930 bytes} [Mon Jun 20 10:40:09 2022] GET /compute/v2.1 => generated 388 bytes in 2 msecs (HTTP/1.1 200) 9 headers in 357 bytes (1 switches on core 0)
Jun 20 10:40:09.898653 dv-neutron-845704-2-hyperv devstack@n-api.service[115282]: DEBUG nova.api.openstack.wsgi [None req-3500c002-3e3c-4c4a-bcca-cee5c4a8c1d9 admin admin] Calling method '>' {{(pid=115282) _process_stack /opt/stack/nova/nova/api/openstack/wsgi.py:513}}
Jun 20 10:40:09.918444 dv-neutron-845704-2-hyperv devstack@n-api.service[115282]: INFO nova.api.openstack.requestlog [None req-3500c002-3e3c-4c4a-bcca-cee5c4a8c1d9 admin admin] 10.222.0.16 "GET /compute/v2.1/flavors/detail?is_public=True" status: 200 len: 5791 microversion: 2.61 time: 0.073474
Jun 20 10:40:09.918996 dv-neutron-845704-2-hyperv devstack@n-api.service[115282]: [pid: 115282|app: 0|req: 33/64] 10.222.0.16 () {60 vars in 1291 bytes} [Mon Jun 20 10:40:09 2022] GET /compute/v2.1/flavors/detail?is_public=True => generated 5791 bytes in 75 msecs (HTTP/1.1 200) 9 headers in 360 bytes (2 switches on core 0)
Jun 20 10:40:09.940997 dv-neutron-845704-2-hyperv devstack@n-api.service[115283]: DEBUG nova.api.openstack.wsgi [None req-1d6c34e5-6795-40f1-8527-a8c7b720e14b admin admin] Calling method '>' {{(pid=115283) _process_stack /opt/stack/nova/nova/api/openstack/wsgi.py:513}}
Jun 20 10:40:09.948431 dv-neutron-845704-2-hyperv devstack@n-api.service[115283]: INFO nova.api.openstack.requestlog [None req-1d6c34e5-6795-40f1-8527-a8c7b720e14b admin admin] 10.222.0.16 "GET /compute/v2.1/flavors/42/os-extra_specs" status: 200 len: 19 microversion: 2.61 time: 0.011034
Jun 20 10:40:09.948947 dv-neutron-845704-2-hyperv devstack@n-api.service[115283]: [pid: 115283|app: 0|req: 32/65] 10.222.0.16 () {60 vars in 1282 bytes} [Mon Jun 20 10:40:09 2022] GET /compute/v2.1/flavors/42/os-extra_specs => generated 19 bytes in 12 msecs (HTTP/1.1 200) 9 headers in 358 bytes (2 switches on core 0)
Jun 20 10:40:09.960068 dv-neutron-845704-2-hyperv devstack@n-api.service[115282]: DEBUG nova.api.openstack.wsgi [None req-c3ccc885-c179-4fee-a1c6-b271be2f5c3a admin admin] Calling method '>' {{(pid=115282) _process_stack /opt/stack/nova/nova/api/openstack/wsgi.py:513}}
Jun 20 10:40:09.967426 dv-neutron-845704-2-hyperv devstack@n-api.service[115282]: INFO nova.api.openstack.requestlog [None req-c3ccc885-c179-4fee-a1c6-b271be2f5c3a admin admin] 10.222.0.16 "GET /compute/v2.1/flavors/451/os-extra_specs" status: 200 len: 19 microversion: 2.61 time: 0.010892
Jun 20 10:40:09.967937 dv-neutron-845704-2-hyperv devstack@n-api.service[115282]: [pid: 115282|app: 0|req: 34/66] 10.222.0.16 () {60 vars in 1285 bytes} [Mon Jun 20 10:40:09 2022] GET /compute/v2.1/flavors/451/os-extra_specs => generated 19 bytes in 12 msecs (HTTP/1.1 200) 9 headers in 358 bytes (1 switches on core 0)
Jun 20 10:40:09.979207 dv-neutron-845704-2-hyperv devstack@n-api.service[115283]: DEBUG nova.api.openstack.wsgi [None req-fa39107f-2f5b-40be-b4fc-82c86d008946 admin admin] Calling method '>' {{(pid=115283) _process_stack /opt/stack/nova/nova/api/openstack/wsgi.py:513}}
Jun 20 10:40:09.986391 dv-neutron-845704-2-hyperv devstack@n-api.service[115283]: INFO nova.api.openstack.requestlog [None req-fa39107f-2f5b-40be-b4fc-82c86d008946 admin admin] 10.222.0.16 "GET /compute/v2.1/flavors/452/os-extra_specs" status: 200 len: 19 microversion: 2.61 time: 0.011122
Jun 20 10:40:09.986936 dv-neutron-845704-2-hyperv devstack@n-api.service[115283]: [pid: 115283|app: 0|req: 33/67] 10.222.0.16 () {60 vars in 1285 bytes} [Mon Jun 20 10:40:09 2022] GET /compute/v2.1/flavors/452/os-extra_specs => generated 19 bytes in 12 msecs (HTTP/1.1 200) 9 headers in 358 bytes (2 switches on core 0)
Jun 20 10:40:09.998087 dv-neutron-845704-2-hyperv devstack@n-api.service[115282]: DEBUG nova.api.openstack.wsgi [None req-bf655287-48d7-4e9b-a2a4-bd5a60f5c27c admin admin] Calling method '>' {{(pid=115282) _process_stack /opt/stack/nova/nova/api/openstack/wsgi.py:513}}
Jun 20 10:40:10.005217 dv-neutron-845704-2-hyperv devstack@n-api.service[115282]: INFO nova.api.openstack.requestlog [None req-bf655287-48d7-4e9b-a2a4-bd5a60f5c27c admin admin] 10.222.0.16 "GET /compute/v2.1/flavors/84/os-extra_specs" status: 200 len: 19 microversion: 2.61 time: 0.010527
Jun 20 10:40:10.005726 dv-neutron-845704-2-hyperv devstack@n-api.service[115282]: [pid: 115282|app: 0|req: 35/68] 10.222.0.16 () {60 vars in 1282 bytes} [Mon Jun 20 10:40:09 2022] GET /compute/v2.1/flavors/84/os-extra_specs => generated 19 bytes in 11 msecs (HTTP/1.1 200) 9 headers in 358 bytes (2 switches on core 0)
Jun 20 10:42:59.716136 dv-neutron-845704-2-hyperv devstack@n-api.service[115283]: DEBUG nova.api.openstack.wsgi [None req-fa39107f-2f5b-40be-b4fc-82c86d008946 admin admin] Calling method '>' {{(pid=115283) _process_stack /opt/stack/nova/nova/api/openstack/wsgi.py:513}}
Jun 20 10:42:59.717144 dv-neutron-845704-2-hyperv devstack@n-api.service[115283]: INFO nova.api.openstack.requestlog [None req-fa39107f-2f5b-40be-b4fc-82c86d008946 admin admin] 10.222.0.16 "GET /compute/v2.1" status: 200 len: 388 microversion: 2.1 time: 0.001429
Jun 20 10:42:59.717537 dv-neutron-845704-2-hyperv devstack@n-api.service[115283]: [pid: 115283|app: 0|req: 34/69] 10.222.0.16 () {56 vars in 1074 bytes} [Mon Jun 20 10:42:59 2022] GET /compute/v2.1 => generated 388 bytes in 2 msecs (HTTP/1.1 200) 9 headers in 357 bytes (1 switches on core 0)
Jun 20 10:42:59.968216 dv-neutron-845704-2-hyperv devstack@n-api.service[115282]: DEBUG nova.api.openstack.wsgi [None req-63cdfb77-a89a-43e0-a468-3c7c262fc9a6 admin admin] Calling method '>' {{(pid=115282) _process_stack /opt/stack/nova/nova/api/openstack/wsgi.py:513}}
Jun 20 10:42:59.969372 dv-neutron-845704-2-hyperv devstack@n-api.service[115282]: /usr/local/lib/python3.8/dist-packages/oslo_policy/policy.py:1119: UserWarning: Policy "os_compute_api:os-services:list": "rule:context_is_admin" failed scope check. The token used to make the request was project scoped but the policy requires ['system'] scope. This behavior may change in the future where using the intended scope is required
Jun 20 10:42:59.969372 dv-neutron-845704-2-hyperv devstack@n-api.service[115282]: warnings.warn(msg)
Jun 20 10:42:59.970557 dv-neutron-845704-2-hyperv devstack@n-api.service[115282]: DEBUG oslo_concurrency.lockutils [None req-63cdfb77-a89a-43e0-a468-3c7c262fc9a6 admin admin] Lock "00000000-0000-0000-0000-000000000000" acquired by "nova.context.set_target_cell..get_or_set_cached_cell_and_set_connections" :: waited 0.000s {{(pid=115282) inner /usr/local/lib/python3.8/dist-packages/oslo_concurrency/lockutils.py:386}}
Jun 20 10:42:59.971024 dv-neutron-845704-2-hyperv devstack@n-api.service[115282]: DEBUG oslo_concurrency.lockutils [None req-63cdfb77-a89a-43e0-a468-3c7c262fc9a6 admin admin] Lock "00000000-0000-0000-0000-000000000000" "released" by "nova.context.set_target_cell..get_or_set_cached_cell_and_set_connections" :: held 0.000s {{(pid=115282) inner /usr/local/lib/python3.8/dist-packages/oslo_concurrency/lockutils.py:400}}
Jun 20 10:42:59.971809 dv-neutron-845704-2-hyperv devstack@n-api.service[115282]: DEBUG oslo_concurrency.lockutils [None req-63cdfb77-a89a-43e0-a468-3c7c262fc9a6 admin admin] Lock "babd96fe-6e67-46a2-9744-224307d3e3b0" acquired by "nova.context.set_target_cell..get_or_set_cached_cell_and_set_connections" :: waited 0.000s {{(pid=115282) inner /usr/local/lib/python3.8/dist-packages/oslo_concurrency/lockutils.py:386}}
Jun 20 10:42:59.972232 dv-neutron-845704-2-hyperv devstack@n-api.service[115282]: DEBUG oslo_concurrency.lockutils [None req-63cdfb77-a89a-43e0-a468-3c7c262fc9a6 admin admin] Lock "babd96fe-6e67-46a2-9744-224307d3e3b0" "released" by "nova.context.set_target_cell..get_or_set_cached_cell_and_set_connections" :: held 0.000s {{(pid=115282) inner /usr/local/lib/python3.8/dist-packages/oslo_concurrency/lockutils.py:400}}
Jun 20 10:43:00.004875 dv-neutron-845704-2-hyperv devstack@n-api.service[115282]: INFO nova.api.openstack.requestlog [None req-63cdfb77-a89a-43e0-a468-3c7c262fc9a6 admin admin] 10.222.0.16 "GET /compute/v2.1/os-services" status: 200 len: 797 microversion: 2.90 time: 0.146565
