Jun 14 19:53:00.893808 dv-neutron-845689-1-hyperv devstack@n-api.service[102403]: DEBUG nova.api.openstack.wsgi_app [-] oslo_messaging_rabbit.rabbit_transient_queues_ttl = 1800 {{(pid=102403) log_opt_values /usr/local/lib/python3.8/dist-packages/oslo_config/cfg.py:2609}}
Jun 14 19:53:00.894119 dv-neutron-845689-1-hyperv devstack@n-api.service[102403]: DEBUG nova.api.openstack.wsgi_app [-] oslo_messaging_rabbit.rpc_conn_pool_size = 30 {{(pid=102403) log_opt_values /usr/local/lib/python3.8/dist-packages/oslo_config/cfg.py:2609}}
Jun 14 19:53:00.894428 dv-neutron-845689-1-hyperv devstack@n-api.service[102403]: DEBUG nova.api.openstack.wsgi_app [-] oslo_messaging_rabbit.ssl = False {{(pid=102403) log_opt_values /usr/local/lib/python3.8/dist-packages/oslo_config/cfg.py:2609}}
Jun 14 19:53:00.895280 dv-neutron-845689-1-hyperv devstack@n-api.service[102403]: DEBUG nova.api.openstack.wsgi_app [-] oslo_messaging_rabbit.ssl_ca_file = {{(pid=102403) log_opt_values /usr/local/lib/python3.8/dist-packages/oslo_config/cfg.py:2609}}
Jun 14 19:53:00.895601 dv-neutron-845689-1-hyperv devstack@n-api.service[102403]: DEBUG nova.api.openstack.wsgi_app [-] oslo_messaging_rabbit.ssl_cert_file = {{(pid=102403) log_opt_values /usr/local/lib/python3.8/dist-packages/oslo_config/cfg.py:2609}}
Jun 14 19:53:00.895917 dv-neutron-845689-1-hyperv devstack@n-api.service[102403]: DEBUG nova.api.openstack.wsgi_app [-] oslo_messaging_rabbit.ssl_key_file = {{(pid=102403) log_opt_values /usr/local/lib/python3.8/dist-packages/oslo_config/cfg.py:2609}}
Jun 14 19:53:00.896236 dv-neutron-845689-1-hyperv devstack@n-api.service[102403]: DEBUG nova.api.openstack.wsgi_app [-] oslo_messaging_rabbit.ssl_version = {{(pid=102403) log_opt_values /usr/local/lib/python3.8/dist-packages/oslo_config/cfg.py:2609}}
Jun 14 19:53:00.896577 dv-neutron-845689-1-hyperv devstack@n-api.service[102403]: DEBUG nova.api.openstack.wsgi_app [-] oslo_messaging_notifications.driver = ['messagingv2'] {{(pid=102403) log_opt_values /usr/local/lib/python3.8/dist-packages/oslo_config/cfg.py:2609}}
Jun 14 19:53:00.896910 dv-neutron-845689-1-hyperv devstack@n-api.service[102403]: DEBUG nova.api.openstack.wsgi_app [-] oslo_messaging_notifications.retry = -1 {{(pid=102403) log_opt_values /usr/local/lib/python3.8/dist-packages/oslo_config/cfg.py:2609}}
Jun 14 19:53:00.897249 dv-neutron-845689-1-hyperv devstack@n-api.service[102403]: DEBUG nova.api.openstack.wsgi_app [-] oslo_messaging_notifications.topics = ['notifications'] {{(pid=102403) log_opt_values /usr/local/lib/python3.8/dist-packages/oslo_config/cfg.py:2609}}
Jun 14 19:53:00.897569 dv-neutron-845689-1-hyperv devstack@n-api.service[102403]: DEBUG nova.api.openstack.wsgi_app [-] oslo_messaging_notifications.transport_url = **** {{(pid=102403) log_opt_values /usr/local/lib/python3.8/dist-packages/oslo_config/cfg.py:2609}}
Jun 14 19:53:00.897808 dv-neutron-845689-1-hyperv devstack@n-api.service[102403]: DEBUG nova.api.openstack.wsgi_app [-] ******************************************************************************** {{(pid=102403) log_opt_values /usr/local/lib/python3.8/dist-packages/oslo_config/cfg.py:2613}}
Jun 14 19:53:00.915631 dv-neutron-845689-1-hyperv devstack@n-api.service[102404]: DEBUG oslo_db.sqlalchemy.engines [None req-fc7d11c6-56a3-4ebe-895c-15c06f0dab39 None None] MySQL server mode set to STRICT_TRANS_TABLES,STRICT_ALL_TABLES,NO_ZERO_IN_DATE,NO_ZERO_DATE,ERROR_FOR_DIVISION_BY_ZERO,TRADITIONAL,NO_ENGINE_SUBSTITUTION {{(pid=102404) _check_effective_sql_mode /usr/local/lib/python3.8/dist-packages/oslo_db/sqlalchemy/engines.py:314}}
Jun 14 19:53:00.919370 dv-neutron-845689-1-hyperv devstack@n-api.service[102403]: DEBUG oslo_db.sqlalchemy.engines [None req-d70dde01-66c2-48b1-9424-189878f89bdb None None] MySQL server mode set to STRICT_TRANS_TABLES,STRICT_ALL_TABLES,NO_ZERO_IN_DATE,NO_ZERO_DATE,ERROR_FOR_DIVISION_BY_ZERO,TRADITIONAL,NO_ENGINE_SUBSTITUTION {{(pid=102403) _check_effective_sql_mode /usr/local/lib/python3.8/dist-packages/oslo_db/sqlalchemy/engines.py:314}}
Jun 14 19:53:01.089855 dv-neutron-845689-1-hyperv devstack@n-api.service[102404]: DEBUG nova.context [None req-fc7d11c6-56a3-4ebe-895c-15c06f0dab39 None None] Found 2 cells: 00000000-0000-0000-0000-000000000000(cell0),34c5ba2a-6ad1-4630-aa35-7c1f1d0378eb(cell1) {{(pid=102404) load_cells /opt/stack/nova/nova/context.py:464}}
Jun 14 19:53:01.090502 dv-neutron-845689-1-hyperv devstack@n-api.service[102403]: DEBUG nova.context [None req-d70dde01-66c2-48b1-9424-189878f89bdb None None] Found 2 cells: 00000000-0000-0000-0000-000000000000(cell0),34c5ba2a-6ad1-4630-aa35-7c1f1d0378eb(cell1) {{(pid=102403) load_cells /opt/stack/nova/nova/context.py:464}}
Jun 14 19:53:01.094213 dv-neutron-845689-1-hyperv devstack@n-api.service[102404]: DEBUG oslo_concurrency.lockutils [None req-fc7d11c6-56a3-4ebe-895c-15c06f0dab39 None None] Lock "00000000-0000-0000-0000-000000000000" acquired by "nova.context.set_target_cell..get_or_set_cached_cell_and_set_connections" :: waited 0.000s {{(pid=102404) inner /usr/local/lib/python3.8/dist-packages/oslo_concurrency/lockutils.py:355}}
Jun 14 19:53:01.094784 dv-neutron-845689-1-hyperv devstack@n-api.service[102403]: DEBUG oslo_concurrency.lockutils [None req-d70dde01-66c2-48b1-9424-189878f89bdb None None] Lock "00000000-0000-0000-0000-000000000000" acquired by "nova.context.set_target_cell..get_or_set_cached_cell_and_set_connections" :: waited 0.000s {{(pid=102403) inner /usr/local/lib/python3.8/dist-packages/oslo_concurrency/lockutils.py:355}}
Jun 14 19:53:01.095820 dv-neutron-845689-1-hyperv devstack@n-api.service[102404]: DEBUG oslo_concurrency.lockutils [None req-fc7d11c6-56a3-4ebe-895c-15c06f0dab39 None None] Lock "00000000-0000-0000-0000-000000000000" released by "nova.context.set_target_cell..get_or_set_cached_cell_and_set_connections" :: held 0.002s {{(pid=102404) inner /usr/local/lib/python3.8/dist-packages/oslo_concurrency/lockutils.py:367}}
Jun 14 19:53:01.096359 dv-neutron-845689-1-hyperv devstack@n-api.service[102403]: DEBUG oslo_concurrency.lockutils [None req-d70dde01-66c2-48b1-9424-189878f89bdb None None] Lock "00000000-0000-0000-0000-000000000000" released by "nova.context.set_target_cell..get_or_set_cached_cell_and_set_connections" :: held 0.002s {{(pid=102403) inner /usr/local/lib/python3.8/dist-packages/oslo_concurrency/lockutils.py:367}}
Jun 14 19:53:01.096629 dv-neutron-845689-1-hyperv devstack@n-api.service[102404]: DEBUG oslo_concurrency.lockutils [None req-fc7d11c6-56a3-4ebe-895c-15c06f0dab39 None None] Lock "34c5ba2a-6ad1-4630-aa35-7c1f1d0378eb" acquired by "nova.context.set_target_cell..get_or_set_cached_cell_and_set_connections" :: waited 0.000s {{(pid=102404) inner /usr/local/lib/python3.8/dist-packages/oslo_concurrency/lockutils.py:355}}
Jun 14 19:53:01.097182 dv-neutron-845689-1-hyperv devstack@n-api.service[102403]: DEBUG oslo_concurrency.lockutils [None req-d70dde01-66c2-48b1-9424-189878f89bdb None None] Lock "34c5ba2a-6ad1-4630-aa35-7c1f1d0378eb" acquired by "nova.context.set_target_cell..get_or_set_cached_cell_and_set_connections" :: waited 0.000s {{(pid=102403) inner /usr/local/lib/python3.8/dist-packages/oslo_concurrency/lockutils.py:355}}
Jun 14 19:53:01.099117 dv-neutron-845689-1-hyperv devstack@n-api.service[102404]: DEBUG oslo_concurrency.lockutils [None req-fc7d11c6-56a3-4ebe-895c-15c06f0dab39 None None] Lock "34c5ba2a-6ad1-4630-aa35-7c1f1d0378eb" released by "nova.context.set_target_cell..get_or_set_cached_cell_and_set_connections" :: held 0.002s {{(pid=102404) inner /usr/local/lib/python3.8/dist-packages/oslo_concurrency/lockutils.py:367}}
Jun 14 19:53:01.099621 dv-neutron-845689-1-hyperv devstack@n-api.service[102403]: DEBUG oslo_concurrency.lockutils [None req-d70dde01-66c2-48b1-9424-189878f89bdb None None] Lock "34c5ba2a-6ad1-4630-aa35-7c1f1d0378eb" released by "nova.context.set_target_cell..get_or_set_cached_cell_and_set_connections" :: held 0.002s {{(pid=102403) inner /usr/local/lib/python3.8/dist-packages/oslo_concurrency/lockutils.py:367}}
Jun 14 19:53:01.110252 dv-neutron-845689-1-hyperv devstack@n-api.service[102404]: DEBUG oslo_db.sqlalchemy.engines [None req-fc7d11c6-56a3-4ebe-895c-15c06f0dab39 None None] MySQL server mode set to STRICT_TRANS_TABLES,STRICT_ALL_TABLES,NO_ZERO_IN_DATE,NO_ZERO_DATE,ERROR_FOR_DIVISION_BY_ZERO,TRADITIONAL,NO_ENGINE_SUBSTITUTION {{(pid=102404) _check_effective_sql_mode /usr/local/lib/python3.8/dist-packages/oslo_db/sqlalchemy/engines.py:314}}
Jun 14 19:53:01.114333 dv-neutron-845689-1-hyperv devstack@n-api.service[102403]: DEBUG oslo_db.sqlalchemy.engines [None req-d70dde01-66c2-48b1-9424-189878f89bdb None None] MySQL server mode set to STRICT_TRANS_TABLES,STRICT_ALL_TABLES,NO_ZERO_IN_DATE,NO_ZERO_DATE,ERROR_FOR_DIVISION_BY_ZERO,TRADITIONAL,NO_ENGINE_SUBSTITUTION {{(pid=102403) _check_effective_sql_mode /usr/local/lib/python3.8/dist-packages/oslo_db/sqlalchemy/engines.py:314}}
Jun 14 19:53:01.117388 dv-neutron-845689-1-hyperv devstack@n-api.service[102404]: DEBUG oslo_db.sqlalchemy.engines [None req-fc7d11c6-56a3-4ebe-895c-15c06f0dab39 None None] MySQL server mode set to STRICT_TRANS_TABLES,STRICT_ALL_TABLES,NO_ZERO_IN_DATE,NO_ZERO_DATE,ERROR_FOR_DIVISION_BY_ZERO,TRADITIONAL,NO_ENGINE_SUBSTITUTION {{(pid=102404) _check_effective_sql_mode /usr/local/lib/python3.8/dist-packages/oslo_db/sqlalchemy/engines.py:314}}
Jun 14 19:53:01.120629 dv-neutron-845689-1-hyperv devstack@n-api.service[102403]: DEBUG oslo_db.sqlalchemy.engines [None req-d70dde01-66c2-48b1-9424-189878f89bdb None None] MySQL server mode set to STRICT_TRANS_TABLES,STRICT_ALL_TABLES,NO_ZERO_IN_DATE,NO_ZERO_DATE,ERROR_FOR_DIVISION_BY_ZERO,TRADITIONAL,NO_ENGINE_SUBSTITUTION {{(pid=102403) _check_effective_sql_mode /usr/local/lib/python3.8/dist-packages/oslo_db/sqlalchemy/engines.py:314}}
Jun 14 19:53:01.380616 dv-neutron-845689-1-hyperv devstack@n-api.service[102404]: DEBUG oslo_db.sqlalchemy.engines [None req-fc7d11c6-56a3-4ebe-895c-15c06f0dab39 None None] MySQL server mode set to STRICT_TRANS_TABLES,STRICT_ALL_TABLES,NO_ZERO_IN_DATE,NO_ZERO_DATE,ERROR_FOR_DIVISION_BY_ZERO,TRADITIONAL,NO_ENGINE_SUBSTITUTION {{(pid=102404) _check_effective_sql_mode /usr/local/lib/python3.8/dist-packages/oslo_db/sqlalchemy/engines.py:314}}
Jun 14 19:53:01.384312 dv-neutron-845689-1-hyperv devstack@n-api.service[102403]: DEBUG oslo_db.sqlalchemy.engines [None req-d70dde01-66c2-48b1-9424-189878f89bdb None None] MySQL server mode set to STRICT_TRANS_TABLES,STRICT_ALL_TABLES,NO_ZERO_IN_DATE,NO_ZERO_DATE,ERROR_FOR_DIVISION_BY_ZERO,TRADITIONAL,NO_ENGINE_SUBSTITUTION {{(pid=102403) _check_effective_sql_mode /usr/local/lib/python3.8/dist-packages/oslo_db/sqlalchemy/engines.py:314}}
Jun 14 19:53:01.726712 dv-neutron-845689-1-hyperv devstack@n-api.service[102403]: WARNING keystonemiddleware.auth_token [None req-d70dde01-66c2-48b1-9424-189878f89bdb None None] AuthToken middleware is set with keystone_authtoken.service_token_roles_required set to False. This is backwards compatible but deprecated behaviour. Please set this to True.
Jun 14 19:53:01.732394 dv-neutron-845689-1-hyperv devstack@n-api.service[102404]: WARNING keystonemiddleware.auth_token [None req-fc7d11c6-56a3-4ebe-895c-15c06f0dab39 None None] AuthToken middleware is set with keystone_authtoken.service_token_roles_required set to False. This is backwards compatible but deprecated behaviour. Please set this to True.
Jun 14 19:53:01.733108 dv-neutron-845689-1-hyperv devstack@n-api.service[102403]: WARNING keystonemiddleware.auth_token [None req-d70dde01-66c2-48b1-9424-189878f89bdb None None] Configuring www_authenticate_uri to point to the public identity endpoint is required; clients may not be able to authenticate against an admin endpoint
Jun 14 19:53:01.738928 dv-neutron-845689-1-hyperv devstack@n-api.service[102404]: WARNING keystonemiddleware.auth_token [None req-fc7d11c6-56a3-4ebe-895c-15c06f0dab39 None None] Configuring www_authenticate_uri to point to the public identity endpoint is required; clients may not be able to authenticate against an admin endpoint
Jun 14 19:53:02.076059 dv-neutron-845689-1-hyperv devstack@n-api.service[102403]: WARNING keystonemiddleware.auth_token [None req-d70dde01-66c2-48b1-9424-189878f89bdb None None] AuthToken middleware is set with keystone_authtoken.service_token_roles_required set to False. This is backwards compatible but deprecated behaviour. Please set this to True.
Jun 14 19:53:02.081224 dv-neutron-845689-1-hyperv devstack@n-api.service[102403]: WARNING keystonemiddleware.auth_token [None req-d70dde01-66c2-48b1-9424-189878f89bdb None None] Configuring www_authenticate_uri to point to the public identity endpoint is required; clients may not be able to authenticate against an admin endpoint
Jun 14 19:53:02.082925 dv-neutron-845689-1-hyperv devstack@n-api.service[102404]: WARNING keystonemiddleware.auth_token [None req-fc7d11c6-56a3-4ebe-895c-15c06f0dab39 None None] AuthToken middleware is set with keystone_authtoken.service_token_roles_required set to False. This is backwards compatible but deprecated behaviour. Please set this to True.
Jun 14 19:53:02.087329 dv-neutron-845689-1-hyperv devstack@n-api.service[102403]: WSGI app 0 (mountpoint='') ready in 6 seconds on interpreter 0x558caa4649c0 pid: 102403 (default app)
Jun 14 19:53:02.088140 dv-neutron-845689-1-hyperv devstack@n-api.service[102404]: WARNING keystonemiddleware.auth_token [None req-fc7d11c6-56a3-4ebe-895c-15c06f0dab39 None None] Configuring www_authenticate_uri to point to the public identity endpoint is required; clients may not be able to authenticate against an admin endpoint
Jun 14 19:53:02.089425 dv-neutron-845689-1-hyperv devstack@n-api.service[102403]: DEBUG nova.api.openstack.wsgi [None req-d70dde01-66c2-48b1-9424-189878f89bdb None None] Calling method '>' {{(pid=102403) _process_stack /opt/stack/nova/nova/api/openstack/wsgi.py:513}}
Jun 14 19:53:02.090591 dv-neutron-845689-1-hyperv devstack@n-api.service[102403]: INFO nova.api.openstack.requestlog [None req-d70dde01-66c2-48b1-9424-189878f89bdb None None] 10.222.0.13 "GET /compute/v2.1/" status: 200 len: 388 microversion: 2.1 time: 0.001753
Jun 14 19:53:02.091000 dv-neutron-845689-1-hyperv devstack@n-api.service[102403]: [pid: 102403|app: 0|req: 1/1] 10.222.0.13 () {50 vars in 788 bytes} [Tue Jun 14 19:53:02 2022] GET /compute/v2.1/ => generated 388 bytes in 3 msecs (HTTP/1.1 200) 9 headers in 357 bytes (1 switches on core 0)
Jun 14 19:53:02.094662 dv-neutron-845689-1-hyperv devstack@n-api.service[102404]: WSGI app 0 (mountpoint='') ready in 6 seconds on interpreter 0x558caa4649c0 pid: 102404 (default app)
Jun 14 19:54:21.660313 dv-neutron-845689-1-hyperv devstack@n-api.service[102403]: DEBUG nova.api.openstack.wsgi [None req-d70dde01-66c2-48b1-9424-189878f89bdb None None] Calling method '>' {{(pid=102403) _process_stack /opt/stack/nova/nova/api/openstack/wsgi.py:513}}
Jun 14 19:54:21.661395 dv-neutron-845689-1-hyperv devstack@n-api.service[102403]: INFO nova.api.openstack.requestlog [None req-d70dde01-66c2-48b1-9424-189878f89bdb None None] 10.222.0.13 "GET /compute/v2.1" status: 200 len: 388 microversion: 2.1 time: 0.001479
Jun 14 19:54:21.661843 dv-neutron-845689-1-hyperv devstack@n-api.service[102403]: [pid: 102403|app: 0|req: 2/2] 10.222.0.13 () {54 vars in 930 bytes} [Tue Jun 14 19:54:21 2022] GET /compute/v2.1 => generated 388 bytes in 2 msecs (HTTP/1.1 200) 9 headers in 357 bytes (1 switches on core 0)
Jun 14 19:54:22.096043 dv-neutron-845689-1-hyperv devstack@n-api.service[102404]: DEBUG nova.api.openstack.wsgi [None req-c3cad44a-eb19-4d9e-b22c-d48696f92913 admin admin] Calling method '>' {{(pid=102404) _process_stack /opt/stack/nova/nova/api/openstack/wsgi.py:513}}
Jun 14 19:54:22.125328 dv-neutron-845689-1-hyperv devstack@n-api.service[102404]: INFO nova.api.openstack.requestlog [None req-c3cad44a-eb19-4d9e-b22c-d48696f92913 admin admin] 10.222.0.13 "GET /compute/v2.1/flavors/detail?is_public=True" status: 200 len: 15 microversion: 2.61 time: 0.455659
Jun 14 19:54:22.125981 dv-neutron-845689-1-hyperv devstack@n-api.service[102404]: [pid: 102404|app: 0|req: 1/3] 10.222.0.13 () {60 vars in 1291 bytes} [Tue Jun 14 19:54:21 2022] GET /compute/v2.1/flavors/detail?is_public=True => generated 15 bytes in 458 msecs (HTTP/1.1 200) 9 headers in 358 bytes (1 switches on core 0)
Jun 14 19:54:24.381936 dv-neutron-845689-1-hyperv devstack@n-api.service[102403]: DEBUG nova.api.openstack.wsgi [None req-d70dde01-66c2-48b1-9424-189878f89bdb None None] Calling method '>' {{(pid=102403) _process_stack /opt/stack/nova/nova/api/openstack/wsgi.py:513}}
Jun 14 19:54:24.382917 dv-neutron-845689-1-hyperv devstack@n-api.service[102403]: INFO nova.api.openstack.requestlog [None req-d70dde01-66c2-48b1-9424-189878f89bdb None None] 10.222.0.13 "GET /compute/v2.1" status: 200 len: 388 microversion: 2.1 time: 0.001400
Jun 14 19:54:24.383484 dv-neutron-845689-1-hyperv devstack@n-api.service[102403]: [pid: 102403|app: 0|req: 3/4] 10.222.0.13 () {54 vars in 930 bytes} [Tue Jun 14 19:54:24 2022] GET /compute/v2.1 => generated 388 bytes in 2 msecs (HTTP/1.1 200) 9 headers in 357 bytes (1 switches on core 0)
Jun 14 19:54:24.443307 dv-neutron-845689-1-hyperv devstack@n-api.service[102404]: DEBUG nova.api.openstack.wsgi [None req-6431bf31-10e6-4e2a-bda3-9f3148bea313 admin admin] Action: 'create', calling method: >, body: {"flavor": {"id": "c1", "os-flavor-access:is_public": true, "vcpus": 1, "swap": 0, "name": "cirros256", "disk": 1, "OS-FLV-EXT-DATA:ephemeral": 0, "ram": 256, "rxtx_factor": 1.0}} {{(pid=102404) _process_stack /opt/stack/nova/nova/api/openstack/wsgi.py:511}}
Jun 14 19:54:24.461249 dv-neutron-845689-1-hyperv devstack@n-api.service[102404]: /usr/local/lib/python3.8/dist-packages/oslo_policy/policy.py:1075: UserWarning: Policy os_compute_api:os-flavor-manage:create failed scope check. The token used to make the request was project scoped but the policy requires ['system'] scope. This behavior may change in the future where using the intended scope is required
Jun 14 19:54:24.461249 dv-neutron-845689-1-hyperv devstack@n-api.service[102404]: warnings.warn(msg)
Jun 14 19:54:24.489570 dv-neutron-845689-1-hyperv devstack@n-api.service[102404]: INFO nova.api.openstack.requestlog [None req-6431bf31-10e6-4e2a-bda3-9f3148bea313 admin admin] 10.222.0.13 "POST /compute/v2.1/flavors" status: 200 len: 407 microversion: 2.61 time: 0.099792
Jun 14 19:54:24.490322 dv-neutron-845689-1-hyperv devstack@n-api.service[102404]: [pid: 102404|app: 0|req: 2/5] 10.222.0.13 () {64 vars in 1282 bytes} [Tue Jun 14 19:54:24 2022] POST /compute/v2.1/flavors => generated 407 bytes in 101 msecs (HTTP/1.1 200) 9 headers in 359 bytes (1 switches on core 0)
Jun 14 19:54:24.708297 dv-neutron-845689-1-hyperv devstack@n-api.service[102403]: DEBUG nova.api.openstack.wsgi [None req-e7284c99-2648-46ad-a5db-6788c10b0952 admin admin] Action: 'create', calling method: >, body: {"extra_specs": {"hw_rng:allowed": "True"}} {{(pid=102403) _process_stack /opt/stack/nova/nova/api/openstack/wsgi.py:511}}
Jun 14 19:54:24.710672 dv-neutron-845689-1-hyperv devstack@n-api.service[102403]: /usr/local/lib/python3.8/dist-packages/oslo_policy/policy.py:1075: UserWarning: Policy os_compute_api:os-flavor-extra-specs:create failed scope check. The token used to make the request was project scoped but the policy requires ['system'] scope. This behavior may change in the future where using the intended scope is required
Jun 14 19:54:24.710672 dv-neutron-845689-1-hyperv devstack@n-api.service[102403]: warnings.warn(msg)
Jun 14 19:54:24.758573 dv-neutron-845689-1-hyperv devstack@n-api.service[102403]: INFO nova.api.openstack.requestlog [None req-e7284c99-2648-46ad-a5db-6788c10b0952 admin admin] 10.222.0.13 "POST /compute/v2.1/flavors/c1/os-extra_specs" status: 200 len: 43 microversion: 2.61 time: 0.259683
Jun 14 19:54:24.768736 dv-neutron-845689-1-hyperv devstack@n-api.service[102403]: [pid: 102403|app: 0|req: 4/6] 10.222.0.13 () {64 vars in 1335 bytes} [Tue Jun 14 19:54:24 2022] POST /compute/v2.1/flavors/c1/os-extra_specs => generated 43 bytes in 261 msecs (HTTP/1.1 200) 9 headers in 358 bytes (1 switches on core 0)
Jun 14 19:54:27.011925 dv-neutron-845689-1-hyperv devstack@n-api.service[102404]: DEBUG nova.api.openstack.wsgi [None req-6431bf31-10e6-4e2a-bda3-9f3148bea313 admin admin] Calling method '>' {{(pid=102404) _process_stack /opt/stack/nova/nova/api/openstack/wsgi.py:513}}
Jun 14 19:54:27.012986 dv-neutron-845689-1-hyperv devstack@n-api.service[102404]: INFO nova.api.openstack.requestlog [None req-6431bf31-10e6-4e2a-bda3-9f3148bea313 admin admin] 10.222.0.13 "GET /compute/v2.1" status: 200 len: 388 microversion: 2.1 time: 0.001432
Jun 14 19:54:27.013384 dv-neutron-845689-1-hyperv devstack@n-api.service[102404]: [pid: 102404|app: 0|req: 3/7] 10.222.0.13 () {54 vars in 930 bytes} [Tue Jun 14 19:54:27 2022] GET /compute/v2.1 => generated 388 bytes in 2 msecs (HTTP/1.1 200) 9 headers in 357 bytes (1 switches on core 0)
Jun 14 19:54:27.126350 dv-neutron-845689-1-hyperv devstack@n-api.service[102403]: DEBUG nova.api.openstack.wsgi [None req-c591fc9e-cb5e-46b6-9ae5-614a654926fd admin admin] Action: 'create', calling method: >, body: {"flavor": {"vcpus": 1, "disk": 5, "rxtx_factor": 1.0, "name": "ds512M", "OS-FLV-EXT-DATA:ephemeral": 0, "id": "d1", "ram": 512, "swap": 0, "os-flavor-access:is_public": true}} {{(pid=102403) _process_stack /opt/stack/nova/nova/api/openstack/wsgi.py:511}}
Jun 14 19:54:27.144171 dv-neutron-845689-1-hyperv devstack@n-api.service[102403]: /usr/local/lib/python3.8/dist-packages/oslo_policy/policy.py:1075: UserWarning: Policy os_compute_api:os-flavor-manage:create failed scope check. The token used to make the request was project scoped but the policy requires ['system'] scope. This behavior may change in the future where using the intended scope is required
Jun 14 19:54:27.144171 dv-neutron-845689-1-hyperv devstack@n-api.service[102403]: warnings.warn(msg)
Jun 14 19:54:27.162793 dv-neutron-845689-1-hyperv devstack@n-api.service[102403]: INFO nova.api.openstack.requestlog [None req-c591fc9e-cb5e-46b6-9ae5-614a654926fd admin admin] 10.222.0.13 "POST /compute/v2.1/flavors" status: 200 len: 404 microversion: 2.61 time: 0.142988
Jun 14 19:54:27.163346 dv-neutron-845689-1-hyperv devstack@n-api.service[102403]: [pid: 102403|app: 0|req: 5/8] 10.222.0.13 () {64 vars in 1282 bytes} [Tue Jun 14 19:54:27 2022] POST /compute/v2.1/flavors => generated 404 bytes in 144 msecs (HTTP/1.1 200) 9 headers in 359 bytes (1 switches on core 0)
Jun 14 19:54:27.176442 dv-neutron-845689-1-hyperv devstack@n-api.service[102404]: DEBUG nova.api.openstack.wsgi [None req-91ccbdd5-5440-4a74-9140-24f79ddc1aba admin admin] Action: 'create', calling method: >, body: {"extra_specs": {"hw_rng:allowed": "True"}} {{(pid=102404) _process_stack /opt/stack/nova/nova/api/openstack/wsgi.py:511}}
Jun 14 19:54:27.177882 dv-neutron-845689-1-hyperv devstack@n-api.service[102404]: /usr/local/lib/python3.8/dist-packages/oslo_policy/policy.py:1075: UserWarning: Policy os_compute_api:os-flavor-extra-specs:create failed scope check. The token used to make the request was project scoped but the policy requires ['system'] scope. This behavior may change in the future where using the intended scope is required
Jun 14 19:54:27.177882 dv-neutron-845689-1-hyperv devstack@n-api.service[102404]: warnings.warn(msg)
Jun 14 19:54:27.223127 dv-neutron-845689-1-hyperv devstack@n-api.service[102404]: INFO nova.api.openstack.requestlog [None req-91ccbdd5-5440-4a74-9140-24f79ddc1aba admin admin] 10.222.0.13 "POST /compute/v2.1/flavors/d1/os-extra_specs" status: 200 len: 43 microversion: 2.61 time: 0.051050
Jun 14 19:54:27.223982 dv-neutron-845689-1-hyperv devstack@n-api.service[102404]: [pid: 102404|app: 0|req: 4/9] 10.222.0.13 () {64 vars in 1335 bytes} [Tue Jun 14 19:54:27 2022] POST /compute/v2.1/flavors/d1/os-extra_specs => generated 43 bytes in 53 msecs (HTTP/1.1 200) 9 headers in 358 bytes (2 switches on core 0)
Jun 14 19:54:29.521211 dv-neutron-845689-1-hyperv devstack@n-api.service[102403]: DEBUG nova.api.openstack.wsgi [None req-c591fc9e-cb5e-46b6-9ae5-614a654926fd admin admin] Calling method '>' {{(pid=102403) _process_stack /opt/stack/nova/nova/api/openstack/wsgi.py:513}}
Jun 14 19:54:29.523111 dv-neutron-845689-1-hyperv devstack@n-api.service[102403]: INFO nova.api.openstack.requestlog [None req-c591fc9e-cb5e-46b6-9ae5-614a654926fd admin admin] 10.222.0.13 "GET /compute/v2.1" status: 200 len: 388 microversion: 2.1 time: 0.002925
Jun 14 19:54:29.523961 dv-neutron-845689-1-hyperv devstack@n-api.service[102403]: [pid: 102403|app: 0|req: 6/10] 10.222.0.13 () {54 vars in 930 bytes} [Tue Jun 14 19:54:29 2022] GET /compute/v2.1 => generated 388 bytes in 5 msecs (HTTP/1.1 200) 9 headers in 357 bytes (1 switches on core 0)
Jun 14 19:54:29.608466 dv-neutron-845689-1-hyperv devstack@n-api.service[102404]: DEBUG nova.api.openstack.wsgi [None req-8f684548-c6f4-4f29-9023-762e7587fa71 admin admin] Action: 'create', calling method: >, body: {"flavor": {"rxtx_factor": 1.0, "id": "d2", "name": "ds1G", "OS-FLV-EXT-DATA:ephemeral": 0, "vcpus": 1, "os-flavor-access:is_public": true, "ram": 1024, "disk": 10, "swap": 0}} {{(pid=102404) _process_stack /opt/stack/nova/nova/api/openstack/wsgi.py:511}}
Jun 14 19:54:29.656730 dv-neutron-845689-1-hyperv devstack@n-api.service[102404]: INFO nova.api.openstack.requestlog [None req-8f684548-c6f4-4f29-9023-762e7587fa71 admin admin] 10.222.0.13 "POST /compute/v2.1/flavors" status: 200 len: 404 microversion: 2.61 time: 0.120044
Jun 14 19:54:29.658193 dv-neutron-845689-1-hyperv devstack@n-api.service[102404]: [pid: 102404|app: 0|req: 5/11] 10.222.0.13 () {64 vars in 1282 bytes} [Tue Jun 14 19:54:29 2022] POST /compute/v2.1/flavors => generated 404 bytes in 128 msecs (HTTP/1.1 200) 9 headers in 359 bytes (1 switches on core 0)
Jun 14 19:54:29.673270 dv-neutron-845689-1-hyperv devstack@n-api.service[102403]: DEBUG nova.api.openstack.wsgi [None req-a6eed705-3ac3-4577-82d4-585d89b07f88 admin admin] Action: 'create', calling method: >, body: {"extra_specs": {"hw_rng:allowed": "True"}} {{(pid=102403) _process_stack /opt/stack/nova/nova/api/openstack/wsgi.py:511}}
Jun 14 19:54:29.698395 dv-neutron-845689-1-hyperv devstack@n-api.service[102403]: INFO nova.api.openstack.requestlog [None req-a6eed705-3ac3-4577-82d4-585d89b07f88 admin admin] 10.222.0.13 "POST /compute/v2.1/flavors/d2/os-extra_specs" status: 200 len: 43 microversion: 2.61 time: 0.029959
Jun 14 19:54:29.699780 dv-neutron-845689-1-hyperv devstack@n-api.service[102403]: [pid: 102403|app: 0|req: 7/12] 10.222.0.13 () {64 vars in 1335 bytes} [Tue Jun 14 19:54:29 2022] POST /compute/v2.1/flavors/d2/os-extra_specs => generated 43 bytes in 32 msecs (HTTP/1.1 200) 9 headers in 358 bytes (1 switches on core 0)
Jun 14 19:54:32.134692 dv-neutron-845689-1-hyperv devstack@n-api.service[102404]: DEBUG nova.api.openstack.wsgi [None req-8f684548-c6f4-4f29-9023-762e7587fa71 admin admin] Calling method '>' {{(pid=102404) _process_stack /opt/stack/nova/nova/api/openstack/wsgi.py:513}}
Jun 14 19:54:32.136315 dv-neutron-845689-1-hyperv devstack@n-api.service[102404]: INFO nova.api.openstack.requestlog [None req-8f684548-c6f4-4f29-9023-762e7587fa71 admin admin] 10.222.0.13 "GET /compute/v2.1" status: 200 len: 388 microversion: 2.1 time: 0.002051
Jun 14 19:54:32.137204 dv-neutron-845689-1-hyperv devstack@n-api.service[102404]: [pid: 102404|app: 0|req: 6/13] 10.222.0.13 () {54 vars in 930 bytes} [Tue Jun 14 19:54:32 2022] GET /compute/v2.1 => generated 388 bytes in 3 msecs (HTTP/1.1 200) 9 headers in 357 bytes (1 switches on core 0)
Jun 14 19:54:32.199616 dv-neutron-845689-1-hyperv devstack@n-api.service[102403]: DEBUG nova.api.openstack.wsgi [None req-bef0cbb6-7034-4d37-aeec-c02771c98364 admin admin] Action: 'create', calling method: >, body: {"flavor": {"os-flavor-access:is_public": true, "id": "d3", "disk": 10, "vcpus": 2, "rxtx_factor": 1.0, "ram": 2048, "swap": 0, "OS-FLV-EXT-DATA:ephemeral": 0, "name": "ds2G"}} {{(pid=102403) _process_stack /opt/stack/nova/nova/api/openstack/wsgi.py:511}}
Jun 14 19:54:32.222614 dv-neutron-845689-1-hyperv devstack@n-api.service[102403]: INFO nova.api.openstack.requestlog [None req-bef0cbb6-7034-4d37-aeec-c02771c98364 admin admin] 10.222.0.13 "POST /compute/v2.1/flavors" status: 200 len: 404 microversion: 2.61 time: 0.078293
Jun 14 19:54:32.224063 dv-neutron-845689-1-hyperv devstack@n-api.service[102403]: [pid: 102403|app: 0|req: 8/14] 10.222.0.13 () {64 vars in 1282 bytes} [Tue Jun 14 19:54:32 2022] POST /compute/v2.1/flavors => generated 404 bytes in 80 msecs (HTTP/1.1 200) 9 headers in 359 bytes (1 switches on core 0)
Jun 14 19:54:32.236021 dv-neutron-845689-1-hyperv devstack@n-api.service[102404]: DEBUG nova.api.openstack.wsgi [None req-12c44560-b970-4898-a7c3-76387a454480 admin admin] Action: 'create', calling method: >, body: {"extra_specs": {"hw_rng:allowed": "True"}} {{(pid=102404) _process_stack /opt/stack/nova/nova/api/openstack/wsgi.py:511}}
Jun 14 19:54:32.260249 dv-neutron-845689-1-hyperv devstack@n-api.service[102404]: INFO nova.api.openstack.requestlog [None req-12c44560-b970-4898-a7c3-76387a454480 admin admin] 10.222.0.13 "POST /compute/v2.1/flavors/d3/os-extra_specs" status: 200 len: 43 microversion: 2.61 time: 0.027648
Jun 14 19:54:32.270365 dv-neutron-845689-1-hyperv devstack@n-api.service[102404]: [pid: 102404|app: 0|req: 7/15] 10.222.0.13 () {64 vars in 1335 bytes} [Tue Jun 14 19:54:32 2022] POST /compute/v2.1/flavors/d3/os-extra_specs => generated 43 bytes in 39 msecs (HTTP/1.1 200) 9 headers in 358 bytes (1 switches on core 0)
Jun 14 19:54:34.708693 dv-neutron-845689-1-hyperv devstack@n-api.service[102403]: DEBUG nova.api.openstack.wsgi [None req-bef0cbb6-7034-4d37-aeec-c02771c98364 admin admin] Calling method '>' {{(pid=102403) _process_stack /opt/stack/nova/nova/api/openstack/wsgi.py:513}}
Jun 14 19:54:34.711703 dv-neutron-845689-1-hyperv devstack@n-api.service[102403]: INFO nova.api.openstack.requestlog [None req-bef0cbb6-7034-4d37-aeec-c02771c98364 admin admin] 10.222.0.13 "GET /compute/v2.1" status: 200 len: 388 microversion: 2.1 time: 0.002936
Jun 14 19:54:34.712557 dv-neutron-845689-1-hyperv devstack@n-api.service[102403]: [pid: 102403|app: 0|req: 9/16] 10.222.0.13 () {54 vars in 930 bytes} [Tue Jun 14 19:54:34 2022] GET /compute/v2.1 => generated 388 bytes in 5 msecs (HTTP/1.1 200) 9 headers in 357 bytes (1 switches on core 0)
Jun 14 19:54:34.791029 dv-neutron-845689-1-hyperv devstack@n-api.service[102404]: DEBUG nova.api.openstack.wsgi [None req-93777863-5fc7-49fe-901a-c12ac64a9f7a admin admin] Action: 'create', calling method: >, body: {"flavor": {"os-flavor-access:is_public": true, "vcpus": 4, "id": "d4", "swap": 0, "OS-FLV-EXT-DATA:ephemeral": 0, "rxtx_factor": 1.0, "disk": 20, "ram": 4096, "name": "ds4G"}} {{(pid=102404) _process_stack /opt/stack/nova/nova/api/openstack/wsgi.py:511}}
Jun 14 19:54:34.817949 dv-neutron-845689-1-hyperv devstack@n-api.service[102404]: INFO nova.api.openstack.requestlog [None req-93777863-5fc7-49fe-901a-c12ac64a9f7a admin admin] 10.222.0.13 "POST /compute/v2.1/flavors" status: 200 len: 404 microversion: 2.61 time: 0.095962
Jun 14 19:54:34.818799 dv-neutron-845689-1-hyperv devstack@n-api.service[102404]: [pid: 102404|app: 0|req: 8/17] 10.222.0.13 () {64 vars in 1282 bytes} [Tue Jun 14 19:54:34 2022] POST /compute/v2.1/flavors => generated 404 bytes in 97 msecs (HTTP/1.1 200) 9 headers in 359 bytes (1 switches on core 0)
Jun 14 19:54:34.836934 dv-neutron-845689-1-hyperv devstack@n-api.service[102403]: DEBUG nova.api.openstack.wsgi [None req-b1469c42-98fd-4dd5-b445-6a3d670f011b admin admin] Action: 'create', calling method: >, body: {"extra_specs": {"hw_rng:allowed": "True"}} {{(pid=102403) _process_stack /opt/stack/nova/nova/api/openstack/wsgi.py:511}}
Jun 14 19:54:34.875364 dv-neutron-845689-1-hyperv devstack@n-api.service[102403]: INFO nova.api.openstack.requestlog [None req-b1469c42-98fd-4dd5-b445-6a3d670f011b admin admin] 10.222.0.13 "POST /compute/v2.1/flavors/d4/os-extra_specs" status: 200 len: 43 microversion: 2.61 time: 0.042093
Jun 14 19:54:34.881771 dv-neutron-845689-1-hyperv devstack@n-api.service[102403]: [pid: 102403|app: 0|req: 10/18] 10.222.0.13 () {64 vars in 1335 bytes} [Tue Jun 14 19:54:34 2022] POST /compute/v2.1/flavors/d4/os-extra_specs => generated 43 bytes in 45 msecs (HTTP/1.1 200) 9 headers in 358 bytes (1 switches on core 0)
Jun 14 19:54:37.247135 dv-neutron-845689-1-hyperv devstack@n-api.service[102404]: DEBUG nova.api.openstack.wsgi [None req-93777863-5fc7-49fe-901a-c12ac64a9f7a admin admin] Calling method '>' {{(pid=102404) _process_stack /opt/stack/nova/nova/api/openstack/wsgi.py:513}}
Jun 14 19:54:37.248143 dv-neutron-845689-1-hyperv devstack@n-api.service[102404]: INFO nova.api.openstack.requestlog [None req-93777863-5fc7-49fe-901a-c12ac64a9f7a admin admin] 10.222.0.13 "GET /compute/v2.1" status: 200 len: 388 microversion: 2.1 time: 0.001414
Jun 14 19:54:37.248536 dv-neutron-845689-1-hyperv devstack@n-api.service[102404]: [pid: 102404|app: 0|req: 9/19] 10.222.0.13 () {54 vars in 930 bytes} [Tue Jun 14 19:54:37 2022] GET /compute/v2.1 => generated 388 bytes in 2 msecs (HTTP/1.1 200) 9 headers in 357 bytes (1 switches on core 0)
Jun 14 19:54:37.339588 dv-neutron-845689-1-hyperv devstack@n-api.service[102403]: DEBUG nova.api.openstack.wsgi [None req-47d2ff60-98a0-482e-ad07-c55495b44583 admin admin] Calling method '>' {{(pid=102403) _process_stack /opt/stack/nova/nova/api/openstack/wsgi.py:513}}
Jun 14 19:54:37.368847 dv-neutron-845689-1-hyperv devstack@n-api.service[102403]: INFO nova.api.openstack.requestlog [None req-47d2ff60-98a0-482e-ad07-c55495b44583 admin admin] 10.222.0.13 "GET /compute/v2.1/flavors/detail?is_public=True" status: 200 len: 2106 microversion: 2.61 time: 0.112993
Jun 14 19:54:37.387663 dv-neutron-845689-1-hyperv devstack@n-api.service[102403]: [pid: 102403|app: 0|req: 11/20] 10.222.0.13 () {60 vars in 1291 bytes} [Tue Jun 14 19:54:37 2022] GET /compute/v2.1/flavors/detail?is_public=True => generated 2106 bytes in 133 msecs (HTTP/1.1 200) 9 headers in 360 bytes (1 switches on core 0)
Jun 14 19:54:39.691886 dv-neutron-845689-1-hyperv devstack@n-api.service[102404]: DEBUG nova.api.openstack.wsgi [None req-93777863-5fc7-49fe-901a-c12ac64a9f7a admin admin] Calling method '>' {{(pid=102404) _process_stack /opt/stack/nova/nova/api/openstack/wsgi.py:513}}
Jun 14 19:54:39.692927 dv-neutron-845689-1-hyperv devstack@n-api.service[102404]: INFO nova.api.openstack.requestlog [None req-93777863-5fc7-49fe-901a-c12ac64a9f7a admin admin] 10.222.0.13 "GET /compute/v2.1" status: 200 len: 388 microversion: 2.1 time: 0.001422
Jun 14 19:54:39.693481 dv-neutron-845689-1-hyperv devstack@n-api.service[102404]: [pid: 102404|app: 0|req: 10/21] 10.222.0.13 () {54 vars in 930 bytes} [Tue Jun 14 19:54:39 2022] GET /compute/v2.1 => generated 388 bytes in 2 msecs (HTTP/1.1 200) 9 headers in 357 bytes (1 switches on core 0)
Jun 14 19:54:39.751125 dv-neutron-845689-1-hyperv devstack@n-api.service[102403]: DEBUG nova.api.openstack.wsgi [None req-e3301742-41ab-4505-9b9b-69f04a5a6623 admin admin] Action: 'create', calling method: >, body: {"flavor": {"disk": 1, "id": "1", "swap": 0, "rxtx_factor": 1.0, "ram": 512, "OS-FLV-EXT-DATA:ephemeral": 0, "vcpus": 1, "os-flavor-access:is_public": true, "name": "m1.tiny"}} {{(pid=102403) _process_stack /opt/stack/nova/nova/api/openstack/wsgi.py:511}}
Jun 14 19:54:39.770281 dv-neutron-845689-1-hyperv devstack@n-api.service[102403]: INFO nova.api.openstack.requestlog [None req-e3301742-41ab-4505-9b9b-69f04a5a6623 admin admin] 10.222.0.13 "POST /compute/v2.1/flavors" status: 200 len: 402 microversion: 2.61 time: 0.070409
Jun 14 19:54:39.770980 dv-neutron-845689-1-hyperv devstack@n-api.service[102403]: [pid: 102403|app: 0|req: 12/22] 10.222.0.13 () {64 vars in 1282 bytes} [Tue Jun 14 19:54:39 2022] POST /compute/v2.1/flavors => generated 402 bytes in 72 msecs (HTTP/1.1 200) 9 headers in 359 bytes (1 switches on core 0)
Jun 14 19:54:39.784727 dv-neutron-845689-1-hyperv devstack@n-api.service[102404]: DEBUG nova.api.openstack.wsgi [None req-c771d2da-f105-447d-bb9a-08f45f269b0a admin admin] Action: 'create', calling method: >, body: {"extra_specs": {"hw_rng:allowed": "True"}} {{(pid=102404) _process_stack /opt/stack/nova/nova/api/openstack/wsgi.py:511}}
Jun 14 19:54:39.811915 dv-neutron-845689-1-hyperv devstack@n-api.service[102404]: INFO nova.api.openstack.requestlog [None req-c771d2da-f105-447d-bb9a-08f45f269b0a admin admin] 10.222.0.13 "POST /compute/v2.1/flavors/1/os-extra_specs" status: 200 len: 43 microversion: 2.61 time: 0.031670
Jun 14 19:54:39.813380 dv-neutron-845689-1-hyperv devstack@n-api.service[102404]: [pid: 102404|app: 0|req: 11/23] 10.222.0.13 () {64 vars in 1332 bytes} [Tue Jun 14 19:54:39 2022] POST /compute/v2.1/flavors/1/os-extra_specs => generated 43 bytes in 34 msecs (HTTP/1.1 200) 9 headers in 358 bytes (1 switches on core 0)
Jun 14 19:54:42.075718 dv-neutron-845689-1-hyperv devstack@n-api.service[102403]: DEBUG nova.api.openstack.wsgi [None req-e3301742-41ab-4505-9b9b-69f04a5a6623 admin admin] Calling method '>' {{(pid=102403) _process_stack /opt/stack/nova/nova/api/openstack/wsgi.py:513}}
Jun 14 19:54:42.076856 dv-neutron-845689-1-hyperv devstack@n-api.service[102403]: INFO nova.api.openstack.requestlog [None req-e3301742-41ab-4505-9b9b-69f04a5a6623 admin admin] 10.222.0.13 "GET /compute/v2.1" status: 200 len: 388 microversion: 2.1 time: 0.001524
Jun 14 19:54:42.077248 dv-neutron-845689-1-hyperv devstack@n-api.service[102403]: [pid: 102403|app: 0|req: 13/24] 10.222.0.13 () {54 vars in 930 bytes} [Tue Jun 14 19:54:42 2022] GET /compute/v2.1 => generated 388 bytes in 2 msecs (HTTP/1.1 200) 9 headers in 357 bytes (1 switches on core 0)
Jun 14 19:54:42.139393 dv-neutron-845689-1-hyperv devstack@n-api.service[102404]: DEBUG nova.api.openstack.wsgi [None req-d83fd388-5228-4562-96ea-eb66237266d3 admin admin] Action: 'create', calling method: >, body: {"flavor": {"swap": 0, "os-flavor-access:is_public": true, "vcpus": 1, "OS-FLV-EXT-DATA:ephemeral": 0, "id": "2", "rxtx_factor": 1.0, "ram": 2048, "disk": 20, "name": "m1.small"}} {{(pid=102404) _process_stack /opt/stack/nova/nova/api/openstack/wsgi.py:511}}
Jun 14 19:54:42.157592 dv-neutron-845689-1-hyperv devstack@n-api.service[102404]: INFO nova.api.openstack.requestlog [None req-d83fd388-5228-4562-96ea-eb66237266d3 admin admin] 10.222.0.13 "POST /compute/v2.1/flavors" status: 200 len: 405 microversion: 2.61 time: 0.073861
Jun 14 19:54:42.158152 dv-neutron-845689-1-hyperv devstack@n-api.service[102404]: [pid: 102404|app: 0|req: 12/25] 10.222.0.13 () {64 vars in 1282 bytes} [Tue Jun 14 19:54:42 2022] POST /compute/v2.1/flavors => generated 405 bytes in 75 msecs (HTTP/1.1 200) 9 headers in 359 bytes (2 switches on core 0)
Jun 14 19:54:42.170242 dv-neutron-845689-1-hyperv devstack@n-api.service[102403]: DEBUG nova.api.openstack.wsgi [None req-7b6aa846-1bd1-4bf3-a37a-c8444cdf992d admin admin] Action: 'create', calling method: >, body: {"extra_specs": {"hw_rng:allowed": "True"}} {{(pid=102403) _process_stack /opt/stack/nova/nova/api/openstack/wsgi.py:511}}
Jun 14 19:54:42.195349 dv-neutron-845689-1-hyperv devstack@n-api.service[102403]: INFO nova.api.openstack.requestlog [None req-7b6aa846-1bd1-4bf3-a37a-c8444cdf992d admin admin] 10.222.0.13 "POST /compute/v2.1/flavors/2/os-extra_specs" status: 200 len: 43 microversion: 2.61 time: 0.028267
Jun 14 19:54:42.196007 dv-neutron-845689-1-hyperv devstack@n-api.service[102403]: [pid: 102403|app: 0|req: 14/26] 10.222.0.13 () {64 vars in 1332 bytes} [Tue Jun 14 19:54:42 2022] POST /compute/v2.1/flavors/2/os-extra_specs => generated 43 bytes in 30 msecs (HTTP/1.1 200) 9 headers in 358 bytes (2 switches on core 0)
Jun 14 19:54:45.056106 dv-neutron-845689-1-hyperv devstack@n-api.service[102404]: DEBUG nova.api.openstack.wsgi [None req-d83fd388-5228-4562-96ea-eb66237266d3 admin admin] Calling method '>' {{(pid=102404) _process_stack /opt/stack/nova/nova/api/openstack/wsgi.py:513}}
Jun 14 19:54:45.057152 dv-neutron-845689-1-hyperv devstack@n-api.service[102404]: INFO nova.api.openstack.requestlog [None req-d83fd388-5228-4562-96ea-eb66237266d3 admin admin] 10.222.0.13 "GET /compute/v2.1" status: 200 len: 388 microversion: 2.1 time: 0.001473
Jun 14 19:54:45.057559 dv-neutron-845689-1-hyperv devstack@n-api.service[102404]: [pid: 102404|app: 0|req: 13/27] 10.222.0.13 () {54 vars in 930 bytes} [Tue Jun 14 19:54:45 2022] GET /compute/v2.1 => generated 388 bytes in 2 msecs (HTTP/1.1 200) 9 headers in 357 bytes (2 switches on core 0)
Jun 14 19:54:45.125094 dv-neutron-845689-1-hyperv devstack@n-api.service[102403]: DEBUG nova.api.openstack.wsgi [None req-68ec2023-eeb8-41dc-99be-c303d9ddfbc2 admin admin] Action: 'create', calling method: >, body: {"flavor": {"name": "m1.medium", "OS-FLV-EXT-DATA:ephemeral": 0, "os-flavor-access:is_public": true, "swap": 0, "id": "3", "vcpus": 2, "ram": 4096, "disk": 40, "rxtx_factor": 1.0}} {{(pid=102403) _process_stack /opt/stack/nova/nova/api/openstack/wsgi.py:511}}
Jun 14 19:54:45.145990 dv-neutron-845689-1-hyperv devstack@n-api.service[102403]: INFO nova.api.openstack.requestlog [None req-68ec2023-eeb8-41dc-99be-c303d9ddfbc2 admin admin] 10.222.0.13 "POST /compute/v2.1/flavors" status: 200 len: 406 microversion: 2.61 time: 0.081806
Jun 14 19:54:45.146508 dv-neutron-845689-1-hyperv devstack@n-api.service[102403]: [pid: 102403|app: 0|req: 15/28] 10.222.0.13 () {64 vars in 1282 bytes} [Tue Jun 14 19:54:45 2022] POST /compute/v2.1/flavors => generated 406 bytes in 83 msecs (HTTP/1.1 200) 9 headers in 359 bytes (1 switches on core 0)
Jun 14 19:54:45.159468 dv-neutron-845689-1-hyperv devstack@n-api.service[102404]: DEBUG nova.api.openstack.wsgi [None req-61b1c4b3-f149-49af-acd8-c80b089a49c6 admin admin] Action: 'create', calling method: >, body: {"extra_specs": {"hw_rng:allowed": "True"}} {{(pid=102404) _process_stack /opt/stack/nova/nova/api/openstack/wsgi.py:511}}
Jun 14 19:54:45.181875 dv-neutron-845689-1-hyperv devstack@n-api.service[102404]: INFO nova.api.openstack.requestlog [None req-61b1c4b3-f149-49af-acd8-c80b089a49c6 admin admin] 10.222.0.13 "POST /compute/v2.1/flavors/3/os-extra_specs" status: 200 len: 43 microversion: 2.61 time: 0.026615
Jun 14 19:54:45.182358 dv-neutron-845689-1-hyperv devstack@n-api.service[102404]: [pid: 102404|app: 0|req: 14/29] 10.222.0.13 () {64 vars in 1332 bytes} [Tue Jun 14 19:54:45 2022] POST /compute/v2.1/flavors/3/os-extra_specs => generated 43 bytes in 28 msecs (HTTP/1.1 200) 9 headers in 358 bytes (2 switches on core 0)
Jun 14 19:54:47.709930 dv-neutron-845689-1-hyperv devstack@n-api.service[102403]: DEBUG nova.api.openstack.wsgi [None req-68ec2023-eeb8-41dc-99be-c303d9ddfbc2 admin admin] Calling method '>' {{(pid=102403) _process_stack /opt/stack/nova/nova/api/openstack/wsgi.py:513}}
Jun 14 19:54:47.711567 dv-neutron-845689-1-hyperv devstack@n-api.service[102403]: INFO nova.api.openstack.requestlog [None req-68ec2023-eeb8-41dc-99be-c303d9ddfbc2 admin admin] 10.222.0.13 "GET /compute/v2.1" status: 200 len: 388 microversion: 2.1 time: 0.002052
Jun 14 19:54:47.711964 dv-neutron-845689-1-hyperv devstack@n-api.service[102403]: [pid: 102403|app: 0|req: 16/30] 10.222.0.13 () {54 vars in 930 bytes} [Tue Jun 14 19:54:47 2022] GET /compute/v2.1 => generated 388 bytes in 3 msecs (HTTP/1.1 200) 9 headers in 357 bytes (1 switches on core 0)
Jun 14 19:54:47.770769 dv-neutron-845689-1-hyperv devstack@n-api.service[102404]: DEBUG nova.api.openstack.wsgi [None req-d45ce462-b65c-4c11-9c0d-97a8c160a4e6 admin admin] Action: 'create', calling method: >, body: {"flavor": {"OS-FLV-EXT-DATA:ephemeral": 0, "os-flavor-access:is_public": true, "rxtx_factor": 1.0, "vcpus": 4, "disk": 80, "swap": 0, "ram": 8192, "id": "4", "name": "m1.large"}} {{(pid=102404) _process_stack /opt/stack/nova/nova/api/openstack/wsgi.py:511}}
Jun 14 19:54:47.788529 dv-neutron-845689-1-hyperv devstack@n-api.service[102404]: INFO nova.api.openstack.requestlog [None req-d45ce462-b65c-4c11-9c0d-97a8c160a4e6 admin admin] 10.222.0.13 "POST /compute/v2.1/flavors" status: 200 len: 405 microversion: 2.61 time: 0.070254
Jun 14 19:54:47.789097 dv-neutron-845689-1-hyperv devstack@n-api.service[102404]: [pid: 102404|app: 0|req: 15/31] 10.222.0.13 () {64 vars in 1282 bytes} [Tue Jun 14 19:54:47 2022] POST /compute/v2.1/flavors => generated 405 bytes in 71 msecs (HTTP/1.1 200) 9 headers in 359 bytes (2 switches on core 0)
Jun 14 19:54:47.801659 dv-neutron-845689-1-hyperv devstack@n-api.service[102403]: DEBUG nova.api.openstack.wsgi [None req-4c412a2a-5f94-4154-9e47-7e46a18a1359 admin admin] Action: 'create', calling method: >, body: {"extra_specs": {"hw_rng:allowed": "True"}} {{(pid=102403) _process_stack /opt/stack/nova/nova/api/openstack/wsgi.py:511}}
Jun 14 19:54:47.823505 dv-neutron-845689-1-hyperv devstack@n-api.service[102403]: INFO nova.api.openstack.requestlog [None req-4c412a2a-5f94-4154-9e47-7e46a18a1359 admin admin] 10.222.0.13 "POST /compute/v2.1/flavors/4/os-extra_specs" status: 200 len: 43 microversion: 2.61 time: 0.025513
Jun 14 19:54:47.824217 dv-neutron-845689-1-hyperv devstack@n-api.service[102403]: [pid: 102403|app: 0|req: 17/32] 10.222.0.13 () {64 vars in 1332 bytes} [Tue Jun 14 19:54:47 2022] POST /compute/v2.1/flavors/4/os-extra_specs => generated 43 bytes in 27 msecs (HTTP/1.1 200) 9 headers in 358 bytes (1 switches on core 0)
Jun 14 19:54:50.049338 dv-neutron-845689-1-hyperv devstack@n-api.service[102404]: DEBUG nova.api.openstack.wsgi [None req-d45ce462-b65c-4c11-9c0d-97a8c160a4e6 admin admin] Calling method '>' {{(pid=102404) _process_stack /opt/stack/nova/nova/api/openstack/wsgi.py:513}}
Jun 14 19:54:50.050340 dv-neutron-845689-1-hyperv devstack@n-api.service[102404]: INFO nova.api.openstack.requestlog [None req-d45ce462-b65c-4c11-9c0d-97a8c160a4e6 admin admin] 10.222.0.13 "GET /compute/v2.1" status: 200 len: 388 microversion: 2.1 time: 0.001477
Jun 14 19:54:50.050883 dv-neutron-845689-1-hyperv devstack@n-api.service[102404]: [pid: 102404|app: 0|req: 16/33] 10.222.0.13 () {54 vars in 930 bytes} [Tue Jun 14 19:54:50 2022] GET /compute/v2.1 => generated 388 bytes in 2 msecs (HTTP/1.1 200) 9 headers in 357 bytes (1 switches on core 0)
Jun 14 19:54:50.109600 dv-neutron-845689-1-hyperv devstack@n-api.service[102403]: DEBUG nova.api.openstack.wsgi [None req-124408c9-f9c1-49ad-ae6e-14d7b04ad41f admin admin] Action: 'create', calling method: >, body: {"flavor": {"ram": 16384, "os-flavor-access:is_public": true, "swap": 0, "OS-FLV-EXT-DATA:ephemeral": 0, "vcpus": 8, "disk": 160, "id": "5", "name": "m1.xlarge", "rxtx_factor": 1.0}} {{(pid=102403) _process_stack /opt/stack/nova/nova/api/openstack/wsgi.py:511}}
Jun 14 19:54:50.128556 dv-neutron-845689-1-hyperv devstack@n-api.service[102403]: INFO nova.api.openstack.requestlog [None req-124408c9-f9c1-49ad-ae6e-14d7b04ad41f admin admin] 10.222.0.13 "POST /compute/v2.1/flavors" status: 200 len: 408 microversion: 2.61 time: 0.071485
Jun 14 19:54:50.129145 dv-neutron-845689-1-hyperv devstack@n-api.service[102403]: [pid: 102403|app: 0|req: 18/34] 10.222.0.13 () {64 vars in 1282 bytes} [Tue Jun 14 19:54:50 2022] POST /compute/v2.1/flavors => generated 408 bytes in 73 msecs (HTTP/1.1 200) 9 headers in 359 bytes (2 switches on core 0)
Jun 14 19:54:50.142328 dv-neutron-845689-1-hyperv devstack@n-api.service[102404]: DEBUG nova.api.openstack.wsgi [None req-694192f5-2f2e-439f-80b8-7908fae9e184 admin admin] Action: 'create', calling method: >, body: {"extra_specs": {"hw_rng:allowed": "True"}} {{(pid=102404) _process_stack /opt/stack/nova/nova/api/openstack/wsgi.py:511}}
Jun 14 19:54:50.166844 dv-neutron-845689-1-hyperv devstack@n-api.service[102404]: INFO nova.api.openstack.requestlog [None req-694192f5-2f2e-439f-80b8-7908fae9e184 admin admin] 10.222.0.13 "POST /compute/v2.1/flavors/5/os-extra_specs" status: 200 len: 43 microversion: 2.61 time: 0.028737
Jun 14 19:54:50.167695 dv-neutron-845689-1-hyperv devstack@n-api.service[102404]: [pid: 102404|app: 0|req: 17/35] 10.222.0.13 () {64 vars in 1332 bytes} [Tue Jun 14 19:54:50 2022] POST /compute/v2.1/flavors/5/os-extra_specs => generated 43 bytes in 30 msecs (HTTP/1.1 200) 9 headers in 358 bytes (1 switches on core 0)
Jun 14 19:55:32.287154 dv-neutron-845689-1-hyperv devstack@n-api.service[102403]: DEBUG nova.api.openstack.wsgi [None req-124408c9-f9c1-49ad-ae6e-14d7b04ad41f admin admin] Calling method '>' {{(pid=102403) _process_stack /opt/stack/nova/nova/api/openstack/wsgi.py:513}}
Jun 14 19:55:32.288148 dv-neutron-845689-1-hyperv devstack@n-api.service[102403]: INFO nova.api.openstack.requestlog [None req-124408c9-f9c1-49ad-ae6e-14d7b04ad41f admin admin] 10.222.0.13 "GET /compute/v2.1" status: 200 len: 388 microversion: 2.1 time: 0.001400
Jun 14 19:55:32.288533 dv-neutron-845689-1-hyperv devstack@n-api.service[102403]: [pid: 102403|app: 0|req: 19/36] 10.222.0.13 () {54 vars in 930 bytes} [Tue Jun 14 19:55:32 2022] GET /compute/v2.1 => generated 388 bytes in 2 msecs (HTTP/1.1 200) 9 headers in 357 bytes (1 switches on core 0)
Jun 14 19:55:32.345458 dv-neutron-845689-1-hyperv devstack@n-api.service[102404]: DEBUG nova.api.openstack.wsgi [None req-1aa91ed5-f4dc-4b6c-94d6-2c2b70fdab71 admin admin] Calling method '>' {{(pid=102404) _process_stack /opt/stack/nova/nova/api/openstack/wsgi.py:513}}
Jun 14 19:55:32.362260 dv-neutron-845689-1-hyperv devstack@n-api.service[102404]: INFO nova.api.openstack.requestlog [None req-1aa91ed5-f4dc-4b6c-94d6-2c2b70fdab71 admin admin] 10.222.0.13 "GET /compute/v2.1/flavors/detail?is_public=True" status: 200 len: 4202 microversion: 2.61 time: 0.067271
Jun 14 19:55:32.362775 dv-neutron-845689-1-hyperv devstack@n-api.service[102404]: [pid: 102404|app: 0|req: 18/37] 10.222.0.13 () {60 vars in 1291 bytes} [Tue Jun 14 19:55:32 2022] GET /compute/v2.1/flavors/detail?is_public=True => generated 4202 bytes in 68 msecs (HTTP/1.1 200) 9 headers in 360 bytes (1 switches on core 0)
