Jun 14 16:21:13.828866 dv-neutron-845556-2-hyperv neutron-server[88865]: DEBUG neutron.wsgi [-] (88865) accepted ('10.222.0.46', 39954) {{(pid=88865) server /usr/local/lib/python3.8/dist-packages/eventlet/wsgi.py:992}}
Jun 14 16:21:13.838527 dv-neutron-845556-2-hyperv neutron-server[88865]: DEBUG neutron.wsgi [None req-10384e89-51f1-40e6-b867-81a3e04f8f59 tempest-ExtensionsTestJSON-219578693 tempest-ExtensionsTestJSON-219578693-project] http://10.222.0.46:9696/v2.0/extensions/binding-extended returned with HTTP 200 {{(pid=88865) __call__ /opt/stack/neutron/neutron/wsgi.py:729}}
Jun 14 16:21:13.842932 dv-neutron-845556-2-hyperv neutron-server[88865]: INFO neutron.wsgi [None req-10384e89-51f1-40e6-b867-81a3e04f8f59 tempest-ExtensionsTestJSON-219578693 tempest-ExtensionsTestJSON-219578693-project] 10.222.0.46 "GET /v2.0/extensions/binding-extended HTTP/1.1" status: 200 len: 406 time: 0.0101180
Jun 14 16:21:13.844277 dv-neutron-845556-2-hyperv neutron-server[88865]: DEBUG neutron.scheduler.dhcp_agent_scheduler [None req-aa178f59-4122-4e44-b10b-cbf4afa07dd8 admin admin] Network ee326878-bbcf-418f-84ca-f44014a68eaf is scheduled to be hosted by DHCP agent 1483510d-459f-456e-bab1-f15619c93299 with binding_index 1 {{(pid=88865) bind /opt/stack/neutron/neutron/scheduler/dhcp_agent_scheduler.py:227}}
Jun 14 16:21:13.850523 dv-neutron-845556-2-hyperv neutron-server[88865]: DEBUG neutron.wsgi [-] (88865) accepted ('10.222.0.46', 39958) {{(pid=88865) server /usr/local/lib/python3.8/dist-packages/eventlet/wsgi.py:992}}
Jun 14 16:21:13.852678 dv-neutron-845556-2-hyperv neutron-server[88865]: DEBUG neutron.api.rpc.handlers.resources_rpc [None req-aa178f59-4122-4e44-b10b-cbf4afa07dd8 admin admin] Pushing event updated for resources: {'Subnet': ['ID=41804a92-125b-4f25-8b12-2039e8d81282,revision_number=0']} {{(pid=88865) push /opt/stack/neutron/neutron/api/rpc/handlers/resources_rpc.py:237}}
Jun 14 16:21:13.867095 dv-neutron-845556-2-hyperv neutron-server[88865]: DEBUG neutron.wsgi [None req-aba33748-1e1c-4ad1-87cc-6f4b19e5166d tempest-ExtensionsTestJSON-219578693 tempest-ExtensionsTestJSON-219578693-project] http://10.222.0.46:9696/v2.0/extensions/port-security returned with HTTP 200 {{(pid=88865) __call__ /opt/stack/neutron/neutron/wsgi.py:729}}
Jun 14 16:21:13.872927 dv-neutron-845556-2-hyperv neutron-server[88865]: INFO neutron.wsgi [None req-aba33748-1e1c-4ad1-87cc-6f4b19e5166d tempest-ExtensionsTestJSON-219578693 tempest-ExtensionsTestJSON-219578693-project] 10.222.0.46 "GET /v2.0/extensions/port-security HTTP/1.1" status: 200 len: 354 time: 0.0131979
Jun 14 16:21:13.872927 dv-neutron-845556-2-hyperv neutron-server[88865]: DEBUG neutron.wsgi [-] (88865) accepted ('10.222.0.46', 39962) {{(pid=88865) server /usr/local/lib/python3.8/dist-packages/eventlet/wsgi.py:992}}
Jun 14 16:21:13.882058 dv-neutron-845556-2-hyperv neutron-server[88865]: DEBUG neutron.wsgi [None req-73dbe2b4-300b-4edd-acc3-d2e7bc63717b tempest-ExtensionsTestJSON-219578693 tempest-ExtensionsTestJSON-219578693-project] http://10.222.0.46:9696/v2.0/extensions/project-id returned with HTTP 200 {{(pid=88865) __call__ /opt/stack/neutron/neutron/wsgi.py:729}}
Jun 14 16:21:13.895885 dv-neutron-845556-2-hyperv neutron-server[88865]: INFO neutron.wsgi [None req-73dbe2b4-300b-4edd-acc3-d2e7bc63717b tempest-ExtensionsTestJSON-219578693 tempest-ExtensionsTestJSON-219578693-project] 10.222.0.46 "GET /v2.0/extensions/project-id HTTP/1.1" status: 200 len: 398 time: 0.0198247
Jun 14 16:21:13.898726 dv-neutron-845556-2-hyperv neutron-server[88865]: DEBUG neutron.wsgi [-] (88865) accepted ('10.222.0.46', 39966) {{(pid=88865) server /usr/local/lib/python3.8/dist-packages/eventlet/wsgi.py:992}}
Jun 14 16:21:13.899651 dv-neutron-845556-2-hyperv neutron-server[88865]: DEBUG neutron.scheduler.base_scheduler [None req-aa178f59-4122-4e44-b10b-cbf4afa07dd8 admin admin] Resources bound (agent type, host, resource id): (DHCP agent, dv-neutron-845556-2-hyperv, ee326878-bbcf-418f-84ca-f44014a68eaf) {{(pid=88865) schedule /opt/stack/neutron/neutron/scheduler/base_scheduler.py:57}}
Jun 14 16:21:13.908768 dv-neutron-845556-2-hyperv neutron-server[88865]: DEBUG neutron.pecan_wsgi.hooks.policy_enforcement [None req-aa178f59-4122-4e44-b10b-cbf4afa07dd8 admin admin] Attributes excluded by policy engine: ['standard_attr_id', 'shared', 'network'] {{(pid=88865) _exclude_attributes_by_policy /opt/stack/neutron/neutron/pecan_wsgi/hooks/policy_enforcement.py:259}}
Jun 14 16:21:13.911122 dv-neutron-845556-2-hyperv neutron-server[88865]: DEBUG neutron_lib.callbacks.manager [None req-aa178f59-4122-4e44-b10b-cbf4afa07dd8 admin admin] Notify callbacks ['neutron.api.rpc.agentnotifiers.dhcp_rpc_agent_api.DhcpAgentNotifyAPI._send_dhcp_notification-1651287'] for subnet, before_response {{(pid=88865) _notify_loop /usr/local/lib/python3.8/dist-packages/neutron_lib/callbacks/manager.py:192}}
Jun 14 16:21:13.911623 dv-neutron-845556-2-hyperv neutron-server[88867]: DEBUG neutron.api.rpc.handlers.dhcp_rpc [None req-53029072-19b4-46dd-b688-7321dea4c3df None None] Network ee326878-bbcf-418f-84ca-f44014a68eaf requested from dv-neutron-845556-2-hyperv {{(pid=88867) get_network_info /opt/stack/neutron/neutron/api/rpc/handlers/dhcp_rpc.py:213}}
Jun 14 16:21:13.942320 dv-neutron-845556-2-hyperv neutron-server[88865]: DEBUG neutron.wsgi [None req-aa5e8acb-e08f-42e7-99f2-70964fa81b25 tempest-ExtensionsTestJSON-219578693 tempest-ExtensionsTestJSON-219578693-project] http://10.222.0.46:9696/v2.0/extensions/provider returned with HTTP 200 {{(pid=88865) __call__ /opt/stack/neutron/neutron/wsgi.py:729}}
Jun 14 16:21:13.949010 dv-neutron-845556-2-hyperv neutron-server[88865]: INFO neutron.wsgi [None req-aa5e8acb-e08f-42e7-99f2-70964fa81b25 tempest-ExtensionsTestJSON-219578693 tempest-ExtensionsTestJSON-219578693-project] 10.222.0.46 "GET /v2.0/extensions/provider HTTP/1.1" status: 200 len: 385 time: 0.0290983
Jun 14 16:21:13.953090 dv-neutron-845556-2-hyperv neutron-server[88865]: DEBUG neutron.wsgi [-] (88865) accepted ('10.222.0.46', 39970) {{(pid=88865) server /usr/local/lib/python3.8/dist-packages/eventlet/wsgi.py:992}}
Jun 14 16:21:13.977445 dv-neutron-845556-2-hyperv neutron-server[88865]: DEBUG neutron.wsgi [None req-ce1cd447-5849-4c60-a0e4-da4a47bd7d66 tempest-ExtensionsTestJSON-219578693 tempest-ExtensionsTestJSON-219578693-project] http://10.222.0.46:9696/v2.0/extensions/quotas returned with HTTP 200 {{(pid=88865) __call__ /opt/stack/neutron/neutron/wsgi.py:729}}
Jun 14 16:21:13.982275 dv-neutron-845556-2-hyperv neutron-server[88865]: INFO neutron.wsgi [None req-ce1cd447-5849-4c60-a0e4-da4a47bd7d66 tempest-ExtensionsTestJSON-219578693 tempest-ExtensionsTestJSON-219578693-project] 10.222.0.46 "GET /v2.0/extensions/quotas HTTP/1.1" status: 200 len: 385 time: 0.0220358
Jun 14 16:21:13.992500 dv-neutron-845556-2-hyperv neutron-server[88866]: DEBUG neutron.wsgi [-] (88866) accepted ('10.222.0.46', 39974) {{(pid=88866) server /usr/local/lib/python3.8/dist-packages/eventlet/wsgi.py:992}}
Jun 14 16:21:14.006945 dv-neutron-845556-2-hyperv neutron-server[88865]: INFO neutron.wsgi [None req-aa178f59-4122-4e44-b10b-cbf4afa07dd8 admin admin] 10.222.0.46 "POST /v2.0/subnets HTTP/1.1" status: 201 len: 842 time: 0.9367533
Jun 14 16:21:14.010775 dv-neutron-845556-2-hyperv neutron-server[88865]: DEBUG neutron.wsgi [-] (88865) accepted ('10.222.0.46', 39978) {{(pid=88865) server /usr/local/lib/python3.8/dist-packages/eventlet/wsgi.py:992}}
Jun 14 16:21:14.017668 dv-neutron-845556-2-hyperv neutron-server[88865]: DEBUG neutron.api.v2.base [None req-4f60b69e-8f1e-4bf1-8912-4923db467f99 admin admin] Request body: {'router': {'name': 'tempest-ServersTestJSON-1954188990-router', 'tenant_id': 'ae709e7fc3fe4c7c85f24f7599dfc4f0', 'external_gateway_info': {'network_id': 'f74e1277-94d4-4d11-8a21-ae1ec9b88b0a'}}} {{(pid=88865) prepare_request_body /opt/stack/neutron/neutron/api/v2/base.py:729}}
Jun 14 16:21:14.036396 dv-neutron-845556-2-hyperv neutron-server[88865]: DEBUG neutron.db.quota.driver [None req-4f60b69e-8f1e-4bf1-8912-4923db467f99 admin admin] Resources subnetpool have unlimited quota limit. It is not required to calculate headroom {{(pid=88865) make_reservation /opt/stack/neutron/neutron/db/quota/driver.py:219}}
Jun 14 16:21:14.041436 dv-neutron-845556-2-hyperv neutron-server[88865]: DEBUG neutron.quota.resource [None req-4f60b69e-8f1e-4bf1-8912-4923db467f99 admin admin] Usage tracker for resource:router and tenant:ae709e7fc3fe4c7c85f24f7599dfc4f0 is out of sync, need to count used quota {{(pid=88865) count_used /opt/stack/neutron/neutron/quota/resource.py:270}}
Jun 14 16:21:14.046596 dv-neutron-845556-2-hyperv neutron-server[88865]: DEBUG neutron.quota.resource [None req-4f60b69e-8f1e-4bf1-8912-4923db467f99 admin admin] Quota usage for router was recalculated. Used quota:0. {{(pid=88865) count_used /opt/stack/neutron/neutron/quota/resource.py:290}}
Jun 14 16:21:14.061681 dv-neutron-845556-2-hyperv neutron-server[88865]: DEBUG neutron.db.quota.driver [None req-4f60b69e-8f1e-4bf1-8912-4923db467f99 admin admin] Attempting to reserve 1 items for resource router. Total usage: 0; quota limit: 100; headroom:100 {{(pid=88865) make_reservation /opt/stack/neutron/neutron/db/quota/driver.py:246}}
Jun 14 16:21:14.090617 dv-neutron-845556-2-hyperv neutron-server[88865]: DEBUG neutron_lib.callbacks.manager [None req-4f60b69e-8f1e-4bf1-8912-4923db467f99 admin admin] Notify callbacks ['neutron.services.l3_router.l3_router_plugin.L3_HA_NAT_db_mixin._before_router_create-1718548', 'neutron.services.l3_router.service_providers.driver_controller.DriverController._check_router_request-31998'] for router, before_create {{(pid=88865) _notify_loop /usr/local/lib/python3.8/dist-packages/neutron_lib/callbacks/manager.py:192}}
Jun 14 16:21:14.092011 dv-neutron-845556-2-hyperv neutron-server[88865]: DEBUG neutron_lib.callbacks.manager [None req-4f60b69e-8f1e-4bf1-8912-4923db467f99 admin admin] Notify callbacks ['neutron.services.l3_router.l3_router_plugin.L3_HA_NAT_db_mixin._precommit_router_create-1709625', 'neutron.services.l3_router.l3_router_plugin.DVRResourceOperationHandler._set_distributed_flag-1707321', 'neutron.services.l3_router.l3_router_plugin.RouterAvailabilityZoneMixin._process_az_request-1604153', 'neutron.services.l3_router.service_providers.driver_controller.DriverController._set_router_provider-31879'] for router, precommit_create {{(pid=88865) _notify_loop /usr/local/lib/python3.8/dist-packages/neutron_lib/callbacks/manager.py:192}}
Jun 14 16:21:14.102599 dv-neutron-845556-2-hyperv neutron-server[88866]: DEBUG neutron.wsgi [None req-0805e2da-a96c-4325-8ecb-c18266f2cee8 tempest-ExtensionsTestJSON-219578693 tempest-ExtensionsTestJSON-219578693-project] http://10.222.0.46:9696/v2.0/extensions/quota_details returned with HTTP 200 {{(pid=88866) __call__ /opt/stack/neutron/neutron/wsgi.py:729}}
Jun 14 16:21:14.104188 dv-neutron-845556-2-hyperv neutron-server[88866]: INFO neutron.wsgi [None req-0805e2da-a96c-4325-8ecb-c18266f2cee8 tempest-ExtensionsTestJSON-219578693 tempest-ExtensionsTestJSON-219578693-project] 10.222.0.46 "GET /v2.0/extensions/quota_details HTTP/1.1" status: 200 len: 407 time: 0.1102178
Jun 14 16:21:14.108266 dv-neutron-845556-2-hyperv neutron-server[88865]: DEBUG neutron.wsgi [-] (88865) accepted ('10.222.0.46', 39984) {{(pid=88865) server /usr/local/lib/python3.8/dist-packages/eventlet/wsgi.py:992}}
Jun 14 16:21:14.124502 dv-neutron-845556-2-hyperv neutron-server[88865]: DEBUG neutron.wsgi [None req-32884523-c188-40d2-872b-8c43bbe9d821 tempest-ExtensionsTestJSON-219578693 tempest-ExtensionsTestJSON-219578693-project] http://10.222.0.46:9696/v2.0/extensions/rbac-policies returned with HTTP 200 {{(pid=88865) __call__ /opt/stack/neutron/neutron/wsgi.py:729}}
Jun 14 16:21:14.127903 dv-neutron-845556-2-hyperv neutron-server[88865]: INFO neutron.wsgi [None req-32884523-c188-40d2-872b-8c43bbe9d821 tempest-ExtensionsTestJSON-219578693 tempest-ExtensionsTestJSON-219578693-project] 10.222.0.46 "GET /v2.0/extensions/rbac-policies HTTP/1.1" status: 200 len: 417 time: 0.0162120
Jun 14 16:21:14.129317 dv-neutron-845556-2-hyperv neutron-server[88865]: DEBUG neutron.wsgi [-] (88865) accepted ('10.222.0.46', 39988) {{(pid=88865) server /usr/local/lib/python3.8/dist-packages/eventlet/wsgi.py:992}}
Jun 14 16:21:14.154764 dv-neutron-845556-2-hyperv neutron-server[88865]: DEBUG neutron.wsgi [None req-ab9151c2-3c5a-46fc-953c-6370f97a3b25 tempest-ExtensionsTestJSON-219578693 tempest-ExtensionsTestJSON-219578693-project] http://10.222.0.46:9696/v2.0/extensions/rbac-address-group returned with HTTP 200 {{(pid=88865) __call__ /opt/stack/neutron/neutron/wsgi.py:729}}
Jun 14 16:21:14.158324 dv-neutron-845556-2-hyperv neutron-server[88865]: INFO neutron.wsgi [None req-ab9151c2-3c5a-46fc-953c-6370f97a3b25 tempest-ExtensionsTestJSON-219578693 tempest-ExtensionsTestJSON-219578693-project] 10.222.0.46 "GET /v2.0/extensions/rbac-address-group HTTP/1.1" status: 200 len: 392 time: 0.0253942
Jun 14 16:21:14.159368 dv-neutron-845556-2-hyperv neutron-server[88865]: DEBUG neutron.wsgi [-] (88865) accepted ('10.222.0.46', 39994) {{(pid=88865) server /usr/local/lib/python3.8/dist-packages/eventlet/wsgi.py:992}}
Jun 14 16:21:14.168418 dv-neutron-845556-2-hyperv neutron-server[88865]: DEBUG neutron.wsgi [None req-923af59e-e72e-4740-b3a0-6c3af76e9b39 tempest-ExtensionsTestJSON-219578693 tempest-ExtensionsTestJSON-219578693-project] http://10.222.0.46:9696/v2.0/extensions/rbac-address-scope returned with HTTP 200 {{(pid=88865) __call__ /opt/stack/neutron/neutron/wsgi.py:729}}
Jun 14 16:21:14.169466 dv-neutron-845556-2-hyperv neutron-server[88865]: INFO neutron.wsgi [None req-923af59e-e72e-4740-b3a0-6c3af76e9b39 tempest-ExtensionsTestJSON-219578693 tempest-ExtensionsTestJSON-219578693-project] 10.222.0.46 "GET /v2.0/extensions/rbac-address-scope HTTP/1.1" status: 200 len: 384 time: 0.0097933
Jun 14 16:21:14.171609 dv-neutron-845556-2-hyperv neutron-server[88865]: DEBUG neutron_lib.callbacks.manager [None req-4f60b69e-8f1e-4bf1-8912-4923db467f99 admin admin] Notify callbacks [] for router_controller, precommit_add_association {{(pid=88865) _notify_loop /usr/local/lib/python3.8/dist-packages/neutron_lib/callbacks/manager.py:192}}
Jun 14 16:21:14.173494 dv-neutron-845556-2-hyperv neutron-server[88865]: DEBUG neutron.wsgi [-] (88865) accepted ('10.222.0.46', 39998) {{(pid=88865) server /usr/local/lib/python3.8/dist-packages/eventlet/wsgi.py:992}}
Jun 14 16:21:14.187169 dv-neutron-845556-2-hyperv neutron-server[88865]: DEBUG neutron.wsgi [None req-542c6a88-5c68-4eb5-bced-7ae1e71833d7 tempest-ExtensionsTestJSON-219578693 tempest-ExtensionsTestJSON-219578693-project] http://10.222.0.46:9696/v2.0/extensions/rbac-security-groups returned with HTTP 200 {{(pid=88865) __call__ /opt/stack/neutron/neutron/wsgi.py:729}}
Jun 14 16:21:14.188151 dv-neutron-845556-2-hyperv neutron-server[88865]: INFO neutron.wsgi [None req-542c6a88-5c68-4eb5-bced-7ae1e71833d7 tempest-ExtensionsTestJSON-219578693 tempest-ExtensionsTestJSON-219578693-project] 10.222.0.46 "GET /v2.0/extensions/rbac-security-groups HTTP/1.1" status: 200 len: 404 time: 0.0142825
Jun 14 16:21:14.192327 dv-neutron-845556-2-hyperv neutron-server[88865]: DEBUG neutron.wsgi [-] (88865) accepted ('10.222.0.46', 40002) {{(pid=88865) server /usr/local/lib/python3.8/dist-packages/eventlet/wsgi.py:992}}
Jun 14 16:21:14.217975 dv-neutron-845556-2-hyperv neutron-server[88865]: DEBUG neutron.wsgi [None req-c4b60b15-0bed-4702-9d15-293fd808fbed tempest-ExtensionsTestJSON-219578693 tempest-ExtensionsTestJSON-219578693-project] http://10.222.0.46:9696/v2.0/extensions/rbac-subnetpool returned with HTTP 200 {{(pid=88865) __call__ /opt/stack/neutron/neutron/wsgi.py:729}}
Jun 14 16:21:14.219302 dv-neutron-845556-2-hyperv neutron-server[88865]: INFO neutron.wsgi [None req-c4b60b15-0bed-4702-9d15-293fd808fbed tempest-ExtensionsTestJSON-219578693 tempest-ExtensionsTestJSON-219578693-project] 10.222.0.46 "GET /v2.0/extensions/rbac-subnetpool HTTP/1.1" status: 200 len: 375 time: 0.0073118
Jun 14 16:21:14.221765 dv-neutron-845556-2-hyperv neutron-server[88865]: DEBUG neutron.wsgi [-] (88865) accepted ('10.222.0.46', 40006) {{(pid=88865) server /usr/local/lib/python3.8/dist-packages/eventlet/wsgi.py:992}}
Jun 14 16:21:14.234570 dv-neutron-845556-2-hyperv neutron-server[88865]: DEBUG neutron.wsgi [None req-ddf3571f-07ce-4658-93aa-9f43825a3634 tempest-ExtensionsTestJSON-219578693 tempest-ExtensionsTestJSON-219578693-project] http://10.222.0.46:9696/v2.0/extensions/revision-if-match returned with HTTP 200 {{(pid=88865) __call__ /opt/stack/neutron/neutron/wsgi.py:729}}
Jun 14 16:21:14.235998 dv-neutron-845556-2-hyperv neutron-server[88865]: INFO neutron.wsgi [None req-ddf3571f-07ce-4658-93aa-9f43825a3634 tempest-ExtensionsTestJSON-219578693 tempest-ExtensionsTestJSON-219578693-project] 10.222.0.46 "GET /v2.0/extensions/revision-if-match HTTP/1.1" status: 200 len: 441 time: 0.0124230
Jun 14 16:21:14.239472 dv-neutron-845556-2-hyperv neutron-server[88865]: DEBUG neutron.wsgi [-] (88865) accepted ('10.222.0.46', 40010) {{(pid=88865) server /usr/local/lib/python3.8/dist-packages/eventlet/wsgi.py:992}}
Jun 14 16:21:14.247447 dv-neutron-845556-2-hyperv neutron-server[88865]: DEBUG neutron.wsgi [None req-45aed394-ddb3-4e11-a141-d8f2b31ee1b8 tempest-ExtensionsTestJSON-219578693 tempest-ExtensionsTestJSON-219578693-project] http://10.222.0.46:9696/v2.0/extensions/standard-attr-revisions returned with HTTP 200 {{(pid=88865) __call__ /opt/stack/neutron/neutron/wsgi.py:729}}
Jun 14 16:21:14.249371 dv-neutron-845556-2-hyperv neutron-server[88865]: INFO neutron.wsgi [None req-45aed394-ddb3-4e11-a141-d8f2b31ee1b8 tempest-ExtensionsTestJSON-219578693 tempest-ExtensionsTestJSON-219578693-project] 10.222.0.46 "GET /v2.0/extensions/standard-attr-revisions HTTP/1.1" status: 200 len: 423 time: 0.0076358
Jun 14 16:21:14.255160 dv-neutron-845556-2-hyperv neutron-server[88865]: DEBUG neutron.wsgi [-] (88865) accepted ('10.222.0.46', 40016) {{(pid=88865) server /usr/local/lib/python3.8/dist-packages/eventlet/wsgi.py:992}}
Jun 14 16:21:14.342245 dv-neutron-845556-2-hyperv neutron-server[88865]: DEBUG neutron.wsgi [None req-f085dbcd-dbc3-48ab-8726-fcf8a8537e01 tempest-ExtensionsTestJSON-219578693 tempest-ExtensionsTestJSON-219578693-project] http://10.222.0.46:9696/v2.0/extensions/router_availability_zone returned with HTTP 200 {{(pid=88865) __call__ /opt/stack/neutron/neutron/wsgi.py:729}}
Jun 14 16:21:14.347752 dv-neutron-845556-2-hyperv neutron-server[88865]: INFO neutron.wsgi [None req-f085dbcd-dbc3-48ab-8726-fcf8a8537e01 tempest-ExtensionsTestJSON-219578693 tempest-ExtensionsTestJSON-219578693-project] 10.222.0.46 "GET /v2.0/extensions/router_availability_zone HTTP/1.1" status: 200 len: 391 time: 0.0856109
Jun 14 16:21:14.357979 dv-neutron-845556-2-hyperv neutron-server[88865]: DEBUG neutron.wsgi [-] (88865) accepted ('10.222.0.46', 40022) {{(pid=88865) server /usr/local/lib/python3.8/dist-packages/eventlet/wsgi.py:992}}
Jun 14 16:21:14.366823 dv-neutron-845556-2-hyperv neutron-server[88865]: DEBUG neutron.wsgi [None req-e2a140ae-cc96-4115-a0f9-48f70a67c756 tempest-ExtensionsTestJSON-219578693 tempest-ExtensionsTestJSON-219578693-project] http://10.222.0.46:9696/v2.0/extensions/security-groups-normalized-cidr returned with HTTP 200 {{(pid=88865) __call__ /opt/stack/neutron/neutron/wsgi.py:729}}
Jun 14 16:21:14.368101 dv-neutron-845556-2-hyperv neutron-server[88865]: INFO neutron.wsgi [None req-e2a140ae-cc96-4115-a0f9-48f70a67c756 tempest-ExtensionsTestJSON-219578693 tempest-ExtensionsTestJSON-219578693-project] 10.222.0.46 "GET /v2.0/extensions/security-groups-normalized-cidr HTTP/1.1" status: 200 len: 445 time: 0.0088043
Jun 14 16:21:14.405911 dv-neutron-845556-2-hyperv neutron-server[88866]: DEBUG neutron.wsgi [-] (88866) accepted ('10.222.0.46', 40026) {{(pid=88866) server /usr/local/lib/python3.8/dist-packages/eventlet/wsgi.py:992}}
Jun 14 16:21:14.433847 dv-neutron-845556-2-hyperv neutron-server[88866]: DEBUG neutron.wsgi [None req-aee10150-4df3-4d3c-bb97-9a90f6ac16c1 tempest-ExtensionsTestJSON-219578693 tempest-ExtensionsTestJSON-219578693-project] http://10.222.0.46:9696/v2.0/extensions/port-security-groups-filtering returned with HTTP 200 {{(pid=88866) __call__ /opt/stack/neutron/neutron/wsgi.py:729}}
Jun 14 16:21:14.440484 dv-neutron-845556-2-hyperv neutron-server[88867]: DEBUG neutron.api.rpc.handlers.dhcp_rpc [None req-967fb5f2-d2cf-4074-9632-aeec3195d057 None None] Create dhcp port {'port': {'name': '', 'admin_state_up': True, 'device_id': 'dhcp3167266d-70e9-5827-bba3-4f725729fc67-ee326878-bbcf-418f-84ca-f44014a68eaf', 'network_id': 'ee326878-bbcf-418f-84ca-f44014a68eaf', 'tenant_id': 'ae709e7fc3fe4c7c85f24f7599dfc4f0', 'fixed_ips': [{'subnet_id': '41804a92-125b-4f25-8b12-2039e8d81282'}]}} from dv-neutron-845556-2-hyperv. {{(pid=88867) create_dhcp_port /opt/stack/neutron/neutron/api/rpc/handlers/dhcp_rpc.py:279}}
Jun 14 16:21:14.440675 dv-neutron-845556-2-hyperv neutron-server[88866]: INFO neutron.wsgi [None req-aee10150-4df3-4d3c-bb97-9a90f6ac16c1 tempest-ExtensionsTestJSON-219578693 tempest-ExtensionsTestJSON-219578693-project] 10.222.0.46 "GET /v2.0/extensions/port-security-groups-filtering HTTP/1.1" status: 200 len: 422 time: 0.0322938
Jun 14 16:21:14.442880 dv-neutron-845556-2-hyperv neutron-server[88867]: DEBUG neutron_lib.callbacks.manager [None req-967fb5f2-d2cf-4074-9632-aeec3195d057 None None] Notify callbacks ['neutron.plugins.ml2.plugin.SecurityGroupDbMixin._ensure_default_security_group_handler-737448'] for port, before_create {{(pid=88867) _notify_loop /usr/local/lib/python3.8/dist-packages/neutron_lib/callbacks/manager.py:192}}
Jun 14 16:21:14.443238 dv-neutron-845556-2-hyperv neutron-server[88865]: DEBUG neutron.wsgi [-] (88865) accepted ('10.222.0.46', 40032) {{(pid=88865) server /usr/local/lib/python3.8/dist-packages/eventlet/wsgi.py:992}}
Jun 14 16:21:14.450897 dv-neutron-845556-2-hyperv neutron-server[88865]: DEBUG neutron.wsgi [None req-011a0669-352a-43f4-8346-8f16c8644095 tempest-ExtensionsTestJSON-219578693 tempest-ExtensionsTestJSON-219578693-project] http://10.222.0.46:9696/v2.0/extensions/security-groups-remote-address-group returned with HTTP 200 {{(pid=88865) __call__ /opt/stack/neutron/neutron/wsgi.py:729}}
Jun 14 16:21:14.455270 dv-neutron-845556-2-hyperv neutron-server[88865]: INFO neutron.wsgi [None req-011a0669-352a-43f4-8346-8f16c8644095 tempest-ExtensionsTestJSON-219578693 tempest-ExtensionsTestJSON-219578693-project] 10.222.0.46 "GET /v2.0/extensions/security-groups-remote-address-group HTTP/1.1" status: 200 len: 448 time: 0.0107584
Jun 14 16:21:14.455930 dv-neutron-845556-2-hyperv neutron-server[88865]: DEBUG neutron.wsgi [-] (88865) accepted ('10.222.0.46', 40036) {{(pid=88865) server /usr/local/lib/python3.8/dist-packages/eventlet/wsgi.py:992}}
Jun 14 16:21:14.520773 dv-neutron-845556-2-hyperv neutron-server[88865]: DEBUG neutron.wsgi [None req-5bac0593-f5c2-4d75-a89b-1ba261883d60 tempest-ExtensionsTestJSON-219578693 tempest-ExtensionsTestJSON-219578693-project] http://10.222.0.46:9696/v2.0/extensions/security-group returned with HTTP 200 {{(pid=88865) __call__ /opt/stack/neutron/neutron/wsgi.py:729}}
Jun 14 16:21:14.525198 dv-neutron-845556-2-hyperv neutron-server[88865]: INFO neutron.wsgi [None req-5bac0593-f5c2-4d75-a89b-1ba261883d60 tempest-ExtensionsTestJSON-219578693 tempest-ExtensionsTestJSON-219578693-project] 10.222.0.46 "GET /v2.0/extensions/security-group HTTP/1.1" status: 200 len: 364 time: 0.0655603
Jun 14 16:21:14.525849 dv-neutron-845556-2-hyperv neutron-server[88865]: DEBUG neutron.wsgi [-] (88865) accepted ('10.222.0.46', 40040) {{(pid=88865) server /usr/local/lib/python3.8/dist-packages/eventlet/wsgi.py:992}}
Jun 14 16:21:14.537238 dv-neutron-845556-2-hyperv neutron-server[88865]: DEBUG neutron.wsgi [None req-b39473a4-cfe6-44c7-b57e-af59bdad9e88 tempest-ExtensionsTestJSON-219578693 tempest-ExtensionsTestJSON-219578693-project] http://10.222.0.46:9696/v2.0/extensions/service-type returned with HTTP 200 {{(pid=88865) __call__ /opt/stack/neutron/neutron/wsgi.py:729}}
Jun 14 16:21:14.541261 dv-neutron-845556-2-hyperv neutron-server[88865]: INFO neutron.wsgi [None req-b39473a4-cfe6-44c7-b57e-af59bdad9e88 tempest-ExtensionsTestJSON-219578693 tempest-ExtensionsTestJSON-219578693-project] 10.222.0.46 "GET /v2.0/extensions/service-type HTTP/1.1" status: 200 len: 415 time: 0.0084121
Jun 14 16:21:14.550926 dv-neutron-845556-2-hyperv neutron-server[88865]: DEBUG neutron.wsgi [-] (88865) accepted ('10.222.0.46', 40044) {{(pid=88865) server /usr/local/lib/python3.8/dist-packages/eventlet/wsgi.py:992}}
Jun 14 16:21:14.558754 dv-neutron-845556-2-hyperv neutron-server[88865]: DEBUG neutron.wsgi [None req-feea3f1f-6ca7-4c43-9dc4-331ab1623ff7 tempest-ExtensionsTestJSON-219578693 tempest-ExtensionsTestJSON-219578693-project] http://10.222.0.46:9696/v2.0/extensions/sorting returned with HTTP 200 {{(pid=88865) __call__ /opt/stack/neutron/neutron/wsgi.py:729}}
Jun 14 16:21:14.562586 dv-neutron-845556-2-hyperv neutron-server[88865]: INFO neutron.wsgi [None req-feea3f1f-6ca7-4c43-9dc4-331ab1623ff7 tempest-ExtensionsTestJSON-219578693 tempest-ExtensionsTestJSON-219578693-project] 10.222.0.46 "GET /v2.0/extensions/sorting HTTP/1.1" status: 200 len: 377 time: 0.0105612
Jun 14 16:21:14.622561 dv-neutron-845556-2-hyperv neutron-server[88865]: DEBUG neutron.wsgi [-] (88865) accepted ('10.222.0.46', 40048) {{(pid=88865) server /usr/local/lib/python3.8/dist-packages/eventlet/wsgi.py:992}}
Jun 14 16:21:14.634112 dv-neutron-845556-2-hyperv neutron-server[88866]: DEBUG neutron_lib.callbacks.manager [None req-03be677c-b0c7-4633-8ba2-810990fb2b26 admin admin] Notify callbacks [] for router_gateway, after_create {{(pid=88866) _notify_loop /usr/local/lib/python3.8/dist-packages/neutron_lib/callbacks/manager.py:192}}
Jun 14 16:21:14.641673 dv-neutron-845556-2-hyperv neutron-server[88865]: DEBUG neutron.wsgi [None req-f1fcd2f6-523f-4330-b353-495e0e9dae39 tempest-ExtensionsTestJSON-219578693 tempest-ExtensionsTestJSON-219578693-project] http://10.222.0.46:9696/v2.0/extensions/standard-attr-description returned with HTTP 200 {{(pid=88865) __call__ /opt/stack/neutron/neutron/wsgi.py:729}}
Jun 14 16:21:14.647116 dv-neutron-845556-2-hyperv neutron-server[88865]: INFO neutron.wsgi [None req-f1fcd2f6-523f-4330-b353-495e0e9dae39 tempest-ExtensionsTestJSON-219578693 tempest-ExtensionsTestJSON-219578693-project] 10.222.0.46 "GET /v2.0/extensions/standard-attr-description HTTP/1.1" status: 200 len: 408 time: 0.0230312
Jun 14 16:21:14.647780 dv-neutron-845556-2-hyperv neutron-server[88865]: DEBUG neutron.wsgi [-] (88865) accepted ('10.222.0.46', 40052) {{(pid=88865) server /usr/local/lib/python3.8/dist-packages/eventlet/wsgi.py:992}}
Jun 14 16:21:14.654515 dv-neutron-845556-2-hyperv neutron-server[88865]: DEBUG neutron_lib.callbacks.manager [None req-4f60b69e-8f1e-4bf1-8912-4923db467f99 admin admin] Notify callbacks ['neutron.services.l3_router.l3_router_plugin.DVRResourceOperationHandler._handle_distributed_migration-1707311', 'neutron.services.l3_router.l3_router_plugin.L3_HA_NAT_db_mixin._validate_migration-1718575', 'neutron.services.l3_router.service_providers.driver_controller.DriverController._update_router_provider-31893'] for router, precommit_update {{(pid=88865) _notify_loop /usr/local/lib/python3.8/dist-packages/neutron_lib/callbacks/manager.py:192}}
Jun 14 16:21:14.662843 dv-neutron-845556-2-hyperv neutron-server[88865]: DEBUG neutron.wsgi [None req-537cee07-b8f4-4a6d-9b4c-583d441f9da7 tempest-ExtensionsTestJSON-219578693 tempest-ExtensionsTestJSON-219578693-project] http://10.222.0.46:9696/v2.0/extensions/stateful-security-group returned with HTTP 200 {{(pid=88865) __call__ /opt/stack/neutron/neutron/wsgi.py:729}}
Jun 14 16:21:14.667275 dv-neutron-845556-2-hyperv neutron-server[88865]: INFO neutron.wsgi [None req-537cee07-b8f4-4a6d-9b4c-583d441f9da7 tempest-ExtensionsTestJSON-219578693 tempest-ExtensionsTestJSON-219578693-project] 10.222.0.46 "GET /v2.0/extensions/stateful-security-group HTTP/1.1" status: 200 len: 402 time: 0.0159714
Jun 14 16:21:14.668121 dv-neutron-845556-2-hyperv neutron-server[88865]: DEBUG neutron.wsgi [-] (88865) accepted ('10.222.0.46', 40058) {{(pid=88865) server /usr/local/lib/python3.8/dist-packages/eventlet/wsgi.py:992}}
Jun 14 16:21:14.675273 dv-neutron-845556-2-hyperv neutron-server[88865]: DEBUG neutron.wsgi [None req-2589397e-b558-4c9c-83f3-c62153da6da3 tempest-ExtensionsTestJSON-219578693 tempest-ExtensionsTestJSON-219578693-project] http://10.222.0.46:9696/v2.0/extensions/subnet_onboard returned with HTTP 200 {{(pid=88865) __call__ /opt/stack/neutron/neutron/wsgi.py:729}}
Jun 14 16:21:14.679406 dv-neutron-845556-2-hyperv neutron-server[88865]: INFO neutron.wsgi [None req-2589397e-b558-4c9c-83f3-c62153da6da3 tempest-ExtensionsTestJSON-219578693 tempest-ExtensionsTestJSON-219578693-project] 10.222.0.46 "GET /v2.0/extensions/subnet_onboard HTTP/1.1" status: 200 len: 391 time: 0.0081108
Jun 14 16:21:14.681224 dv-neutron-845556-2-hyperv neutron-server[88865]: DEBUG neutron.wsgi [-] (88865) accepted ('10.222.0.46', 40064) {{(pid=88865) server /usr/local/lib/python3.8/dist-packages/eventlet/wsgi.py:992}}
Jun 14 16:21:14.686911 dv-neutron-845556-2-hyperv neutron-server[88865]: DEBUG neutron.wsgi [None req-ae2d862f-85b4-408a-af3e-ed241811d969 tempest-ExtensionsTestJSON-219578693 tempest-ExtensionsTestJSON-219578693-project] http://10.222.0.46:9696/v2.0/extensions/subnet-service-types returned with HTTP 200 {{(pid=88865) __call__ /opt/stack/neutron/neutron/wsgi.py:729}}
Jun 14 16:21:14.692382 dv-neutron-845556-2-hyperv neutron-server[88865]: INFO neutron.wsgi [None req-ae2d862f-85b4-408a-af3e-ed241811d969 tempest-ExtensionsTestJSON-219578693 tempest-ExtensionsTestJSON-219578693-project] 10.222.0.46 "GET /v2.0/extensions/subnet-service-types HTTP/1.1" status: 200 len: 400 time: 0.0099726
Jun 14 16:21:14.693457 dv-neutron-845556-2-hyperv neutron-server[88865]: DEBUG neutron.wsgi [-] (88865) accepted ('10.222.0.46', 40068) {{(pid=88865) server /usr/local/lib/python3.8/dist-packages/eventlet/wsgi.py:992}}
Jun 14 16:21:14.716299 dv-neutron-845556-2-hyperv neutron-server[88865]: DEBUG neutron.wsgi [None req-06ad1cca-df42-49a3-8f06-f97f3521b5a5 tempest-ExtensionsTestJSON-219578693 tempest-ExtensionsTestJSON-219578693-project] http://10.222.0.46:9696/v2.0/extensions/subnet_allocation returned with HTTP 200 {{(pid=88865) __call__ /opt/stack/neutron/neutron/wsgi.py:729}}
Jun 14 16:21:14.720234 dv-neutron-845556-2-hyperv neutron-server[88865]: INFO neutron.wsgi [None req-06ad1cca-df42-49a3-8f06-f97f3521b5a5 tempest-ExtensionsTestJSON-219578693 tempest-ExtensionsTestJSON-219578693-project] 10.222.0.46 "GET /v2.0/extensions/subnet_allocation HTTP/1.1" status: 200 len: 388 time: 0.0257332
Jun 14 16:21:14.721220 dv-neutron-845556-2-hyperv neutron-server[88865]: DEBUG neutron.wsgi [-] (88865) accepted ('10.222.0.46', 40072) {{(pid=88865) server /usr/local/lib/python3.8/dist-packages/eventlet/wsgi.py:992}}
Jun 14 16:21:14.731365 dv-neutron-845556-2-hyperv neutron-server[88865]: DEBUG neutron.wsgi [None req-23f36faa-3a60-4a49-9822-29cfd0dcaa6b tempest-ExtensionsTestJSON-219578693 tempest-ExtensionsTestJSON-219578693-project] http://10.222.0.46:9696/v2.0/extensions/subnetpool-prefix-ops returned with HTTP 200 {{(pid=88865) __call__ /opt/stack/neutron/neutron/wsgi.py:729}}
Jun 14 16:21:14.735452 dv-neutron-845556-2-hyperv neutron-server[88865]: INFO neutron.wsgi [None req-23f36faa-3a60-4a49-9822-29cfd0dcaa6b tempest-ExtensionsTestJSON-219578693 tempest-ExtensionsTestJSON-219578693-project] 10.222.0.46 "GET /v2.0/extensions/subnetpool-prefix-ops HTTP/1.1" status: 200 len: 418 time: 0.0105639
Jun 14 16:21:14.737464 dv-neutron-845556-2-hyperv neutron-server[88865]: DEBUG neutron.wsgi [-] (88865) accepted ('10.222.0.46', 40076) {{(pid=88865) server /usr/local/lib/python3.8/dist-packages/eventlet/wsgi.py:992}}
Jun 14 16:21:14.744889 dv-neutron-845556-2-hyperv neutron-server[88865]: DEBUG neutron.wsgi [None req-1564ec7a-11b2-4c8c-97fb-b2a2bcacf328 tempest-ExtensionsTestJSON-219578693 tempest-ExtensionsTestJSON-219578693-project] http://10.222.0.46:9696/v2.0/extensions/standard-attr-tag returned with HTTP 200 {{(pid=88865) __call__ /opt/stack/neutron/neutron/wsgi.py:729}}
Jun 14 16:21:14.748771 dv-neutron-845556-2-hyperv neutron-server[88865]: INFO neutron.wsgi [None req-1564ec7a-11b2-4c8c-97fb-b2a2bcacf328 tempest-ExtensionsTestJSON-219578693 tempest-ExtensionsTestJSON-219578693-project] 10.222.0.46 "GET /v2.0/extensions/standard-attr-tag HTTP/1.1" status: 200 len: 537 time: 0.0100038
Jun 14 16:21:14.749602 dv-neutron-845556-2-hyperv neutron-server[88865]: DEBUG neutron.wsgi [-] (88865) accepted ('10.222.0.46', 40080) {{(pid=88865) server /usr/local/lib/python3.8/dist-packages/eventlet/wsgi.py:992}}
Jun 14 16:21:14.758560 dv-neutron-845556-2-hyperv neutron-server[88865]: DEBUG neutron.wsgi [None req-9a6edd53-02ed-49ab-955e-dc9e73c4965d tempest-ExtensionsTestJSON-219578693 tempest-ExtensionsTestJSON-219578693-project] http://10.222.0.46:9696/v2.0/extensions/standard-attr-timestamp returned with HTTP 200 {{(pid=88865) __call__ /opt/stack/neutron/neutron/wsgi.py:729}}
Jun 14 16:21:14.767254 dv-neutron-845556-2-hyperv neutron-server[88865]: INFO neutron.wsgi [None req-9a6edd53-02ed-49ab-955e-dc9e73c4965d tempest-ExtensionsTestJSON-219578693 tempest-ExtensionsTestJSON-219578693-project] 10.222.0.46 "GET /v2.0/extensions/standard-attr-timestamp HTTP/1.1" status: 200 len: 449 time: 0.0137548
Jun 14 16:21:14.886842 dv-neutron-845556-2-hyperv neutron-server[88867]: DEBUG neutron.db.db_base_plugin_common [None req-967fb5f2-d2cf-4074-9632-aeec3195d057 None None] Allocated IP 172.20.0.2 (ee326878-bbcf-418f-84ca-f44014a68eaf/41804a92-125b-4f25-8b12-2039e8d81282/695ac19c-b5b8-433b-b397-afd790746121) {{(pid=88867) _store_ip_allocation /opt/stack/neutron/neutron/db/db_base_plugin_common.py:131}}
Jun 14 16:21:15.079138 dv-neutron-845556-2-hyperv neutron-server[88866]: DEBUG neutron.wsgi [-] (88866) accepted ('10.222.0.46', 40092) {{(pid=88866) server /usr/local/lib/python3.8/dist-packages/eventlet/wsgi.py:992}}
Jun 14 16:21:15.335305 dv-neutron-845556-2-hyperv neutron-server[88867]: DEBUG neutron.api.rpc.handlers.dhcp_rpc [None req-22f390ef-cfba-43b6-8b90-98107346ca42 None None] Network 2460dd01-98d4-4e32-a61c-6cedde46d167 requested from dv-neutron-845556-2-hyperv {{(pid=88867) get_network_info /opt/stack/neutron/neutron/api/rpc/handlers/dhcp_rpc.py:213}}
Jun 14 16:21:15.470815 dv-neutron-845556-2-hyperv neutron-server[88865]: DEBUG neutron_lib.callbacks.manager [None req-4f60b69e-8f1e-4bf1-8912-4923db467f99 admin admin] Notify callbacks [] for router_gateway, before_create {{(pid=88865) _notify_loop /usr/local/lib/python3.8/dist-packages/neutron_lib/callbacks/manager.py:192}}
Jun 14 16:21:15.562895 dv-neutron-845556-2-hyperv neutron-server[88866]: DEBUG neutron_lib.callbacks.manager [None req-03be677c-b0c7-4633-8ba2-810990fb2b26 admin admin] Notify callbacks ['neutron.services.l3_router.l3_router_plugin.L3_HA_NAT_db_mixin._after_router_create-1718566', 'neutron.services.l3_router.l3_router_plugin.DVRResourceOperationHandler._create_snat_interfaces_after_change-1707274'] for router, after_create {{(pid=88866) _notify_loop /usr/local/lib/python3.8/dist-packages/neutron_lib/callbacks/manager.py:192}}
Jun 14 16:21:15.563766 dv-neutron-845556-2-hyperv neutron-server[88867]: DEBUG neutron_lib.callbacks.manager [None req-967fb5f2-d2cf-4074-9632-aeec3195d057 None None] Notify callbacks [] for port, precommit_create {{(pid=88867) _notify_loop /usr/local/lib/python3.8/dist-packages/neutron_lib/callbacks/manager.py:192}}
Jun 14 16:21:15.586682 dv-neutron-845556-2-hyperv neutron-server[88865]: DEBUG neutron_lib.callbacks.manager [None req-4f60b69e-8f1e-4bf1-8912-4923db467f99 admin admin] Notify callbacks ['neutron.plugins.ml2.plugin.SecurityGroupDbMixin._ensure_default_security_group_handler-737448'] for port, before_create {{(pid=88865) _notify_loop /usr/local/lib/python3.8/dist-packages/neutron_lib/callbacks/manager.py:192}}
Jun 14 16:21:15.602100 dv-neutron-845556-2-hyperv neutron-server[88867]: DEBUG neutron.db.provisioning_blocks [None req-af02b772-2846-406f-8af7-ebed19af509a None None] Provisioning for port 41d08cb5-d965-4e9d-9939-ada938964377 completed by entity DHCP. {{(pid=88867) provisioning_complete /opt/stack/neutron/neutron/db/provisioning_blocks.py:133}}
Jun 14 16:21:15.663162 dv-neutron-845556-2-hyperv neutron-server[88867]: DEBUG neutron.db.provisioning_blocks [None req-967fb5f2-d2cf-4074-9632-aeec3195d057 None None] Transition to ACTIVE for port object 695ac19c-b5b8-433b-b397-afd790746121 will not be triggered until provisioned by entity L2. {{(pid=88867) add_provisioning_component /opt/stack/neutron/neutron/db/provisioning_blocks.py:73}}
Jun 14 16:21:15.797754 dv-neutron-845556-2-hyperv neutron-server[88865]: DEBUG neutron.db.db_base_plugin_common [None req-4f60b69e-8f1e-4bf1-8912-4923db467f99 admin admin] Allocated IP 172.26.8.33 (f74e1277-94d4-4d11-8a21-ae1ec9b88b0a/fa3bbae5-b3a5-49e4-9c38-ea913f7851f3/8a92fae2-e1a6-42f8-8b3f-4d738cce43a0) {{(pid=88865) _store_ip_allocation /opt/stack/neutron/neutron/db/db_base_plugin_common.py:131}}
Jun 14 16:21:15.824515 dv-neutron-845556-2-hyperv neutron-server[88867]: DEBUG neutron.db.provisioning_blocks [None req-967fb5f2-d2cf-4074-9632-aeec3195d057 None None] Transition to ACTIVE for port object 695ac19c-b5b8-433b-b397-afd790746121 will not be triggered until provisioned by entity DHCP. {{(pid=88867) add_provisioning_component /opt/stack/neutron/neutron/db/provisioning_blocks.py:73}}
Jun 14 16:21:15.848082 dv-neutron-845556-2-hyperv neutron-server[88867]: DEBUG neutron_lib.callbacks.manager [None req-967fb5f2-d2cf-4074-9632-aeec3195d057 None None] Notify callbacks ['neutron.plugins.ml2.plugin.SecurityGroupServerNotifierRpcMixin.notify_sg_on_port_change-737385', 'neutron.plugins.ml2.ovo_rpc._ObjectChangeHandler.handle_event-503725', 'neutron.api.rpc.agentnotifiers.dhcp_rpc_agent_api.DhcpAgentNotifyAPI._native_event_send_dhcp_notification-1651237', 'neutron.db.l3_dvrscheduler_db._notify_l3_agent_new_port-8742524332382'] for port, after_create {{(pid=88867) _notify_loop /usr/local/lib/python3.8/dist-packages/neutron_lib/callbacks/manager.py:192}}
Jun 14 16:21:15.929821 dv-neutron-845556-2-hyperv neutron-server[88867]: DEBUG neutron.scheduler.dhcp_agent_scheduler [None req-967fb5f2-d2cf-4074-9632-aeec3195d057 None None] Network ee326878-bbcf-418f-84ca-f44014a68eaf is already hosted by enough agents. {{(pid=88867) _get_dhcp_agents_hosting_network /opt/stack/neutron/neutron/scheduler/dhcp_agent_scheduler.py:275}}
Jun 14 16:21:15.939045 dv-neutron-845556-2-hyperv neutron-server[88867]: DEBUG neutron.scheduler.base_scheduler [None req-967fb5f2-d2cf-4074-9632-aeec3195d057 None None] Resources bound (agent type, host, resource id): {{(pid=88867) schedule /opt/stack/neutron/neutron/scheduler/base_scheduler.py:57}}
Jun 14 16:21:15.978368 dv-neutron-845556-2-hyperv neutron-server[88865]: DEBUG neutron.wsgi [-] (88865) accepted ('10.222.0.46', 40110) {{(pid=88865) server /usr/local/lib/python3.8/dist-packages/eventlet/wsgi.py:992}}
Jun 14 16:21:15.998252 dv-neutron-845556-2-hyperv neutron-server[88867]: DEBUG neutron.db.l3_dvrscheduler_db [None req-967fb5f2-d2cf-4074-9632-aeec3195d057 None None] Received port after_create {{(pid=88867) _notify_l3_agent_new_port /opt/stack/neutron/neutron/db/l3_dvrscheduler_db.py:538}}
Jun 14 16:21:16.024862 dv-neutron-845556-2-hyperv neutron-server[88866]: DEBUG neutron.scheduler.l3_agent_scheduler [None req-03be677c-b0c7-4633-8ba2-810990fb2b26 admin admin] Router 4e3a7340-e8a2-4415-921f-2125de2a38d6 is scheduled to L3 agent f40a469e-ac61-4183-bafd-c901b7afc98b with binding_index 1 {{(pid=88866) bind_router /opt/stack/neutron/neutron/scheduler/l3_agent_scheduler.py:210}}
Jun 14 16:21:16.100721 dv-neutron-845556-2-hyperv neutron-server[88865]: DEBUG neutron_lib.callbacks.manager [None req-4f60b69e-8f1e-4bf1-8912-4923db467f99 admin admin] Notify callbacks [] for port, precommit_create {{(pid=88865) _notify_loop /usr/local/lib/python3.8/dist-packages/neutron_lib/callbacks/manager.py:192}}
Jun 14 16:21:16.137791 dv-neutron-845556-2-hyperv neutron-server[88867]: DEBUG neutron.api.rpc.handlers.resources_rpc [None req-967fb5f2-d2cf-4074-9632-aeec3195d057 None None] Pushing event updated for resources: {'Port': ['ID=695ac19c-b5b8-433b-b397-afd790746121,revision_number=1']} {{(pid=88867) push /opt/stack/neutron/neutron/api/rpc/handlers/resources_rpc.py:237}}
Jun 14 16:21:16.187374 dv-neutron-845556-2-hyperv neutron-server[88867]: DEBUG neutron.plugins.ml2.managers [None req-967fb5f2-d2cf-4074-9632-aeec3195d057 None None] Attempting to bind port 695ac19c-b5b8-433b-b397-afd790746121 on host dv-neutron-845556-2-hyperv for vnic_type normal with profile {{(pid=88867) bind_port /opt/stack/neutron/neutron/plugins/ml2/managers.py:806}}
Jun 14 16:21:16.191236 dv-neutron-845556-2-hyperv neutron-server[88867]: DEBUG neutron.plugins.ml2.managers [None req-967fb5f2-d2cf-4074-9632-aeec3195d057 None None] Attempting to bind port 695ac19c-b5b8-433b-b397-afd790746121 by drivers openvswitch,hyperv on host dv-neutron-845556-2-hyperv at level 0 using segments [{'id': '98717974-b088-44e5-8f8b-94ab7da5b79e', 'network_type': 'vlan', 'physical_network': 'physnet1', 'segmentation_id': 339, 'network_id': 'ee326878-bbcf-418f-84ca-f44014a68eaf'}] {{(pid=88867) _bind_port_level /opt/stack/neutron/neutron/plugins/ml2/managers.py:831}}
Jun 14 16:21:16.197757 dv-neutron-845556-2-hyperv neutron-server[88867]: DEBUG neutron.plugins.ml2.drivers.mech_agent [None req-967fb5f2-d2cf-4074-9632-aeec3195d057 None None] Attempting to bind port 695ac19c-b5b8-433b-b397-afd790746121 on network ee326878-bbcf-418f-84ca-f44014a68eaf {{(pid=88867) bind_port /opt/stack/neutron/neutron/plugins/ml2/drivers/mech_agent.py:86}}
Jun 14 16:21:16.207729 dv-neutron-845556-2-hyperv neutron-server[88867]: DEBUG neutron.plugins.ml2.drivers.mech_agent [None req-967fb5f2-d2cf-4074-9632-aeec3195d057 None None] Checking agent: {'id': 'f5cf15ff-818b-47de-b86e-3c882c150a39', 'agent_type': 'Open vSwitch agent', 'binary': 'neutron-openvswitch-agent', 'topic': 'N/A', 'host': 'dv-neutron-845556-2-hyperv', 'admin_state_up': True, 'created_at': datetime.datetime(2022, 6, 14, 16, 12, 56), 'started_at': datetime.datetime(2022, 6, 14, 16, 13, 26), 'heartbeat_timestamp': datetime.datetime(2022, 6, 14, 16, 20, 56), 'description': None, 'resources_synced': None, 'availability_zone': None, 'alive': True, 'configurations': {'arp_responder_enabled': False, 'baremetal_smartnic': False, 'bridge_mappings': {'physnet1': 'br-data'}, 'datapath_type': 'system', 'devices': 0, 'enable_distributed_routing': False, 'extensions': [], 'in_distributed_mode': False, 'integration_bridge': 'br-int', 'l2_population': False, 'log_agent_heartbeats': False, 'ovs_capabilities': {'datapath_types': ['netdev', 'system'], 'iface_types': ['erspan', 'geneve', 'gre', 'internal', 'ip6erspan', 'ip6gre', 'lisp', 'patch', 'stt', 'system', 'tap', 'vxlan']}, 'ovs_hybrid_plug': False, 'resource_provider_bandwidths': {}, 'resource_provider_hypervisors': {'br-data': 'dv-neutron-845556-2-hyperv'}, 'resource_provider_inventory_defaults': {'allocation_ratio': 1.0, 'min_unit': 1, 'step_size': 1, 'reserved': 0}, 'tunnel_types': [], 'tunneling_ip': None, 'vhostuser_socket_dir': '/var/run/openvswitch'}, 'resource_versions': {'AddressGroup': '1.2', 'ConntrackHelper': '1.0', 'Log': '1.0', 'Network': '1.1', 'Port': '1.7', 'PortForwarding': '1.2', 'QosPolicy': '1.8', 'SecurityGroup': '1.4', 'SecurityGroupRule': '1.2', 'SubPort': '1.0', 'Subnet': '1.1', 'Trunk': '1.1'}} {{(pid=88867) bind_port /opt/stack/neutron/neutron/plugins/ml2/drivers/mech_agent.py:105}}
Jun 14 16:21:16.208267 dv-neutron-845556-2-hyperv neutron-server[88867]: DEBUG neutron.plugins.ml2.drivers.mech_agent [None req-967fb5f2-d2cf-4074-9632-aeec3195d057 None None] Checking segment: {'id': '98717974-b088-44e5-8f8b-94ab7da5b79e', 'network_type': 'vlan', 'physical_network': 'physnet1', 'segmentation_id': 339, 'network_id': 'ee326878-bbcf-418f-84ca-f44014a68eaf'} for mappings: {'physnet1': 'br-data'} with network types: ['local', 'flat', 'vlan'] {{(pid=88867) check_segment_for_agent /opt/stack/neutron/neutron/plugins/ml2/drivers/mech_agent.py:343}}
Jun 14 16:21:16.208561 dv-neutron-845556-2-hyperv neutron-server[88867]: DEBUG neutron_lib.callbacks.manager [None req-967fb5f2-d2cf-4074-9632-aeec3195d057 None None] Notify callbacks [] for ovs_bridge_name, before_read {{(pid=88867) _notify_loop /usr/local/lib/python3.8/dist-packages/neutron_lib/callbacks/manager.py:192}}
Jun 14 16:21:16.209202 dv-neutron-845556-2-hyperv neutron-server[88867]: DEBUG neutron.plugins.ml2.drivers.mech_agent [None req-967fb5f2-d2cf-4074-9632-aeec3195d057 None None] Bound using segment: {'id': '98717974-b088-44e5-8f8b-94ab7da5b79e', 'network_type': 'vlan', 'physical_network': 'physnet1', 'segmentation_id': 339, 'network_id': 'ee326878-bbcf-418f-84ca-f44014a68eaf'} {{(pid=88867) bind_port /opt/stack/neutron/neutron/plugins/ml2/drivers/mech_agent.py:115}}
Jun 14 16:21:16.209702 dv-neutron-845556-2-hyperv neutron-server[88867]: DEBUG neutron.plugins.ml2.managers [None req-967fb5f2-d2cf-4074-9632-aeec3195d057 None None] Bound port: 695ac19c-b5b8-433b-b397-afd790746121, host: dv-neutron-845556-2-hyperv, vif_type: ovs, vif_details: {"connectivity": "l2", "port_filter": true, "ovs_hybrid_plug": false, "datapath_type": "system", "bridge_name": "br-int"}, binding_levels: [{'bound_driver': 'openvswitch', 'bound_segment': {'id': '98717974-b088-44e5-8f8b-94ab7da5b79e', 'network_type': 'vlan', 'physical_network': 'physnet1', 'segmentation_id': 339, 'network_id': 'ee326878-bbcf-418f-84ca-f44014a68eaf'}}] {{(pid=88867) _bind_port_level /opt/stack/neutron/neutron/plugins/ml2/managers.py:944}}
Jun 14 16:21:16.210096 dv-neutron-845556-2-hyperv neutron-server[88867]: DEBUG neutron_lib.callbacks.manager [None req-967fb5f2-d2cf-4074-9632-aeec3195d057 None None] Notify callbacks ['neutron.plugins.ml2.plugin.SecurityGroupDbMixin._ensure_default_security_group_handler-737448'] for port, before_update {{(pid=88867) _notify_loop /usr/local/lib/python3.8/dist-packages/neutron_lib/callbacks/manager.py:192}}
Jun 14 16:21:16.230200 dv-neutron-845556-2-hyperv neutron-server[88865]: DEBUG neutron_lib.callbacks.manager [None req-4f60b69e-8f1e-4bf1-8912-4923db467f99 admin admin] Notify callbacks ['neutron.plugins.ml2.plugin.SecurityGroupServerNotifierRpcMixin.notify_sg_on_port_change-737385', 'neutron.plugins.ml2.ovo_rpc._ObjectChangeHandler.handle_event-503725', 'neutron.api.rpc.agentnotifiers.dhcp_rpc_agent_api.DhcpAgentNotifyAPI._native_event_send_dhcp_notification-1651237', 'neutron.db.l3_dvrscheduler_db._notify_l3_agent_new_port-8742524332382'] for port, after_create {{(pid=88865) _notify_loop /usr/local/lib/python3.8/dist-packages/neutron_lib/callbacks/manager.py:192}}
Jun 14 16:21:16.330384 dv-neutron-845556-2-hyperv neutron-server[88867]: DEBUG neutron.plugins.ml2.rpc [None req-a8c9e9a7-d13b-4450-9777-1ca2aa8c9bfe None None] Device 41d08cb5-d965-4e9d-9939-ada938964377 up at agent ovs-agent-dv-neutron-845556-2-hyperv {{(pid=88867) update_device_up /opt/stack/neutron/neutron/plugins/ml2/rpc.py:278}}
Jun 14 16:21:16.418857 dv-neutron-845556-2-hyperv neutron-server[88865]: DEBUG neutron.api.rpc.handlers.resources_rpc [None req-4f60b69e-8f1e-4bf1-8912-4923db467f99 admin admin] Pushing event updated for resources: {'Port': ['ID=8a92fae2-e1a6-42f8-8b3f-4d738cce43a0,revision_number=1']} {{(pid=88865) push /opt/stack/neutron/neutron/api/rpc/handlers/resources_rpc.py:237}}
Jun 14 16:21:16.446989 dv-neutron-845556-2-hyperv neutron-server[88865]: DEBUG neutron.scheduler.dhcp_agent_scheduler [None req-4f60b69e-8f1e-4bf1-8912-4923db467f99 admin admin] Network f74e1277-94d4-4d11-8a21-ae1ec9b88b0a is already hosted by enough agents. {{(pid=88865) _get_dhcp_agents_hosting_network /opt/stack/neutron/neutron/scheduler/dhcp_agent_scheduler.py:275}}
Jun 14 16:21:16.461128 dv-neutron-845556-2-hyperv neutron-server[88865]: DEBUG neutron.scheduler.base_scheduler [None req-4f60b69e-8f1e-4bf1-8912-4923db467f99 admin admin] Resources bound (agent type, host, resource id): {{(pid=88865) schedule /opt/stack/neutron/neutron/scheduler/base_scheduler.py:57}}
Jun 14 16:21:16.463855 dv-neutron-845556-2-hyperv neutron-server[88865]: DEBUG neutron.db.l3_dvrscheduler_db [None req-4f60b69e-8f1e-4bf1-8912-4923db467f99 admin admin] Received port after_create {{(pid=88865) _notify_l3_agent_new_port /opt/stack/neutron/neutron/db/l3_dvrscheduler_db.py:538}}
Jun 14 16:21:16.589263 dv-neutron-845556-2-hyperv neutron-server[88866]: DEBUG neutron.wsgi [-] (88866) accepted ('10.222.0.46', 40120) {{(pid=88866) server /usr/local/lib/python3.8/dist-packages/eventlet/wsgi.py:992}}
Jun 14 16:21:16.589582 dv-neutron-845556-2-hyperv neutron-server[88866]: DEBUG neutron.wsgi [-] (88866) accepted ('10.222.0.46', 40124) {{(pid=88866) server /usr/local/lib/python3.8/dist-packages/eventlet/wsgi.py:992}}
Jun 14 16:21:16.590899 dv-neutron-845556-2-hyperv neutron-server[88866]: DEBUG neutron.api.rpc.agentnotifiers.l3_rpc_agent_api [None req-03be677c-b0c7-4633-8ba2-810990fb2b26 admin admin] Notify agent at l3_agent.dv-neutron-845556-2-hyperv the message routers_updated {{(pid=88866) _agent_notification /opt/stack/neutron/neutron/api/rpc/agentnotifiers/l3_rpc_agent_api.py:68}}
Jun 14 16:21:16.606302 dv-neutron-845556-2-hyperv neutron-server[88868]: DEBUG neutron.api.rpc.handlers.l3_rpc [None req-f217466c-05aa-46c6-8b2b-9b24c6532245 None None] Sync routers for ids ['4e3a7340-e8a2-4415-921f-2125de2a38d6'] in dv-neutron-845556-2-hyperv {{(pid=88868) sync_routers /opt/stack/neutron/neutron/api/rpc/handlers/l3_rpc.py:125}}
