Jun 09 08:45:07.664596 dv-neutron-845232-1-hyperv neutron-server[116096]: DEBUG neutron.plugins.ml2.db [None req-612cffa9-5fcb-4f76-b981-778a8eefded9 None None] For port 0eec33ba-ed31-45eb-9a28-2f4eed373b37, host dv-neutron-845232-1-hyperv, set binding levels [PortBindingLevel(driver='openvswitch',host='dv-neutron-845232-1-hyperv',level=0,port_id=0eec33ba-ed31-45eb-9a28-2f4eed373b37,segment=NetworkSegment(868bb758-cdce-48c5-b59e-0ffca4044fb8),segment_id=868bb758-cdce-48c5-b59e-0ffca4044fb8)] {{(pid=116096) set_binding_levels /opt/stack/neutron/neutron/plugins/ml2/db.py:59}}
Jun 09 08:45:07.670950 dv-neutron-845232-1-hyperv neutron-server[116094]: DEBUG neutron_lib.callbacks.manager [None req-7ec3d5d2-b81c-4f63-8862-f1bc7800149e tempest-PortsAdminExtendedAttrsTestJSON-911169943 tempest-PortsAdminExtendedAttrsTestJSON-911169943-project-admin] Publish callbacks ['neutron.plugins.ml2.plugin.SecurityGroupServerNotifierRpcMixin._notify_sg_on_port_change-3711882', 'neutron.plugins.ml2.ovo_rpc._ObjectChangeHandler.handle_event-210352', 'neutron.api.rpc.agentnotifiers.dhcp_rpc_agent_api.DhcpAgentNotifyAPI._native_event_send_dhcp_notification-548153', 'neutron.db.l3_db.L3RpcNotifierMixin._notify_gateway_port_ip_changed-8753325297713', 'neutron.db.l3_dvrscheduler_db._notify_l3_agent_port_update-8753324728679', 'neutron.db.l3_hascheduler_db._notify_l3_agent_ha_port_update-8753324728697', 'neutron.services.segments.plugin.NovaSegmentNotifier._notify_port_updated-7565462'] for port (4f4aafc8-1d7d-498f-aac2-1c4e319c51f8), after_update {{(pid=116094) _notify_loop /usr/local/lib/python3.8/dist-packages/neutron_lib/callbacks/manager.py:176}}
Jun 09 08:45:07.672288 dv-neutron-845232-1-hyperv neutron-server[116096]: DEBUG neutron.plugins.ml2.drivers.mech_agent [None req-021a2a85-732f-41aa-addc-45eb47c97718 None None] Checking agent: {'id': '327d6da6-144a-456b-b792-f58bd1f2a648', 'agent_type': 'Open vSwitch agent', 'binary': 'neutron-openvswitch-agent', 'topic': 'N/A', 'host': 'dv-neutron-845232-1-hyperv', 'admin_state_up': True, 'created_at': datetime.datetime(2022, 6, 9, 8, 37, 7), 'started_at': datetime.datetime(2022, 6, 9, 8, 37, 37), 'heartbeat_timestamp': datetime.datetime(2022, 6, 9, 8, 45, 7), 'description': None, 'resources_synced': None, 'availability_zone': None, 'alive': True, 'configurations': {'arp_responder_enabled': False, 'baremetal_smartnic': False, 'bridge_mappings': {'physnet1': 'br-data'}, 'datapath_type': 'system', 'devices': 0, 'enable_distributed_routing': False, 'extensions': [], 'in_distributed_mode': False, 'integration_bridge': 'br-int', 'l2_population': False, 'log_agent_heartbeats': False, 'ovs_capabilities': {'datapath_types': ['netdev', 'system'], 'iface_types': ['erspan', 'geneve', 'gre', 'internal', 'ip6erspan', 'ip6gre', 'lisp', 'patch', 'stt', 'system', 'tap', 'vxlan']}, 'ovs_hybrid_plug': False, 'resource_provider_bandwidths': {}, 'resource_provider_hypervisors': {'br-data': 'dv-neutron-845232-1-hyperv'}, 'resource_provider_inventory_defaults': {'allocation_ratio': 1.0, 'min_unit': 1, 'step_size': 1, 'reserved': 0}, 'resource_provider_packet_processing_inventory_defaults': {'allocation_ratio': 1.0, 'min_unit': 1, 'step_size': 1, 'reserved': 0}, 'resource_provider_packet_processing_with_direction': {}, 'resource_provider_packet_processing_without_direction': {}, 'tunnel_types': [], 'tunneling_ip': None, 'vhostuser_socket_dir': '/var/run/openvswitch'}, 'resource_versions': {'AddressGroup': '1.2', 'ConntrackHelper': '1.0', 'LocalIPAssociation': '1.0', 'Log': '1.0', 'Network': '1.1', 'Port': '1.7', 'PortForwarding': '1.2', 'QosPolicy': '1.10', 'SecurityGroup': '1.5', 'SecurityGroupRule': '1.2', 'SubPort': '1.0', 'Subnet': '1.1', 'Trunk': '1.1'}} {{(pid=116096) bind_port /opt/stack/neutron/neutron/plugins/ml2/drivers/mech_agent.py:110}}
Jun 09 08:45:07.672720 dv-neutron-845232-1-hyperv neutron-server[116096]: DEBUG neutron.plugins.ml2.drivers.mech_agent [None req-021a2a85-732f-41aa-addc-45eb47c97718 None None] Checking segment: {'id': '756b82f5-ede6-4a58-a57e-014dc5db1e90', 'network_type': 'vlan', 'physical_network': 'physnet1', 'segmentation_id': 140, 'network_id': '8ed0baed-3b37-4a53-843c-1f2945b0fa71'} for mappings: {'physnet1': 'br-data'} with network types: ['local', 'flat', 'vlan'] {{(pid=116096) check_segment_for_agent /opt/stack/neutron/neutron/plugins/ml2/drivers/mech_agent.py:373}}
Jun 09 08:45:07.673105 dv-neutron-845232-1-hyperv neutron-server[116096]: DEBUG neutron_lib.callbacks.manager [None req-021a2a85-732f-41aa-addc-45eb47c97718 None None] Publish callbacks [] for ovs_bridge_name (None), before_read {{(pid=116096) _notify_loop /usr/local/lib/python3.8/dist-packages/neutron_lib/callbacks/manager.py:176}}
Jun 09 08:45:07.673438 dv-neutron-845232-1-hyperv neutron-server[116096]: DEBUG neutron.plugins.ml2.drivers.mech_agent [None req-021a2a85-732f-41aa-addc-45eb47c97718 None None] Bound using segment: {'id': '756b82f5-ede6-4a58-a57e-014dc5db1e90', 'network_type': 'vlan', 'physical_network': 'physnet1', 'segmentation_id': 140, 'network_id': '8ed0baed-3b37-4a53-843c-1f2945b0fa71'} {{(pid=116096) bind_port /opt/stack/neutron/neutron/plugins/ml2/drivers/mech_agent.py:120}}
Jun 09 08:45:07.673947 dv-neutron-845232-1-hyperv neutron-server[116096]: DEBUG neutron.plugins.ml2.managers [None req-021a2a85-732f-41aa-addc-45eb47c97718 None None] Bound port: ba1951bd-8ed5-4957-a717-a2c921fe6314, host: dv-neutron-845232-1-hyperv, vif_type: ovs, vif_details: {"connectivity": "l2", "port_filter": true, "ovs_hybrid_plug": false, "datapath_type": "system", "bridge_name": "br-int"}, binding_levels: [{'bound_driver': 'openvswitch', 'bound_segment': {'id': '756b82f5-ede6-4a58-a57e-014dc5db1e90', 'network_type': 'vlan', 'physical_network': 'physnet1', 'segmentation_id': 140, 'network_id': '8ed0baed-3b37-4a53-843c-1f2945b0fa71'}}] {{(pid=116096) _bind_port_level /opt/stack/neutron/neutron/plugins/ml2/managers.py:932}}
Jun 09 08:45:07.674331 dv-neutron-845232-1-hyperv neutron-server[116096]: DEBUG neutron_lib.callbacks.manager [None req-021a2a85-732f-41aa-addc-45eb47c97718 None None] Publish callbacks ['neutron.plugins.ml2.plugin.SecurityGroupDbMixin._ensure_default_security_group_handler-3711290'] for port (ba1951bd-8ed5-4957-a717-a2c921fe6314), before_update {{(pid=116096) _notify_loop /usr/local/lib/python3.8/dist-packages/neutron_lib/callbacks/manager.py:176}}
Jun 09 08:45:07.682906 dv-neutron-845232-1-hyperv neutron-server[116096]: DEBUG neutron_lib.callbacks.manager [None req-612cffa9-5fcb-4f76-b981-778a8eefded9 None None] Publish callbacks ['neutron.plugins.ml2.plugin.SecurityGroupServerNotifierRpcMixin._notify_sg_on_port_change-3711882', 'neutron.plugins.ml2.ovo_rpc._ObjectChangeHandler.handle_event-210352', 'neutron.api.rpc.agentnotifiers.dhcp_rpc_agent_api.DhcpAgentNotifyAPI._native_event_send_dhcp_notification-548153', 'neutron.db.l3_db.L3RpcNotifierMixin._notify_gateway_port_ip_changed-8753325297713', 'neutron.db.l3_dvrscheduler_db._notify_l3_agent_port_update-8753324728679', 'neutron.db.l3_hascheduler_db._notify_l3_agent_ha_port_update-8753324728697'] for port (0eec33ba-ed31-45eb-9a28-2f4eed373b37), after_update {{(pid=116096) _notify_loop /usr/local/lib/python3.8/dist-packages/neutron_lib/callbacks/manager.py:176}}
Jun 09 08:45:07.733807 dv-neutron-845232-1-hyperv neutron-server[116094]: DEBUG neutron.api.rpc.handlers.resources_rpc [None req-7ec3d5d2-b81c-4f63-8862-f1bc7800149e tempest-PortsAdminExtendedAttrsTestJSON-911169943 tempest-PortsAdminExtendedAttrsTestJSON-911169943-project-admin] Pushing event updated for resources: {'Port': ['ID=4f4aafc8-1d7d-498f-aac2-1c4e319c51f8,revision_number=2']} {{(pid=116094) push /opt/stack/neutron/neutron/api/rpc/handlers/resources_rpc.py:237}}
Jun 09 08:45:07.748604 dv-neutron-845232-1-hyperv neutron-server[116094]: INFO neutron.services.segments.plugin [-] Segment 8d91b9b8-07c8-4dd0-9eee-d96e53d91254 resource provider aggregate not found
Jun 09 08:45:07.774032 dv-neutron-845232-1-hyperv neutron-server[116094]: INFO neutron.services.segments.plugin [-] Segment 8d91b9b8-07c8-4dd0-9eee-d96e53d91254 resource provider not found; error: Placement Client Error (4xx): {"errors": [{"status": 404, "title": "Not Found", "detail": "The resource could not be found.\n\n No resource provider with uuid 8d91b9b8-07c8-4dd0-9eee-d96e53d91254 found for delete ", "request_id": "req-3ae39623-0bbb-4301-b8d0-00f267fc52e7"}]}
Jun 09 08:45:07.789668 dv-neutron-845232-1-hyperv neutron-server[116094]: DEBUG neutron.plugins.ml2.managers [None req-7ec3d5d2-b81c-4f63-8862-f1bc7800149e tempest-PortsAdminExtendedAttrsTestJSON-911169943 tempest-PortsAdminExtendedAttrsTestJSON-911169943-project-admin] Attempting to bind port 4f4aafc8-1d7d-498f-aac2-1c4e319c51f8 on host hv-neutron-8452 for vnic_type normal with profile {{(pid=116094) bind_port /opt/stack/neutron/neutron/plugins/ml2/managers.py:795}}
Jun 09 08:45:07.790456 dv-neutron-845232-1-hyperv neutron-server[116094]: DEBUG neutron.plugins.ml2.managers [None req-7ec3d5d2-b81c-4f63-8862-f1bc7800149e tempest-PortsAdminExtendedAttrsTestJSON-911169943 tempest-PortsAdminExtendedAttrsTestJSON-911169943-project-admin] Attempting to bind port 4f4aafc8-1d7d-498f-aac2-1c4e319c51f8 by drivers openvswitch,hyperv on host hv-neutron-8452 at level 0 using segments [{'id': 'b139addc-781c-41eb-813b-b4c2462f4011', 'network_type': 'vlan', 'physical_network': 'physnet1', 'segmentation_id': 113, 'network_id': '760631a9-f87e-4d71-bb80-8740b2e988f5'}] {{(pid=116094) _bind_port_level /opt/stack/neutron/neutron/plugins/ml2/managers.py:820}}
Jun 09 08:45:07.791190 dv-neutron-845232-1-hyperv neutron-server[116094]: DEBUG neutron.plugins.ml2.drivers.mech_agent [None req-7ec3d5d2-b81c-4f63-8862-f1bc7800149e tempest-PortsAdminExtendedAttrsTestJSON-911169943 tempest-PortsAdminExtendedAttrsTestJSON-911169943-project-admin] Attempting to bind port 4f4aafc8-1d7d-498f-aac2-1c4e319c51f8 on network 760631a9-f87e-4d71-bb80-8740b2e988f5 {{(pid=116094) bind_port /opt/stack/neutron/neutron/plugins/ml2/drivers/mech_agent.py:91}}
Jun 09 08:45:07.796776 dv-neutron-845232-1-hyperv neutron-server[116094]: DEBUG neutron.plugins.ml2.drivers.mech_agent [None req-7ec3d5d2-b81c-4f63-8862-f1bc7800149e tempest-PortsAdminExtendedAttrsTestJSON-911169943 tempest-PortsAdminExtendedAttrsTestJSON-911169943-project-admin] Port 4f4aafc8-1d7d-498f-aac2-1c4e319c51f8 on network 760631a9-f87e-4d71-bb80-8740b2e988f5 not bound, no agent of type Open vSwitch agent registered on host hv-neutron-8452 {{(pid=116094) bind_port /opt/stack/neutron/neutron/plugins/ml2/drivers/mech_agent.py:103}}
Jun 09 08:45:07.797263 dv-neutron-845232-1-hyperv neutron-server[116094]: ERROR neutron.plugins.ml2.managers [None req-7ec3d5d2-b81c-4f63-8862-f1bc7800149e tempest-PortsAdminExtendedAttrsTestJSON-911169943 tempest-PortsAdminExtendedAttrsTestJSON-911169943-project-admin] Failed to bind port 4f4aafc8-1d7d-498f-aac2-1c4e319c51f8 on host hv-neutron-8452 for vnic_type normal using segments [{'id': 'b139addc-781c-41eb-813b-b4c2462f4011', 'network_type': 'vlan', 'physical_network': 'physnet1', 'segmentation_id': 113, 'network_id': '760631a9-f87e-4d71-bb80-8740b2e988f5'}]
Jun 09 08:45:07.798072 dv-neutron-845232-1-hyperv neutron-server[116094]: INFO neutron.plugins.ml2.plugin [None req-7ec3d5d2-b81c-4f63-8862-f1bc7800149e tempest-PortsAdminExtendedAttrsTestJSON-911169943 tempest-PortsAdminExtendedAttrsTestJSON-911169943-project-admin] Attempt 2 to bind port 4f4aafc8-1d7d-498f-aac2-1c4e319c51f8
Jun 09 08:45:07.816383 dv-neutron-845232-1-hyperv neutron-server[116094]: DEBUG neutron.plugins.ml2.managers [None req-7ec3d5d2-b81c-4f63-8862-f1bc7800149e tempest-PortsAdminExtendedAttrsTestJSON-911169943 tempest-PortsAdminExtendedAttrsTestJSON-911169943-project-admin] Attempting to bind port 4f4aafc8-1d7d-498f-aac2-1c4e319c51f8 on host hv-neutron-8452 for vnic_type normal with profile {{(pid=116094) bind_port /opt/stack/neutron/neutron/plugins/ml2/managers.py:795}}
Jun 09 08:45:07.817019 dv-neutron-845232-1-hyperv neutron-server[116094]: DEBUG neutron.plugins.ml2.managers [None req-7ec3d5d2-b81c-4f63-8862-f1bc7800149e tempest-PortsAdminExtendedAttrsTestJSON-911169943 tempest-PortsAdminExtendedAttrsTestJSON-911169943-project-admin] Attempting to bind port 4f4aafc8-1d7d-498f-aac2-1c4e319c51f8 by drivers openvswitch,hyperv on host hv-neutron-8452 at level 0 using segments [{'id': 'b139addc-781c-41eb-813b-b4c2462f4011', 'network_type': 'vlan', 'physical_network': 'physnet1', 'segmentation_id': 113, 'network_id': '760631a9-f87e-4d71-bb80-8740b2e988f5'}] {{(pid=116094) _bind_port_level /opt/stack/neutron/neutron/plugins/ml2/managers.py:820}}
Jun 09 08:45:07.818244 dv-neutron-845232-1-hyperv neutron-server[116094]: DEBUG neutron.plugins.ml2.drivers.mech_agent [None req-7ec3d5d2-b81c-4f63-8862-f1bc7800149e tempest-PortsAdminExtendedAttrsTestJSON-911169943 tempest-PortsAdminExtendedAttrsTestJSON-911169943-project-admin] Attempting to bind port 4f4aafc8-1d7d-498f-aac2-1c4e319c51f8 on network 760631a9-f87e-4d71-bb80-8740b2e988f5 {{(pid=116094) bind_port /opt/stack/neutron/neutron/plugins/ml2/drivers/mech_agent.py:91}}
Jun 09 08:45:07.826196 dv-neutron-845232-1-hyperv neutron-server[116094]: DEBUG neutron.plugins.ml2.drivers.mech_agent [None req-7ec3d5d2-b81c-4f63-8862-f1bc7800149e tempest-PortsAdminExtendedAttrsTestJSON-911169943 tempest-PortsAdminExtendedAttrsTestJSON-911169943-project-admin] Port 4f4aafc8-1d7d-498f-aac2-1c4e319c51f8 on network 760631a9-f87e-4d71-bb80-8740b2e988f5 not bound, no agent of type Open vSwitch agent registered on host hv-neutron-8452 {{(pid=116094) bind_port /opt/stack/neutron/neutron/plugins/ml2/drivers/mech_agent.py:103}}
Jun 09 08:45:07.826683 dv-neutron-845232-1-hyperv neutron-server[116094]: ERROR neutron.plugins.ml2.managers [None req-7ec3d5d2-b81c-4f63-8862-f1bc7800149e tempest-PortsAdminExtendedAttrsTestJSON-911169943 tempest-PortsAdminExtendedAttrsTestJSON-911169943-project-admin] Failed to bind port 4f4aafc8-1d7d-498f-aac2-1c4e319c51f8 on host hv-neutron-8452 for vnic_type normal using segments [{'id': 'b139addc-781c-41eb-813b-b4c2462f4011', 'network_type': 'vlan', 'physical_network': 'physnet1', 'segmentation_id': 113, 'network_id': '760631a9-f87e-4d71-bb80-8740b2e988f5'}]
Jun 09 08:45:07.827305 dv-neutron-845232-1-hyperv neutron-server[116094]: INFO neutron.plugins.ml2.plugin [None req-7ec3d5d2-b81c-4f63-8862-f1bc7800149e tempest-PortsAdminExtendedAttrsTestJSON-911169943 tempest-PortsAdminExtendedAttrsTestJSON-911169943-project-admin] Attempt 3 to bind port 4f4aafc8-1d7d-498f-aac2-1c4e319c51f8
Jun 09 08:45:07.846325 dv-neutron-845232-1-hyperv neutron-server[116094]: DEBUG neutron.plugins.ml2.managers [None req-7ec3d5d2-b81c-4f63-8862-f1bc7800149e tempest-PortsAdminExtendedAttrsTestJSON-911169943 tempest-PortsAdminExtendedAttrsTestJSON-911169943-project-admin] Attempting to bind port 4f4aafc8-1d7d-498f-aac2-1c4e319c51f8 on host hv-neutron-8452 for vnic_type normal with profile {{(pid=116094) bind_port /opt/stack/neutron/neutron/plugins/ml2/managers.py:795}}
Jun 09 08:45:07.846443 dv-neutron-845232-1-hyperv neutron-server[116095]: DEBUG neutron.pecan_wsgi.hooks.policy_enforcement [req-04e9c160-4c84-42af-ab85-147d5ad11a12 req-b55bd56b-2fb7-4bf9-afeb-ebf535a0c52e tempest-ServersTestManualDisk-1443764374 tempest-ServersTestManualDisk-1443764374-project] Attributes excluded by policy engine: ['standard_attr_id', 'vlan_transparent', 'provider:network_type', 'provider:physical_network', 'provider:segmentation_id'] {{(pid=116095) _exclude_attributes_by_policy /opt/stack/neutron/neutron/pecan_wsgi/hooks/policy_enforcement.py:259}}
Jun 09 08:45:07.846934 dv-neutron-845232-1-hyperv neutron-server[116094]: DEBUG neutron.plugins.ml2.managers [None req-7ec3d5d2-b81c-4f63-8862-f1bc7800149e tempest-PortsAdminExtendedAttrsTestJSON-911169943 tempest-PortsAdminExtendedAttrsTestJSON-911169943-project-admin] Attempting to bind port 4f4aafc8-1d7d-498f-aac2-1c4e319c51f8 by drivers openvswitch,hyperv on host hv-neutron-8452 at level 0 using segments [{'id': 'b139addc-781c-41eb-813b-b4c2462f4011', 'network_type': 'vlan', 'physical_network': 'physnet1', 'segmentation_id': 113, 'network_id': '760631a9-f87e-4d71-bb80-8740b2e988f5'}] {{(pid=116094) _bind_port_level /opt/stack/neutron/neutron/plugins/ml2/managers.py:820}}
Jun 09 08:45:07.847416 dv-neutron-845232-1-hyperv neutron-server[116094]: DEBUG neutron.plugins.ml2.drivers.mech_agent [None req-7ec3d5d2-b81c-4f63-8862-f1bc7800149e tempest-PortsAdminExtendedAttrsTestJSON-911169943 tempest-PortsAdminExtendedAttrsTestJSON-911169943-project-admin] Attempting to bind port 4f4aafc8-1d7d-498f-aac2-1c4e319c51f8 on network 760631a9-f87e-4d71-bb80-8740b2e988f5 {{(pid=116094) bind_port /opt/stack/neutron/neutron/plugins/ml2/drivers/mech_agent.py:91}}
Jun 09 08:45:07.850380 dv-neutron-845232-1-hyperv neutron-server[116095]: INFO neutron.wsgi [req-04e9c160-4c84-42af-ab85-147d5ad11a12 req-b55bd56b-2fb7-4bf9-afeb-ebf535a0c52e tempest-ServersTestManualDisk-1443764374 tempest-ServersTestManualDisk-1443764374-project] 10.222.0.40 "GET /v2.0/networks?id=7a307bb3-b78d-4baa-9283-b4ece3b16a9d HTTP/1.1" status: 200 len: 811 time: 0.6325264
Jun 09 08:45:07.851097 dv-neutron-845232-1-hyperv neutron-server[116095]: DEBUG neutron_lib.callbacks.manager [None req-f2ee3bd9-2fdb-4ccc-97ac-2430ca930b06 tempest-QuotasNegativeTest-454071802 tempest-QuotasNegativeTest-454071802-project-admin] Publish callbacks ['neutron.plugins.ml2.ovo_rpc._ObjectChangeHandler.handle_event-513003', 'neutron.api.rpc.agentnotifiers.dhcp_rpc_agent_api.DhcpAgentNotifyAPI._native_event_send_dhcp_notification-548153'] for network (e8101261-9862-4ecf-8008-bbc818acb6cc), after_create {{(pid=116095) _notify_loop /usr/local/lib/python3.8/dist-packages/neutron_lib/callbacks/manager.py:176}}
Jun 09 08:45:07.852521 dv-neutron-845232-1-hyperv neutron-server[116095]: DEBUG neutron.pecan_wsgi.hooks.policy_enforcement [None req-f2ee3bd9-2fdb-4ccc-97ac-2430ca930b06 tempest-QuotasNegativeTest-454071802 tempest-QuotasNegativeTest-454071802-project-admin] Attributes excluded by policy engine: ['standard_attr_id', 'vlan_transparent'] {{(pid=116095) _exclude_attributes_by_policy /opt/stack/neutron/neutron/pecan_wsgi/hooks/policy_enforcement.py:259}}
Jun 09 08:45:07.853116 dv-neutron-845232-1-hyperv neutron-server[116095]: DEBUG neutron_lib.callbacks.manager [None req-f2ee3bd9-2fdb-4ccc-97ac-2430ca930b06 tempest-QuotasNegativeTest-454071802 tempest-QuotasNegativeTest-454071802-project-admin] Publish callbacks ['neutron.api.rpc.agentnotifiers.dhcp_rpc_agent_api.DhcpAgentNotifyAPI._send_dhcp_notification-548135'] for network (None), before_response {{(pid=116095) _notify_loop /usr/local/lib/python3.8/dist-packages/neutron_lib/callbacks/manager.py:176}}
Jun 09 08:45:07.869717 dv-neutron-845232-1-hyperv neutron-server[116094]: DEBUG neutron.plugins.ml2.drivers.mech_agent [None req-7ec3d5d2-b81c-4f63-8862-f1bc7800149e tempest-PortsAdminExtendedAttrsTestJSON-911169943 tempest-PortsAdminExtendedAttrsTestJSON-911169943-project-admin] Port 4f4aafc8-1d7d-498f-aac2-1c4e319c51f8 on network 760631a9-f87e-4d71-bb80-8740b2e988f5 not bound, no agent of type Open vSwitch agent registered on host hv-neutron-8452 {{(pid=116094) bind_port /opt/stack/neutron/neutron/plugins/ml2/drivers/mech_agent.py:103}}
Jun 09 08:45:07.871095 dv-neutron-845232-1-hyperv neutron-server[116094]: ERROR neutron.plugins.ml2.managers [None req-7ec3d5d2-b81c-4f63-8862-f1bc7800149e tempest-PortsAdminExtendedAttrsTestJSON-911169943 tempest-PortsAdminExtendedAttrsTestJSON-911169943-project-admin] Failed to bind port 4f4aafc8-1d7d-498f-aac2-1c4e319c51f8 on host hv-neutron-8452 for vnic_type normal using segments [{'id': 'b139addc-781c-41eb-813b-b4c2462f4011', 'network_type': 'vlan', 'physical_network': 'physnet1', 'segmentation_id': 113, 'network_id': '760631a9-f87e-4d71-bb80-8740b2e988f5'}]
Jun 09 08:45:07.908669 dv-neutron-845232-1-hyperv neutron-server[116094]: INFO neutron.plugins.ml2.plugin [None req-7ec3d5d2-b81c-4f63-8862-f1bc7800149e tempest-PortsAdminExtendedAttrsTestJSON-911169943 tempest-PortsAdminExtendedAttrsTestJSON-911169943-project-admin] Attempt 4 to bind port 4f4aafc8-1d7d-498f-aac2-1c4e319c51f8
Jun 09 08:45:07.923014 dv-neutron-845232-1-hyperv neutron-server[116094]: INFO neutron.wsgi [req-ae8e6a3f-d51b-427e-9d8a-d1741ec2f9fd req-5149041b-69e7-45a5-86f6-a2264ce46db9 tempest-ServersTestManualDisk-1443764374 tempest-ServersTestManualDisk-1443764374-project] 10.222.0.20 "GET /v2.0/ports?device_id=68a03b2d-81f8-4718-be68-8d769226472f HTTP/1.1" status: 200 len: 210 time: 0.0711236
Jun 09 08:45:07.951255 dv-neutron-845232-1-hyperv neutron-server[116094]: DEBUG neutron.plugins.ml2.managers [None req-7ec3d5d2-b81c-4f63-8862-f1bc7800149e tempest-PortsAdminExtendedAttrsTestJSON-911169943 tempest-PortsAdminExtendedAttrsTestJSON-911169943-project-admin] Attempting to bind port 4f4aafc8-1d7d-498f-aac2-1c4e319c51f8 on host hv-neutron-8452 for vnic_type normal with profile {{(pid=116094) bind_port /opt/stack/neutron/neutron/plugins/ml2/managers.py:795}}
Jun 09 08:45:07.951620 dv-neutron-845232-1-hyperv neutron-server[116094]: DEBUG neutron.plugins.ml2.managers [None req-7ec3d5d2-b81c-4f63-8862-f1bc7800149e tempest-PortsAdminExtendedAttrsTestJSON-911169943 tempest-PortsAdminExtendedAttrsTestJSON-911169943-project-admin] Attempting to bind port 4f4aafc8-1d7d-498f-aac2-1c4e319c51f8 by drivers openvswitch,hyperv on host hv-neutron-8452 at level 0 using segments [{'id': 'b139addc-781c-41eb-813b-b4c2462f4011', 'network_type': 'vlan', 'physical_network': 'physnet1', 'segmentation_id': 113, 'network_id': '760631a9-f87e-4d71-bb80-8740b2e988f5'}] {{(pid=116094) _bind_port_level /opt/stack/neutron/neutron/plugins/ml2/managers.py:820}}
Jun 09 08:45:07.952122 dv-neutron-845232-1-hyperv neutron-server[116094]: DEBUG neutron.plugins.ml2.drivers.mech_agent [None req-7ec3d5d2-b81c-4f63-8862-f1bc7800149e tempest-PortsAdminExtendedAttrsTestJSON-911169943 tempest-PortsAdminExtendedAttrsTestJSON-911169943-project-admin] Attempting to bind port 4f4aafc8-1d7d-498f-aac2-1c4e319c51f8 on network 760631a9-f87e-4d71-bb80-8740b2e988f5 {{(pid=116094) bind_port /opt/stack/neutron/neutron/plugins/ml2/drivers/mech_agent.py:91}}
Jun 09 08:45:07.958317 dv-neutron-845232-1-hyperv neutron-server[116094]: DEBUG neutron.plugins.ml2.drivers.mech_agent [None req-7ec3d5d2-b81c-4f63-8862-f1bc7800149e tempest-PortsAdminExtendedAttrsTestJSON-911169943 tempest-PortsAdminExtendedAttrsTestJSON-911169943-project-admin] Port 4f4aafc8-1d7d-498f-aac2-1c4e319c51f8 on network 760631a9-f87e-4d71-bb80-8740b2e988f5 not bound, no agent of type Open vSwitch agent registered on host hv-neutron-8452 {{(pid=116094) bind_port /opt/stack/neutron/neutron/plugins/ml2/drivers/mech_agent.py:103}}
Jun 09 08:45:07.958558 dv-neutron-845232-1-hyperv neutron-server[116094]: ERROR neutron.plugins.ml2.managers [None req-7ec3d5d2-b81c-4f63-8862-f1bc7800149e tempest-PortsAdminExtendedAttrsTestJSON-911169943 tempest-PortsAdminExtendedAttrsTestJSON-911169943-project-admin] Failed to bind port 4f4aafc8-1d7d-498f-aac2-1c4e319c51f8 on host hv-neutron-8452 for vnic_type normal using segments [{'id': 'b139addc-781c-41eb-813b-b4c2462f4011', 'network_type': 'vlan', 'physical_network': 'physnet1', 'segmentation_id': 113, 'network_id': '760631a9-f87e-4d71-bb80-8740b2e988f5'}]
Jun 09 08:45:07.958985 dv-neutron-845232-1-hyperv neutron-server[116094]: INFO neutron.plugins.ml2.plugin [None req-7ec3d5d2-b81c-4f63-8862-f1bc7800149e tempest-PortsAdminExtendedAttrsTestJSON-911169943 tempest-PortsAdminExtendedAttrsTestJSON-911169943-project-admin] Attempt 5 to bind port 4f4aafc8-1d7d-498f-aac2-1c4e319c51f8
Jun 09 08:45:07.992625 dv-neutron-845232-1-hyperv neutron-server[116095]: DEBUG neutron_lib.callbacks.manager [None req-d6c44dae-ed4a-4661-92e0-5df9fc501b5d tempest-PortsAdminExtendedAttrsIpV6TestJSON-2104863870 tempest-PortsAdminExtendedAttrsIpV6TestJSON-2104863870-project-admin] Publish callbacks ['neutron.notifiers.nova.Notifier._send_nova_notification-241025'] for port (None), before_response {{(pid=116095) _notify_loop /usr/local/lib/python3.8/dist-packages/neutron_lib/callbacks/manager.py:176}}
Jun 09 08:45:08.011460 dv-neutron-845232-1-hyperv neutron-server[116095]: INFO neutron.wsgi [None req-d6c44dae-ed4a-4661-92e0-5df9fc501b5d tempest-PortsAdminExtendedAttrsIpV6TestJSON-2104863870 tempest-PortsAdminExtendedAttrsIpV6TestJSON-2104863870-project-admin] 10.222.0.20 "DELETE /v2.0/ports/516937f1-0c8d-4084-9809-54a6a859e0ad HTTP/1.1" status: 204 len: 168 time: 1.9573720
Jun 09 08:45:08.021750 dv-neutron-845232-1-hyperv neutron-server[116094]: DEBUG neutron.wsgi [-] (116094) accepted ('10.222.0.20', 43904) {{(pid=116094) server /usr/local/lib/python3.8/dist-packages/eventlet/wsgi.py:1004}}
Jun 09 08:45:08.064277 dv-neutron-845232-1-hyperv neutron-server[116094]: INFO neutron.pecan_wsgi.hooks.translation [None req-8c8f456f-6e30-4aa7-aeee-f3a755244198 tempest-PortsAdminExtendedAttrsIpV6TestJSON-2104863870 tempest-PortsAdminExtendedAttrsIpV6TestJSON-2104863870-project-admin] GET failed (client error): The resource could not be found.
Jun 09 08:45:08.066750 dv-neutron-845232-1-hyperv neutron-server[116094]: INFO neutron.wsgi [None req-8c8f456f-6e30-4aa7-aeee-f3a755244198 tempest-PortsAdminExtendedAttrsIpV6TestJSON-2104863870 tempest-PortsAdminExtendedAttrsIpV6TestJSON-2104863870-project-admin] 10.222.0.20 "GET /v2.0/ports/516937f1-0c8d-4084-9809-54a6a859e0ad HTTP/1.1" status: 404 len: 333 time: 0.0475357
Jun 09 08:45:08.067938 dv-neutron-845232-1-hyperv neutron-server[116094]: DEBUG neutron.plugins.ml2.managers [None req-7ec3d5d2-b81c-4f63-8862-f1bc7800149e tempest-PortsAdminExtendedAttrsTestJSON-911169943 tempest-PortsAdminExtendedAttrsTestJSON-911169943-project-admin] Attempting to bind port 4f4aafc8-1d7d-498f-aac2-1c4e319c51f8 on host hv-neutron-8452 for vnic_type normal with profile {{(pid=116094) bind_port /opt/stack/neutron/neutron/plugins/ml2/managers.py:795}}
Jun 09 08:45:08.068707 dv-neutron-845232-1-hyperv neutron-server[116094]: DEBUG neutron.plugins.ml2.managers [None req-7ec3d5d2-b81c-4f63-8862-f1bc7800149e tempest-PortsAdminExtendedAttrsTestJSON-911169943 tempest-PortsAdminExtendedAttrsTestJSON-911169943-project-admin] Attempting to bind port 4f4aafc8-1d7d-498f-aac2-1c4e319c51f8 by drivers openvswitch,hyperv on host hv-neutron-8452 at level 0 using segments [{'id': 'b139addc-781c-41eb-813b-b4c2462f4011', 'network_type': 'vlan', 'physical_network': 'physnet1', 'segmentation_id': 113, 'network_id': '760631a9-f87e-4d71-bb80-8740b2e988f5'}] {{(pid=116094) _bind_port_level /opt/stack/neutron/neutron/plugins/ml2/managers.py:820}}
Jun 09 08:45:08.074976 dv-neutron-845232-1-hyperv neutron-server[116094]: DEBUG neutron.plugins.ml2.drivers.mech_agent [None req-7ec3d5d2-b81c-4f63-8862-f1bc7800149e tempest-PortsAdminExtendedAttrsTestJSON-911169943 tempest-PortsAdminExtendedAttrsTestJSON-911169943-project-admin] Attempting to bind port 4f4aafc8-1d7d-498f-aac2-1c4e319c51f8 on network 760631a9-f87e-4d71-bb80-8740b2e988f5 {{(pid=116094) bind_port /opt/stack/neutron/neutron/plugins/ml2/drivers/mech_agent.py:91}}
Jun 09 08:45:08.081685 dv-neutron-845232-1-hyperv neutron-server[116095]: DEBUG neutron.api.rpc.handlers.resources_rpc [None req-f2ee3bd9-2fdb-4ccc-97ac-2430ca930b06 tempest-QuotasNegativeTest-454071802 tempest-QuotasNegativeTest-454071802-project-admin] Pushing event updated for resources: {'Network': ['ID=e8101261-9862-4ecf-8008-bbc818acb6cc,revision_number=1']} {{(pid=116095) push /opt/stack/neutron/neutron/api/rpc/handlers/resources_rpc.py:237}}
Jun 09 08:45:08.086358 dv-neutron-845232-1-hyperv neutron-server[116095]: DEBUG neutron.wsgi [-] (116095) accepted ('10.222.0.20', 43912) {{(pid=116095) server /usr/local/lib/python3.8/dist-packages/eventlet/wsgi.py:1004}}
Jun 09 08:45:08.086651 dv-neutron-845232-1-hyperv neutron-server[116094]: DEBUG neutron.plugins.ml2.drivers.mech_agent [None req-7ec3d5d2-b81c-4f63-8862-f1bc7800149e tempest-PortsAdminExtendedAttrsTestJSON-911169943 tempest-PortsAdminExtendedAttrsTestJSON-911169943-project-admin] Port 4f4aafc8-1d7d-498f-aac2-1c4e319c51f8 on network 760631a9-f87e-4d71-bb80-8740b2e988f5 not bound, no agent of type Open vSwitch agent registered on host hv-neutron-8452 {{(pid=116094) bind_port /opt/stack/neutron/neutron/plugins/ml2/drivers/mech_agent.py:103}}
Jun 09 08:45:08.086988 dv-neutron-845232-1-hyperv neutron-server[116094]: ERROR neutron.plugins.ml2.managers [None req-7ec3d5d2-b81c-4f63-8862-f1bc7800149e tempest-PortsAdminExtendedAttrsTestJSON-911169943 tempest-PortsAdminExtendedAttrsTestJSON-911169943-project-admin] Failed to bind port 4f4aafc8-1d7d-498f-aac2-1c4e319c51f8 on host hv-neutron-8452 for vnic_type normal using segments [{'id': 'b139addc-781c-41eb-813b-b4c2462f4011', 'network_type': 'vlan', 'physical_network': 'physnet1', 'segmentation_id': 113, 'network_id': '760631a9-f87e-4d71-bb80-8740b2e988f5'}]
Jun 09 08:45:08.087375 dv-neutron-845232-1-hyperv neutron-server[116094]: INFO neutron.plugins.ml2.plugin [None req-7ec3d5d2-b81c-4f63-8862-f1bc7800149e tempest-PortsAdminExtendedAttrsTestJSON-911169943 tempest-PortsAdminExtendedAttrsTestJSON-911169943-project-admin] Attempt 6 to bind port 4f4aafc8-1d7d-498f-aac2-1c4e319c51f8
Jun 09 08:45:08.103926 dv-neutron-845232-1-hyperv neutron-server[116095]: DEBUG neutron.api.v2.base [None req-e8df8aa7-b776-4cd3-9517-0b01337858ed tempest-PortsAdminExtendedAttrsIpV6TestJSON-2104863870 tempest-PortsAdminExtendedAttrsIpV6TestJSON-2104863870-project-admin] Request body: {'port': {'network_id': '64b8dcd8-3321-40c7-9540-ae4447e65c51', 'name': 'tempest-PortsAdminExtendedAttrsIpV6TestJSON-1777383544'}} {{(pid=116095) prepare_request_body /opt/stack/neutron/neutron/api/v2/base.py:730}}
Jun 09 08:45:08.114178 dv-neutron-845232-1-hyperv neutron-server[116094]: DEBUG neutron.plugins.ml2.managers [None req-7ec3d5d2-b81c-4f63-8862-f1bc7800149e tempest-PortsAdminExtendedAttrsTestJSON-911169943 tempest-PortsAdminExtendedAttrsTestJSON-911169943-project-admin] Attempting to bind port 4f4aafc8-1d7d-498f-aac2-1c4e319c51f8 on host hv-neutron-8452 for vnic_type normal with profile {{(pid=116094) bind_port /opt/stack/neutron/neutron/plugins/ml2/managers.py:795}}
Jun 09 08:45:08.114829 dv-neutron-845232-1-hyperv neutron-server[116094]: DEBUG neutron.plugins.ml2.managers [None req-7ec3d5d2-b81c-4f63-8862-f1bc7800149e tempest-PortsAdminExtendedAttrsTestJSON-911169943 tempest-PortsAdminExtendedAttrsTestJSON-911169943-project-admin] Attempting to bind port 4f4aafc8-1d7d-498f-aac2-1c4e319c51f8 by drivers openvswitch,hyperv on host hv-neutron-8452 at level 0 using segments [{'id': 'b139addc-781c-41eb-813b-b4c2462f4011', 'network_type': 'vlan', 'physical_network': 'physnet1', 'segmentation_id': 113, 'network_id': '760631a9-f87e-4d71-bb80-8740b2e988f5'}] {{(pid=116094) _bind_port_level /opt/stack/neutron/neutron/plugins/ml2/managers.py:820}}
Jun 09 08:45:08.115275 dv-neutron-845232-1-hyperv neutron-server[116094]: DEBUG neutron.plugins.ml2.drivers.mech_agent [None req-7ec3d5d2-b81c-4f63-8862-f1bc7800149e tempest-PortsAdminExtendedAttrsTestJSON-911169943 tempest-PortsAdminExtendedAttrsTestJSON-911169943-project-admin] Attempting to bind port 4f4aafc8-1d7d-498f-aac2-1c4e319c51f8 on network 760631a9-f87e-4d71-bb80-8740b2e988f5 {{(pid=116094) bind_port /opt/stack/neutron/neutron/plugins/ml2/drivers/mech_agent.py:91}}
Jun 09 08:45:08.124715 dv-neutron-845232-1-hyperv neutron-server[116095]: INFO neutron.wsgi [None req-f2ee3bd9-2fdb-4ccc-97ac-2430ca930b06 tempest-QuotasNegativeTest-454071802 tempest-QuotasNegativeTest-454071802-project-admin] 10.222.0.20 "POST /v2.0/networks HTTP/1.1" status: 201 len: 837 time: 1.5006430
Jun 09 08:45:08.139782 dv-neutron-845232-1-hyperv neutron-server[116095]: DEBUG neutron.db.db_base_plugin_common [None req-186493c3-3772-487f-8052-853e6459e2a5 tempest-AllowedAddressPairIpV6TestJSON-967646878 tempest-AllowedAddressPairIpV6TestJSON-967646878-project] Allocated IP 2001:db8::3da (ddc781bf-b3ad-46bd-ab0d-070c48e82986/298a2238-e780-43bb-ba5e-3ee43fa99d45/911fa28f-d6c2-4cf0-8777-1f10b51dbecd) {{(pid=116095) _store_ip_allocation /opt/stack/neutron/neutron/db/db_base_plugin_common.py:131}}
Jun 09 08:45:08.139959 dv-neutron-845232-1-hyperv neutron-server[116094]: DEBUG neutron.wsgi [-] (116094) accepted ('10.222.0.20', 43916) {{(pid=116094) server /usr/local/lib/python3.8/dist-packages/eventlet/wsgi.py:1004}}
Jun 09 08:45:08.146765 dv-neutron-845232-1-hyperv neutron-server[116094]: DEBUG neutron.api.v2.base [None req-0973a1cb-fbfe-4e41-9ae8-1d2159944665 tempest-QuotasNegativeTest-454071802 tempest-QuotasNegativeTest-454071802-project-admin] Request body: {'network': {'project_id': 'f46faa463d4245b487b75572034cb890'}} {{(pid=116094) prepare_request_body /opt/stack/neutron/neutron/api/v2/base.py:730}}
Jun 09 08:45:08.149846 dv-neutron-845232-1-hyperv neutron-server[116095]: DEBUG neutron_lib.callbacks.manager [None req-01bd6062-13ee-4988-8efa-df5afa1bac8c tempest-ServersTestJSON-1177041901 tempest-ServersTestJSON-1177041901-project] Publish callbacks [] for security_group_rule (9563f780-721c-49fa-8782-06b23df005a0), before_create {{(pid=116095) _notify_loop /usr/local/lib/python3.8/dist-packages/neutron_lib/callbacks/manager.py:176}}
Jun 09 08:45:08.170819 dv-neutron-845232-1-hyperv neutron-server[116094]: DEBUG neutron.plugins.ml2.drivers.mech_agent [None req-7ec3d5d2-b81c-4f63-8862-f1bc7800149e tempest-PortsAdminExtendedAttrsTestJSON-911169943 tempest-PortsAdminExtendedAttrsTestJSON-911169943-project-admin] Port 4f4aafc8-1d7d-498f-aac2-1c4e319c51f8 on network 760631a9-f87e-4d71-bb80-8740b2e988f5 not bound, no agent of type Open vSwitch agent registered on host hv-neutron-8452 {{(pid=116094) bind_port /opt/stack/neutron/neutron/plugins/ml2/drivers/mech_agent.py:103}}
Jun 09 08:45:08.171165 dv-neutron-845232-1-hyperv neutron-server[116094]: ERROR neutron.plugins.ml2.managers [None req-7ec3d5d2-b81c-4f63-8862-f1bc7800149e tempest-PortsAdminExtendedAttrsTestJSON-911169943 tempest-PortsAdminExtendedAttrsTestJSON-911169943-project-admin] Failed to bind port 4f4aafc8-1d7d-498f-aac2-1c4e319c51f8 on host hv-neutron-8452 for vnic_type normal using segments [{'id': 'b139addc-781c-41eb-813b-b4c2462f4011', 'network_type': 'vlan', 'physical_network': 'physnet1', 'segmentation_id': 113, 'network_id': '760631a9-f87e-4d71-bb80-8740b2e988f5'}]
Jun 09 08:45:08.173022 dv-neutron-845232-1-hyperv neutron-server[116094]: INFO neutron.plugins.ml2.plugin [None req-7ec3d5d2-b81c-4f63-8862-f1bc7800149e tempest-PortsAdminExtendedAttrsTestJSON-911169943 tempest-PortsAdminExtendedAttrsTestJSON-911169943-project-admin] Attempt 7 to bind port 4f4aafc8-1d7d-498f-aac2-1c4e319c51f8
Jun 09 08:45:08.177853 dv-neutron-845232-1-hyperv neutron-server[116094]: INFO neutron.wsgi [req-47d03315-5244-427f-8d86-05cc7ecb5e60 req-0a89f525-d0d7-4136-858b-fc78be94a827 tempest-ServerActionsTestJSON-1072431096 tempest-ServerActionsTestJSON-1072431096-project] 10.222.0.20 "GET /v2.0/ports?device_id=f2a00ba9-7fe1-42ea-91ca-a16f67cad72b HTTP/1.1" status: 200 len: 210 time: 0.0649650
Jun 09 08:45:08.212779 dv-neutron-845232-1-hyperv neutron-server[116095]: DEBUG neutron.pecan_wsgi.hooks.quota_enforcement [None req-e8df8aa7-b776-4cd3-9517-0b01337858ed tempest-PortsAdminExtendedAttrsIpV6TestJSON-2104863870 tempest-PortsAdminExtendedAttrsIpV6TestJSON-2104863870-project-admin] Made reservation on behalf of 055088a188ac4f4fa7514643e058b634 for: {'port': 1} {{(pid=116095) before /opt/stack/neutron/neutron/pecan_wsgi/hooks/quota_enforcement.py:53}}
Jun 09 08:45:08.213432 dv-neutron-845232-1-hyperv neutron-server[116094]: INFO neutron.pecan_wsgi.hooks.translation [None req-0973a1cb-fbfe-4e41-9ae8-1d2159944665 tempest-QuotasNegativeTest-454071802 tempest-QuotasNegativeTest-454071802-project-admin] POST failed (client error): There was a conflict when trying to complete your request.
Jun 09 08:45:08.213942 dv-neutron-845232-1-hyperv neutron-server[116094]: DEBUG neutron.pecan_wsgi.hooks.notifier [None req-0973a1cb-fbfe-4e41-9ae8-1d2159944665 tempest-QuotasNegativeTest-454071802 tempest-QuotasNegativeTest-454071802-project-admin] No notification will be sent due to unsuccessful status code: 409 {{(pid=116094) after /opt/stack/neutron/neutron/pecan_wsgi/hooks/notifier.py:78}}
Jun 09 08:45:08.216208 dv-neutron-845232-1-hyperv neutron-server[116095]: DEBUG neutron_lib.callbacks.manager [None req-e8df8aa7-b776-4cd3-9517-0b01337858ed tempest-PortsAdminExtendedAttrsIpV6TestJSON-2104863870 tempest-PortsAdminExtendedAttrsIpV6TestJSON-2104863870-project-admin] Publish callbacks ['neutron.plugins.ml2.plugin.SecurityGroupDbMixin._ensure_default_security_group_handler-3711290'] for port (None), before_create {{(pid=116095) _notify_loop /usr/local/lib/python3.8/dist-packages/neutron_lib/callbacks/manager.py:176}}
Jun 09 08:45:08.218279 dv-neutron-845232-1-hyperv neutron-server[116094]: INFO neutron.wsgi [None req-0973a1cb-fbfe-4e41-9ae8-1d2159944665 tempest-QuotasNegativeTest-454071802 tempest-QuotasNegativeTest-454071802-project-admin] 10.222.0.20 "POST /v2.0/networks HTTP/1.1" status: 409 len: 310 time: 0.0773551
Jun 09 08:45:08.218934 dv-neutron-845232-1-hyperv neutron-server[116094]: DEBUG neutron.wsgi [-] (116094) accepted ('10.222.0.20', 43920) {{(pid=116094) server /usr/local/lib/python3.8/dist-packages/eventlet/wsgi.py:1004}}
Jun 09 08:45:08.221123 dv-neutron-845232-1-hyperv neutron-server[116094]: DEBUG neutron.plugins.ml2.managers [None req-7ec3d5d2-b81c-4f63-8862-f1bc7800149e tempest-PortsAdminExtendedAttrsTestJSON-911169943 tempest-PortsAdminExtendedAttrsTestJSON-911169943-project-admin] Attempting to bind port 4f4aafc8-1d7d-498f-aac2-1c4e319c51f8 on host hv-neutron-8452 for vnic_type normal with profile {{(pid=116094) bind_port /opt/stack/neutron/neutron/plugins/ml2/managers.py:795}}
Jun 09 08:45:08.221453 dv-neutron-845232-1-hyperv neutron-server[116094]: DEBUG neutron.plugins.ml2.managers [None req-7ec3d5d2-b81c-4f63-8862-f1bc7800149e tempest-PortsAdminExtendedAttrsTestJSON-911169943 tempest-PortsAdminExtendedAttrsTestJSON-911169943-project-admin] Attempting to bind port 4f4aafc8-1d7d-498f-aac2-1c4e319c51f8 by drivers openvswitch,hyperv on host hv-neutron-8452 at level 0 using segments [{'id': 'b139addc-781c-41eb-813b-b4c2462f4011', 'network_type': 'vlan', 'physical_network': 'physnet1', 'segmentation_id': 113, 'network_id': '760631a9-f87e-4d71-bb80-8740b2e988f5'}] {{(pid=116094) _bind_port_level /opt/stack/neutron/neutron/plugins/ml2/managers.py:820}}
Jun 09 08:45:08.224798 dv-neutron-845232-1-hyperv neutron-server[116094]: DEBUG neutron.plugins.ml2.drivers.mech_agent [None req-7ec3d5d2-b81c-4f63-8862-f1bc7800149e tempest-PortsAdminExtendedAttrsTestJSON-911169943 tempest-PortsAdminExtendedAttrsTestJSON-911169943-project-admin] Attempting to bind port 4f4aafc8-1d7d-498f-aac2-1c4e319c51f8 on network 760631a9-f87e-4d71-bb80-8740b2e988f5 {{(pid=116094) bind_port /opt/stack/neutron/neutron/plugins/ml2/drivers/mech_agent.py:91}}
Jun 09 08:45:08.248903 dv-neutron-845232-1-hyperv neutron-server[116094]: DEBUG neutron.plugins.ml2.drivers.mech_agent [None req-7ec3d5d2-b81c-4f63-8862-f1bc7800149e tempest-PortsAdminExtendedAttrsTestJSON-911169943 tempest-PortsAdminExtendedAttrsTestJSON-911169943-project-admin] Port 4f4aafc8-1d7d-498f-aac2-1c4e319c51f8 on network 760631a9-f87e-4d71-bb80-8740b2e988f5 not bound, no agent of type Open vSwitch agent registered on host hv-neutron-8452 {{(pid=116094) bind_port /opt/stack/neutron/neutron/plugins/ml2/drivers/mech_agent.py:103}}
Jun 09 08:45:08.249232 dv-neutron-845232-1-hyperv neutron-server[116094]: ERROR neutron.plugins.ml2.managers [None req-7ec3d5d2-b81c-4f63-8862-f1bc7800149e tempest-PortsAdminExtendedAttrsTestJSON-911169943 tempest-PortsAdminExtendedAttrsTestJSON-911169943-project-admin] Failed to bind port 4f4aafc8-1d7d-498f-aac2-1c4e319c51f8 on host hv-neutron-8452 for vnic_type normal using segments [{'id': 'b139addc-781c-41eb-813b-b4c2462f4011', 'network_type': 'vlan', 'physical_network': 'physnet1', 'segmentation_id': 113, 'network_id': '760631a9-f87e-4d71-bb80-8740b2e988f5'}]
Jun 09 08:45:08.250664 dv-neutron-845232-1-hyperv neutron-server[116094]: INFO neutron.plugins.ml2.plugin [None req-7ec3d5d2-b81c-4f63-8862-f1bc7800149e tempest-PortsAdminExtendedAttrsTestJSON-911169943 tempest-PortsAdminExtendedAttrsTestJSON-911169943-project-admin] Attempt 8 to bind port 4f4aafc8-1d7d-498f-aac2-1c4e319c51f8
Jun 09 08:45:08.284633 dv-neutron-845232-1-hyperv neutron-server[116094]: DEBUG neutron.wsgi [-] (116094) accepted ('10.222.0.20', 43922) {{(pid=116094) server /usr/local/lib/python3.8/dist-packages/eventlet/wsgi.py:1004}}
Jun 09 08:45:08.290771 dv-neutron-845232-1-hyperv neutron-server[116096]: DEBUG neutron.plugins.ml2.rpc [None req-a7ff3393-c488-4cbe-9ed5-e9d2ec8e0552 None None] Network e8101261-9862-4ecf-8008-bbc818acb6cc details requested by agent ovs-agent-dv-neutron-845232-1-hyperv with host dv-neutron-845232-1-hyperv {{(pid=116096) get_network_details /opt/stack/neutron/neutron/plugins/ml2/rpc.py:248}}
Jun 09 08:45:08.312847 dv-neutron-845232-1-hyperv neutron-server[116094]: DEBUG neutron.plugins.ml2.managers [None req-7ec3d5d2-b81c-4f63-8862-f1bc7800149e tempest-PortsAdminExtendedAttrsTestJSON-911169943 tempest-PortsAdminExtendedAttrsTestJSON-911169943-project-admin] Attempting to bind port 4f4aafc8-1d7d-498f-aac2-1c4e319c51f8 on host hv-neutron-8452 for vnic_type normal with profile {{(pid=116094) bind_port /opt/stack/neutron/neutron/plugins/ml2/managers.py:795}}
Jun 09 08:45:08.313465 dv-neutron-845232-1-hyperv neutron-server[116094]: DEBUG neutron.plugins.ml2.managers [None req-7ec3d5d2-b81c-4f63-8862-f1bc7800149e tempest-PortsAdminExtendedAttrsTestJSON-911169943 tempest-PortsAdminExtendedAttrsTestJSON-911169943-project-admin] Attempting to bind port 4f4aafc8-1d7d-498f-aac2-1c4e319c51f8 by drivers openvswitch,hyperv on host hv-neutron-8452 at level 0 using segments [{'id': 'b139addc-781c-41eb-813b-b4c2462f4011', 'network_type': 'vlan', 'physical_network': 'physnet1', 'segmentation_id': 113, 'network_id': '760631a9-f87e-4d71-bb80-8740b2e988f5'}] {{(pid=116094) _bind_port_level /opt/stack/neutron/neutron/plugins/ml2/managers.py:820}}
Jun 09 08:45:08.313992 dv-neutron-845232-1-hyperv neutron-server[116094]: DEBUG neutron.plugins.ml2.drivers.mech_agent [None req-7ec3d5d2-b81c-4f63-8862-f1bc7800149e tempest-PortsAdminExtendedAttrsTestJSON-911169943 tempest-PortsAdminExtendedAttrsTestJSON-911169943-project-admin] Attempting to bind port 4f4aafc8-1d7d-498f-aac2-1c4e319c51f8 on network 760631a9-f87e-4d71-bb80-8740b2e988f5 {{(pid=116094) bind_port /opt/stack/neutron/neutron/plugins/ml2/drivers/mech_agent.py:91}}
Jun 09 08:45:08.328255 dv-neutron-845232-1-hyperv neutron-server[116095]: DEBUG neutron_lib.callbacks.manager [None req-01bd6062-13ee-4988-8efa-df5afa1bac8c tempest-ServersTestJSON-1177041901 tempest-ServersTestJSON-1177041901-project] Publish callbacks [] for security_group_rule (9563f780-721c-49fa-8782-06b23df005a0), precommit_create {{(pid=116095) _notify_loop /usr/local/lib/python3.8/dist-packages/neutron_lib/callbacks/manager.py:176}}
Jun 09 08:45:08.330144 dv-neutron-845232-1-hyperv neutron-server[116095]: DEBUG neutron.notifiers.nova [None req-e8df8aa7-b776-4cd3-9517-0b01337858ed tempest-PortsAdminExtendedAttrsIpV6TestJSON-2104863870 tempest-PortsAdminExtendedAttrsIpV6TestJSON-2104863870-project-admin] device_id is not set on port 27951bb8-5916-4a32-969a-2732a3856ad5 yet. {{(pid=116095) _can_notify /opt/stack/neutron/neutron/notifiers/nova.py:199}}
Jun 09 08:45:08.346669 dv-neutron-845232-1-hyperv neutron-server[116095]: DEBUG neutron_lib.callbacks.manager [None req-01bd6062-13ee-4988-8efa-df5afa1bac8c tempest-ServersTestJSON-1177041901 tempest-ServersTestJSON-1177041901-project] Publish callbacks ['neutron.plugins.ml2.ovo_rpc._ObjectChangeHandler.handle_event-511624'] for security_group_rule (9563f780-721c-49fa-8782-06b23df005a0), after_create {{(pid=116095) _notify_loop /usr/local/lib/python3.8/dist-packages/neutron_lib/callbacks/manager.py:176}}
Jun 09 08:45:08.356629 dv-neutron-845232-1-hyperv neutron-server[116094]: DEBUG neutron.plugins.ml2.drivers.mech_agent [None req-7ec3d5d2-b81c-4f63-8862-f1bc7800149e tempest-PortsAdminExtendedAttrsTestJSON-911169943 tempest-PortsAdminExtendedAttrsTestJSON-911169943-project-admin] Port 4f4aafc8-1d7d-498f-aac2-1c4e319c51f8 on network 760631a9-f87e-4d71-bb80-8740b2e988f5 not bound, no agent of type Open vSwitch agent registered on host hv-neutron-8452 {{(pid=116094) bind_port /opt/stack/neutron/neutron/plugins/ml2/drivers/mech_agent.py:103}}
Jun 09 08:45:08.356764 dv-neutron-845232-1-hyperv neutron-server[116094]: ERROR neutron.plugins.ml2.managers [None req-7ec3d5d2-b81c-4f63-8862-f1bc7800149e tempest-PortsAdminExtendedAttrsTestJSON-911169943 tempest-PortsAdminExtendedAttrsTestJSON-911169943-project-admin] Failed to bind port 4f4aafc8-1d7d-498f-aac2-1c4e319c51f8 on host hv-neutron-8452 for vnic_type normal using segments [{'id': 'b139addc-781c-41eb-813b-b4c2462f4011', 'network_type': 'vlan', 'physical_network': 'physnet1', 'segmentation_id': 113, 'network_id': '760631a9-f87e-4d71-bb80-8740b2e988f5'}]
Jun 09 08:45:08.382632 dv-neutron-845232-1-hyperv neutron-server[116094]: INFO neutron.plugins.ml2.plugin [None req-7ec3d5d2-b81c-4f63-8862-f1bc7800149e tempest-PortsAdminExtendedAttrsTestJSON-911169943 tempest-PortsAdminExtendedAttrsTestJSON-911169943-project-admin] Attempt 9 to bind port 4f4aafc8-1d7d-498f-aac2-1c4e319c51f8
Jun 09 08:45:08.396309 dv-neutron-845232-1-hyperv neutron-server[116096]: DEBUG neutron.api.rpc.handlers.resources_rpc [None req-612cffa9-5fcb-4f76-b981-778a8eefded9 None None] Pushing event updated for resources: {'Port': ['ID=0eec33ba-ed31-45eb-9a28-2f4eed373b37,revision_number=2']} {{(pid=116096) push /opt/stack/neutron/neutron/api/rpc/handlers/resources_rpc.py:237}}
Jun 09 08:45:08.396934 dv-neutron-845232-1-hyperv neutron-server[116095]: DEBUG neutron.api.rpc.handlers.resources_rpc [None req-01bd6062-13ee-4988-8efa-df5afa1bac8c tempest-ServersTestJSON-1177041901 tempest-ServersTestJSON-1177041901-project] Pushing event updated for resources: {'SecurityGroupRule': ['ID=9563f780-721c-49fa-8782-06b23df005a0,revision_number=0']} {{(pid=116095) push /opt/stack/neutron/neutron/api/rpc/handlers/resources_rpc.py:237}}
Jun 09 08:45:08.415909 dv-neutron-845232-1-hyperv neutron-server[116096]: DEBUG neutron.db.provisioning_blocks [None req-9fbb7d05-675b-4d99-90cb-7034c1e0a1b6 None None] Provisioning complete for port ba1951bd-8ed5-4957-a717-a2c921fe6314 triggered by entity DHCP. {{(pid=116096) provisioning_complete /opt/stack/neutron/neutron/db/provisioning_blocks.py:140}}
Jun 09 08:45:08.416519 dv-neutron-845232-1-hyperv neutron-server[116096]: DEBUG neutron_lib.callbacks.manager [None req-9fbb7d05-675b-4d99-90cb-7034c1e0a1b6 None None] Publish callbacks ['neutron.plugins.ml2.plugin.Ml2Plugin._port_provisioned-3656369'] for port (ba1951bd-8ed5-4957-a717-a2c921fe6314), provisioning_complete {{(pid=116096) _notify_loop /usr/local/lib/python3.8/dist-packages/neutron_lib/callbacks/manager.py:176}}
Jun 09 08:45:08.438085 dv-neutron-845232-1-hyperv neutron-server[116094]: INFO neutron.wsgi [None req-2e0ad07f-b802-43f0-b71a-201de8cb9afa tempest-QuotasNegativeTest-454071802 tempest-QuotasNegativeTest-454071802-project-admin] 10.222.0.20 "GET /v2.0/security-groups?tenant_id=f46faa463d4245b487b75572034cb890&name=default HTTP/1.1" status: 200 len: 2996 time: 0.2129619
Jun 09 08:45:08.455050 dv-neutron-845232-1-hyperv neutron-server[116094]: DEBUG neutron.wsgi [-] (116094) accepted ('10.222.0.20', 43930) {{(pid=116094) server /usr/local/lib/python3.8/dist-packages/eventlet/wsgi.py:1004}}
Jun 09 08:45:08.488438 dv-neutron-845232-1-hyperv neutron-server[116096]: DEBUG neutron.plugins.ml2.plugin [None req-9fbb7d05-675b-4d99-90cb-7034c1e0a1b6 None None] Port ba1951bd-8ed5-4957-a717-a2c921fe6314 cannot update to ACTIVE because it is not bound. {{(pid=116096) _port_provisioned /opt/stack/neutron/neutron/plugins/ml2/plugin.py:343}}
Jun 09 08:45:08.493109 dv-neutron-845232-1-hyperv neutron-server[116096]: DEBUG neutron.plugins.ml2.db [None req-021a2a85-732f-41aa-addc-45eb47c97718 None None] For port ba1951bd-8ed5-4957-a717-a2c921fe6314, host dv-neutron-845232-1-hyperv, cleared binding levels {{(pid=116096) clear_binding_levels /opt/stack/neutron/neutron/plugins/ml2/db.py:87}}
Jun 09 08:45:08.501654 dv-neutron-845232-1-hyperv neutron-server[116096]: DEBUG neutron.plugins.ml2.db [None req-021a2a85-732f-41aa-addc-45eb47c97718 None None] For port ba1951bd-8ed5-4957-a717-a2c921fe6314, host dv-neutron-845232-1-hyperv, set binding levels [PortBindingLevel(driver='openvswitch',host='dv-neutron-845232-1-hyperv',level=0,port_id=ba1951bd-8ed5-4957-a717-a2c921fe6314,segment=NetworkSegment(756b82f5-ede6-4a58-a57e-014dc5db1e90),segment_id=756b82f5-ede6-4a58-a57e-014dc5db1e90)] {{(pid=116096) set_binding_levels /opt/stack/neutron/neutron/plugins/ml2/db.py:59}}
Jun 09 08:45:08.508559 dv-neutron-845232-1-hyperv neutron-server[116095]: INFO neutron.wsgi [req-04e9c160-4c84-42af-ab85-147d5ad11a12 req-5ed2591c-9673-49bf-929f-2b2988732825 tempest-ServersTestManualDisk-1443764374 tempest-ServersTestManualDisk-1443764374-project] 10.222.0.40 "GET /v2.0/security-groups?fields=id&fields=name&tenant_id=312e817f765645399ddc779a0c4a7859 HTTP/1.1" status: 200 len: 379 time: 0.4954751
