Jun 28 23:45:01.793982 dv-neutron-845181-10-hyperv devstack@placement-api.service[106790]: DEBUG placement.requestlog [None req-d82b4478-52ca-43c4-b4f1-818dddca0fda None None] Starting request: 10.222.0.26 "GET /placement/resource_providers/0be16514-ea88-4ede-bf82-b99a1e2484e7/aggregates" {{(pid=106790) __call__ /opt/stack/placement/placement/requestlog.py:55}}
Jun 28 23:45:01.796125 dv-neutron-845181-10-hyperv devstack@placement-api.service[106790]: INFO placement.requestlog [None req-d82b4478-52ca-43c4-b4f1-818dddca0fda service placement] 10.222.0.26 "GET /placement/resource_providers/0be16514-ea88-4ede-bf82-b99a1e2484e7/aggregates" status: 404 len: 235 microversion: 1.1
Jun 28 23:45:01.796484 dv-neutron-845181-10-hyperv devstack@placement-api.service[106790]: [pid: 106790|app: 0|req: 129/255] 10.222.0.26 () {58 vars in 1362 bytes} [Tue Jun 28 23:45:01 2022] GET /placement/resource_providers/0be16514-ea88-4ede-bf82-b99a1e2484e7/aggregates => generated 235 bytes in 12 msecs (HTTP/1.1 404) 5 headers in 202 bytes (1 switches on core 0)
Jun 28 23:45:01.808444 dv-neutron-845181-10-hyperv devstack@placement-api.service[106791]: DEBUG placement.requestlog [None req-3a560098-2800-4d35-baa3-8837c520528f None None] Starting request: 10.222.0.26 "DELETE /placement/resource_providers/0be16514-ea88-4ede-bf82-b99a1e2484e7" {{(pid=106791) __call__ /opt/stack/placement/placement/requestlog.py:55}}
Jun 28 23:45:01.822300 dv-neutron-845181-10-hyperv devstack@placement-api.service[106791]: DEBUG placement.wsgi_wrapper [None req-3a560098-2800-4d35-baa3-8837c520528f service placement] Placement API returning an error response: No resource provider with uuid 0be16514-ea88-4ede-bf82-b99a1e2484e7 found for delete {{(pid=106791) call_func /opt/stack/placement/placement/wsgi_wrapper.py:31}}
Jun 28 23:45:01.827853 dv-neutron-845181-10-hyperv devstack@placement-api.service[106791]: INFO placement.requestlog [None req-3a560098-2800-4d35-baa3-8837c520528f service placement] 10.222.0.26 "DELETE /placement/resource_providers/0be16514-ea88-4ede-bf82-b99a1e2484e7" status: 404 len: 246 microversion: 1.1
Jun 28 23:45:01.829872 dv-neutron-845181-10-hyperv devstack@placement-api.service[106791]: [pid: 106791|app: 0|req: 127/256] 10.222.0.26 () {60 vars in 1351 bytes} [Tue Jun 28 23:45:01 2022] DELETE /placement/resource_providers/0be16514-ea88-4ede-bf82-b99a1e2484e7 => generated 246 bytes in 21 msecs (HTTP/1.1 404) 6 headers in 231 bytes (2 switches on core 0)
Jun 28 23:45:11.794712 dv-neutron-845181-10-hyperv devstack@placement-api.service[106790]: DEBUG dbcounter [-] [106790] Writing DB stats placement:SELECT=7 {{(pid=106790) stat_writer /usr/local/lib/python3.8/dist-packages/dbcounter.py:114}}
Jun 28 23:45:11.819526 dv-neutron-845181-10-hyperv devstack@placement-api.service[106791]: DEBUG dbcounter [-] [106791] Writing DB stats placement:SELECT=11 {{(pid=106791) stat_writer /usr/local/lib/python3.8/dist-packages/dbcounter.py:114}}
Jun 28 23:45:14.527318 dv-neutron-845181-10-hyperv devstack@placement-api.service[106790]: DEBUG placement.requestlog [None req-bbf35f59-87e8-495c-acbf-e3cdac85879f None None] Starting request: 10.222.0.26 "GET /placement/resource_providers/b27a642c-a577-442a-ab68-b1fcc1b09135/aggregates" {{(pid=106790) __call__ /opt/stack/placement/placement/requestlog.py:55}}
Jun 28 23:45:14.547115 dv-neutron-845181-10-hyperv devstack@placement-api.service[106790]: INFO placement.requestlog [None req-bbf35f59-87e8-495c-acbf-e3cdac85879f service placement] 10.222.0.26 "GET /placement/resource_providers/b27a642c-a577-442a-ab68-b1fcc1b09135/aggregates" status: 404 len: 235 microversion: 1.1
Jun 28 23:45:14.550709 dv-neutron-845181-10-hyperv devstack@placement-api.service[106790]: [pid: 106790|app: 0|req: 130/257] 10.222.0.26 () {58 vars in 1362 bytes} [Tue Jun 28 23:45:14 2022] GET /placement/resource_providers/b27a642c-a577-442a-ab68-b1fcc1b09135/aggregates => generated 235 bytes in 24 msecs (HTTP/1.1 404) 5 headers in 202 bytes (1 switches on core 0)
Jun 28 23:45:14.555859 dv-neutron-845181-10-hyperv devstack@placement-api.service[106791]: DEBUG placement.requestlog [None req-85bb7b03-6eb9-40b1-840c-8f23d9813c49 None None] Starting request: 10.222.0.26 "DELETE /placement/resource_providers/b27a642c-a577-442a-ab68-b1fcc1b09135" {{(pid=106791) __call__ /opt/stack/placement/placement/requestlog.py:55}}
Jun 28 23:45:14.570932 dv-neutron-845181-10-hyperv devstack@placement-api.service[106791]: DEBUG placement.wsgi_wrapper [None req-85bb7b03-6eb9-40b1-840c-8f23d9813c49 service placement] Placement API returning an error response: No resource provider with uuid b27a642c-a577-442a-ab68-b1fcc1b09135 found for delete {{(pid=106791) call_func /opt/stack/placement/placement/wsgi_wrapper.py:31}}
Jun 28 23:45:14.571832 dv-neutron-845181-10-hyperv devstack@placement-api.service[106791]: INFO placement.requestlog [None req-85bb7b03-6eb9-40b1-840c-8f23d9813c49 service placement] 10.222.0.26 "DELETE /placement/resource_providers/b27a642c-a577-442a-ab68-b1fcc1b09135" status: 404 len: 246 microversion: 1.1
Jun 28 23:45:14.575988 dv-neutron-845181-10-hyperv devstack@placement-api.service[106791]: [pid: 106791|app: 0|req: 128/258] 10.222.0.26 () {60 vars in 1351 bytes} [Tue Jun 28 23:45:14 2022] DELETE /placement/resource_providers/b27a642c-a577-442a-ab68-b1fcc1b09135 => generated 246 bytes in 20 msecs (HTTP/1.1 404) 6 headers in 231 bytes (1 switches on core 0)
Jun 28 23:45:15.077143 dv-neutron-845181-10-hyperv devstack@placement-api.service[106790]: DEBUG placement.requestlog [req-7236f7b0-0ff8-4eb5-bb97-f0ae4bcb89ea req-1ebd77b8-768c-47eb-a91e-2fc7a45e8c4d None None] Starting request: 10.222.0.26 "GET /placement/allocation_candidates?limit=1000&resources=DISK_GB%3A1%2CMEMORY_MB%3A1024%2CVCPU%3A1&root_required=%21COMPUTE_STATUS_DISABLED" {{(pid=106790) __call__ /opt/stack/placement/placement/requestlog.py:55}}
Jun 28 23:45:15.392704 dv-neutron-845181-10-hyperv devstack@placement-api.service[106790]: DEBUG placement.objects.research_context [req-7236f7b0-0ff8-4eb5-bb97-f0ae4bcb89ea req-1ebd77b8-768c-47eb-a91e-2fc7a45e8c4d service placement] getting providers with 1 DISK_GB {{(pid=106790) __init__ /opt/stack/placement/placement/objects/research_context.py:136}}
Jun 28 23:45:15.407193 dv-neutron-845181-10-hyperv devstack@placement-api.service[106790]: DEBUG placement.objects.research_context [req-7236f7b0-0ff8-4eb5-bb97-f0ae4bcb89ea req-1ebd77b8-768c-47eb-a91e-2fc7a45e8c4d service placement] getting providers with 1024 MEMORY_MB {{(pid=106790) __init__ /opt/stack/placement/placement/objects/research_context.py:136}}
Jun 28 23:45:15.419584 dv-neutron-845181-10-hyperv devstack@placement-api.service[106790]: DEBUG placement.objects.research_context [req-7236f7b0-0ff8-4eb5-bb97-f0ae4bcb89ea req-1ebd77b8-768c-47eb-a91e-2fc7a45e8c4d service placement] getting providers with 1 VCPU {{(pid=106790) __init__ /opt/stack/placement/placement/objects/research_context.py:136}}
Jun 28 23:45:15.425935 dv-neutron-845181-10-hyperv devstack@placement-api.service[106790]: DEBUG placement.objects.research_context [req-7236f7b0-0ff8-4eb5-bb97-f0ae4bcb89ea req-1ebd77b8-768c-47eb-a91e-2fc7a45e8c4d service placement] found 1 providers with available 1 DISK_GB {{(pid=106790) get_provider_ids_matching /opt/stack/placement/placement/objects/research_context.py:563}}
Jun 28 23:45:15.426124 dv-neutron-845181-10-hyperv devstack@placement-api.service[106790]: DEBUG placement.objects.research_context [req-7236f7b0-0ff8-4eb5-bb97-f0ae4bcb89ea req-1ebd77b8-768c-47eb-a91e-2fc7a45e8c4d service placement] found 1 providers with available 1024 MEMORY_MB {{(pid=106790) get_provider_ids_matching /opt/stack/placement/placement/objects/research_context.py:563}}
Jun 28 23:45:15.426268 dv-neutron-845181-10-hyperv devstack@placement-api.service[106790]: DEBUG placement.objects.research_context [req-7236f7b0-0ff8-4eb5-bb97-f0ae4bcb89ea req-1ebd77b8-768c-47eb-a91e-2fc7a45e8c4d service placement] found 1 providers after filtering by previous result {{(pid=106790) get_provider_ids_matching /opt/stack/placement/placement/objects/research_context.py:594}}
Jun 28 23:45:15.426698 dv-neutron-845181-10-hyperv devstack@placement-api.service[106790]: DEBUG placement.objects.research_context [req-7236f7b0-0ff8-4eb5-bb97-f0ae4bcb89ea req-1ebd77b8-768c-47eb-a91e-2fc7a45e8c4d service placement] found 1 providers with available 1 VCPU {{(pid=106790) get_provider_ids_matching /opt/stack/placement/placement/objects/research_context.py:563}}
Jun 28 23:45:15.426969 dv-neutron-845181-10-hyperv devstack@placement-api.service[106790]: DEBUG placement.objects.research_context [req-7236f7b0-0ff8-4eb5-bb97-f0ae4bcb89ea req-1ebd77b8-768c-47eb-a91e-2fc7a45e8c4d service placement] found 1 providers after filtering by previous result {{(pid=106790) get_provider_ids_matching /opt/stack/placement/placement/objects/research_context.py:594}}
Jun 28 23:45:15.438196 dv-neutron-845181-10-hyperv devstack@placement-api.service[106790]: DEBUG placement.objects.allocation_candidate [req-7236f7b0-0ff8-4eb5-bb97-f0ae4bcb89ea req-1ebd77b8-768c-47eb-a91e-2fc7a45e8c4d service placement] RequestGroup(use_same_provider=False, resources={DISK_GB:1, MEMORY_MB:1024, VCPU:1}, traits=(), aggregates=[]) (suffix '') returned 1 matches {{(pid=106790) _get_by_requests /opt/stack/placement/placement/objects/allocation_candidate.py:156}}
Jun 28 23:45:15.438760 dv-neutron-845181-10-hyperv devstack@placement-api.service[106790]: DEBUG placement.objects.allocation_candidate [req-7236f7b0-0ff8-4eb5-bb97-f0ae4bcb89ea req-1ebd77b8-768c-47eb-a91e-2fc7a45e8c4d service placement] Merging candidates yields 1 allocation requests and 1 provider summaries {{(pid=106790) _merge_candidates /opt/stack/placement/placement/objects/allocation_candidate.py:809}}
Jun 28 23:45:15.440498 dv-neutron-845181-10-hyperv devstack@placement-api.service[106790]: INFO placement.requestlog [req-7236f7b0-0ff8-4eb5-bb97-f0ae4bcb89ea req-1ebd77b8-768c-47eb-a91e-2fc7a45e8c4d service placement] 10.222.0.26 "GET /placement/allocation_candidates?limit=1000&resources=DISK_GB%3A1%2CMEMORY_MB%3A1024%2CVCPU%3A1&root_required=%21COMPUTE_STATUS_DISABLED" status: 200 len: 764 microversion: 1.36
Jun 28 23:45:15.441207 dv-neutron-845181-10-hyperv devstack@placement-api.service[106790]: [pid: 106790|app: 0|req: 131/259] 10.222.0.26 () {60 vars in 1506 bytes} [Tue Jun 28 23:45:15 2022] GET /placement/allocation_candidates?limit=1000&resources=DISK_GB%3A1%2CMEMORY_MB%3A1024%2CVCPU%3A1&root_required=%21COMPUTE_STATUS_DISABLED => generated 764 bytes in 364 msecs (HTTP/1.1 200) 8 headers in 296 bytes (1 switches on core 0)
Jun 28 23:45:15.494109 dv-neutron-845181-10-hyperv devstack@placement-api.service[106791]: DEBUG placement.requestlog [req-7236f7b0-0ff8-4eb5-bb97-f0ae4bcb89ea req-f1deacb4-5f82-478e-826e-eafeec7478e2 None None] Starting request: 10.222.0.26 "GET /placement/allocations/b7c89a18-87f3-4f00-b115-a1bd580fb538" {{(pid=106791) __call__ /opt/stack/placement/placement/requestlog.py:55}}
Jun 28 23:45:15.497910 dv-neutron-845181-10-hyperv devstack@placement-api.service[106791]: INFO placement.requestlog [req-7236f7b0-0ff8-4eb5-bb97-f0ae4bcb89ea req-f1deacb4-5f82-478e-826e-eafeec7478e2 service placement] 10.222.0.26 "GET /placement/allocations/b7c89a18-87f3-4f00-b115-a1bd580fb538" status: 200 len: 19 microversion: 1.28
Jun 28 23:45:15.499844 dv-neutron-845181-10-hyperv devstack@placement-api.service[106791]: [pid: 106791|app: 0|req: 129/260] 10.222.0.26 () {60 vars in 1380 bytes} [Tue Jun 28 23:45:15 2022] GET /placement/allocations/b7c89a18-87f3-4f00-b115-a1bd580fb538 => generated 19 bytes in 13 msecs (HTTP/1.1 200) 8 headers in 295 bytes (1 switches on core 0)
Jun 28 23:45:15.505154 dv-neutron-845181-10-hyperv devstack@placement-api.service[106790]: DEBUG placement.requestlog [req-7236f7b0-0ff8-4eb5-bb97-f0ae4bcb89ea req-98e39f9c-f39b-4fb6-84b9-e672a88c67c1 None None] Starting request: 10.222.0.26 "PUT /placement/allocations/b7c89a18-87f3-4f00-b115-a1bd580fb538" {{(pid=106790) __call__ /opt/stack/placement/placement/requestlog.py:55}}
Jun 28 23:45:15.650856 dv-neutron-845181-10-hyperv devstack@placement-api.service[106791]: DEBUG placement.requestlog [req-5828e1ba-9119-4cf0-8b21-948b02898994 req-4274867f-fdb8-41a8-9cfe-41cd84caf51f None None] Starting request: 10.222.0.26 "GET /placement/allocation_candidates?limit=1000&resources=DISK_GB%3A1%2CMEMORY_MB%3A1024%2CVCPU%3A1&root_required=%21COMPUTE_STATUS_DISABLED" {{(pid=106791) __call__ /opt/stack/placement/placement/requestlog.py:55}}
Jun 28 23:45:15.734481 dv-neutron-845181-10-hyperv devstack@placement-api.service[106791]: DEBUG placement.objects.research_context [req-5828e1ba-9119-4cf0-8b21-948b02898994 req-4274867f-fdb8-41a8-9cfe-41cd84caf51f service placement] getting providers with 1 DISK_GB {{(pid=106791) __init__ /opt/stack/placement/placement/objects/research_context.py:136}}
Jun 28 23:45:15.748516 dv-neutron-845181-10-hyperv devstack@placement-api.service[106791]: DEBUG placement.objects.research_context [req-5828e1ba-9119-4cf0-8b21-948b02898994 req-4274867f-fdb8-41a8-9cfe-41cd84caf51f service placement] getting providers with 1024 MEMORY_MB {{(pid=106791) __init__ /opt/stack/placement/placement/objects/research_context.py:136}}
Jun 28 23:45:15.754691 dv-neutron-845181-10-hyperv devstack@placement-api.service[106791]: DEBUG placement.objects.research_context [req-5828e1ba-9119-4cf0-8b21-948b02898994 req-4274867f-fdb8-41a8-9cfe-41cd84caf51f service placement] getting providers with 1 VCPU {{(pid=106791) __init__ /opt/stack/placement/placement/objects/research_context.py:136}}
Jun 28 23:45:15.777497 dv-neutron-845181-10-hyperv devstack@placement-api.service[106791]: DEBUG placement.objects.research_context [req-5828e1ba-9119-4cf0-8b21-948b02898994 req-4274867f-fdb8-41a8-9cfe-41cd84caf51f service placement] found 1 providers with available 1 DISK_GB {{(pid=106791) get_provider_ids_matching /opt/stack/placement/placement/objects/research_context.py:563}}
Jun 28 23:45:15.784388 dv-neutron-845181-10-hyperv devstack@placement-api.service[106791]: DEBUG placement.objects.research_context [req-5828e1ba-9119-4cf0-8b21-948b02898994 req-4274867f-fdb8-41a8-9cfe-41cd84caf51f service placement] found 1 providers with available 1024 MEMORY_MB {{(pid=106791) get_provider_ids_matching /opt/stack/placement/placement/objects/research_context.py:563}}
Jun 28 23:45:15.784388 dv-neutron-845181-10-hyperv devstack@placement-api.service[106791]: DEBUG placement.objects.research_context [req-5828e1ba-9119-4cf0-8b21-948b02898994 req-4274867f-fdb8-41a8-9cfe-41cd84caf51f service placement] found 1 providers after filtering by previous result {{(pid=106791) get_provider_ids_matching /opt/stack/placement/placement/objects/research_context.py:594}}
Jun 28 23:45:15.784388 dv-neutron-845181-10-hyperv devstack@placement-api.service[106791]: DEBUG placement.objects.research_context [req-5828e1ba-9119-4cf0-8b21-948b02898994 req-4274867f-fdb8-41a8-9cfe-41cd84caf51f service placement] found 1 providers with available 1 VCPU {{(pid=106791) get_provider_ids_matching /opt/stack/placement/placement/objects/research_context.py:563}}
Jun 28 23:45:15.784388 dv-neutron-845181-10-hyperv devstack@placement-api.service[106791]: DEBUG placement.objects.research_context [req-5828e1ba-9119-4cf0-8b21-948b02898994 req-4274867f-fdb8-41a8-9cfe-41cd84caf51f service placement] found 1 providers after filtering by previous result {{(pid=106791) get_provider_ids_matching /opt/stack/placement/placement/objects/research_context.py:594}}
Jun 28 23:45:15.792567 dv-neutron-845181-10-hyperv devstack@placement-api.service[106791]: DEBUG placement.objects.allocation_candidate [req-5828e1ba-9119-4cf0-8b21-948b02898994 req-4274867f-fdb8-41a8-9cfe-41cd84caf51f service placement] RequestGroup(use_same_provider=False, resources={DISK_GB:1, MEMORY_MB:1024, VCPU:1}, traits=(), aggregates=[]) (suffix '') returned 1 matches {{(pid=106791) _get_by_requests /opt/stack/placement/placement/objects/allocation_candidate.py:156}}
Jun 28 23:45:15.792983 dv-neutron-845181-10-hyperv devstack@placement-api.service[106791]: DEBUG placement.objects.allocation_candidate [req-5828e1ba-9119-4cf0-8b21-948b02898994 req-4274867f-fdb8-41a8-9cfe-41cd84caf51f service placement] Merging candidates yields 1 allocation requests and 1 provider summaries {{(pid=106791) _merge_candidates /opt/stack/placement/placement/objects/allocation_candidate.py:809}}
Jun 28 23:45:15.794652 dv-neutron-845181-10-hyperv devstack@placement-api.service[106791]: INFO placement.requestlog [req-5828e1ba-9119-4cf0-8b21-948b02898994 req-4274867f-fdb8-41a8-9cfe-41cd84caf51f service placement] 10.222.0.26 "GET /placement/allocation_candidates?limit=1000&resources=DISK_GB%3A1%2CMEMORY_MB%3A1024%2CVCPU%3A1&root_required=%21COMPUTE_STATUS_DISABLED" status: 200 len: 764 microversion: 1.36
Jun 28 23:45:15.795348 dv-neutron-845181-10-hyperv devstack@placement-api.service[106791]: [pid: 106791|app: 0|req: 130/261] 10.222.0.26 () {60 vars in 1506 bytes} [Tue Jun 28 23:45:15 2022] GET /placement/allocation_candidates?limit=1000&resources=DISK_GB%3A1%2CMEMORY_MB%3A1024%2CVCPU%3A1&root_required=%21COMPUTE_STATUS_DISABLED => generated 764 bytes in 145 msecs (HTTP/1.1 200) 8 headers in 296 bytes (2 switches on core 0)
Jun 28 23:45:15.863085 dv-neutron-845181-10-hyperv devstack@placement-api.service[106790]: DEBUG placement.handlers.allocation [req-7236f7b0-0ff8-4eb5-bb97-f0ae4bcb89ea req-98e39f9c-f39b-4fb6-84b9-e672a88c67c1 service placement] Successfully wrote allocations [, , ] {{(pid=106790) _update_consumers_and_create_allocations /opt/stack/placement/placement/handlers/allocation.py:462}}
Jun 28 23:45:15.870319 dv-neutron-845181-10-hyperv devstack@placement-api.service[106791]: DEBUG placement.requestlog [req-5828e1ba-9119-4cf0-8b21-948b02898994 req-83e3729c-0bd8-45c1-93d4-d0d07cf141c2 None None] Starting request: 10.222.0.26 "GET /placement/allocations/096fc3ac-932a-4d9a-ba82-3a75609358be" {{(pid=106791) __call__ /opt/stack/placement/placement/requestlog.py:55}}
Jun 28 23:45:15.886000 dv-neutron-845181-10-hyperv devstack@placement-api.service[106791]: INFO placement.requestlog [req-5828e1ba-9119-4cf0-8b21-948b02898994 req-83e3729c-0bd8-45c1-93d4-d0d07cf141c2 service placement] 10.222.0.26 "GET /placement/allocations/096fc3ac-932a-4d9a-ba82-3a75609358be" status: 200 len: 19 microversion: 1.28
Jun 28 23:45:15.888889 dv-neutron-845181-10-hyperv devstack@placement-api.service[106791]: [pid: 106791|app: 0|req: 131/262] 10.222.0.26 () {60 vars in 1380 bytes} [Tue Jun 28 23:45:15 2022] GET /placement/allocations/096fc3ac-932a-4d9a-ba82-3a75609358be => generated 19 bytes in 17 msecs (HTTP/1.1 200) 8 headers in 295 bytes (2 switches on core 0)
Jun 28 23:45:15.897974 dv-neutron-845181-10-hyperv devstack@placement-api.service[106791]: DEBUG placement.requestlog [req-5828e1ba-9119-4cf0-8b21-948b02898994 req-82a46bb7-def3-4369-b0d9-af4ba5be0dba None None] Starting request: 10.222.0.26 "PUT /placement/allocations/096fc3ac-932a-4d9a-ba82-3a75609358be" {{(pid=106791) __call__ /opt/stack/placement/placement/requestlog.py:55}}
Jun 28 23:45:15.983474 dv-neutron-845181-10-hyperv devstack@placement-api.service[106790]: INFO placement.requestlog [req-7236f7b0-0ff8-4eb5-bb97-f0ae4bcb89ea req-98e39f9c-f39b-4fb6-84b9-e672a88c67c1 service placement] 10.222.0.26 "PUT /placement/allocations/b7c89a18-87f3-4f00-b115-a1bd580fb538" status: 204 len: 0 microversion: 1.36
Jun 28 23:45:15.984548 dv-neutron-845181-10-hyperv devstack@placement-api.service[106790]: [pid: 106790|app: 0|req: 132/263] 10.222.0.26 () {64 vars in 1433 bytes} [Tue Jun 28 23:45:15 2022] PUT /placement/allocations/b7c89a18-87f3-4f00-b115-a1bd580fb538 => generated 0 bytes in 480 msecs (HTTP/1.1 204) 5 headers in 199 bytes (1 switches on core 0)
Jun 28 23:45:16.237190 dv-neutron-845181-10-hyperv devstack@placement-api.service[106791]: DEBUG placement.handlers.allocation [req-5828e1ba-9119-4cf0-8b21-948b02898994 req-82a46bb7-def3-4369-b0d9-af4ba5be0dba service placement] Successfully wrote allocations [, , ] {{(pid=106791) _update_consumers_and_create_allocations /opt/stack/placement/placement/handlers/allocation.py:462}}
Jun 28 23:45:16.319112 dv-neutron-845181-10-hyperv devstack@placement-api.service[106791]: INFO placement.requestlog [req-5828e1ba-9119-4cf0-8b21-948b02898994 req-82a46bb7-def3-4369-b0d9-af4ba5be0dba service placement] 10.222.0.26 "PUT /placement/allocations/096fc3ac-932a-4d9a-ba82-3a75609358be" status: 204 len: 0 microversion: 1.36
Jun 28 23:45:16.320127 dv-neutron-845181-10-hyperv devstack@placement-api.service[106791]: [pid: 106791|app: 0|req: 132/264] 10.222.0.26 () {64 vars in 1433 bytes} [Tue Jun 28 23:45:15 2022] PUT /placement/allocations/096fc3ac-932a-4d9a-ba82-3a75609358be => generated 0 bytes in 422 msecs (HTTP/1.1 204) 5 headers in 199 bytes (1 switches on core 0)
Jun 28 23:45:17.668146 dv-neutron-845181-10-hyperv devstack@placement-api.service[106790]: DEBUG placement.requestlog [req-7236f7b0-0ff8-4eb5-bb97-f0ae4bcb89ea req-3a6a3f96-a0ef-42c9-a319-ccf910d19098 None None] Starting request: 10.222.0.18 "GET /placement/allocations/b7c89a18-87f3-4f00-b115-a1bd580fb538" {{(pid=106790) __call__ /opt/stack/placement/placement/requestlog.py:55}}
Jun 28 23:45:17.699353 dv-neutron-845181-10-hyperv devstack@placement-api.service[106790]: INFO placement.requestlog [req-7236f7b0-0ff8-4eb5-bb97-f0ae4bcb89ea req-3a6a3f96-a0ef-42c9-a319-ccf910d19098 service placement] 10.222.0.18 "GET /placement/allocations/b7c89a18-87f3-4f00-b115-a1bd580fb538" status: 200 len: 258 microversion: 1.28
Jun 28 23:45:17.699923 dv-neutron-845181-10-hyperv devstack@placement-api.service[106790]: [pid: 106790|app: 0|req: 133/265] 10.222.0.18 () {60 vars in 1377 bytes} [Tue Jun 28 23:45:17 2022] GET /placement/allocations/b7c89a18-87f3-4f00-b115-a1bd580fb538 => generated 258 bytes in 32 msecs (HTTP/1.1 200) 8 headers in 296 bytes (1 switches on core 0)
Jun 28 23:45:17.939196 dv-neutron-845181-10-hyperv devstack@placement-api.service[106791]: DEBUG placement.requestlog [req-5828e1ba-9119-4cf0-8b21-948b02898994 req-84627dba-8960-43ae-94e3-9e4b5bffae98 None None] Starting request: 10.222.0.18 "GET /placement/allocations/096fc3ac-932a-4d9a-ba82-3a75609358be" {{(pid=106791) __call__ /opt/stack/placement/placement/requestlog.py:55}}
Jun 28 23:45:17.965045 dv-neutron-845181-10-hyperv devstack@placement-api.service[106791]: INFO placement.requestlog [req-5828e1ba-9119-4cf0-8b21-948b02898994 req-84627dba-8960-43ae-94e3-9e4b5bffae98 service placement] 10.222.0.18 "GET /placement/allocations/096fc3ac-932a-4d9a-ba82-3a75609358be" status: 200 len: 258 microversion: 1.28
Jun 28 23:45:17.965590 dv-neutron-845181-10-hyperv devstack@placement-api.service[106791]: [pid: 106791|app: 0|req: 133/266] 10.222.0.18 () {60 vars in 1377 bytes} [Tue Jun 28 23:45:17 2022] GET /placement/allocations/096fc3ac-932a-4d9a-ba82-3a75609358be => generated 258 bytes in 27 msecs (HTTP/1.1 200) 8 headers in 296 bytes (1 switches on core 0)
Jun 28 23:45:20.109634 dv-neutron-845181-10-hyperv devstack@placement-api.service[106790]: DEBUG placement.requestlog [None req-f618fb91-a747-45b3-b361-d247fe600445 None None] Starting request: 10.222.0.26 "GET /placement/resource_providers/698cf01a-5b09-43de-9349-13de189731d1/aggregates" {{(pid=106790) __call__ /opt/stack/placement/placement/requestlog.py:55}}
Jun 28 23:45:20.119937 dv-neutron-845181-10-hyperv devstack@placement-api.service[106790]: INFO placement.requestlog [None req-f618fb91-a747-45b3-b361-d247fe600445 service placement] 10.222.0.26 "GET /placement/resource_providers/698cf01a-5b09-43de-9349-13de189731d1/aggregates" status: 404 len: 235 microversion: 1.1
Jun 28 23:45:20.120561 dv-neutron-845181-10-hyperv devstack@placement-api.service[106790]: [pid: 106790|app: 0|req: 134/267] 10.222.0.26 () {58 vars in 1362 bytes} [Tue Jun 28 23:45:20 2022] GET /placement/resource_providers/698cf01a-5b09-43de-9349-13de189731d1/aggregates => generated 235 bytes in 11 msecs (HTTP/1.1 404) 5 headers in 202 bytes (1 switches on core 0)
Jun 28 23:45:20.130204 dv-neutron-845181-10-hyperv devstack@placement-api.service[106791]: DEBUG placement.requestlog [None req-eac793cb-0f7c-40e4-8ed9-6b215fd08b98 None None] Starting request: 10.222.0.26 "DELETE /placement/resource_providers/698cf01a-5b09-43de-9349-13de189731d1" {{(pid=106791) __call__ /opt/stack/placement/placement/requestlog.py:55}}
Jun 28 23:45:20.146468 dv-neutron-845181-10-hyperv devstack@placement-api.service[106791]: DEBUG placement.wsgi_wrapper [None req-eac793cb-0f7c-40e4-8ed9-6b215fd08b98 service placement] Placement API returning an error response: No resource provider with uuid 698cf01a-5b09-43de-9349-13de189731d1 found for delete {{(pid=106791) call_func /opt/stack/placement/placement/wsgi_wrapper.py:31}}
Jun 28 23:45:20.147483 dv-neutron-845181-10-hyperv devstack@placement-api.service[106791]: INFO placement.requestlog [None req-eac793cb-0f7c-40e4-8ed9-6b215fd08b98 service placement] 10.222.0.26 "DELETE /placement/resource_providers/698cf01a-5b09-43de-9349-13de189731d1" status: 404 len: 246 microversion: 1.1
Jun 28 23:45:20.148147 dv-neutron-845181-10-hyperv devstack@placement-api.service[106791]: [pid: 106791|app: 0|req: 134/268] 10.222.0.26 () {60 vars in 1351 bytes} [Tue Jun 28 23:45:20 2022] DELETE /placement/resource_providers/698cf01a-5b09-43de-9349-13de189731d1 => generated 246 bytes in 20 msecs (HTTP/1.1 404) 6 headers in 231 bytes (2 switches on core 0)
Jun 28 23:45:25.912302 dv-neutron-845181-10-hyperv devstack@placement-api.service[106790]: DEBUG placement.requestlog [None req-c8e9f752-68f7-495d-9069-f8d77281ab88 None None] Starting request: 10.222.0.26 "GET /placement/resource_providers/ce53309d-92a6-40d1-a90f-d7cbb73eb167/aggregates" {{(pid=106790) __call__ /opt/stack/placement/placement/requestlog.py:55}}
Jun 28 23:45:25.926602 dv-neutron-845181-10-hyperv devstack@placement-api.service[106790]: INFO placement.requestlog [None req-c8e9f752-68f7-495d-9069-f8d77281ab88 service placement] 10.222.0.26 "GET /placement/resource_providers/ce53309d-92a6-40d1-a90f-d7cbb73eb167/aggregates" status: 404 len: 235 microversion: 1.1
Jun 28 23:45:25.927287 dv-neutron-845181-10-hyperv devstack@placement-api.service[106790]: [pid: 106790|app: 0|req: 135/269] 10.222.0.26 () {58 vars in 1362 bytes} [Tue Jun 28 23:45:25 2022] GET /placement/resource_providers/ce53309d-92a6-40d1-a90f-d7cbb73eb167/aggregates => generated 235 bytes in 15 msecs (HTTP/1.1 404) 5 headers in 202 bytes (2 switches on core 0)
Jun 28 23:45:25.965508 dv-neutron-845181-10-hyperv devstack@placement-api.service[106791]: DEBUG placement.requestlog [None req-06649e48-f991-4fa5-8abf-e740be7d6153 None None] Starting request: 10.222.0.26 "DELETE /placement/resource_providers/ce53309d-92a6-40d1-a90f-d7cbb73eb167" {{(pid=106791) __call__ /opt/stack/placement/placement/requestlog.py:55}}
Jun 28 23:45:25.976538 dv-neutron-845181-10-hyperv devstack@placement-api.service[106791]: DEBUG placement.wsgi_wrapper [None req-06649e48-f991-4fa5-8abf-e740be7d6153 service placement] Placement API returning an error response: No resource provider with uuid ce53309d-92a6-40d1-a90f-d7cbb73eb167 found for delete {{(pid=106791) call_func /opt/stack/placement/placement/wsgi_wrapper.py:31}}
Jun 28 23:45:25.977243 dv-neutron-845181-10-hyperv devstack@placement-api.service[106791]: INFO placement.requestlog [None req-06649e48-f991-4fa5-8abf-e740be7d6153 service placement] 10.222.0.26 "DELETE /placement/resource_providers/ce53309d-92a6-40d1-a90f-d7cbb73eb167" status: 404 len: 246 microversion: 1.1
Jun 28 23:45:25.977587 dv-neutron-845181-10-hyperv devstack@placement-api.service[106791]: [pid: 106791|app: 0|req: 135/270] 10.222.0.26 () {60 vars in 1351 bytes} [Tue Jun 28 23:45:25 2022] DELETE /placement/resource_providers/ce53309d-92a6-40d1-a90f-d7cbb73eb167 => generated 246 bytes in 12 msecs (HTTP/1.1 404) 6 headers in 231 bytes (1 switches on core 0)
Jun 28 23:45:29.986104 dv-neutron-845181-10-hyperv devstack@placement-api.service[106790]: DEBUG placement.requestlog [req-5cd0c863-91f7-4571-bae6-32e4cd4b4233 req-be12e8b9-2187-40b3-8408-f10e74503afe None None] Starting request: 10.222.0.26 "GET /placement/allocation_candidates?limit=1000&resources=MEMORY_MB%3A1024%2CVCPU%3A1&root_required=%21COMPUTE_STATUS_DISABLED" {{(pid=106790) __call__ /opt/stack/placement/placement/requestlog.py:55}}
Jun 28 23:45:30.022918 dv-neutron-845181-10-hyperv devstack@placement-api.service[106790]: DEBUG placement.objects.research_context [req-5cd0c863-91f7-4571-bae6-32e4cd4b4233 req-be12e8b9-2187-40b3-8408-f10e74503afe service placement] getting providers with 1024 MEMORY_MB {{(pid=106790) __init__ /opt/stack/placement/placement/objects/research_context.py:136}}
Jun 28 23:45:30.029103 dv-neutron-845181-10-hyperv devstack@placement-api.service[106790]: DEBUG placement.objects.research_context [req-5cd0c863-91f7-4571-bae6-32e4cd4b4233 req-be12e8b9-2187-40b3-8408-f10e74503afe service placement] getting providers with 1 VCPU {{(pid=106790) __init__ /opt/stack/placement/placement/objects/research_context.py:136}}
Jun 28 23:45:30.034406 dv-neutron-845181-10-hyperv devstack@placement-api.service[106790]: DEBUG placement.objects.research_context [req-5cd0c863-91f7-4571-bae6-32e4cd4b4233 req-be12e8b9-2187-40b3-8408-f10e74503afe service placement] found 1 providers with available 1024 MEMORY_MB {{(pid=106790) get_provider_ids_matching /opt/stack/placement/placement/objects/research_context.py:563}}
Jun 28 23:45:30.034927 dv-neutron-845181-10-hyperv devstack@placement-api.service[106790]: DEBUG placement.objects.research_context [req-5cd0c863-91f7-4571-bae6-32e4cd4b4233 req-be12e8b9-2187-40b3-8408-f10e74503afe service placement] found 1 providers with available 1 VCPU {{(pid=106790) get_provider_ids_matching /opt/stack/placement/placement/objects/research_context.py:563}}
Jun 28 23:45:30.035358 dv-neutron-845181-10-hyperv devstack@placement-api.service[106790]: DEBUG placement.objects.research_context [req-5cd0c863-91f7-4571-bae6-32e4cd4b4233 req-be12e8b9-2187-40b3-8408-f10e74503afe service placement] found 1 providers after filtering by previous result {{(pid=106790) get_provider_ids_matching /opt/stack/placement/placement/objects/research_context.py:594}}
Jun 28 23:45:30.048783 dv-neutron-845181-10-hyperv devstack@placement-api.service[106790]: DEBUG placement.objects.allocation_candidate [req-5cd0c863-91f7-4571-bae6-32e4cd4b4233 req-be12e8b9-2187-40b3-8408-f10e74503afe service placement] RequestGroup(use_same_provider=False, resources={MEMORY_MB:1024, VCPU:1}, traits=(), aggregates=[]) (suffix '') returned 1 matches {{(pid=106790) _get_by_requests /opt/stack/placement/placement/objects/allocation_candidate.py:156}}
Jun 28 23:45:30.049357 dv-neutron-845181-10-hyperv devstack@placement-api.service[106790]: DEBUG placement.objects.allocation_candidate [req-5cd0c863-91f7-4571-bae6-32e4cd4b4233 req-be12e8b9-2187-40b3-8408-f10e74503afe service placement] Merging candidates yields 1 allocation requests and 1 provider summaries {{(pid=106790) _merge_candidates /opt/stack/placement/placement/objects/allocation_candidate.py:809}}
Jun 28 23:45:30.050809 dv-neutron-845181-10-hyperv devstack@placement-api.service[106790]: INFO placement.requestlog [req-5cd0c863-91f7-4571-bae6-32e4cd4b4233 req-be12e8b9-2187-40b3-8408-f10e74503afe service placement] 10.222.0.26 "GET /placement/allocation_candidates?limit=1000&resources=MEMORY_MB%3A1024%2CVCPU%3A1&root_required=%21COMPUTE_STATUS_DISABLED" status: 200 len: 753 microversion: 1.36
Jun 28 23:45:30.051891 dv-neutron-845181-10-hyperv devstack@placement-api.service[106790]: [pid: 106790|app: 0|req: 136/271] 10.222.0.26 () {60 vars in 1478 bytes} [Tue Jun 28 23:45:29 2022] GET /placement/allocation_candidates?limit=1000&resources=MEMORY_MB%3A1024%2CVCPU%3A1&root_required=%21COMPUTE_STATUS_DISABLED => generated 753 bytes in 66 msecs (HTTP/1.1 200) 8 headers in 296 bytes (1 switches on core 0)
Jun 28 23:45:30.086648 dv-neutron-845181-10-hyperv devstack@placement-api.service[106791]: DEBUG placement.requestlog [req-5cd0c863-91f7-4571-bae6-32e4cd4b4233 req-d75be5ea-51cb-4a63-8bb7-7210614dee43 None None] Starting request: 10.222.0.26 "GET /placement/allocations/06beef04-a715-46ae-8be0-76b16b997626" {{(pid=106791) __call__ /opt/stack/placement/placement/requestlog.py:55}}
Jun 28 23:45:30.097828 dv-neutron-845181-10-hyperv devstack@placement-api.service[106791]: INFO placement.requestlog [req-5cd0c863-91f7-4571-bae6-32e4cd4b4233 req-d75be5ea-51cb-4a63-8bb7-7210614dee43 service placement] 10.222.0.26 "GET /placement/allocations/06beef04-a715-46ae-8be0-76b16b997626" status: 200 len: 19 microversion: 1.28
Jun 28 23:45:30.098156 dv-neutron-845181-10-hyperv devstack@placement-api.service[106791]: [pid: 106791|app: 0|req: 136/272] 10.222.0.26 () {60 vars in 1380 bytes} [Tue Jun 28 23:45:30 2022] GET /placement/allocations/06beef04-a715-46ae-8be0-76b16b997626 => generated 19 bytes in 12 msecs (HTTP/1.1 200) 8 headers in 295 bytes (1 switches on core 0)
Jun 28 23:45:30.103457 dv-neutron-845181-10-hyperv devstack@placement-api.service[106790]: DEBUG placement.requestlog [req-5cd0c863-91f7-4571-bae6-32e4cd4b4233 req-de650c53-5bc7-4b11-8402-b7ba00dcb47e None None] Starting request: 10.222.0.26 "PUT /placement/allocations/06beef04-a715-46ae-8be0-76b16b997626" {{(pid=106790) __call__ /opt/stack/placement/placement/requestlog.py:55}}
Jun 28 23:45:30.390012 dv-neutron-845181-10-hyperv devstack@placement-api.service[106790]: DEBUG placement.handlers.allocation [req-5cd0c863-91f7-4571-bae6-32e4cd4b4233 req-de650c53-5bc7-4b11-8402-b7ba00dcb47e service placement] Successfully wrote allocations [, ] {{(pid=106790) _update_consumers_and_create_allocations /opt/stack/placement/placement/handlers/allocation.py:462}}
Jun 28 23:45:30.505249 dv-neutron-845181-10-hyperv devstack@placement-api.service[106790]: INFO placement.requestlog [req-5cd0c863-91f7-4571-bae6-32e4cd4b4233 req-de650c53-5bc7-4b11-8402-b7ba00dcb47e service placement] 10.222.0.26 "PUT /placement/allocations/06beef04-a715-46ae-8be0-76b16b997626" status: 204 len: 0 microversion: 1.36
Jun 28 23:45:30.505749 dv-neutron-845181-10-hyperv devstack@placement-api.service[106790]: [pid: 106790|app: 0|req: 137/273] 10.222.0.26 () {64 vars in 1433 bytes} [Tue Jun 28 23:45:30 2022] PUT /placement/allocations/06beef04-a715-46ae-8be0-76b16b997626 => generated 0 bytes in 403 msecs (HTTP/1.1 204) 5 headers in 199 bytes (2 switches on core 0)
Jun 28 23:45:31.741897 dv-neutron-845181-10-hyperv devstack@placement-api.service[106791]: DEBUG placement.requestlog [req-5cd0c863-91f7-4571-bae6-32e4cd4b4233 req-27ac5a97-8c86-4642-bf74-e8bd6ace8290 None None] Starting request: 10.222.0.18 "GET /placement/allocations/06beef04-a715-46ae-8be0-76b16b997626" {{(pid=106791) __call__ /opt/stack/placement/placement/requestlog.py:55}}
Jun 28 23:45:31.758114 dv-neutron-845181-10-hyperv devstack@placement-api.service[106791]: INFO placement.requestlog [req-5cd0c863-91f7-4571-bae6-32e4cd4b4233 req-27ac5a97-8c86-4642-bf74-e8bd6ace8290 service placement] 10.222.0.18 "GET /placement/allocations/06beef04-a715-46ae-8be0-76b16b997626" status: 200 len: 244 microversion: 1.28
Jun 28 23:45:31.759357 dv-neutron-845181-10-hyperv devstack@placement-api.service[106791]: [pid: 106791|app: 0|req: 137/274] 10.222.0.18 () {60 vars in 1377 bytes} [Tue Jun 28 23:45:31 2022] GET /placement/allocations/06beef04-a715-46ae-8be0-76b16b997626 => generated 244 bytes in 18 msecs (HTTP/1.1 200) 8 headers in 296 bytes (2 switches on core 0)
Jun 28 23:45:40.389843 dv-neutron-845181-10-hyperv devstack@placement-api.service[106790]: DEBUG dbcounter [-] [106790] Writing DB stats placement:SELECT=63,placement:INSERT=11,placement:DELETE=4,placement:UPDATE=4 {{(pid=106790) stat_writer /usr/local/lib/python3.8/dist-packages/dbcounter.py:114}}
Jun 28 23:45:41.097407 dv-neutron-845181-10-hyperv devstack@placement-api.service[106790]: DEBUG placement.requestlog [None req-02b24108-18ef-4041-8a72-db852f796556 None None] Starting request: 10.222.0.26 "GET /placement/resource_providers/8c05b71a-36c0-4553-aabb-c4355b33d15d/aggregates" {{(pid=106790) __call__ /opt/stack/placement/placement/requestlog.py:55}}
Jun 28 23:45:41.111231 dv-neutron-845181-10-hyperv devstack@placement-api.service[106790]: INFO placement.requestlog [None req-02b24108-18ef-4041-8a72-db852f796556 service placement] 10.222.0.26 "GET /placement/resource_providers/8c05b71a-36c0-4553-aabb-c4355b33d15d/aggregates" status: 404 len: 235 microversion: 1.1
Jun 28 23:45:41.112380 dv-neutron-845181-10-hyperv devstack@placement-api.service[106790]: [pid: 106790|app: 0|req: 138/275] 10.222.0.26 () {58 vars in 1362 bytes} [Tue Jun 28 23:45:41 2022] GET /placement/resource_providers/8c05b71a-36c0-4553-aabb-c4355b33d15d/aggregates => generated 235 bytes in 15 msecs (HTTP/1.1 404) 5 headers in 202 bytes (1 switches on core 0)
Jun 28 23:45:41.148728 dv-neutron-845181-10-hyperv devstack@placement-api.service[106791]: DEBUG placement.requestlog [None req-4b2683dd-d73b-418c-aecf-d497f72803b0 None None] Starting request: 10.222.0.26 "DELETE /placement/resource_providers/8c05b71a-36c0-4553-aabb-c4355b33d15d" {{(pid=106791) __call__ /opt/stack/placement/placement/requestlog.py:55}}
Jun 28 23:45:41.161303 dv-neutron-845181-10-hyperv devstack@placement-api.service[106791]: DEBUG placement.wsgi_wrapper [None req-4b2683dd-d73b-418c-aecf-d497f72803b0 service placement] Placement API returning an error response: No resource provider with uuid 8c05b71a-36c0-4553-aabb-c4355b33d15d found for delete {{(pid=106791) call_func /opt/stack/placement/placement/wsgi_wrapper.py:31}}
Jun 28 23:45:41.162229 dv-neutron-845181-10-hyperv devstack@placement-api.service[106791]: INFO placement.requestlog [None req-4b2683dd-d73b-418c-aecf-d497f72803b0 service placement] 10.222.0.26 "DELETE /placement/resource_providers/8c05b71a-36c0-4553-aabb-c4355b33d15d" status: 404 len: 246 microversion: 1.1
Jun 28 23:45:41.162651 dv-neutron-845181-10-hyperv devstack@placement-api.service[106791]: [pid: 106791|app: 0|req: 138/276] 10.222.0.26 () {60 vars in 1351 bytes} [Tue Jun 28 23:45:41 2022] DELETE /placement/resource_providers/8c05b71a-36c0-4553-aabb-c4355b33d15d => generated 246 bytes in 15 msecs (HTTP/1.1 404) 6 headers in 231 bytes (1 switches on core 0)
Jun 28 23:45:46.795643 dv-neutron-845181-10-hyperv devstack@placement-api.service[106790]: DEBUG placement.requestlog [None req-9207e85a-1602-445e-9913-9817f2a6ec95 None None] Starting request: 10.222.0.26 "GET /placement/resource_providers/43fa0957-8b5b-4c62-900b-b308bfdfd793/aggregates" {{(pid=106790) __call__ /opt/stack/placement/placement/requestlog.py:55}}
Jun 28 23:45:46.806262 dv-neutron-845181-10-hyperv devstack@placement-api.service[106790]: INFO placement.requestlog [None req-9207e85a-1602-445e-9913-9817f2a6ec95 service placement] 10.222.0.26 "GET /placement/resource_providers/43fa0957-8b5b-4c62-900b-b308bfdfd793/aggregates" status: 404 len: 235 microversion: 1.1
Jun 28 23:45:46.807854 dv-neutron-845181-10-hyperv devstack@placement-api.service[106790]: [pid: 106790|app: 0|req: 139/277] 10.222.0.26 () {58 vars in 1362 bytes} [Tue Jun 28 23:45:46 2022] GET /placement/resource_providers/43fa0957-8b5b-4c62-900b-b308bfdfd793/aggregates => generated 235 bytes in 11 msecs (HTTP/1.1 404) 5 headers in 202 bytes (1 switches on core 0)
Jun 28 23:45:46.819589 dv-neutron-845181-10-hyperv devstack@placement-api.service[106791]: DEBUG placement.requestlog [None req-6a85127a-2c81-4934-8164-ef4aa61f8166 None None] Starting request: 10.222.0.26 "DELETE /placement/resource_providers/43fa0957-8b5b-4c62-900b-b308bfdfd793" {{(pid=106791) __call__ /opt/stack/placement/placement/requestlog.py:55}}
Jun 28 23:45:46.826785 dv-neutron-845181-10-hyperv devstack@placement-api.service[106791]: DEBUG dbcounter [-] [106791] Writing DB stats placement:SELECT=50,placement:INSERT=6,placement:DELETE=2,placement:UPDATE=2 {{(pid=106791) stat_writer /usr/local/lib/python3.8/dist-packages/dbcounter.py:114}}
Jun 28 23:45:46.830948 dv-neutron-845181-10-hyperv devstack@placement-api.service[106791]: DEBUG placement.wsgi_wrapper [None req-6a85127a-2c81-4934-8164-ef4aa61f8166 service placement] Placement API returning an error response: No resource provider with uuid 43fa0957-8b5b-4c62-900b-b308bfdfd793 found for delete {{(pid=106791) call_func /opt/stack/placement/placement/wsgi_wrapper.py:31}}
Jun 28 23:45:46.831732 dv-neutron-845181-10-hyperv devstack@placement-api.service[106791]: INFO placement.requestlog [None req-6a85127a-2c81-4934-8164-ef4aa61f8166 service placement] 10.222.0.26 "DELETE /placement/resource_providers/43fa0957-8b5b-4c62-900b-b308bfdfd793" status: 404 len: 246 microversion: 1.1
Jun 28 23:45:46.832234 dv-neutron-845181-10-hyperv devstack@placement-api.service[106791]: [pid: 106791|app: 0|req: 139/278] 10.222.0.26 () {60 vars in 1351 bytes} [Tue Jun 28 23:45:46 2022] DELETE /placement/resource_providers/43fa0957-8b5b-4c62-900b-b308bfdfd793 => generated 246 bytes in 13 msecs (HTTP/1.1 404) 6 headers in 231 bytes (1 switches on core 0)
Jun 28 23:45:52.670698 dv-neutron-845181-10-hyperv devstack@placement-api.service[106790]: DEBUG placement.requestlog [None req-3d8856c1-4aab-46fc-95a9-6bb7ae2cf0b8 None None] Starting request: 10.222.0.26 "GET /placement/resource_providers/959c4f0b-eb7a-47f0-9394-b8132bebb323/aggregates" {{(pid=106790) __call__ /opt/stack/placement/placement/requestlog.py:55}}
Jun 28 23:45:52.681065 dv-neutron-845181-10-hyperv devstack@placement-api.service[106790]: INFO placement.requestlog [None req-3d8856c1-4aab-46fc-95a9-6bb7ae2cf0b8 service placement] 10.222.0.26 "GET /placement/resource_providers/959c4f0b-eb7a-47f0-9394-b8132bebb323/aggregates" status: 404 len: 235 microversion: 1.1
Jun 28 23:45:52.681399 dv-neutron-845181-10-hyperv devstack@placement-api.service[106790]: [pid: 106790|app: 0|req: 140/279] 10.222.0.26 () {58 vars in 1362 bytes} [Tue Jun 28 23:45:52 2022] GET /placement/resource_providers/959c4f0b-eb7a-47f0-9394-b8132bebb323/aggregates => generated 235 bytes in 11 msecs (HTTP/1.1 404) 5 headers in 202 bytes (1 switches on core 0)
Jun 28 23:45:52.689046 dv-neutron-845181-10-hyperv devstack@placement-api.service[106791]: DEBUG placement.requestlog [None req-bd117c49-c4b0-4f18-a01a-b69bfe42cbe5 None None] Starting request: 10.222.0.26 "DELETE /placement/resource_providers/959c4f0b-eb7a-47f0-9394-b8132bebb323" {{(pid=106791) __call__ /opt/stack/placement/placement/requestlog.py:55}}
Jun 28 23:45:52.698432 dv-neutron-845181-10-hyperv devstack@placement-api.service[106791]: DEBUG placement.wsgi_wrapper [None req-bd117c49-c4b0-4f18-a01a-b69bfe42cbe5 service placement] Placement API returning an error response: No resource provider with uuid 959c4f0b-eb7a-47f0-9394-b8132bebb323 found for delete {{(pid=106791) call_func /opt/stack/placement/placement/wsgi_wrapper.py:31}}
Jun 28 23:45:52.702468 dv-neutron-845181-10-hyperv devstack@placement-api.service[106791]: INFO placement.requestlog [None req-bd117c49-c4b0-4f18-a01a-b69bfe42cbe5 service placement] 10.222.0.26 "DELETE /placement/resource_providers/959c4f0b-eb7a-47f0-9394-b8132bebb323" status: 404 len: 246 microversion: 1.1
Jun 28 23:45:52.702468 dv-neutron-845181-10-hyperv devstack@placement-api.service[106791]: [pid: 106791|app: 0|req: 140/280] 10.222.0.26 () {60 vars in 1351 bytes} [Tue Jun 28 23:45:52 2022] DELETE /placement/resource_providers/959c4f0b-eb7a-47f0-9394-b8132bebb323 => generated 246 bytes in 11 msecs (HTTP/1.1 404) 6 headers in 231 bytes (1 switches on core 0)
Jun 28 23:45:55.298901 dv-neutron-845181-10-hyperv devstack@placement-api.service[106790]: DEBUG placement.requestlog [req-e71033c3-87a0-4c29-990c-e71a4622c03e req-0331b3e5-2645-40c9-b04b-285cc8d7bede None None] Starting request: 10.222.0.18 "GET /placement/resource_providers/c685f1d4-cd0f-4007-bc91-8b82b1228ced/allocations" {{(pid=106790) __call__ /opt/stack/placement/placement/requestlog.py:55}}
Jun 28 23:45:55.319330 dv-neutron-845181-10-hyperv devstack@placement-api.service[106790]: INFO placement.requestlog [req-e71033c3-87a0-4c29-990c-e71a4622c03e req-0331b3e5-2645-40c9-b04b-285cc8d7bede service placement] 10.222.0.18 "GET /placement/resource_providers/c685f1d4-cd0f-4007-bc91-8b82b1228ced/allocations" status: 200 len: 341 microversion: 1.0
Jun 28 23:45:55.319724 dv-neutron-845181-10-hyperv devstack@placement-api.service[106790]: [pid: 106790|app: 0|req: 141/281] 10.222.0.18 () {58 vars in 1390 bytes} [Tue Jun 28 23:45:55 2022] GET /placement/resource_providers/c685f1d4-cd0f-4007-bc91-8b82b1228ced/allocations => generated 341 bytes in 21 msecs (HTTP/1.1 200) 6 headers in 224 bytes (1 switches on core 0)
Jun 28 23:46:01.517390 dv-neutron-845181-10-hyperv devstack@placement-api.service[106791]: DEBUG placement.requestlog [None req-e628b00d-c7fb-4072-ac8d-aed6e24cb224 None None] Starting request: 10.222.0.26 "GET /placement/resource_providers/b827a9e9-4a2d-4287-a8ab-159f2240e846/aggregates" {{(pid=106791) __call__ /opt/stack/placement/placement/requestlog.py:55}}
Jun 28 23:46:01.529758 dv-neutron-845181-10-hyperv devstack@placement-api.service[106791]: INFO placement.requestlog [None req-e628b00d-c7fb-4072-ac8d-aed6e24cb224 service placement] 10.222.0.26 "GET /placement/resource_providers/b827a9e9-4a2d-4287-a8ab-159f2240e846/aggregates" status: 404 len: 235 microversion: 1.1
Jun 28 23:46:01.530090 dv-neutron-845181-10-hyperv devstack@placement-api.service[106791]: [pid: 106791|app: 0|req: 141/282] 10.222.0.26 () {58 vars in 1362 bytes} [Tue Jun 28 23:46:01 2022] GET /placement/resource_providers/b827a9e9-4a2d-4287-a8ab-159f2240e846/aggregates => generated 235 bytes in 13 msecs (HTTP/1.1 404) 5 headers in 202 bytes (2 switches on core 0)
Jun 28 23:46:01.561054 dv-neutron-845181-10-hyperv devstack@placement-api.service[106790]: DEBUG placement.requestlog [None req-0e065226-1ba5-4ca3-8852-ef8db7b91957 None None] Starting request: 10.222.0.26 "DELETE /placement/resource_providers/b827a9e9-4a2d-4287-a8ab-159f2240e846" {{(pid=106790) __call__ /opt/stack/placement/placement/requestlog.py:55}}
Jun 28 23:46:01.570376 dv-neutron-845181-10-hyperv devstack@placement-api.service[106790]: DEBUG placement.wsgi_wrapper [None req-0e065226-1ba5-4ca3-8852-ef8db7b91957 service placement] Placement API returning an error response: No resource provider with uuid b827a9e9-4a2d-4287-a8ab-159f2240e846 found for delete {{(pid=106790) call_func /opt/stack/placement/placement/wsgi_wrapper.py:31}}
Jun 28 23:46:01.573193 dv-neutron-845181-10-hyperv devstack@placement-api.service[106790]: INFO placement.requestlog [None req-0e065226-1ba5-4ca3-8852-ef8db7b91957 service placement] 10.222.0.26 "DELETE /placement/resource_providers/b827a9e9-4a2d-4287-a8ab-159f2240e846" status: 404 len: 246 microversion: 1.1
Jun 28 23:46:01.573193 dv-neutron-845181-10-hyperv devstack@placement-api.service[106790]: [pid: 106790|app: 0|req: 142/283] 10.222.0.26 () {60 vars in 1351 bytes} [Tue Jun 28 23:46:01 2022] DELETE /placement/resource_providers/b827a9e9-4a2d-4287-a8ab-159f2240e846 => generated 246 bytes in 11 msecs (HTTP/1.1 404) 6 headers in 231 bytes (1 switches on core 0)
Jun 28 23:46:11.528044 dv-neutron-845181-10-hyperv devstack@placement-api.service[106791]: DEBUG dbcounter [-] [106791] Writing DB stats placement:SELECT=5 {{(pid=106791) stat_writer /usr/local/lib/python3.8/dist-packages/dbcounter.py:114}}
Jun 28 23:46:11.568925 dv-neutron-845181-10-hyperv devstack@placement-api.service[106790]: DEBUG dbcounter [-] [106790] Writing DB stats placement:SELECT=14 {{(pid=106790) stat_writer /usr/local/lib/python3.8/dist-packages/dbcounter.py:114}}
Jun 28 23:46:16.688890 dv-neutron-845181-10-hyperv devstack@placement-api.service[106791]: DEBUG placement.requestlog [None req-0102b0ed-5ff5-44e5-80be-d73e7659f4d0 None None] Starting request: 10.222.0.26 "GET /placement/resource_providers/9deb17f2-1270-4ece-84eb-198736aa975f/aggregates" {{(pid=106791) __call__ /opt/stack/placement/placement/requestlog.py:55}}
Jun 28 23:46:16.699283 dv-neutron-845181-10-hyperv devstack@placement-api.service[106791]: INFO placement.requestlog [None req-0102b0ed-5ff5-44e5-80be-d73e7659f4d0 service placement] 10.222.0.26 "GET /placement/resource_providers/9deb17f2-1270-4ece-84eb-198736aa975f/aggregates" status: 404 len: 235 microversion: 1.1
Jun 28 23:46:16.700331 dv-neutron-845181-10-hyperv devstack@placement-api.service[106791]: [pid: 106791|app: 0|req: 142/284] 10.222.0.26 () {58 vars in 1362 bytes} [Tue Jun 28 23:46:16 2022] GET /placement/resource_providers/9deb17f2-1270-4ece-84eb-198736aa975f/aggregates => generated 235 bytes in 12 msecs (HTTP/1.1 404) 5 headers in 202 bytes (1 switches on core 0)
Jun 28 23:46:16.710689 dv-neutron-845181-10-hyperv devstack@placement-api.service[106790]: DEBUG placement.requestlog [None req-9cc279bf-629f-4e86-a819-38171e2ddacd None None] Starting request: 10.222.0.26 "DELETE /placement/resource_providers/9deb17f2-1270-4ece-84eb-198736aa975f" {{(pid=106790) __call__ /opt/stack/placement/placement/requestlog.py:55}}
Jun 28 23:46:16.721371 dv-neutron-845181-10-hyperv devstack@placement-api.service[106790]: DEBUG placement.wsgi_wrapper [None req-9cc279bf-629f-4e86-a819-38171e2ddacd service placement] Placement API returning an error response: No resource provider with uuid 9deb17f2-1270-4ece-84eb-198736aa975f found for delete {{(pid=106790) call_func /opt/stack/placement/placement/wsgi_wrapper.py:31}}
Jun 28 23:46:16.722104 dv-neutron-845181-10-hyperv devstack@placement-api.service[106790]: INFO placement.requestlog [None req-9cc279bf-629f-4e86-a819-38171e2ddacd service placement] 10.222.0.26 "DELETE /placement/resource_providers/9deb17f2-1270-4ece-84eb-198736aa975f" status: 404 len: 246 microversion: 1.1
