Jun 28 09:32:33.513762 dv-neutron-845105-3-hyperv devstack@keystone.service[87222]: DEBUG keystone.server.flask.request_processing.middleware.auth_context [None req-4987d6c8-629a-412f-9cd7-6220b3933460 None admin] RBAC: auth_context: {'token': , 'domain_id': None, 'trust_id': None, 'trustor_id': None, 'trustee_id': None, 'domain_name': None, 'group_ids': [], 'user_id': '7768fac6dbd841179b3c886c9f71c34d', 'user_domain_id': 'default', 'system_scope': 'all', 'project_id': None, 'project_domain_id': None, 'roles': ['admin', 'member', 'reader'], 'is_admin_project': True, 'service_user_id': None, 'service_user_domain_id': None, 'service_project_id': None, 'service_project_domain_id': None, 'service_roles': []} {{(pid=87222) fill_context /opt/stack/keystone/keystone/server/flask/request_processing/middleware/auth_context.py:478}}
Jun 28 09:32:33.519539 dv-neutron-845105-3-hyperv devstack@keystone.service[87222]: DEBUG keystone.server.flask.request_processing.req_logging [None req-4987d6c8-629a-412f-9cd7-6220b3933460 None admin] REQUEST_METHOD: `GET` {{(pid=87222) log_request_info /opt/stack/keystone/keystone/server/flask/request_processing/req_logging.py:27}}
Jun 28 09:32:33.519539 dv-neutron-845105-3-hyperv devstack@keystone.service[87222]: DEBUG keystone.server.flask.request_processing.req_logging [None req-4987d6c8-629a-412f-9cd7-6220b3933460 None admin] SCRIPT_NAME: `/identity` {{(pid=87222) log_request_info /opt/stack/keystone/keystone/server/flask/request_processing/req_logging.py:28}}
Jun 28 09:32:33.519539 dv-neutron-845105-3-hyperv devstack@keystone.service[87222]: DEBUG keystone.server.flask.request_processing.req_logging [None req-4987d6c8-629a-412f-9cd7-6220b3933460 None admin] PATH_INFO: `/v3/roles` {{(pid=87222) log_request_info /opt/stack/keystone/keystone/server/flask/request_processing/req_logging.py:29}}
Jun 28 09:32:33.519539 dv-neutron-845105-3-hyperv devstack@keystone.service[87222]: DEBUG keystone.common.rbac_enforcer.enforcer [None req-4987d6c8-629a-412f-9cd7-6220b3933460 None admin] RBAC: Adding query filter params (name=anotherrole) {{(pid=87222) _extract_filter_values /opt/stack/keystone/keystone/common/rbac_enforcer/enforcer.py:167}}
Jun 28 09:32:33.519539 dv-neutron-845105-3-hyperv devstack@keystone.service[87222]: DEBUG keystone.common.rbac_enforcer.enforcer [None req-4987d6c8-629a-412f-9cd7-6220b3933460 None admin] RBAC: Authorizing `identity:list_roles()` {{(pid=87222) enforce_call /opt/stack/keystone/keystone/common/rbac_enforcer/enforcer.py:449}}
Jun 28 09:32:33.519539 dv-neutron-845105-3-hyperv devstack@keystone.service[87222]: DEBUG keystone.common.rbac_enforcer.enforcer [None req-4987d6c8-629a-412f-9cd7-6220b3933460 None admin] RBAC: Authorization granted {{(pid=87222) enforce_call /opt/stack/keystone/keystone/common/rbac_enforcer/enforcer.py:457}}
Jun 28 09:32:33.524124 dv-neutron-845105-3-hyperv devstack@keystone.service[87223]: DEBUG keystone.server.flask.request_processing.middleware.auth_context [None req-cbccb445-03db-4ec9-b279-363c0adfb0f6 None admin] Validating token access rules against request {{(pid=87223) validate_allowed_request /usr/local/lib/python3.8/dist-packages/keystonemiddleware/auth_token/__init__.py:545}}
Jun 28 09:32:33.529338 dv-neutron-845105-3-hyperv devstack@keystone.service[87222]: [pid: 87222|app: 0|req: 183/364] 10.222.0.18 () {56 vars in 1111 bytes} [Tue Jun 28 09:32:33 2022] GET /identity/v3/roles?name=anotherrole => generated 334 bytes in 202 msecs (HTTP/1.1 200) 5 headers in 177 bytes (1 switches on core 0)
Jun 28 09:32:33.530766 dv-neutron-845105-3-hyperv devstack@keystone.service[87222]: DEBUG keystone.server.flask.request_processing.middleware.auth_context [None req-4987d6c8-629a-412f-9cd7-6220b3933460 None admin] Authenticating user token {{(pid=87222) process_request /usr/local/lib/python3.8/dist-packages/keystonemiddleware/auth_token/__init__.py:407}}
Jun 28 09:32:33.551518 dv-neutron-845105-3-hyperv devstack@keystone.service[87223]: DEBUG dbcounter [-] [87223] Writing DB stats keystone:SELECT=100 {{(pid=87223) stat_writer /usr/local/lib/python3.8/dist-packages/dbcounter.py:114}}
Jun 28 09:32:33.571188 dv-neutron-845105-3-hyperv devstack@keystone.service[87223]: DEBUG keystone.server.flask.request_processing.middleware.auth_context [None req-a7a758ea-2432-4da4-b1f8-6d0590af3833 None admin] RBAC: auth_context: {'token': , 'domain_id': None, 'trust_id': None, 'trustor_id': None, 'trustee_id': None, 'domain_name': None, 'group_ids': [], 'user_id': '7768fac6dbd841179b3c886c9f71c34d', 'user_domain_id': 'default', 'system_scope': 'all', 'project_id': None, 'project_domain_id': None, 'roles': ['admin', 'member', 'reader'], 'is_admin_project': True, 'service_user_id': None, 'service_user_domain_id': None, 'service_project_id': None, 'service_project_domain_id': None, 'service_roles': []} {{(pid=87223) fill_context /opt/stack/keystone/keystone/server/flask/request_processing/middleware/auth_context.py:478}}
Jun 28 09:32:33.571946 dv-neutron-845105-3-hyperv devstack@keystone.service[87223]: DEBUG keystone.server.flask.request_processing.req_logging [None req-a7a758ea-2432-4da4-b1f8-6d0590af3833 None admin] REQUEST_METHOD: `GET` {{(pid=87223) log_request_info /opt/stack/keystone/keystone/server/flask/request_processing/req_logging.py:27}}
Jun 28 09:32:33.572304 dv-neutron-845105-3-hyperv devstack@keystone.service[87223]: DEBUG keystone.server.flask.request_processing.req_logging [None req-a7a758ea-2432-4da4-b1f8-6d0590af3833 None admin] SCRIPT_NAME: `/identity` {{(pid=87223) log_request_info /opt/stack/keystone/keystone/server/flask/request_processing/req_logging.py:28}}
Jun 28 09:32:33.572659 dv-neutron-845105-3-hyperv devstack@keystone.service[87223]: DEBUG keystone.server.flask.request_processing.req_logging [None req-a7a758ea-2432-4da4-b1f8-6d0590af3833 None admin] PATH_INFO: `/v3/role_assignments` {{(pid=87223) log_request_info /opt/stack/keystone/keystone/server/flask/request_processing/req_logging.py:29}}
Jun 28 09:32:33.573685 dv-neutron-845105-3-hyperv devstack@keystone.service[87223]: DEBUG keystone.common.rbac_enforcer.enforcer [None req-a7a758ea-2432-4da4-b1f8-6d0590af3833 None admin] RBAC: Adding query filter params (group.id=e19fa1463d7b4d9f867a710311d0cf19, role.id=f0162c33e5034103b6707573f9f6cdea, scope.project.id=df5b9ed3faca4f22a3d7b0810f67e233) {{(pid=87223) _extract_filter_values /opt/stack/keystone/keystone/common/rbac_enforcer/enforcer.py:167}}
Jun 28 09:32:33.574039 dv-neutron-845105-3-hyperv devstack@keystone.service[87223]: DEBUG keystone.common.rbac_enforcer.enforcer [None req-a7a758ea-2432-4da4-b1f8-6d0590af3833 None admin] RBAC: Authorizing `identity:list_role_assignments()` {{(pid=87223) enforce_call /opt/stack/keystone/keystone/common/rbac_enforcer/enforcer.py:449}}
Jun 28 09:32:33.575692 dv-neutron-845105-3-hyperv devstack@keystone.service[87223]: DEBUG keystone.common.rbac_enforcer.enforcer [None req-a7a758ea-2432-4da4-b1f8-6d0590af3833 None admin] RBAC: Authorization granted {{(pid=87223) enforce_call /opt/stack/keystone/keystone/common/rbac_enforcer/enforcer.py:457}}
Jun 28 09:32:33.583222 dv-neutron-845105-3-hyperv devstack@keystone.service[87223]: [pid: 87223|app: 0|req: 182/365] 10.222.0.18 () {56 vars in 1376 bytes} [Tue Jun 28 09:32:33 2022] GET /identity/v3/role_assignments?group.id=e19fa1463d7b4d9f867a710311d0cf19&scope.project.id=df5b9ed3faca4f22a3d7b0810f67e233&role.id=f0162c33e5034103b6707573f9f6cdea => generated 260 bytes in 208 msecs (HTTP/1.1 200) 5 headers in 177 bytes (1 switches on core 0)
Jun 28 09:32:33.583887 dv-neutron-845105-3-hyperv devstack@keystone.service[87223]: DEBUG keystone.server.flask.request_processing.middleware.auth_context [None req-a7a758ea-2432-4da4-b1f8-6d0590af3833 None admin] Authenticating user token {{(pid=87223) process_request /usr/local/lib/python3.8/dist-packages/keystonemiddleware/auth_token/__init__.py:407}}
Jun 28 09:32:33.672786 dv-neutron-845105-3-hyperv devstack@keystone.service[87222]: DEBUG keystone.server.flask.request_processing.middleware.auth_context [None req-4987d6c8-629a-412f-9cd7-6220b3933460 None admin] Validating token access rules against request {{(pid=87222) validate_allowed_request /usr/local/lib/python3.8/dist-packages/keystonemiddleware/auth_token/__init__.py:545}}
Jun 28 09:32:33.728495 dv-neutron-845105-3-hyperv devstack@keystone.service[87223]: DEBUG keystone.server.flask.request_processing.middleware.auth_context [None req-a7a758ea-2432-4da4-b1f8-6d0590af3833 None admin] Validating token access rules against request {{(pid=87223) validate_allowed_request /usr/local/lib/python3.8/dist-packages/keystonemiddleware/auth_token/__init__.py:545}}
Jun 28 09:32:33.730278 dv-neutron-845105-3-hyperv devstack@keystone.service[87222]: DEBUG keystone.server.flask.request_processing.middleware.auth_context [None req-71c6edf8-6c7e-4de2-8df1-1945c66a7cfc None admin] RBAC: auth_context: {'token': , 'domain_id': None, 'trust_id': None, 'trustor_id': None, 'trustee_id': None, 'domain_name': None, 'group_ids': [], 'user_id': '7768fac6dbd841179b3c886c9f71c34d', 'user_domain_id': 'default', 'system_scope': 'all', 'project_id': None, 'project_domain_id': None, 'roles': ['admin', 'member', 'reader'], 'is_admin_project': True, 'service_user_id': None, 'service_user_domain_id': None, 'service_project_id': None, 'service_project_domain_id': None, 'service_roles': []} {{(pid=87222) fill_context /opt/stack/keystone/keystone/server/flask/request_processing/middleware/auth_context.py:478}}
Jun 28 09:32:33.731260 dv-neutron-845105-3-hyperv devstack@keystone.service[87222]: DEBUG keystone.server.flask.request_processing.req_logging [None req-71c6edf8-6c7e-4de2-8df1-1945c66a7cfc None admin] REQUEST_METHOD: `GET` {{(pid=87222) log_request_info /opt/stack/keystone/keystone/server/flask/request_processing/req_logging.py:27}}
Jun 28 09:32:33.731617 dv-neutron-845105-3-hyperv devstack@keystone.service[87222]: DEBUG keystone.server.flask.request_processing.req_logging [None req-71c6edf8-6c7e-4de2-8df1-1945c66a7cfc None admin] SCRIPT_NAME: `/identity` {{(pid=87222) log_request_info /opt/stack/keystone/keystone/server/flask/request_processing/req_logging.py:28}}
Jun 28 09:32:33.731968 dv-neutron-845105-3-hyperv devstack@keystone.service[87222]: DEBUG keystone.server.flask.request_processing.req_logging [None req-71c6edf8-6c7e-4de2-8df1-1945c66a7cfc None admin] PATH_INFO: `/v3/groups/e19fa1463d7b4d9f867a710311d0cf19` {{(pid=87222) log_request_info /opt/stack/keystone/keystone/server/flask/request_processing/req_logging.py:29}}
Jun 28 09:32:33.735474 dv-neutron-845105-3-hyperv devstack@keystone.service[87222]: DEBUG keystone.common.rbac_enforcer.enforcer [None req-71c6edf8-6c7e-4de2-8df1-1945c66a7cfc None admin] RBAC: Authorizing `identity:get_group(group_id=e19fa1463d7b4d9f867a710311d0cf19)` {{(pid=87222) enforce_call /opt/stack/keystone/keystone/common/rbac_enforcer/enforcer.py:449}}
Jun 28 09:32:33.737089 dv-neutron-845105-3-hyperv devstack@keystone.service[87222]: DEBUG keystone.common.rbac_enforcer.enforcer [None req-71c6edf8-6c7e-4de2-8df1-1945c66a7cfc None admin] RBAC: Authorization granted {{(pid=87222) enforce_call /opt/stack/keystone/keystone/common/rbac_enforcer/enforcer.py:457}}
Jun 28 09:32:33.739686 dv-neutron-845105-3-hyperv devstack@keystone.service[87222]: [pid: 87222|app: 0|req: 184/366] 10.222.0.18 () {56 vars in 1180 bytes} [Tue Jun 28 09:32:33 2022] GET /identity/v3/groups/e19fa1463d7b4d9f867a710311d0cf19 => generated 226 bytes in 210 msecs (HTTP/1.1 200) 5 headers in 177 bytes (1 switches on core 0)
Jun 28 09:32:33.740566 dv-neutron-845105-3-hyperv devstack@keystone.service[87222]: DEBUG keystone.server.flask.request_processing.middleware.auth_context [None req-71c6edf8-6c7e-4de2-8df1-1945c66a7cfc None admin] Authenticating user token {{(pid=87222) process_request /usr/local/lib/python3.8/dist-packages/keystonemiddleware/auth_token/__init__.py:407}}
Jun 28 09:32:33.772595 dv-neutron-845105-3-hyperv devstack@keystone.service[87223]: DEBUG keystone.server.flask.request_processing.middleware.auth_context [None req-9c076dc3-7c43-4918-b229-0b3740b5c5e6 None admin] RBAC: auth_context: {'token': , 'domain_id': None, 'trust_id': None, 'trustor_id': None, 'trustee_id': None, 'domain_name': None, 'group_ids': [], 'user_id': '7768fac6dbd841179b3c886c9f71c34d', 'user_domain_id': 'default', 'system_scope': 'all', 'project_id': None, 'project_domain_id': None, 'roles': ['admin', 'member', 'reader'], 'is_admin_project': True, 'service_user_id': None, 'service_user_domain_id': None, 'service_project_id': None, 'service_project_domain_id': None, 'service_roles': []} {{(pid=87223) fill_context /opt/stack/keystone/keystone/server/flask/request_processing/middleware/auth_context.py:478}}
Jun 28 09:32:33.773625 dv-neutron-845105-3-hyperv devstack@keystone.service[87223]: DEBUG keystone.server.flask.request_processing.req_logging [None req-9c076dc3-7c43-4918-b229-0b3740b5c5e6 None admin] REQUEST_METHOD: `GET` {{(pid=87223) log_request_info /opt/stack/keystone/keystone/server/flask/request_processing/req_logging.py:27}}
Jun 28 09:32:33.774117 dv-neutron-845105-3-hyperv devstack@keystone.service[87223]: DEBUG keystone.server.flask.request_processing.req_logging [None req-9c076dc3-7c43-4918-b229-0b3740b5c5e6 None admin] SCRIPT_NAME: `/identity` {{(pid=87223) log_request_info /opt/stack/keystone/keystone/server/flask/request_processing/req_logging.py:28}}
Jun 28 09:32:33.774573 dv-neutron-845105-3-hyperv devstack@keystone.service[87223]: DEBUG keystone.server.flask.request_processing.req_logging [None req-9c076dc3-7c43-4918-b229-0b3740b5c5e6 None admin] PATH_INFO: `/v3/roles` {{(pid=87223) log_request_info /opt/stack/keystone/keystone/server/flask/request_processing/req_logging.py:29}}
Jun 28 09:32:33.775515 dv-neutron-845105-3-hyperv devstack@keystone.service[87223]: DEBUG keystone.common.rbac_enforcer.enforcer [None req-9c076dc3-7c43-4918-b229-0b3740b5c5e6 None admin] RBAC: Adding query filter params (name=admin) {{(pid=87223) _extract_filter_values /opt/stack/keystone/keystone/common/rbac_enforcer/enforcer.py:167}}
Jun 28 09:32:33.776013 dv-neutron-845105-3-hyperv devstack@keystone.service[87223]: DEBUG keystone.common.rbac_enforcer.enforcer [None req-9c076dc3-7c43-4918-b229-0b3740b5c5e6 None admin] RBAC: Authorizing `identity:list_roles()` {{(pid=87223) enforce_call /opt/stack/keystone/keystone/common/rbac_enforcer/enforcer.py:449}}
Jun 28 09:32:33.778198 dv-neutron-845105-3-hyperv devstack@keystone.service[87223]: DEBUG keystone.common.rbac_enforcer.enforcer [None req-9c076dc3-7c43-4918-b229-0b3740b5c5e6 None admin] RBAC: Authorization granted {{(pid=87223) enforce_call /opt/stack/keystone/keystone/common/rbac_enforcer/enforcer.py:457}}
Jun 28 09:32:33.788124 dv-neutron-845105-3-hyperv devstack@keystone.service[87223]: [pid: 87223|app: 0|req: 183/367] 10.222.0.18 () {56 vars in 1099 bytes} [Tue Jun 28 09:32:33 2022] GET /identity/v3/roles?name=admin => generated 339 bytes in 204 msecs (HTTP/1.1 200) 5 headers in 177 bytes (1 switches on core 0)
Jun 28 09:32:33.789194 dv-neutron-845105-3-hyperv devstack@keystone.service[87223]: DEBUG keystone.server.flask.request_processing.middleware.auth_context [None req-9c076dc3-7c43-4918-b229-0b3740b5c5e6 None admin] Authenticating user token {{(pid=87223) process_request /usr/local/lib/python3.8/dist-packages/keystonemiddleware/auth_token/__init__.py:407}}
Jun 28 09:32:33.832228 dv-neutron-845105-3-hyperv devstack@keystone.service[87222]: DEBUG dbcounter [-] [87222] Writing DB stats keystone:SELECT=100 {{(pid=87222) stat_writer /usr/local/lib/python3.8/dist-packages/dbcounter.py:114}}
Jun 28 09:32:33.845875 dv-neutron-845105-3-hyperv devstack@keystone.service[87223]: DEBUG dbcounter [-] [87223] Writing DB stats keystone:SELECT=100 {{(pid=87223) stat_writer /usr/local/lib/python3.8/dist-packages/dbcounter.py:114}}
Jun 28 09:32:33.888648 dv-neutron-845105-3-hyperv devstack@keystone.service[87222]: DEBUG keystone.server.flask.request_processing.middleware.auth_context [None req-71c6edf8-6c7e-4de2-8df1-1945c66a7cfc None admin] Validating token access rules against request {{(pid=87222) validate_allowed_request /usr/local/lib/python3.8/dist-packages/keystonemiddleware/auth_token/__init__.py:545}}
Jun 28 09:32:33.915959 dv-neutron-845105-3-hyperv devstack@keystone.service[87223]: DEBUG keystone.server.flask.request_processing.middleware.auth_context [None req-9c076dc3-7c43-4918-b229-0b3740b5c5e6 None admin] Validating token access rules against request {{(pid=87223) validate_allowed_request /usr/local/lib/python3.8/dist-packages/keystonemiddleware/auth_token/__init__.py:545}}
Jun 28 09:32:33.940969 dv-neutron-845105-3-hyperv devstack@keystone.service[87222]: DEBUG keystone.server.flask.request_processing.middleware.auth_context [None req-d8efd205-122e-4ec9-9f5c-e110d3ca86da None admin] RBAC: auth_context: {'token': , 'domain_id': None, 'trust_id': None, 'trustor_id': None, 'trustee_id': None, 'domain_name': None, 'group_ids': [], 'user_id': '7768fac6dbd841179b3c886c9f71c34d', 'user_domain_id': 'default', 'system_scope': 'all', 'project_id': None, 'project_domain_id': None, 'roles': ['admin', 'member', 'reader'], 'is_admin_project': True, 'service_user_id': None, 'service_user_domain_id': None, 'service_project_id': None, 'service_project_domain_id': None, 'service_roles': []} {{(pid=87222) fill_context /opt/stack/keystone/keystone/server/flask/request_processing/middleware/auth_context.py:478}}
Jun 28 09:32:33.942360 dv-neutron-845105-3-hyperv devstack@keystone.service[87222]: DEBUG keystone.server.flask.request_processing.req_logging [None req-d8efd205-122e-4ec9-9f5c-e110d3ca86da None admin] REQUEST_METHOD: `GET` {{(pid=87222) log_request_info /opt/stack/keystone/keystone/server/flask/request_processing/req_logging.py:27}}
Jun 28 09:32:33.942874 dv-neutron-845105-3-hyperv devstack@keystone.service[87222]: DEBUG keystone.server.flask.request_processing.req_logging [None req-d8efd205-122e-4ec9-9f5c-e110d3ca86da None admin] SCRIPT_NAME: `/identity` {{(pid=87222) log_request_info /opt/stack/keystone/keystone/server/flask/request_processing/req_logging.py:28}}
Jun 28 09:32:33.943347 dv-neutron-845105-3-hyperv devstack@keystone.service[87222]: DEBUG keystone.server.flask.request_processing.req_logging [None req-d8efd205-122e-4ec9-9f5c-e110d3ca86da None admin] PATH_INFO: `/v3/roles/reader` {{(pid=87222) log_request_info /opt/stack/keystone/keystone/server/flask/request_processing/req_logging.py:29}}
Jun 28 09:32:33.962261 dv-neutron-845105-3-hyperv devstack@keystone.service[87222]: DEBUG keystone.common.rbac_enforcer.enforcer [None req-d8efd205-122e-4ec9-9f5c-e110d3ca86da None admin] Extracting inferred target data resulted in "NOT FOUND (404)". {{(pid=87222) enforce_call /opt/stack/keystone/keystone/common/rbac_enforcer/enforcer.py:409}}
Jun 28 09:32:33.970154 dv-neutron-845105-3-hyperv devstack@keystone.service[87222]: ERROR keystone.server.flask.application [None req-d8efd205-122e-4ec9-9f5c-e110d3ca86da None admin] Could not find role: reader.: keystone.exception.RoleNotFound: Could not find role: reader.
Jun 28 09:32:33.970154 dv-neutron-845105-3-hyperv devstack@keystone.service[87222]: ERROR keystone.server.flask.application
Traceback (most recent call last):
Jun 28 09:32:33.970154 dv-neutron-845105-3-hyperv devstack@keystone.service[87222]: ERROR keystone.server.flask.application
File "/usr/local/lib/python3.8/dist-packages/flask/app.py", line 1523, in full_dispatch_request
Jun 28 09:32:33.970154 dv-neutron-845105-3-hyperv devstack@keystone.service[87222]: ERROR keystone.server.flask.application rv = self.dispatch_request()
Jun 28 09:32:33.970154 dv-neutron-845105-3-hyperv devstack@keystone.service[87222]: ERROR keystone.server.flask.application
File "/usr/local/lib/python3.8/dist-packages/flask/app.py", line 1509, in dispatch_request
Jun 28 09:32:33.970154 dv-neutron-845105-3-hyperv devstack@keystone.service[87222]: ERROR keystone.server.flask.application return self.ensure_sync(self.view_functions[rule.endpoint])(**req.view_args)
Jun 28 09:32:33.970154 dv-neutron-845105-3-hyperv devstack@keystone.service[87222]: ERROR keystone.server.flask.application
File "/usr/local/lib/python3.8/dist-packages/flask_restful/__init__.py", line 467, in wrapper
Jun 28 09:32:33.970154 dv-neutron-845105-3-hyperv devstack@keystone.service[87222]: ERROR keystone.server.flask.application resp = resource(*args, **kwargs)
Jun 28 09:32:33.970154 dv-neutron-845105-3-hyperv devstack@keystone.service[87222]: ERROR keystone.server.flask.application
File "/usr/local/lib/python3.8/dist-packages/flask/views.py", line 84, in view
Jun 28 09:32:33.970154 dv-neutron-845105-3-hyperv devstack@keystone.service[87222]: ERROR keystone.server.flask.application return current_app.ensure_sync(self.dispatch_request)(*args, **kwargs)
Jun 28 09:32:33.970154 dv-neutron-845105-3-hyperv devstack@keystone.service[87222]: ERROR keystone.server.flask.application
File "/usr/local/lib/python3.8/dist-packages/flask_restful/__init__.py", line 582, in dispatch_request
Jun 28 09:32:33.970154 dv-neutron-845105-3-hyperv devstack@keystone.service[87222]: ERROR keystone.server.flask.application resp = meth(*args, **kwargs)
Jun 28 09:32:33.970154 dv-neutron-845105-3-hyperv devstack@keystone.service[87222]: ERROR keystone.server.flask.application
File "/opt/stack/keystone/keystone/api/roles.py", line 50, in get
Jun 28 09:32:33.970154 dv-neutron-845105-3-hyperv devstack@keystone.service[87222]: ERROR keystone.server.flask.application return self._get_role(role_id)
Jun 28 09:32:33.970154 dv-neutron-845105-3-hyperv devstack@keystone.service[87222]: ERROR keystone.server.flask.application
File "/opt/stack/keystone/keystone/api/roles.py", line 70, in _get_role
Jun 28 09:32:33.970154 dv-neutron-845105-3-hyperv devstack@keystone.service[87222]: ERROR keystone.server.flask.application ENFORCER.enforce_call(action='identity:get_role')
Jun 28 09:32:33.971059 dv-neutron-845105-3-hyperv devstack@keystone.service[87222]: ERROR keystone.server.flask.application
File "/opt/stack/keystone/keystone/common/rbac_enforcer/enforcer.py", line 402, in enforce_call
Jun 28 09:32:33.971059 dv-neutron-845105-3-hyperv devstack@keystone.service[87222]: ERROR keystone.server.flask.application policy_dict.update(cls._extract_member_target_data(
Jun 28 09:32:33.971059 dv-neutron-845105-3-hyperv devstack@keystone.service[87222]: ERROR keystone.server.flask.application
File "/opt/stack/keystone/keystone/common/rbac_enforcer/enforcer.py", line 234, in _extract_member_target_data
Jun 28 09:32:33.971059 dv-neutron-845105-3-hyperv devstack@keystone.service[87222]: ERROR keystone.server.flask.application member_name: func(flask.request.view_args[key])
Jun 28 09:32:33.971059 dv-neutron-845105-3-hyperv devstack@keystone.service[87222]: ERROR keystone.server.flask.application
File "/opt/stack/keystone/keystone/common/manager.py", line 115, in wrapped
Jun 28 09:32:33.971059 dv-neutron-845105-3-hyperv devstack@keystone.service[87222]: ERROR keystone.server.flask.application __ret_val = __f(*args, **kwargs)
Jun 28 09:32:33.971059 dv-neutron-845105-3-hyperv devstack@keystone.service[87222]: ERROR keystone.server.flask.application
File "/usr/local/lib/python3.8/dist-packages/decorator.py", line 232, in fun
Jun 28 09:32:33.971059 dv-neutron-845105-3-hyperv devstack@keystone.service[87222]: ERROR keystone.server.flask.application return caller(func, *(extras + args), **kw)
Jun 28 09:32:33.971059 dv-neutron-845105-3-hyperv devstack@keystone.service[87222]: ERROR keystone.server.flask.application
File "/usr/local/lib/python3.8/dist-packages/dogpile/cache/region.py", line 1577, in get_or_create_for_user_func
Jun 28 09:32:33.971059 dv-neutron-845105-3-hyperv devstack@keystone.service[87222]: ERROR keystone.server.flask.application return self.get_or_create(
Jun 28 09:32:33.971059 dv-neutron-845105-3-hyperv devstack@keystone.service[87222]: ERROR keystone.server.flask.application
File "/usr/local/lib/python3.8/dist-packages/dogpile/cache/region.py", line 1042, in get_or_create
Jun 28 09:32:33.971059 dv-neutron-845105-3-hyperv devstack@keystone.service[87222]: ERROR keystone.server.flask.application with Lock(
Jun 28 09:32:33.971059 dv-neutron-845105-3-hyperv devstack@keystone.service[87222]: ERROR keystone.server.flask.application
File "/usr/local/lib/python3.8/dist-packages/dogpile/lock.py", line 185, in __enter__
Jun 28 09:32:33.971059 dv-neutron-845105-3-hyperv devstack@keystone.service[87222]: ERROR keystone.server.flask.application return self._enter()
Jun 28 09:32:33.971059 dv-neutron-845105-3-hyperv devstack@keystone.service[87222]: ERROR keystone.server.flask.application
File "/usr/local/lib/python3.8/dist-packages/dogpile/lock.py", line 94, in _enter
Jun 28 09:32:33.971059 dv-neutron-845105-3-hyperv devstack@keystone.service[87222]: ERROR keystone.server.flask.application generated = self._enter_create(value, createdtime)
Jun 28 09:32:33.971856 dv-neutron-845105-3-hyperv devstack@keystone.service[87222]: ERROR keystone.server.flask.application
File "/usr/local/lib/python3.8/dist-packages/dogpile/lock.py", line 178, in _enter_create
Jun 28 09:32:33.971856 dv-neutron-845105-3-hyperv devstack@keystone.service[87222]: ERROR keystone.server.flask.application return self.creator()
Jun 28 09:32:33.971856 dv-neutron-845105-3-hyperv devstack@keystone.service[87222]: ERROR keystone.server.flask.application
File "/usr/local/lib/python3.8/dist-packages/dogpile/cache/region.py", line 995, in gen_value
Jun 28 09:32:33.971856 dv-neutron-845105-3-hyperv devstack@keystone.service[87222]: ERROR keystone.server.flask.application created_value = creator(
Jun 28 09:32:33.971856 dv-neutron-845105-3-hyperv devstack@keystone.service[87222]: ERROR keystone.server.flask.application
File "/opt/stack/keystone/keystone/assignment/core.py", line 1276, in get_role
Jun 28 09:32:33.971856 dv-neutron-845105-3-hyperv devstack@keystone.service[87222]: ERROR keystone.server.flask.application return self.driver.get_role(role_id)
Jun 28 09:32:33.971856 dv-neutron-845105-3-hyperv devstack@keystone.service[87222]: ERROR keystone.server.flask.application
File "/opt/stack/keystone/keystone/assignment/role_backends/sql.py", line 70, in get_role
Jun 28 09:32:33.971856 dv-neutron-845105-3-hyperv devstack@keystone.service[87222]: ERROR keystone.server.flask.application return self._get_role(session, role_id).to_dict()
Jun 28 09:32:33.971856 dv-neutron-845105-3-hyperv devstack@keystone.service[87222]: ERROR keystone.server.flask.application
File "/opt/stack/keystone/keystone/assignment/role_backends/sql.py", line 65, in _get_role
Jun 28 09:32:33.971856 dv-neutron-845105-3-hyperv devstack@keystone.service[87222]: ERROR keystone.server.flask.application raise exception.RoleNotFound(role_id=role_id)
Jun 28 09:32:33.971856 dv-neutron-845105-3-hyperv devstack@keystone.service[87222]: ERROR keystone.server.flask.application keystone.exception.RoleNotFound: Could not find role: reader.
Jun 28 09:32:33.971856 dv-neutron-845105-3-hyperv devstack@keystone.service[87222]: ERROR keystone.server.flask.application
Jun 28 09:32:33.977347 dv-neutron-845105-3-hyperv devstack@keystone.service[87223]: DEBUG keystone.server.flask.request_processing.middleware.auth_context [None req-c8b8a031-851b-4c87-a3ef-19eac6006c48 None admin] RBAC: auth_context: {'token': , 'domain_id': None, 'trust_id': None, 'trustor_id': None, 'trustee_id': None, 'domain_name': None, 'group_ids': [], 'user_id': '7768fac6dbd841179b3c886c9f71c34d', 'user_domain_id': 'default', 'system_scope': 'all', 'project_id': None, 'project_domain_id': None, 'roles': ['admin', 'member', 'reader'], 'is_admin_project': True, 'service_user_id': None, 'service_user_domain_id': None, 'service_project_id': None, 'service_project_domain_id': None, 'service_roles': []} {{(pid=87223) fill_context /opt/stack/keystone/keystone/server/flask/request_processing/middleware/auth_context.py:478}}
Jun 28 09:32:33.978032 dv-neutron-845105-3-hyperv devstack@keystone.service[87222]: [pid: 87222|app: 0|req: 185/368] 10.222.0.18 () {56 vars in 1099 bytes} [Tue Jun 28 09:32:33 2022] GET /identity/v3/roles/reader => generated 84 bytes in 233 msecs (HTTP/1.1 404) 5 headers in 183 bytes (1 switches on core 0)
Jun 28 09:32:33.978647 dv-neutron-845105-3-hyperv devstack@keystone.service[87223]: DEBUG keystone.server.flask.request_processing.req_logging [None req-c8b8a031-851b-4c87-a3ef-19eac6006c48 None admin] REQUEST_METHOD: `GET` {{(pid=87223) log_request_info /opt/stack/keystone/keystone/server/flask/request_processing/req_logging.py:27}}
Jun 28 09:32:33.978942 dv-neutron-845105-3-hyperv devstack@keystone.service[87222]: DEBUG keystone.server.flask.request_processing.middleware.auth_context [None req-d8efd205-122e-4ec9-9f5c-e110d3ca86da None admin] Authenticating user token {{(pid=87222) process_request /usr/local/lib/python3.8/dist-packages/keystonemiddleware/auth_token/__init__.py:407}}
Jun 28 09:32:33.979346 dv-neutron-845105-3-hyperv devstack@keystone.service[87223]: DEBUG keystone.server.flask.request_processing.req_logging [None req-c8b8a031-851b-4c87-a3ef-19eac6006c48 None admin] SCRIPT_NAME: `/identity` {{(pid=87223) log_request_info /opt/stack/keystone/keystone/server/flask/request_processing/req_logging.py:28}}
Jun 28 09:32:33.979850 dv-neutron-845105-3-hyperv devstack@keystone.service[87223]: DEBUG keystone.server.flask.request_processing.req_logging [None req-c8b8a031-851b-4c87-a3ef-19eac6006c48 None admin] PATH_INFO: `/v3/auth/tokens` {{(pid=87223) log_request_info /opt/stack/keystone/keystone/server/flask/request_processing/req_logging.py:29}}
Jun 28 09:32:34.066745 dv-neutron-845105-3-hyperv devstack@keystone.service[87223]: DEBUG keystone.common.rbac_enforcer.enforcer [None req-c8b8a031-851b-4c87-a3ef-19eac6006c48 None admin] RBAC: Authorizing `identity:validate_token()` {{(pid=87223) enforce_call /opt/stack/keystone/keystone/common/rbac_enforcer/enforcer.py:449}}
Jun 28 09:32:34.069025 dv-neutron-845105-3-hyperv devstack@keystone.service[87223]: DEBUG keystone.common.rbac_enforcer.enforcer [None req-c8b8a031-851b-4c87-a3ef-19eac6006c48 None admin] RBAC: Authorization granted {{(pid=87223) enforce_call /opt/stack/keystone/keystone/common/rbac_enforcer/enforcer.py:457}}
Jun 28 09:32:34.111289 dv-neutron-845105-3-hyperv devstack@keystone.service[87222]: DEBUG keystone.server.flask.request_processing.middleware.auth_context [None req-d8efd205-122e-4ec9-9f5c-e110d3ca86da None admin] Validating token access rules against request {{(pid=87222) validate_allowed_request /usr/local/lib/python3.8/dist-packages/keystonemiddleware/auth_token/__init__.py:545}}
Jun 28 09:32:34.126247 dv-neutron-845105-3-hyperv devstack@keystone.service[87223]: DEBUG dbcounter [-] [87223] Writing DB stats keystone:SELECT=100 {{(pid=87223) stat_writer /usr/local/lib/python3.8/dist-packages/dbcounter.py:114}}
Jun 28 09:32:34.133906 dv-neutron-845105-3-hyperv devstack@keystone.service[87222]: DEBUG dbcounter [-] [87222] Writing DB stats keystone:SELECT=100 {{(pid=87222) stat_writer /usr/local/lib/python3.8/dist-packages/dbcounter.py:114}}
Jun 28 09:32:34.152827 dv-neutron-845105-3-hyperv devstack@keystone.service[87222]: DEBUG keystone.server.flask.request_processing.middleware.auth_context [None req-1ee0f3c0-01cc-4ccf-9120-166152c2eba5 None admin] RBAC: auth_context: {'token': , 'domain_id': None, 'trust_id': None, 'trustor_id': None, 'trustee_id': None, 'domain_name': None, 'group_ids': [], 'user_id': '7768fac6dbd841179b3c886c9f71c34d', 'user_domain_id': 'default', 'system_scope': 'all', 'project_id': None, 'project_domain_id': None, 'roles': ['admin', 'member', 'reader'], 'is_admin_project': True, 'service_user_id': None, 'service_user_domain_id': None, 'service_project_id': None, 'service_project_domain_id': None, 'service_roles': []} {{(pid=87222) fill_context /opt/stack/keystone/keystone/server/flask/request_processing/middleware/auth_context.py:478}}
Jun 28 09:32:34.153774 dv-neutron-845105-3-hyperv devstack@keystone.service[87222]: DEBUG keystone.server.flask.request_processing.req_logging [None req-1ee0f3c0-01cc-4ccf-9120-166152c2eba5 None admin] REQUEST_METHOD: `GET` {{(pid=87222) log_request_info /opt/stack/keystone/keystone/server/flask/request_processing/req_logging.py:27}}
Jun 28 09:32:34.154234 dv-neutron-845105-3-hyperv devstack@keystone.service[87222]: DEBUG keystone.server.flask.request_processing.req_logging [None req-1ee0f3c0-01cc-4ccf-9120-166152c2eba5 None admin] SCRIPT_NAME: `/identity` {{(pid=87222) log_request_info /opt/stack/keystone/keystone/server/flask/request_processing/req_logging.py:28}}
Jun 28 09:32:34.154658 dv-neutron-845105-3-hyperv devstack@keystone.service[87222]: DEBUG keystone.server.flask.request_processing.req_logging [None req-1ee0f3c0-01cc-4ccf-9120-166152c2eba5 None admin] PATH_INFO: `/v3/role_assignments` {{(pid=87222) log_request_info /opt/stack/keystone/keystone/server/flask/request_processing/req_logging.py:29}}
Jun 28 09:32:34.155656 dv-neutron-845105-3-hyperv devstack@keystone.service[87222]: DEBUG keystone.common.rbac_enforcer.enforcer [None req-1ee0f3c0-01cc-4ccf-9120-166152c2eba5 None admin] RBAC: Adding query filter params (group.id=e19fa1463d7b4d9f867a710311d0cf19, role.id=f0162c33e5034103b6707573f9f6cdea, scope.project.id=a3464ec25e664faf8e704f0f8288f5b2) {{(pid=87222) _extract_filter_values /opt/stack/keystone/keystone/common/rbac_enforcer/enforcer.py:167}}
Jun 28 09:32:34.156200 dv-neutron-845105-3-hyperv devstack@keystone.service[87222]: DEBUG keystone.common.rbac_enforcer.enforcer [None req-1ee0f3c0-01cc-4ccf-9120-166152c2eba5 None admin] RBAC: Authorizing `identity:list_role_assignments()` {{(pid=87222) enforce_call /opt/stack/keystone/keystone/common/rbac_enforcer/enforcer.py:449}}
Jun 28 09:32:34.158945 dv-neutron-845105-3-hyperv devstack@keystone.service[87222]: DEBUG keystone.common.rbac_enforcer.enforcer [None req-1ee0f3c0-01cc-4ccf-9120-166152c2eba5 None admin] RBAC: Authorization granted {{(pid=87222) enforce_call /opt/stack/keystone/keystone/common/rbac_enforcer/enforcer.py:457}}
Jun 28 09:32:34.171715 dv-neutron-845105-3-hyperv devstack@keystone.service[87222]: [pid: 87222|app: 0|req: 186/369] 10.222.0.18 () {56 vars in 1376 bytes} [Tue Jun 28 09:32:33 2022] GET /identity/v3/role_assignments?group.id=e19fa1463d7b4d9f867a710311d0cf19&scope.project.id=a3464ec25e664faf8e704f0f8288f5b2&role.id=f0162c33e5034103b6707573f9f6cdea => generated 260 bytes in 193 msecs (HTTP/1.1 200) 5 headers in 177 bytes (1 switches on core 0)
Jun 28 09:32:34.172907 dv-neutron-845105-3-hyperv devstack@keystone.service[87222]: DEBUG keystone.server.flask.request_processing.middleware.auth_context [None req-1ee0f3c0-01cc-4ccf-9120-166152c2eba5 None admin] Authenticating user token {{(pid=87222) process_request /usr/local/lib/python3.8/dist-packages/keystonemiddleware/auth_token/__init__.py:407}}
Jun 28 09:32:34.188103 dv-neutron-845105-3-hyperv devstack@keystone.service[87223]: [pid: 87223|app: 0|req: 184/370] 10.222.0.18 () {58 vars in 1282 bytes} [Tue Jun 28 09:32:33 2022] GET /identity/v3/auth/tokens => generated 799 bytes in 395 msecs (HTTP/1.1 200) 6 headers in 358 bytes (1 switches on core 0)
Jun 28 09:32:34.188103 dv-neutron-845105-3-hyperv devstack@keystone.service[87223]: DEBUG keystone.server.flask.request_processing.middleware.auth_context [None req-c8b8a031-851b-4c87-a3ef-19eac6006c48 None admin] Authenticating user token {{(pid=87223) process_request /usr/local/lib/python3.8/dist-packages/keystonemiddleware/auth_token/__init__.py:407}}
Jun 28 09:32:34.347225 dv-neutron-845105-3-hyperv devstack@keystone.service[87223]: DEBUG keystone.server.flask.request_processing.middleware.auth_context [None req-c8b8a031-851b-4c87-a3ef-19eac6006c48 None admin] Validating token access rules against request {{(pid=87223) validate_allowed_request /usr/local/lib/python3.8/dist-packages/keystonemiddleware/auth_token/__init__.py:545}}
Jun 28 09:32:34.393684 dv-neutron-845105-3-hyperv devstack@keystone.service[87222]: DEBUG keystone.server.flask.request_processing.middleware.auth_context [None req-1ee0f3c0-01cc-4ccf-9120-166152c2eba5 None admin] Validating token access rules against request {{(pid=87222) validate_allowed_request /usr/local/lib/python3.8/dist-packages/keystonemiddleware/auth_token/__init__.py:545}}
Jun 28 09:32:34.405169 dv-neutron-845105-3-hyperv devstack@keystone.service[87223]: DEBUG keystone.server.flask.request_processing.middleware.auth_context [None req-b9fbb3c4-c4ed-467a-98b9-23e539e433f0 None admin] RBAC: auth_context: {'token': , 'domain_id': None, 'trust_id': None, 'trustor_id': None, 'trustee_id': None, 'domain_name': None, 'group_ids': [], 'user_id': '7768fac6dbd841179b3c886c9f71c34d', 'user_domain_id': 'default', 'system_scope': 'all', 'project_id': None, 'project_domain_id': None, 'roles': ['admin', 'member', 'reader'], 'is_admin_project': True, 'service_user_id': None, 'service_user_domain_id': None, 'service_project_id': None, 'service_project_domain_id': None, 'service_roles': []} {{(pid=87223) fill_context /opt/stack/keystone/keystone/server/flask/request_processing/middleware/auth_context.py:478}}
Jun 28 09:32:34.406272 dv-neutron-845105-3-hyperv devstack@keystone.service[87223]: DEBUG keystone.server.flask.request_processing.req_logging [None req-b9fbb3c4-c4ed-467a-98b9-23e539e433f0 None admin] REQUEST_METHOD: `GET` {{(pid=87223) log_request_info /opt/stack/keystone/keystone/server/flask/request_processing/req_logging.py:27}}
Jun 28 09:32:34.406557 dv-neutron-845105-3-hyperv devstack@keystone.service[87223]: DEBUG keystone.server.flask.request_processing.req_logging [None req-b9fbb3c4-c4ed-467a-98b9-23e539e433f0 None admin] SCRIPT_NAME: `/identity` {{(pid=87223) log_request_info /opt/stack/keystone/keystone/server/flask/request_processing/req_logging.py:28}}
Jun 28 09:32:34.407114 dv-neutron-845105-3-hyperv devstack@keystone.service[87223]: DEBUG keystone.server.flask.request_processing.req_logging [None req-b9fbb3c4-c4ed-467a-98b9-23e539e433f0 None admin] PATH_INFO: `/v3/roles` {{(pid=87223) log_request_info /opt/stack/keystone/keystone/server/flask/request_processing/req_logging.py:29}}
Jun 28 09:32:34.407866 dv-neutron-845105-3-hyperv devstack@keystone.service[87223]: DEBUG keystone.common.rbac_enforcer.enforcer [None req-b9fbb3c4-c4ed-467a-98b9-23e539e433f0 None admin] RBAC: Adding query filter params (name=reader) {{(pid=87223) _extract_filter_values /opt/stack/keystone/keystone/common/rbac_enforcer/enforcer.py:167}}
Jun 28 09:32:34.408418 dv-neutron-845105-3-hyperv devstack@keystone.service[87223]: DEBUG keystone.common.rbac_enforcer.enforcer [None req-b9fbb3c4-c4ed-467a-98b9-23e539e433f0 None admin] RBAC: Authorizing `identity:list_roles()` {{(pid=87223) enforce_call /opt/stack/keystone/keystone/common/rbac_enforcer/enforcer.py:449}}
Jun 28 09:32:34.410432 dv-neutron-845105-3-hyperv devstack@keystone.service[87223]: DEBUG keystone.common.rbac_enforcer.enforcer [None req-b9fbb3c4-c4ed-467a-98b9-23e539e433f0 None admin] RBAC: Authorization granted {{(pid=87223) enforce_call /opt/stack/keystone/keystone/common/rbac_enforcer/enforcer.py:457}}
Jun 28 09:32:34.422602 dv-neutron-845105-3-hyperv devstack@keystone.service[87223]: [pid: 87223|app: 0|req: 185/371] 10.222.0.18 () {56 vars in 1101 bytes} [Tue Jun 28 09:32:34 2022] GET /identity/v3/roles?name=reader => generated 341 bytes in 237 msecs (HTTP/1.1 200) 5 headers in 177 bytes (1 switches on core 0)
Jun 28 09:32:34.423451 dv-neutron-845105-3-hyperv devstack@keystone.service[87223]: DEBUG keystone.server.flask.request_processing.middleware.auth_context [None req-b9fbb3c4-c4ed-467a-98b9-23e539e433f0 None admin] Authenticating user token {{(pid=87223) process_request /usr/local/lib/python3.8/dist-packages/keystonemiddleware/auth_token/__init__.py:407}}
Jun 28 09:32:34.436099 dv-neutron-845105-3-hyperv devstack@keystone.service[87223]: DEBUG dbcounter [-] [87223] Writing DB stats keystone:SELECT=100 {{(pid=87223) stat_writer /usr/local/lib/python3.8/dist-packages/dbcounter.py:114}}
Jun 28 09:32:34.437011 dv-neutron-845105-3-hyperv devstack@keystone.service[87222]: DEBUG keystone.server.flask.request_processing.middleware.auth_context [None req-9d36864e-f21c-44d0-81fa-e12c6e615856 None admin] RBAC: auth_context: {'token': , 'domain_id': None, 'trust_id': None, 'trustor_id': None, 'trustee_id': None, 'domain_name': None, 'group_ids': [], 'user_id': '7768fac6dbd841179b3c886c9f71c34d', 'user_domain_id': 'default', 'system_scope': 'all', 'project_id': None, 'project_domain_id': None, 'roles': ['admin', 'member', 'reader'], 'is_admin_project': True, 'service_user_id': None, 'service_user_domain_id': None, 'service_project_id': None, 'service_project_domain_id': None, 'service_roles': []} {{(pid=87222) fill_context /opt/stack/keystone/keystone/server/flask/request_processing/middleware/auth_context.py:478}}
Jun 28 09:32:34.437664 dv-neutron-845105-3-hyperv devstack@keystone.service[87222]: DEBUG keystone.server.flask.request_processing.req_logging [None req-9d36864e-f21c-44d0-81fa-e12c6e615856 None admin] REQUEST_METHOD: `GET` {{(pid=87222) log_request_info /opt/stack/keystone/keystone/server/flask/request_processing/req_logging.py:27}}
Jun 28 09:32:34.437984 dv-neutron-845105-3-hyperv devstack@keystone.service[87222]: DEBUG keystone.server.flask.request_processing.req_logging [None req-9d36864e-f21c-44d0-81fa-e12c6e615856 None admin] SCRIPT_NAME: `/identity` {{(pid=87222) log_request_info /opt/stack/keystone/keystone/server/flask/request_processing/req_logging.py:28}}
Jun 28 09:32:34.438266 dv-neutron-845105-3-hyperv devstack@keystone.service[87222]: DEBUG keystone.server.flask.request_processing.req_logging [None req-9d36864e-f21c-44d0-81fa-e12c6e615856 None admin] PATH_INFO: `/v3/auth/tokens` {{(pid=87222) log_request_info /opt/stack/keystone/keystone/server/flask/request_processing/req_logging.py:29}}
Jun 28 09:32:34.545993 dv-neutron-845105-3-hyperv devstack@keystone.service[87223]: DEBUG keystone.server.flask.request_processing.middleware.auth_context [None req-b9fbb3c4-c4ed-467a-98b9-23e539e433f0 None admin] Validating token access rules against request {{(pid=87223) validate_allowed_request /usr/local/lib/python3.8/dist-packages/keystonemiddleware/auth_token/__init__.py:545}}
Jun 28 09:32:34.549418 dv-neutron-845105-3-hyperv devstack@keystone.service[87222]: DEBUG dbcounter [-] [87222] Writing DB stats keystone:SELECT=100 {{(pid=87222) stat_writer /usr/local/lib/python3.8/dist-packages/dbcounter.py:114}}
Jun 28 09:32:34.587307 dv-neutron-845105-3-hyperv devstack@keystone.service[87223]: DEBUG keystone.server.flask.request_processing.middleware.auth_context [None req-c3b69f81-7807-4789-a4c5-b95bd4f38bd8 None admin] RBAC: auth_context: {'token': , 'domain_id': None, 'trust_id': None, 'trustor_id': None, 'trustee_id': None, 'domain_name': None, 'group_ids': [], 'user_id': '7768fac6dbd841179b3c886c9f71c34d', 'user_domain_id': 'default', 'system_scope': 'all', 'project_id': None, 'project_domain_id': None, 'roles': ['admin', 'member', 'reader'], 'is_admin_project': True, 'service_user_id': None, 'service_user_domain_id': None, 'service_project_id': None, 'service_project_domain_id': None, 'service_roles': []} {{(pid=87223) fill_context /opt/stack/keystone/keystone/server/flask/request_processing/middleware/auth_context.py:478}}
Jun 28 09:32:34.588537 dv-neutron-845105-3-hyperv devstack@keystone.service[87223]: DEBUG keystone.server.flask.request_processing.req_logging [None req-c3b69f81-7807-4789-a4c5-b95bd4f38bd8 None admin] REQUEST_METHOD: `GET` {{(pid=87223) log_request_info /opt/stack/keystone/keystone/server/flask/request_processing/req_logging.py:27}}
Jun 28 09:32:34.589189 dv-neutron-845105-3-hyperv devstack@keystone.service[87223]: DEBUG keystone.server.flask.request_processing.req_logging [None req-c3b69f81-7807-4789-a4c5-b95bd4f38bd8 None admin] SCRIPT_NAME: `/identity` {{(pid=87223) log_request_info /opt/stack/keystone/keystone/server/flask/request_processing/req_logging.py:28}}
Jun 28 09:32:34.589697 dv-neutron-845105-3-hyperv devstack@keystone.service[87223]: DEBUG keystone.server.flask.request_processing.req_logging [None req-c3b69f81-7807-4789-a4c5-b95bd4f38bd8 None admin] PATH_INFO: `/v3/projects/df5b9ed3faca4f22a3d7b0810f67e233` {{(pid=87223) log_request_info /opt/stack/keystone/keystone/server/flask/request_processing/req_logging.py:29}}
Jun 28 09:32:34.589869 dv-neutron-845105-3-hyperv devstack@keystone.service[87222]: DEBUG keystone.common.rbac_enforcer.enforcer [None req-9d36864e-f21c-44d0-81fa-e12c6e615856 None admin] RBAC: Authorizing `identity:validate_token()` {{(pid=87222) enforce_call /opt/stack/keystone/keystone/common/rbac_enforcer/enforcer.py:449}}
Jun 28 09:32:34.591286 dv-neutron-845105-3-hyperv devstack@keystone.service[87223]: DEBUG keystone.common.rbac_enforcer.enforcer [None req-c3b69f81-7807-4789-a4c5-b95bd4f38bd8 None admin] RBAC: Authorizing `identity:get_project(project_id=df5b9ed3faca4f22a3d7b0810f67e233)` {{(pid=87223) enforce_call /opt/stack/keystone/keystone/common/rbac_enforcer/enforcer.py:449}}
Jun 28 09:32:34.591392 dv-neutron-845105-3-hyperv devstack@keystone.service[87222]: DEBUG keystone.common.rbac_enforcer.enforcer [None req-9d36864e-f21c-44d0-81fa-e12c6e615856 None admin] RBAC: Authorization granted {{(pid=87222) enforce_call /opt/stack/keystone/keystone/common/rbac_enforcer/enforcer.py:457}}
Jun 28 09:32:34.593003 dv-neutron-845105-3-hyperv devstack@keystone.service[87223]: DEBUG keystone.common.rbac_enforcer.enforcer [None req-c3b69f81-7807-4789-a4c5-b95bd4f38bd8 None admin] RBAC: Authorization granted {{(pid=87223) enforce_call /opt/stack/keystone/keystone/common/rbac_enforcer/enforcer.py:457}}
Jun 28 09:32:34.595326 dv-neutron-845105-3-hyperv devstack@keystone.service[87223]: [pid: 87223|app: 0|req: 186/372] 10.222.0.18 () {56 vars in 1186 bytes} [Tue Jun 28 09:32:34 2022] GET /identity/v3/projects/df5b9ed3faca4f22a3d7b0810f67e233 => generated 302 bytes in 172 msecs (HTTP/1.1 200) 5 headers in 177 bytes (1 switches on core 0)
Jun 28 09:32:34.596298 dv-neutron-845105-3-hyperv devstack@keystone.service[87223]: DEBUG keystone.server.flask.request_processing.middleware.auth_context [None req-c3b69f81-7807-4789-a4c5-b95bd4f38bd8 None admin] Authenticating user token {{(pid=87223) process_request /usr/local/lib/python3.8/dist-packages/keystonemiddleware/auth_token/__init__.py:407}}
Jun 28 09:32:34.689447 dv-neutron-845105-3-hyperv devstack@keystone.service[87223]: DEBUG dbcounter [-] [87223] Writing DB stats keystone:SELECT=100 {{(pid=87223) stat_writer /usr/local/lib/python3.8/dist-packages/dbcounter.py:114}}
Jun 28 09:32:34.742064 dv-neutron-845105-3-hyperv devstack@keystone.service[87223]: DEBUG keystone.server.flask.request_processing.middleware.auth_context [None req-c3b69f81-7807-4789-a4c5-b95bd4f38bd8 None admin] Validating token access rules against request {{(pid=87223) validate_allowed_request /usr/local/lib/python3.8/dist-packages/keystonemiddleware/auth_token/__init__.py:545}}
Jun 28 09:32:34.773241 dv-neutron-845105-3-hyperv devstack@keystone.service[87222]: [pid: 87222|app: 0|req: 187/373] 10.222.0.18 () {58 vars in 1282 bytes} [Tue Jun 28 09:32:34 2022] GET /identity/v3/auth/tokens => generated 799 bytes in 601 msecs (HTTP/1.1 200) 6 headers in 358 bytes (1 switches on core 0)
Jun 28 09:32:34.774192 dv-neutron-845105-3-hyperv devstack@keystone.service[87222]: DEBUG keystone.server.flask.request_processing.middleware.auth_context [None req-9d36864e-f21c-44d0-81fa-e12c6e615856 None admin] Authenticating user token {{(pid=87222) process_request /usr/local/lib/python3.8/dist-packages/keystonemiddleware/auth_token/__init__.py:407}}
Jun 28 09:32:34.799613 dv-neutron-845105-3-hyperv devstack@keystone.service[87223]: DEBUG keystone.server.flask.request_processing.middleware.auth_context [None req-5c5b3c94-cfa0-44ac-ab3d-0607f21089c7 None admin] RBAC: auth_context: {'token': , 'domain_id': None, 'trust_id': None, 'trustor_id': None, 'trustee_id': None, 'domain_name': None, 'group_ids': [], 'user_id': '7768fac6dbd841179b3c886c9f71c34d', 'user_domain_id': 'default', 'system_scope': 'all', 'project_id': None, 'project_domain_id': None, 'roles': ['admin', 'member', 'reader'], 'is_admin_project': True, 'service_user_id': None, 'service_user_domain_id': None, 'service_project_id': None, 'service_project_domain_id': None, 'service_roles': []} {{(pid=87223) fill_context /opt/stack/keystone/keystone/server/flask/request_processing/middleware/auth_context.py:478}}
Jun 28 09:32:34.800496 dv-neutron-845105-3-hyperv devstack@keystone.service[87223]: DEBUG keystone.server.flask.request_processing.req_logging [None req-5c5b3c94-cfa0-44ac-ab3d-0607f21089c7 None admin] REQUEST_METHOD: `GET` {{(pid=87223) log_request_info /opt/stack/keystone/keystone/server/flask/request_processing/req_logging.py:27}}
Jun 28 09:32:34.800780 dv-neutron-845105-3-hyperv devstack@keystone.service[87223]: DEBUG keystone.server.flask.request_processing.req_logging [None req-5c5b3c94-cfa0-44ac-ab3d-0607f21089c7 None admin] SCRIPT_NAME: `/identity` {{(pid=87223) log_request_info /opt/stack/keystone/keystone/server/flask/request_processing/req_logging.py:28}}
Jun 28 09:32:34.801055 dv-neutron-845105-3-hyperv devstack@keystone.service[87223]: DEBUG keystone.server.flask.request_processing.req_logging [None req-5c5b3c94-cfa0-44ac-ab3d-0607f21089c7 None admin] PATH_INFO: `/v3/users/41a146546ca44111b63649d6df1d2215` {{(pid=87223) log_request_info /opt/stack/keystone/keystone/server/flask/request_processing/req_logging.py:29}}
Jun 28 09:32:34.802292 dv-neutron-845105-3-hyperv devstack@keystone.service[87223]: DEBUG keystone.common.rbac_enforcer.enforcer [None req-5c5b3c94-cfa0-44ac-ab3d-0607f21089c7 None admin] RBAC: Authorizing `identity:get_user(user_id=41a146546ca44111b63649d6df1d2215)` {{(pid=87223) enforce_call /opt/stack/keystone/keystone/common/rbac_enforcer/enforcer.py:449}}
